000
CDUS43 KDVN 281022
CLIMLI


CLIMATE REPORT
NATIONAL WEATHER SERVICE QUAD CITIES IA IL
421 AM CST SUN DEC 28 2014


...................................

...THE MOLINE IL CLIMATE SUMMARY FOR DECEMBER 27 2014...

CLIMATE NORMAL PERIOD 1981 TO 2010
CLIMATE RECORD PERIOD 1872 TO 2014


WEATHER ITEM   OBSERVED TIME   RECORD YEAR NORMAL DEPARTURE LAST
                VALUE   (LST)  VALUE       VALUE  FROM      YEAR
                                                  NORMAL
..................................................................
TEMPERATURE (F)
 YESTERDAY
  MAXIMUM         50    550 AM  62    1946  32     18       40
  MINIMUM         23   1159 PM -22    1886  16      7       13
  AVERAGE         37                        24     13       27

PRECIPITATION (IN)
  YESTERDAY        0.03          1.58 1904   0.06  -0.03     0.00
  MONTH TO DATE    0.72                      1.96  -1.24     1.15
  SINCE DEC 1      0.72                      1.96  -1.24     1.15
  SINCE JAN 1     39.29                     37.74   1.55    39.17

SNOWFALL (IN)
  YESTERDAY        0.0          MM      MM   0.4   -0.4      0.0
  MONTH TO DATE    T                         8.0   -8.0     12.2
  SINCE DEC 1      T                         8.0   -8.0     12.2
  SINCE JUL 1      4.6                       9.2   -4.6     13.2
  SNOW DEPTH       0

DEGREE DAYS
 HEATING
  YESTERDAY       28                        41    -13       38
  MONTH TO DATE  850                      1024   -174     1179
  SINCE DEC 1    850                      1024   -174     1179
  SINCE JUL 1   2355                      2255    100     2525

 COOLING
  YESTERDAY        0                         0      0        0
  MONTH TO DATE    0                         0      0        0
  SINCE DEC 1      0                         0      0        0
  SINCE JAN 1    839                      1004   -165      998
..................................................................


WIND (MPH)
  HIGHEST WIND SPEED    28   HIGHEST WIND DIRECTION     W (250)
  HIGHEST GUST SPEED    34   HIGHEST GUST DIRECTION     W (250)
  AVERAGE WIND SPEED    14.9


SKY COVER
  POSSIBLE SUNSHINE  MM
  AVERAGE SKY COVER 0.9


WEATHER CONDITIONS
 THE FOLLOWING WEATHER WAS RECORDED YESTERDAY.
  RAIN
  FOG


RELATIVE HUMIDITY (PERCENT)
 HIGHEST    93           400 AM
 LOWEST     69           100 PM
 AVERAGE    81

..........................................................


THE MOLINE IL CLIMATE NORMALS FOR TODAY
                         NORMAL    RECORD    YEAR
 MAXIMUM TEMPERATURE (F)   32        67      1984
 MINIMUM TEMPERATURE (F)   16       -20      1924


SUNRISE AND SUNSET
DECEMBER 28 2014......SUNRISE   728 AM CST   SUNSET   440 PM CST
DECEMBER 29 2014......SUNRISE   728 AM CST   SUNSET   441 PM CST


-  INDICATES NEGATIVE NUMBERS.
R  INDICATES RECORD WAS SET OR TIED.
MM INDICATES DATA IS MISSING.
T  INDICATES TRACE AMOUNT.




$$
