000
CDUS43 KDVN 021005
CLIMLI


CLIMATE REPORT
NATIONAL WEATHER SERVICE QUAD CITIES IA IL
403 AM CST MON MAR 2 2015


...................................

...THE MOLINE IL CLIMATE SUMMARY FOR MARCH 1 2015...

CLIMATE NORMAL PERIOD 1981 TO 2010
CLIMATE RECORD PERIOD 1872 TO 2015


WEATHER ITEM   OBSERVED TIME   RECORD YEAR NORMAL DEPARTURE LAST
                VALUE   (LST)  VALUE       VALUE  FROM      YEAR
                                                  NORMAL
..................................................................
TEMPERATURE (F)
 YESTERDAY
  MAXIMUM         28    422 PM  72    1992  41    -13       29
  MINIMUM          2    224 AM -13    1962  24    -22        7
  AVERAGE         15                        32    -17       18

PRECIPITATION (IN)
  YESTERDAY        0.00          1.01 1991   0.09  -0.09     0.22
  MONTH TO DATE    0.00                      0.09  -0.09     0.22
  SINCE MAR 1      0.00                      0.09  -0.09     0.22
  SINCE JAN 1      2.93                      3.18  -0.25     4.24

SNOWFALL (IN)
  YESTERDAY        0.0          MM      MM   0.2   -0.2      3.0
  MONTH TO DATE    0.0                       0.2   -0.2      3.0
  SINCE MAR 1      0.0                       0.2   -0.2      3.0
  SINCE JUL 1     39.0                      26.9   12.1     57.8
  SNOW DEPTH       5

DEGREE DAYS
 HEATING
  YESTERDAY       50                        33     17       47
  MONTH TO DATE   50                        33     17       47
  SINCE MAR 1     50                        33     17       47
  SINCE JUL 1   5308                      4831    477     5717

 COOLING
  YESTERDAY        0                         0      0        0
  MONTH TO DATE    0                         0      0        0
  SINCE MAR 1      0                         0      0        0
  SINCE JAN 1      0                         0      0        0
..................................................................


WIND (MPH)
  HIGHEST WIND SPEED    16   HIGHEST WIND DIRECTION     W (270)
  HIGHEST GUST SPEED    19   HIGHEST GUST DIRECTION    NW (300)
  AVERAGE WIND SPEED     4.8


SKY COVER
  POSSIBLE SUNSHINE  MM
  AVERAGE SKY COVER 0.5


WEATHER CONDITIONS
 THE FOLLOWING WEATHER WAS RECORDED YESTERDAY.
  FOG
  FOG W/VISIBILITY <= 1/4 MILE
  HAZE


RELATIVE HUMIDITY (PERCENT)
 HIGHEST    92           600 AM
 LOWEST     58           300 PM
 AVERAGE    75

..........................................................


THE MOLINE IL CLIMATE NORMALS FOR TODAY
                         NORMAL    RECORD    YEAR
 MAXIMUM TEMPERATURE (F)   42        71      1992
 MINIMUM TEMPERATURE (F)   24        -9      1913


SUNRISE AND SUNSET
MARCH  2 2015.........SUNRISE   635 AM CST   SUNSET   554 PM CST
MARCH  3 2015.........SUNRISE   634 AM CST   SUNSET   555 PM CST


-  INDICATES NEGATIVE NUMBERS.
R  INDICATES RECORD WAS SET OR TIED.
MM INDICATES DATA IS MISSING.
T  INDICATES TRACE AMOUNT.




$$
