000
CDUS43 KDVN 030909
CLIMLI


CLIMATE REPORT
NATIONAL WEATHER SERVICE QUAD CITIES IA IL
408 AM CDT THU SEP 3 2015


...................................

...THE MOLINE IL CLIMATE SUMMARY FOR SEPTEMBER 2 2015...

CLIMATE NORMAL PERIOD 1981 TO 2010
CLIMATE RECORD PERIOD 1872 TO 2015


WEATHER ITEM   OBSERVED TIME   RECORD YEAR NORMAL DEPARTURE LAST
                VALUE   (LST)  VALUE       VALUE  FROM      YEAR
                                                  NORMAL
..................................................................
TEMPERATURE (F)
 YESTERDAY
  MAXIMUM         87    350 PM  99    1953  82      5       82
  MINIMUM         70    604 AM  38    1946  60     10       60
  AVERAGE         79                        71      8       71

PRECIPITATION (IN)
  YESTERDAY        0.00          2.99 1970   0.12  -0.12     0.00
  MONTH TO DATE    0.00                      0.24  -0.24     0.30
  SINCE SEP 1      0.00                      0.24  -0.24     0.30
  SINCE JAN 1     28.47                     27.40   1.07    28.87

SNOWFALL (IN)
  YESTERDAY        0.0          MM      MM   0.0    0.0      0.0
  MONTH TO DATE    0.0                       0.0    0.0      0.0
  SINCE SEP 1      0.0                       0.0    0.0      0.0
  SINCE JUL 1      T                         0.0    0.0      0.0
  SNOW DEPTH       0

DEGREE DAYS
 HEATING
  YESTERDAY        0                         1     -1        0
  MONTH TO DATE    0                         2     -2        0
  SINCE SEP 1      0                         2     -2        0
  SINCE JUL 1      7                        10     -3        5

 COOLING
  YESTERDAY       14                         6      8        6
  MONTH TO DATE   30                        13     17       15
  SINCE SEP 1     30                        13     17       15
  SINCE JAN 1    818                       896    -78      781
..................................................................


WIND (MPH)
  HIGHEST WIND SPEED    13   HIGHEST WIND DIRECTION     W (250)
  HIGHEST GUST SPEED    16   HIGHEST GUST DIRECTION     W (260)
  AVERAGE WIND SPEED     4.2


SKY COVER
  POSSIBLE SUNSHINE  MM
  AVERAGE SKY COVER 0.1


WEATHER CONDITIONS
 THE FOLLOWING WEATHER WAS RECORDED YESTERDAY.
  FOG
  HAZE


RELATIVE HUMIDITY (PERCENT)
 HIGHEST    84           200 AM
 LOWEST     57           400 PM
 AVERAGE    71

..........................................................


THE MOLINE IL CLIMATE NORMALS FOR TODAY
                         NORMAL    RECORD    YEAR
 MAXIMUM TEMPERATURE (F)   81        98      1913
 MINIMUM TEMPERATURE (F)   59        43      1974


SUNRISE AND SUNSET
SEPTEMBER  3 2015.....SUNRISE   630 AM CDT   SUNSET   732 PM CDT
SEPTEMBER  4 2015.....SUNRISE   631 AM CDT   SUNSET   730 PM CDT


-  INDICATES NEGATIVE NUMBERS.
R  INDICATES RECORD WAS SET OR TIED.
MM INDICATES DATA IS MISSING.
T  INDICATES TRACE AMOUNT.




$$
