000
CDUS43 KDVN 291007
CLIMLI


CLIMATE REPORT
NATIONAL WEATHER SERVICE QUAD CITIES IA IL
406 AM CST THU JAN 29 2015


...................................

...THE MOLINE IL CLIMATE SUMMARY FOR JANUARY 28 2015...

CLIMATE NORMAL PERIOD 1981 TO 2010
CLIMATE RECORD PERIOD 1872 TO 2015


WEATHER ITEM   OBSERVED TIME   RECORD YEAR NORMAL DEPARTURE LAST
                VALUE   (LST)  VALUE       VALUE  FROM      YEAR
                                                  NORMAL
..................................................................
TEMPERATURE (F)
 YESTERDAY
  MAXIMUM         40   1146 PM  57    1914  31      9       12
  MINIMUM         24    710 AM -26    1963  14     10      -13
  AVERAGE         32                        23      9        0

PRECIPITATION (IN)
  YESTERDAY        0.00          1.27 2006   0.05  -0.05     0.00
  MONTH TO DATE    1.20                      1.35  -0.15     1.14
  SINCE DEC 1      1.92                      3.53  -1.61     2.36
  SINCE JAN 1      1.20                      1.35  -0.15     1.14

SNOWFALL (IN)
  YESTERDAY        0.0          MM      MM   0.4   -0.4      0.0
  MONTH TO DATE   14.5                       8.5    6.0     17.4
  SINCE DEC 1     14.5                      17.8   -3.3     31.2
  SINCE JUL 1     19.1                      19.0    0.1     32.2
  SNOW DEPTH       2

DEGREE DAYS
 HEATING
  YESTERDAY       33                        42     -9       65
  MONTH TO DATE 1206                      1188     18     1405
  SINCE DEC 1   2241                      2378   -137     2775
  SINCE JUL 1   3746                      3609    137     4121

 COOLING
  YESTERDAY        0                         0      0        0
  MONTH TO DATE    0                         0      0        0
  SINCE DEC 1      0                         0      0        0
  SINCE JAN 1      0                         0      0        0
..................................................................


WIND (MPH)
  HIGHEST WIND SPEED    20   HIGHEST WIND DIRECTION    SE (130)
  HIGHEST GUST SPEED    26   HIGHEST GUST DIRECTION    SE (130)
  AVERAGE WIND SPEED    10.4


SKY COVER
  POSSIBLE SUNSHINE  MM
  AVERAGE SKY COVER 0.3


WEATHER CONDITIONS
 THE FOLLOWING WEATHER WAS RECORDED YESTERDAY.
  FOG
  HAZE


RELATIVE HUMIDITY (PERCENT)
 HIGHEST    88           700 AM
 LOWEST     69          1000 AM
 AVERAGE    79

..........................................................


THE MOLINE IL CLIMATE NORMALS FOR TODAY
                         NORMAL    RECORD    YEAR
 MAXIMUM TEMPERATURE (F)   32        62      2013
 MINIMUM TEMPERATURE (F)   14       -19      1966


SUNRISE AND SUNSET
JANUARY 29 2015.......SUNRISE   717 AM CST   SUNSET   514 PM CST
JANUARY 30 2015.......SUNRISE   716 AM CST   SUNSET   515 PM CST


-  INDICATES NEGATIVE NUMBERS.
R  INDICATES RECORD WAS SET OR TIED.
MM INDICATES DATA IS MISSING.
T  INDICATES TRACE AMOUNT.




$$
