000
CDUS43 KDVN 181019
CLIMLI


CLIMATE REPORT
NATIONAL WEATHER SERVICE QUAD CITIES IA IL
417 AM CST WED JAN 18 2017


...................................

...THE MOLINE IL CLIMATE SUMMARY FOR JANUARY 17 2017...

CLIMATE NORMAL PERIOD 1981 TO 2010
CLIMATE RECORD PERIOD 1872 TO 2017


WEATHER ITEM   OBSERVED TIME   RECORD YEAR NORMAL DEPARTURE LAST
                VALUE   (LST)  VALUE       VALUE  FROM      YEAR
                                                  NORMAL
..................................................................
TEMPERATURE (F)
 YESTERDAY
  MAXIMUM         38   1138 AM  62    1894  31      7        7
  MINIMUM         34   1000 PM -22    1977  14     20       -3
  AVERAGE         36                        22     14        2

PRECIPITATION (IN)
  YESTERDAY        0.00          0.55 1900   0.04  -0.04      T
  MONTH TO DATE    1.07                      0.85   0.22     0.23
  SINCE DEC 1      2.69                      3.03  -0.34     4.43
  SINCE JAN 1      1.07                      0.85   0.22     0.23

SNOWFALL (IN)
  YESTERDAY        0.0          MM      MM   0.3   -0.3       T
  MONTH TO DATE    T                         5.2   -5.2      0.4
  SINCE DEC 1     13.8                      14.5   -0.7      3.9
  SINCE JUL 1     13.8                      15.7   -1.9     13.8
  SNOW DEPTH       0

DEGREE DAYS
 HEATING
  YESTERDAY       29                        43    -14       63
  MONTH TO DATE  693                       720    -27      700
  SINCE DEC 1   1869                      1910    -41     1510
  SINCE JUL 1   2650                      3141   -491     2473

 COOLING
  YESTERDAY        0                         0      0        0
  MONTH TO DATE    0                         0      0        0
  SINCE DEC 1      0                         0      0        0
  SINCE JAN 1      0                         0      0        0
..................................................................


WIND (MPH)
  HIGHEST WIND SPEED    16   HIGHEST WIND DIRECTION     W (270)
  HIGHEST GUST SPEED    20   HIGHEST GUST DIRECTION     W (270)
  AVERAGE WIND SPEED    10.6


SKY COVER
  POSSIBLE SUNSHINE  MM
  AVERAGE SKY COVER 1.0


WEATHER CONDITIONS
 THE FOLLOWING WEATHER WAS RECORDED YESTERDAY.
  FOG
  FOG W/VISIBILITY <= 1/4 MILE


RELATIVE HUMIDITY (PERCENT)
 HIGHEST   100           100 AM
 LOWEST     85          1100 AM
 AVERAGE    93

..........................................................


THE MOLINE IL CLIMATE NORMALS FOR TODAY
                         NORMAL    RECORD    YEAR
 MAXIMUM TEMPERATURE (F)   31        56      1996
 MINIMUM TEMPERATURE (F)   14       -22      1994


SUNRISE AND SUNSET
JANUARY 18 2017.......SUNRISE   724 AM CST   SUNSET   501 PM CST
JANUARY 19 2017.......SUNRISE   724 AM CST   SUNSET   502 PM CST


-  INDICATES NEGATIVE NUMBERS.
R  INDICATES RECORD WAS SET OR TIED.
MM INDICATES DATA IS MISSING.
T  INDICATES TRACE AMOUNT.




$$
