000
CDUS43 KDVN 222235
CLIMLI


CLIMATE REPORT
NATIONAL WEATHER SERVICE QUAD CITIES IA IL
425 PM CST WED FEB 22 2017


...................................

...THE MOLINE IL CLIMATE SUMMARY FOR FEBRUARY 22 2017...
VALID TODAY AS OF 0400 PM LOCAL TIME.

CLIMATE NORMAL PERIOD 1981 TO 2010
CLIMATE RECORD PERIOD 1872 TO 2017


WEATHER ITEM   OBSERVED TIME   RECORD YEAR NORMAL DEPARTURE LAST
                VALUE   (LST)  VALUE       VALUE  FROM      YEAR
                                                  NORMAL
..................................................................
TEMPERATURE (F)
 TODAY
  MAXIMUM         73R   250 PM  66    1922  38     35       47
  MINIMUM         46    116 AM  -9    1978  21     25       24
  AVERAGE         60                        29     31       36

PRECIPITATION (IN)
  TODAY            0.00          1.08 1981   0.07  -0.07     0.00
  MONTH TO DATE    0.47                      1.16  -0.69     0.88
  SINCE DEC 1      3.59                      4.83  -1.24     5.52
  SINCE JAN 1      1.97                      2.65  -0.68     1.32

SNOWFALL (IN)
  TODAY            0.0          MM      MM   0.2   -0.2      0.0
  MONTH TO DATE    1.3                       5.6   -4.3      6.3
  SINCE DEC 1     15.5                      24.3   -8.8     11.3
  SINCE JUL 1     15.5                      25.5  -10.0     21.2
  SNOW DEPTH       0

DEGREE DAYS
 HEATING
  TODAY            5                        36    -31       29
  MONTH TO DATE  590                       860   -270      793
  SINCE DEC 1   2881                      3363   -482     2861
  SINCE JUL 1   3662                      4594   -932     3824

 COOLING
  TODAY            0                         0      0        0
  MONTH TO DATE    0                         0      0        0
  SINCE DEC 1      0                         0      0        0
  SINCE JAN 1      0                         0      0        0
..................................................................


WIND (MPH)
  HIGHEST WIND SPEED    22   HIGHEST WIND DIRECTION     S (190)
  HIGHEST GUST SPEED    30   HIGHEST GUST DIRECTION     S (200)
  AVERAGE WIND SPEED    11.0


SKY COVER
  POSSIBLE SUNSHINE  MM
  AVERAGE SKY COVER 0.2


WEATHER CONDITIONS
 THE FOLLOWING WEATHER WAS RECORDED TODAY.
  FOG
  HAZE


RELATIVE HUMIDITY (PERCENT)
 HIGHEST    93           200 AM
 LOWEST     46           200 PM
 AVERAGE    70

..........................................................


THE MOLINE IL CLIMATE NORMALS FOR TOMORROW
                         NORMAL    RECORD    YEAR
 MAXIMUM TEMPERATURE (F)   39        65      1930
 MINIMUM TEMPERATURE (F)   21       -12      1889


SUNRISE AND SUNSET
FEBRUARY 22 2017......SUNRISE   647 AM CST   SUNSET   545 PM CST
FEBRUARY 23 2017......SUNRISE   645 AM CST   SUNSET   546 PM CST


-  INDICATES NEGATIVE NUMBERS.
R  INDICATES RECORD WAS SET OR TIED.
MM INDICATES DATA IS MISSING.
T  INDICATES TRACE AMOUNT.




$$
