000
CDUS43 KDVN 202123
CLIMLI


CLIMATE REPORT
NATIONAL WEATHER SERVICE QUAD CITIES IA IL
422 PM CDT SUN AUG 20 2017


...................................

...THE MOLINE IL CLIMATE SUMMARY FOR AUGUST 20 2017...
VALID TODAY AS OF 0400 PM LOCAL TIME.

CLIMATE NORMAL PERIOD 1981 TO 2010
CLIMATE RECORD PERIOD 1872 TO 2017


WEATHER ITEM   OBSERVED TIME   RECORD YEAR NORMAL DEPARTURE LAST
                VALUE   (LST)  VALUE       VALUE  FROM      YEAR
                                                  NORMAL
..................................................................
TEMPERATURE (F)
 TODAY
  MAXIMUM         80    254 PM 101    1983  84     -4       78
  MINIMUM         62   1217 AM  43    1950  63     -1       64
  AVERAGE         71                        73     -2       71

PRECIPITATION (IN)
  TODAY            0.00          2.09 1928   0.15  -0.15     0.94
  MONTH TO DATE    0.25                      2.95  -2.70     5.07
  SINCE JUN 1     11.34                     11.73  -0.39    16.42
  SINCE JAN 1     25.69                     25.59   0.10    26.42

SNOWFALL (IN)
  TODAY            0.0          MM      MM   0.0    0.0      0.0
  MONTH TO DATE    0.0                       0.0    0.0      0.0
  SINCE JUN 1      0.0                       0.0    0.0      0.0
  SINCE JUL 1      0.0                       0.0    0.0      0.0
  SNOW DEPTH       0

DEGREE DAYS
 HEATING
  TODAY            0                         0      0        0
  MONTH TO DATE    1                         0      1        0
  SINCE JUN 1     10                        21    -11        2
  SINCE JUL 1      1                         2     -1        1

 COOLING
  TODAY            6                         9     -3        6
  MONTH TO DATE  112                       187    -75      228
  SINCE JUN 1    709                       725    -16      874
  SINCE JAN 1    770                       801    -31      976
..................................................................


WIND (MPH)
  HIGHEST WIND SPEED    14   HIGHEST WIND DIRECTION     E (70)
  HIGHEST GUST SPEED    16   HIGHEST GUST DIRECTION     E (70)
  AVERAGE WIND SPEED     5.1


SKY COVER
  POSSIBLE SUNSHINE  MM
  AVERAGE SKY COVER 0.2


WEATHER CONDITIONS
 THE FOLLOWING WEATHER WAS RECORDED TODAY.
  NO SIGNIFICANT WEATHER WAS OBSERVED.


RELATIVE HUMIDITY (PERCENT)
 HIGHEST    93           500 AM
 LOWEST     62          1000 AM
 AVERAGE    78

..........................................................


THE MOLINE IL CLIMATE NORMALS FOR TOMORROW
                         NORMAL    RECORD    YEAR
 MAXIMUM TEMPERATURE (F)   84        99      1936
 MINIMUM TEMPERATURE (F)   63        44      1950


SUNRISE AND SUNSET
AUGUST 20 2017........SUNRISE   616 AM CDT   SUNSET   754 PM CDT
AUGUST 21 2017........SUNRISE   617 AM CDT   SUNSET   752 PM CDT


-  INDICATES NEGATIVE NUMBERS.
R  INDICATES RECORD WAS SET OR TIED.
MM INDICATES DATA IS MISSING.
T  INDICATES TRACE AMOUNT.




$$
