000
CDUS43 KDVN 260902
CLIMLI


CLIMATE REPORT
NATIONAL WEATHER SERVICE QUAD CITIES IA IL
400 AM CDT WED APR 26 2017


...................................

...THE MOLINE IL CLIMATE SUMMARY FOR APRIL 25 2017...

CLIMATE NORMAL PERIOD 1981 TO 2010
CLIMATE RECORD PERIOD 1872 TO 2017


WEATHER ITEM   OBSERVED TIME   RECORD YEAR NORMAL DEPARTURE LAST
                VALUE   (LST)  VALUE       VALUE  FROM      YEAR
                                                  NORMAL
..................................................................
TEMPERATURE (F)
 YESTERDAY
  MAXIMUM         80    352 PM  93    1986  66     14       83
  MINIMUM         49   1203 AM  22    1934  44      5       63
  AVERAGE         65                        55     10       73

PRECIPITATION (IN)
  YESTERDAY        T             1.11 1939   0.12  -0.12     0.00
  MONTH TO DATE    3.20                      2.92   0.28     1.21
  SINCE MAR 1      6.69                      5.78   0.91     4.12
  SINCE JAN 1      9.10                      8.87   0.23     5.45

SNOWFALL (IN)
  YESTERDAY        0.0          MM      MM   0.0    0.0      0.0
  MONTH TO DATE    0.0                       0.9   -0.9       T
  SINCE MAR 1      5.9                       4.9    1.0      2.9
  SINCE JUL 1     22.4                      31.6   -9.2     24.1
  SNOW DEPTH       0

DEGREE DAYS
 HEATING
  YESTERDAY        0                        11    -11        0
  MONTH TO DATE  229                       373   -144      347
  SINCE MAR 1    975                      1177   -202      946
  SINCE JUL 1   4778                      5975  -1197     4935

 COOLING
  YESTERDAY        0                         1     -1        8
  MONTH TO DATE   14                         9      5        8
  SINCE MAR 1     14                        10      4       11
  SINCE JAN 1     14                        10      4       11
..................................................................


WIND (MPH)
  HIGHEST WIND SPEED    25   HIGHEST WIND DIRECTION    SE (130)
  HIGHEST GUST SPEED    33   HIGHEST GUST DIRECTION    SE (130)
  AVERAGE WIND SPEED    11.7


SKY COVER
  POSSIBLE SUNSHINE  MM
  AVERAGE SKY COVER 0.0


WEATHER CONDITIONS
 THE FOLLOWING WEATHER WAS RECORDED YESTERDAY.
  NO SIGNIFICANT WEATHER WAS OBSERVED.


RELATIVE HUMIDITY (PERCENT)
 HIGHEST    61          1200 AM
 LOWEST     26           400 PM
 AVERAGE    44

..........................................................


THE MOLINE IL CLIMATE NORMALS FOR TODAY
                         NORMAL    RECORD    YEAR
 MAXIMUM TEMPERATURE (F)   66        89      1986
 MINIMUM TEMPERATURE (F)   44        29      2006


SUNRISE AND SUNSET
APRIL 26 2017.........SUNRISE   606 AM CDT   SUNSET   755 PM CDT
APRIL 27 2017.........SUNRISE   604 AM CDT   SUNSET   756 PM CDT


-  INDICATES NEGATIVE NUMBERS.
R  INDICATES RECORD WAS SET OR TIED.
MM INDICATES DATA IS MISSING.
T  INDICATES TRACE AMOUNT.




$$
