000
CDUS45 KBYZ 011033
CLIMLS


CLIMATE REPORT
NATIONAL WEATHER SERVICE BILLINGS MT
331 AM MST SUN MAR 1 2015


...................................

...THE MILES CITY MT CLIMATE SUMMARY FOR FEBRUARY 28 2015...

CLIMATE NORMAL PERIOD 1981 TO 2010
CLIMATE RECORD PERIOD 1937 TO 2015


WEATHER ITEM   OBSERVED TIME   RECORD YEAR NORMAL DEPARTURE LAST
                VALUE   (LST)  VALUE       VALUE  FROM      YEAR
                                                  NORMAL
..................................................................
TEMPERATURE (F)
 YESTERDAY
  MAXIMUM         25    327 PM  69    1992  40    -15       26
  MINIMUM          5    435 AM -27    1962  17    -12       -3
  AVERAGE         15                        28    -13       12

PRECIPITATION (IN)
  YESTERDAY        T             0.20        0.01  -0.01     0.01
  MONTH TO DATE    0.13                      0.23  -0.10     0.11
  SINCE OCT 1      1.36                      2.15  -0.79     1.93
  SINCE JAN 1      0.35                      0.55  -0.20     0.25

DEGREE DAYS
 HEATING
  YESTERDAY       50                        37     13       53
  MONTH TO DATE 1102                      1138    -36     1415
  SINCE DEC 1   3640                      3935   -295     4332
  SINCE JUL 1   5470                      5734   -264     6039

 COOLING
  YESTERDAY        0                         0      0        0
  MONTH TO DATE    0                         0      0        0
  SINCE DEC 1      0                         0      0        0
  SINCE JAN 1      0                         0      0        0
..................................................................


WIND (MPH)
  HIGHEST WIND SPEED    18   HIGHEST WIND DIRECTION    NW (300)
  HIGHEST GUST SPEED    22   HIGHEST GUST DIRECTION     W (290)
  AVERAGE WIND SPEED     8.8


SKY COVER
  POSSIBLE SUNSHINE  MM
  AVERAGE SKY COVER 0.6


WEATHER CONDITIONS
 THE FOLLOWING WEATHER WAS RECORDED YESTERDAY.
  LIGHT SNOW


RELATIVE HUMIDITY (PERCENT)
 HIGHEST    88           100 AM
 LOWEST     52           300 PM
 AVERAGE    70

..........................................................


THE MILES CITY MT CLIMATE NORMALS FOR TODAY
                         NORMAL    RECORD    YEAR
 MAXIMUM TEMPERATURE (F)   40        70      1992
 MINIMUM TEMPERATURE (F)   17       -19      1960


SUNRISE AND SUNSET
MARCH  1 2015.........SUNRISE   643 AM MST   SUNSET   549 PM MST
MARCH  2 2015.........SUNRISE   641 AM MST   SUNSET   551 PM MST


-  INDICATES NEGATIVE NUMBERS.
R  INDICATES RECORD WAS SET OR TIED.
MM INDICATES DATA IS MISSING.
T  INDICATES TRACE AMOUNT.





&&

THIS IS AN AUTOMATED...UNATTENDED WEATHER STATION AND MAY
UNDERESTIMATE WINTER PRECIPITATION.

$$
