000
CDUS45 KBYZ 262223
CLIMLS


CLIMATE REPORT
NATIONAL WEATHER SERVICE BILLINGS MT
422 PM MDT THU MAR 26 2015


...................................

...THE MILES CITY MT CLIMATE SUMMARY FOR MARCH 26 2015...
VALID TODAY AS OF 0400 PM LOCAL TIME.

CLIMATE NORMAL PERIOD 1981 TO 2010
CLIMATE RECORD PERIOD 1937 TO 2015


WEATHER ITEM   OBSERVED TIME   RECORD YEAR NORMAL DEPARTURE LAST
                VALUE   (LST)  VALUE       VALUE  FROM      YEAR
                                                  NORMAL
..................................................................
TEMPERATURE (F)
 TODAY
  MAXIMUM         59    320 PM  81    1999  51      8       48
  MINIMUM         35    610 AM  -6    1937  27      8       27
  AVERAGE         47                        39      8       38

PRECIPITATION (IN)
  TODAY            0.00          0.42        0.03  -0.03     0.00
  MONTH TO DATE    T                         0.46  -0.46     0.62
  SINCE OCT 1      1.36                      2.61  -1.25     2.55
  SINCE JAN 1      0.35                      1.01  -0.66     0.87

DEGREE DAYS
 HEATING
  TODAY           18                        26     -8       27
  MONTH TO DATE  391                       815   -424      902
  SINCE MAR 1    391                       815   -424      902
  SINCE JUL 1   5861                      6549   -688     6941

 COOLING
  TODAY            0                         0      0        0
  MONTH TO DATE    0                         0      0        0
  SINCE MAR 1      0                         0      0        0
  SINCE JAN 1      0                         0      0        0
..................................................................


WIND (MPH)
  HIGHEST WIND SPEED    15   HIGHEST WIND DIRECTION     W (290)
  HIGHEST GUST SPEED    22   HIGHEST GUST DIRECTION    NW (320)
  AVERAGE WIND SPEED     6.0


SKY COVER
  POSSIBLE SUNSHINE  MM
  AVERAGE SKY COVER 0.6


WEATHER CONDITIONS
 THE FOLLOWING WEATHER WAS RECORDED TODAY.
  HAZE


RELATIVE HUMIDITY (PERCENT)
 HIGHEST    75           600 AM
 LOWEST     38           200 PM
 AVERAGE    57

..........................................................


THE MILES CITY MT CLIMATE NORMALS FOR TOMORROW
                         NORMAL    RECORD    YEAR
 MAXIMUM TEMPERATURE (F)   51        82      1946
 MINIMUM TEMPERATURE (F)   27        -3      1937


SUNRISE AND SUNSET
MARCH 26 2015.........SUNRISE   655 AM MDT   SUNSET   724 PM MDT
MARCH 27 2015.........SUNRISE   653 AM MDT   SUNSET   725 PM MDT


-  INDICATES NEGATIVE NUMBERS.
R  INDICATES RECORD WAS SET OR TIED.
MM INDICATES DATA IS MISSING.
T  INDICATES TRACE AMOUNT.





&&

THIS IS AN AUTOMATED...UNATTENDED WEATHER STATION AND MAY
UNDERESTIMATE WINTER PRECIPITATION.

$$
