000
CDUS45 KBYZ 240724
CLIMLS


CLIMATE REPORT
NATIONAL WEATHER SERVICE BILLINGS MT
124 AM MDT MON JUL 24 2017


...................................

...THE MILES CITY MT CLIMATE SUMMARY FOR JULY 23 2017...

CLIMATE NORMAL PERIOD 1981 TO 2010
CLIMATE RECORD PERIOD 1937 TO 2017


WEATHER ITEM   OBSERVED TIME   RECORD YEAR NORMAL DEPARTURE LAST
                VALUE   (LST)  VALUE       VALUE  FROM      YEAR
                                                  NORMAL
..................................................................
TEMPERATURE (F)
 YESTERDAY
  MAXIMUM         99    454 PM 110    2007  90      9       88
  MINIMUM         60    458 AM  49    1950  61     -1       64
  AVERAGE         80                        75      5       76

PRECIPITATION (IN)
  YESTERDAY        0.00          1.08 1953   0.05  -0.05     0.00
  MONTH TO DATE    T                         1.26  -1.26     1.17
  SINCE OCT 1      4.27                     10.07  -5.80    10.98
  SINCE JAN 1      3.18                      8.47  -5.29     9.72

DEGREE DAYS
 HEATING
  YESTERDAY        0                         0      0        0
  MONTH TO DATE    0                        10    -10        2
  SINCE JUN 1     19                        99    -80       11
  SINCE JUL 1      0                        10    -10        2

 COOLING
  YESTERDAY       15                        10      5       11
  MONTH TO DATE  388                       203    185      239
  SINCE JUN 1    522                       310    212      438
  SINCE JAN 1    543                       330    213      462
..................................................................


WIND (MPH)
  HIGHEST WIND SPEED    17   HIGHEST WIND DIRECTION     S (160)
  HIGHEST GUST SPEED    22   HIGHEST GUST DIRECTION    SE (150)
  AVERAGE WIND SPEED     7.8


SKY COVER
  POSSIBLE SUNSHINE  MM
  AVERAGE SKY COVER 0.0


WEATHER CONDITIONS
 THE FOLLOWING WEATHER WAS RECORDED YESTERDAY.
  NO SIGNIFICANT WEATHER WAS OBSERVED.


RELATIVE HUMIDITY (PERCENT)
 HIGHEST    49           500 AM
 LOWEST     10           400 PM
 AVERAGE    30

..........................................................


THE MILES CITY MT CLIMATE NORMALS FOR TODAY
                         NORMAL    RECORD    YEAR
 MAXIMUM TEMPERATURE (F)   90       110      2007
 MINIMUM TEMPERATURE (F)   61        52      1996


SUNRISE AND SUNSET
JULY 24 2017..........SUNRISE   536 AM MDT   SUNSET   844 PM MDT
JULY 25 2017..........SUNRISE   537 AM MDT   SUNSET   843 PM MDT


-  INDICATES NEGATIVE NUMBERS.
R  INDICATES RECORD WAS SET OR TIED.
MM INDICATES DATA IS MISSING.
T  INDICATES TRACE AMOUNT.




$$
