000
CDUS45 KBYZ 300940
CLIMLS


CLIMATE REPORT
NATIONAL WEATHER SERVICE BILLINGS MT
335 AM MDT SAT JUL 30 2016


...................................

...THE MILES CITY MT CLIMATE SUMMARY FOR JULY 29 2016...

CLIMATE NORMAL PERIOD 1981 TO 2010
CLIMATE RECORD PERIOD 1937 TO 2016


WEATHER ITEM   OBSERVED TIME   RECORD YEAR NORMAL DEPARTURE LAST
                VALUE   (LST)  VALUE       VALUE  FROM      YEAR
                                                  NORMAL
..................................................................
TEMPERATURE (F)
 YESTERDAY
  MAXIMUM         84    414 PM 106    1995  90     -6       85
  MINIMUM         59    517 AM  48    1971  61     -2       51
  AVERAGE         72                        76     -4       68

PRECIPITATION (IN)
  YESTERDAY        T             2.22 1985   0.05  -0.05     0.00
  MONTH TO DATE    1.34                      1.55  -0.21     0.90
  SINCE OCT 1     11.15                     10.36   0.79     7.31
  SINCE JAN 1      9.89                      8.76   1.13     6.30

DEGREE DAYS
 HEATING
  YESTERDAY        0                         0      0        0
  MONTH TO DATE    2                        10     -8        0
  SINCE JUN 1     11                        99    -88       25
  SINCE JUL 1      2                        10     -8        0

 COOLING
  YESTERDAY        7                        11     -4        3
  MONTH TO DATE  304                       269     35      275
  SINCE JUN 1    503                       376    127      437
  SINCE JAN 1    527                       396    131      438
..................................................................


WIND (MPH)
  HIGHEST WIND SPEED    26   HIGHEST WIND DIRECTION     N (10)
  HIGHEST GUST SPEED    33   HIGHEST GUST DIRECTION     N (10)
  AVERAGE WIND SPEED     7.1


SKY COVER
  POSSIBLE SUNSHINE  MM
  AVERAGE SKY COVER 0.2


WEATHER CONDITIONS
 THE FOLLOWING WEATHER WAS RECORDED YESTERDAY.
  THUNDERSTORM
  LIGHT RAIN


RELATIVE HUMIDITY (PERCENT)
 HIGHEST    87           500 AM
 LOWEST     37           100 PM
 AVERAGE    62

..........................................................


THE MILES CITY MT CLIMATE NORMALS FOR TODAY
                         NORMAL    RECORD    YEAR
 MAXIMUM TEMPERATURE (F)   90       106      2000
 MINIMUM TEMPERATURE (F)   61        46      2009


SUNRISE AND SUNSET
JULY 30 2016..........SUNRISE   543 AM MDT   SUNSET   836 PM MDT
JULY 31 2016..........SUNRISE   544 AM MDT   SUNSET   835 PM MDT


-  INDICATES NEGATIVE NUMBERS.
R  INDICATES RECORD WAS SET OR TIED.
MM INDICATES DATA IS MISSING.
T  INDICATES TRACE AMOUNT.





&&

THIS IS AN AUTOMATED...UNATTENDED WEATHER STATION AND MAY
UNDERESTIMATE WINTER PRECIPITATION.

$$
