000
CDUS45 KBYZ 280935
CLIMLS


CLIMATE REPORT
NATIONAL WEATHER SERVICE BILLINGS MT
333 AM MDT WED SEP 28 2016


...................................

...THE MILES CITY MT CLIMATE SUMMARY FOR SEPTEMBER 27 2016...

CLIMATE NORMAL PERIOD 1981 TO 2010
CLIMATE RECORD PERIOD 1937 TO 2016


WEATHER ITEM   OBSERVED TIME   RECORD YEAR NORMAL DEPARTURE LAST
                VALUE   (LST)  VALUE       VALUE  FROM      YEAR
                                                  NORMAL
..................................................................
TEMPERATURE (F)
 YESTERDAY
  MAXIMUM         83    403 PM  91    1963  68     15       80
  MINIMUM         45    609 AM  22    1951  41      4       53
  AVERAGE         64                        54     10       67

PRECIPITATION (IN)
  YESTERDAY        0.00          0.94 1982   0.04  -0.04      T
  MONTH TO DATE    2.80                      0.97   1.83     0.18
  SINCE OCT 1     14.72                     12.33   2.39     8.25
  SINCE JAN 1     13.46                     10.73   2.73     7.24

DEGREE DAYS
 HEATING
  YESTERDAY        1                        11    -10        0
  MONTH TO DATE  144                       167    -23       46
  SINCE SEP 1    144                       167    -23       46
  SINCE JUL 1    158                       201    -43       87

 COOLING
  YESTERDAY        0                         0      0        2
  MONTH TO DATE   48                        56     -8       91
  SINCE SEP 1     48                        56     -8       91
  SINCE JAN 1    859                       728    131      830
..................................................................


WIND (MPH)
  HIGHEST WIND SPEED    14   HIGHEST WIND DIRECTION     W (290)
  HIGHEST GUST SPEED    18   HIGHEST GUST DIRECTION     W (280)
  AVERAGE WIND SPEED     6.9


SKY COVER
  POSSIBLE SUNSHINE  MM
  AVERAGE SKY COVER 0.0


WEATHER CONDITIONS
 THE FOLLOWING WEATHER WAS RECORDED YESTERDAY.
  NO SIGNIFICANT WEATHER WAS OBSERVED.


RELATIVE HUMIDITY (PERCENT)
 HIGHEST    93           500 AM
 LOWEST     24           200 PM
 AVERAGE    59

..........................................................


THE MILES CITY MT CLIMATE NORMALS FOR TODAY
                         NORMAL    RECORD    YEAR
 MAXIMUM TEMPERATURE (F)   68        95      2001
 MINIMUM TEMPERATURE (F)   41        26      1984


SUNRISE AND SUNSET
SEPTEMBER 28 2016.....SUNRISE   659 AM MDT   SUNSET   648 PM MDT
SEPTEMBER 29 2016.....SUNRISE   700 AM MDT   SUNSET   646 PM MDT


-  INDICATES NEGATIVE NUMBERS.
R  INDICATES RECORD WAS SET OR TIED.
MM INDICATES DATA IS MISSING.
T  INDICATES TRACE AMOUNT.





&&

THIS IS AN AUTOMATED...UNATTENDED WEATHER STATION AND MAY
UNDERESTIMATE WINTER PRECIPITATION.

$$
