000
CDUS45 KBYZ 250944
CLIMLS


CLIMATE REPORT
NATIONAL WEATHER SERVICE BILLINGS MT
341 AM MDT TUE APR 25 2017


...................................

...THE MILES CITY MT CLIMATE SUMMARY FOR APRIL 24 2017...

CLIMATE NORMAL PERIOD 1981 TO 2010
CLIMATE RECORD PERIOD 1937 TO 2017


WEATHER ITEM   OBSERVED TIME   RECORD YEAR NORMAL DEPARTURE LAST
                VALUE   (LST)  VALUE       VALUE  FROM      YEAR
                                                  NORMAL
..................................................................
TEMPERATURE (F)
 YESTERDAY
  MAXIMUM         55    347 PM  90    2012  62     -7       52
  MINIMUM         37   1159 PM  24    1958  36      1       35
  AVERAGE         46                        49     -3       44

PRECIPITATION (IN)
  YESTERDAY        0.01          2.91 2016   0.05  -0.04     2.91
  MONTH TO DATE    0.95                      1.01  -0.06     3.92
  SINCE OCT 1      3.07                      3.76  -0.69     6.25
  SINCE JAN 1      1.98                      2.16  -0.18     4.99

DEGREE DAYS
 HEATING
  YESTERDAY       19                        16      3       21
  MONTH TO DATE  370                       480   -110      340
  SINCE MAR 1   1172                      1421   -249     1027
  SINCE JUL 1   6724                      7155   -431     5720

 COOLING
  YESTERDAY        0                         0      0        0
  MONTH TO DATE    0                         0      0        2
  SINCE MAR 1      0                         0      0        2
  SINCE JAN 1      0                         0      0        2
..................................................................


WIND (MPH)
  HIGHEST WIND SPEED    20   HIGHEST WIND DIRECTION    NE (50)
  HIGHEST GUST SPEED    24   HIGHEST GUST DIRECTION    NE (50)
  AVERAGE WIND SPEED     8.9


SKY COVER
  POSSIBLE SUNSHINE  MM
  AVERAGE SKY COVER 0.8


WEATHER CONDITIONS
 THE FOLLOWING WEATHER WAS RECORDED YESTERDAY.
  LIGHT RAIN
  FOG


RELATIVE HUMIDITY (PERCENT)
 HIGHEST    89           700 AM
 LOWEST     59           300 PM
 AVERAGE    74

..........................................................


THE MILES CITY MT CLIMATE NORMALS FOR TODAY
                         NORMAL    RECORD    YEAR
 MAXIMUM TEMPERATURE (F)   62        89      1974
 MINIMUM TEMPERATURE (F)   36        21      2002


SUNRISE AND SUNSET
APRIL 25 2017.........SUNRISE   559 AM MDT   SUNSET   805 PM MDT
APRIL 26 2017.........SUNRISE   557 AM MDT   SUNSET   806 PM MDT


-  INDICATES NEGATIVE NUMBERS.
R  INDICATES RECORD WAS SET OR TIED.
MM INDICATES DATA IS MISSING.
T  INDICATES TRACE AMOUNT.





&&

THIS IS AN AUTOMATED...UNATTENDED WEATHER STATION AND MAY
UNDERESTIMATE WINTER PRECIPITATION.

$$
