000
CDUS45 KBYZ 222323
CLIMLS


CLIMATE REPORT
NATIONAL WEATHER SERVICE BILLINGS MT
423 PM MST MON JAN 22 2018


...................................

...THE MILES CITY MT CLIMATE SUMMARY FOR JANUARY 22 2018...
VALID TODAY AS OF 0400 PM LOCAL TIME.

CLIMATE NORMAL PERIOD 1981 TO 2010
CLIMATE RECORD PERIOD 1937 TO 2018


WEATHER ITEM   OBSERVED TIME   RECORD YEAR NORMAL DEPARTURE LAST
                VALUE   (LST)  VALUE       VALUE  FROM      YEAR
                                                  NORMAL
..................................................................
TEMPERATURE (F)
 TODAY
  MAXIMUM         32    309 PM  59    1981  30      2       25
  MINIMUM          2    326 AM -30    1982   9     -7        9
  AVERAGE         17                        20     -3       17

PRECIPITATION (IN)
  TODAY            0.00          0.34 1993   0.00   0.00      T
  MONTH TO DATE    0.17                      0.24  -0.07     0.04
  SINCE OCT 1      1.36                      1.84  -0.48     1.13
  SINCE JAN 1      0.17                      0.24  -0.07     0.04

DEGREE DAYS
 HEATING
  TODAY           48                        45      3       48
  MONTH TO DATE 1158                      1009    149     1283
  SINCE DEC 1   2482                      2394     88     2862
  SINCE JUL 1   4225                      4193     32     4177

 COOLING
  TODAY            0                         0      0        0
  MONTH TO DATE    0                         0      0        0
  SINCE DEC 1      0                         0      0        0
  SINCE JAN 1      0                         0      0        0
..................................................................


WIND (MPH)
  HIGHEST WIND SPEED    10   HIGHEST WIND DIRECTION     S (160)
  HIGHEST GUST SPEED    12   HIGHEST GUST DIRECTION     S (160)
  AVERAGE WIND SPEED     6.6


SKY COVER
  POSSIBLE SUNSHINE  MM
  AVERAGE SKY COVER 0.2


WEATHER CONDITIONS
 THE FOLLOWING WEATHER WAS RECORDED TODAY.
  FOG


RELATIVE HUMIDITY (PERCENT)
 HIGHEST   100           200 AM
 LOWEST     72           400 PM
 AVERAGE    86

..........................................................


THE MILES CITY MT CLIMATE NORMALS FOR TOMORROW
                         NORMAL    RECORD    YEAR
 MAXIMUM TEMPERATURE (F)   31        59      2005
 MINIMUM TEMPERATURE (F)    9       -32      1982


SUNRISE AND SUNSET
JANUARY 22 2018.......SUNRISE   737 AM MST   SUNSET   453 PM MST
JANUARY 23 2018.......SUNRISE   737 AM MST   SUNSET   455 PM MST


-  INDICATES NEGATIVE NUMBERS.
R  INDICATES RECORD WAS SET OR TIED.
MM INDICATES DATA IS MISSING.
T  INDICATES TRACE AMOUNT.




$$
