000
CDUS45 KBYZ 220932
CLIMLS


CLIMATE REPORT
NATIONAL WEATHER SERVICE BILLINGS MT
331 AM MDT MON SEP 22 2014


...................................

...THE MILES CITY MT CLIMATE SUMMARY FOR SEPTEMBER 21 2014...

CLIMATE NORMAL PERIOD 1981 TO 2010
CLIMATE RECORD PERIOD 1937 TO 2014


WEATHER ITEM   OBSERVED TIME   RECORD YEAR NORMAL DEPARTURE LAST
                VALUE   (LST)  VALUE       VALUE  FROM      YEAR
                                                  NORMAL
..................................................................
TEMPERATURE (F)
 YESTERDAY
  MAXIMUM         78    420 PM  94    1938  71      7       85
  MINIMUM         42    636 AM  19    1995  44     -2       43
  AVERAGE         60                        57      3       64

PRECIPITATION (IN)
  YESTERDAY        0.00          0.45 1941   0.04  -0.04     0.00
  MONTH TO DATE    0.22                      0.74  -0.52     1.39
  SINCE OCT 1     13.89                     12.10   1.79    16.76
  SINCE JAN 1     12.21                     10.50   1.71    15.23

SNOWFALL (IN)
  YESTERDAY       MM
  MONTH TO DATE   MM
  SINCE SEP 1     MM
  SINCE JUL 1     MM
  SNOW DEPTH      MM

DEGREE DAYS
 HEATING
  YESTERDAY        5                         9     -4        1
  MONTH TO DATE  161                       108     53       23
  SINCE SEP 1    161                       108     53       23
  SINCE JUL 1    195                       142     53       23

 COOLING
  YESTERDAY        0                         1     -1        0
  MONTH TO DATE   12                        52    -40      142
  SINCE SEP 1     12                        52    -40      142
  SINCE JAN 1    607                       724   -117      877
..................................................................


WIND (MPH)
  HIGHEST WIND SPEED    17   HIGHEST WIND DIRECTION    SE (150)
  HIGHEST GUST SPEED    23   HIGHEST GUST DIRECTION    SE (140)
  AVERAGE WIND SPEED     7.0


SKY COVER
  POSSIBLE SUNSHINE  MM
  AVERAGE SKY COVER 0.0


WEATHER CONDITIONS
 THE FOLLOWING WEATHER WAS RECORDED YESTERDAY.
  NO SIGNIFICANT WEATHER WAS OBSERVED.


RELATIVE HUMIDITY (PERCENT)
 HIGHEST    82           500 AM
 LOWEST     23           300 PM
 AVERAGE    53

..........................................................


THE MILES CITY MT CLIMATE NORMALS FOR TODAY
                         NORMAL    RECORD    YEAR
 MAXIMUM TEMPERATURE (F)   71        97      1938
 MINIMUM TEMPERATURE (F)   43        27      1995


SUNRISE AND SUNSET
SEPTEMBER 22 2014.....SUNRISE   650 AM MDT   SUNSET   701 PM MDT
SEPTEMBER 23 2014.....SUNRISE   652 AM MDT   SUNSET   659 PM MDT


-  INDICATES NEGATIVE NUMBERS.
R  INDICATES RECORD WAS SET OR TIED.
MM INDICATES DATA IS MISSING.
T  INDICATES TRACE AMOUNT.





&&

THIS IS AN AUTOMATED...UNATTENDED WEATHER STATION AND MAY
UNDERESTIMATE WINTER PRECIPITATION.

$$
