000
CDUS45 KBYZ 262228
CLIMLS


CLIMATE REPORT
NATIONAL WEATHER SERVICE BILLINGS MT
427 PM MDT TUE MAY 26 2015


...................................

...THE MILES CITY MT CLIMATE SUMMARY FOR MAY 26 2015...
VALID TODAY AS OF 0400 PM LOCAL TIME.

CLIMATE NORMAL PERIOD 1981 TO 2010
CLIMATE RECORD PERIOD 1937 TO 2015


WEATHER ITEM   OBSERVED TIME   RECORD YEAR NORMAL DEPARTURE LAST
                VALUE   (LST)  VALUE       VALUE  FROM      YEAR
                                                  NORMAL
..................................................................
TEMPERATURE (F)
 TODAY
  MAXIMUM         78    259 PM  98    1969  71      7       85
  MINIMUM         47    437 AM  32    2007  46      1       57
  AVERAGE         63                        59      4       71

PRECIPITATION (IN)
  TODAY            0.00          1.20 1973   0.08  -0.08     0.22
  MONTH TO DATE    0.61                      1.76  -1.15     2.42
  SINCE OCT 1      2.52                      5.88  -3.36     5.99
  SINCE JAN 1      1.51                      4.28  -2.77     4.31

DEGREE DAYS
 HEATING
  TODAY            2                         7     -5        0
  MONTH TO DATE  305                       271     34      305
  SINCE MAR 1   1492                      1783   -291     1966
  SINCE JUL 1   6962                      7517   -555     8005

 COOLING
  TODAY            0                         1     -1        6
  MONTH TO DATE    1                        13    -12       19
  SINCE MAR 1      1                        14    -13       19
  SINCE JAN 1      1                        14    -13       19
..................................................................


WIND (MPH)
  HIGHEST WIND SPEED    15   HIGHEST WIND DIRECTION    SE (150)
  HIGHEST GUST SPEED    18   HIGHEST GUST DIRECTION    SE (140)
  AVERAGE WIND SPEED     6.7


SKY COVER
  POSSIBLE SUNSHINE  MM
  AVERAGE SKY COVER 0.2


WEATHER CONDITIONS
 THE FOLLOWING WEATHER WAS RECORDED TODAY.
  FOG
  FOG W/VISIBILITY <= 1/4 MILE


RELATIVE HUMIDITY (PERCENT)
 HIGHEST   100           200 AM
 LOWEST     33           300 PM
 AVERAGE    67

..........................................................


THE MILES CITY MT CLIMATE NORMALS FOR TOMORROW
                         NORMAL    RECORD    YEAR
 MAXIMUM TEMPERATURE (F)   72        96      1969
 MINIMUM TEMPERATURE (F)   47        30      1965


SUNRISE AND SUNSET
MAY 26 2015...........SUNRISE   519 AM MDT   SUNSET   843 PM MDT
MAY 27 2015...........SUNRISE   518 AM MDT   SUNSET   844 PM MDT


-  INDICATES NEGATIVE NUMBERS.
R  INDICATES RECORD WAS SET OR TIED.
MM INDICATES DATA IS MISSING.
T  INDICATES TRACE AMOUNT.





&&

THIS IS AN AUTOMATED...UNATTENDED WEATHER STATION AND MAY
UNDERESTIMATE WINTER PRECIPITATION.

$$
