000
CDUS45 KBYZ 300932
CLIMLS


CLIMATE REPORT
NATIONAL WEATHER SERVICE BILLINGS MT
331 AM MDT TUE JUN 30 2015


...................................

...THE MILES CITY MT CLIMATE SUMMARY FOR JUNE 29 2015...

CLIMATE NORMAL PERIOD 1981 TO 2010
CLIMATE RECORD PERIOD 1937 TO 2015


WEATHER ITEM   OBSERVED TIME   RECORD YEAR NORMAL DEPARTURE LAST
                VALUE   (LST)  VALUE       VALUE  FROM      YEAR
                                                  NORMAL
..................................................................
TEMPERATURE (F)
 YESTERDAY
  MAXIMUM        100    241 PM 104    1961  84     16       79
  MINIMUM         63    439 AM  43    1959  56      7       54
                                      1947
  AVERAGE         82                        70     12       67

PRECIPITATION (IN)
  YESTERDAY        0.00          1.75 1982   0.07  -0.07     0.00
  MONTH TO DATE    2.68                      2.45   0.23     4.28
  SINCE OCT 1      6.41                      8.75  -2.34    11.35
  SINCE JAN 1      5.40                      7.15  -1.75     9.67

DEGREE DAYS
 HEATING
  YESTERDAY        0                         1     -1        0
  MONTH TO DATE   25                        87    -62       92
  SINCE JUN 1     25                        87    -62       92
  SINCE JUL 1   7010                      7636   -626     8099

 COOLING
  YESTERDAY       17                         6     11        2
  MONTH TO DATE  143                       101     42       37
  SINCE JUN 1    143                       101     42       37
  SINCE JAN 1    144                       121     23       71
..................................................................


WIND (MPH)
  HIGHEST WIND SPEED    18   HIGHEST WIND DIRECTION    NW (310)
  HIGHEST GUST SPEED    24   HIGHEST GUST DIRECTION    NW (310)
  AVERAGE WIND SPEED     7.4


SKY COVER
  POSSIBLE SUNSHINE  MM
  AVERAGE SKY COVER 0.0


WEATHER CONDITIONS
 THE FOLLOWING WEATHER WAS RECORDED YESTERDAY.
  NO SIGNIFICANT WEATHER WAS OBSERVED.


RELATIVE HUMIDITY (PERCENT)
 HIGHEST    78           500 AM
 LOWEST     15           500 PM
 AVERAGE    47

..........................................................


THE MILES CITY MT CLIMATE NORMALS FOR TODAY
                         NORMAL    RECORD    YEAR
 MAXIMUM TEMPERATURE (F)   84       101      1990
 MINIMUM TEMPERATURE (F)   57        41      1995


SUNRISE AND SUNSET
JUNE 30 2015..........SUNRISE   514 AM MDT   SUNSET   900 PM MDT
JULY  1 2015..........SUNRISE   515 AM MDT   SUNSET   900 PM MDT


-  INDICATES NEGATIVE NUMBERS.
R  INDICATES RECORD WAS SET OR TIED.
MM INDICATES DATA IS MISSING.
T  INDICATES TRACE AMOUNT.





&&

THIS IS AN AUTOMATED...UNATTENDED WEATHER STATION AND MAY
UNDERESTIMATE WINTER PRECIPITATION.

$$
