000
CDUS45 KBYZ 270934
CLIMLS


CLIMATE REPORT
NATIONAL WEATHER SERVICE BILLINGS MT
332 AM MDT SAT AUG 27 2016


...................................

...THE MILES CITY MT CLIMATE SUMMARY FOR AUGUST 26 2016...

CLIMATE NORMAL PERIOD 1981 TO 2010
CLIMATE RECORD PERIOD 1937 TO 2016


WEATHER ITEM   OBSERVED TIME   RECORD YEAR NORMAL DEPARTURE LAST
                VALUE   (LST)  VALUE       VALUE  FROM      YEAR
                                                  NORMAL
..................................................................
TEMPERATURE (F)
 YESTERDAY
  MAXIMUM         79    317 PM 102    2000  84     -5       99
  MINIMUM         51    541 AM  43    1967  55     -4       63
  AVERAGE         65                        70     -5       81

PRECIPITATION (IN)
  YESTERDAY        T             0.31 1977   0.02  -0.02     0.00
  MONTH TO DATE    0.77                      0.78  -0.01     0.64
  SINCE OCT 1     11.92                     11.23   0.69     7.95
  SINCE JAN 1     10.66                      9.63   1.03     6.94

DEGREE DAYS
 HEATING
  YESTERDAY        0                         1     -1        0
  MONTH TO DATE   12                        10      2       41
  SINCE JUN 1     23                       111    -88       66
  SINCE JUL 1     14                        22     -8       41

 COOLING
  YESTERDAY        0                         6     -6       16
  MONTH TO DATE  196                       231    -35      228
  SINCE JUN 1    731                       626    105      686
  SINCE JAN 1    755                       646    109      687
..................................................................


WIND (MPH)
  HIGHEST WIND SPEED    20   HIGHEST WIND DIRECTION     N (340)
  HIGHEST GUST SPEED    23   HIGHEST GUST DIRECTION     N (350)
  AVERAGE WIND SPEED     7.1


SKY COVER
  POSSIBLE SUNSHINE  MM
  AVERAGE SKY COVER 0.4


WEATHER CONDITIONS
 THE FOLLOWING WEATHER WAS RECORDED YESTERDAY.
  LIGHT RAIN


RELATIVE HUMIDITY (PERCENT)
 HIGHEST    71           600 AM
 LOWEST     19           300 PM
 AVERAGE    45

..........................................................


THE MILES CITY MT CLIMATE NORMALS FOR TODAY
                         NORMAL    RECORD    YEAR
 MAXIMUM TEMPERATURE (F)   84       102      1997
 MINIMUM TEMPERATURE (F)   55        44      1988


SUNRISE AND SUNSET
AUGUST 27 2016........SUNRISE   618 AM MDT   SUNSET   751 PM MDT
AUGUST 28 2016........SUNRISE   619 AM MDT   SUNSET   749 PM MDT


-  INDICATES NEGATIVE NUMBERS.
R  INDICATES RECORD WAS SET OR TIED.
MM INDICATES DATA IS MISSING.
T  INDICATES TRACE AMOUNT.





&&

THIS IS AN AUTOMATED...UNATTENDED WEATHER STATION AND MAY
UNDERESTIMATE WINTER PRECIPITATION.

$$
