000
CDUS41 KCAR 030528
CLIMLT


CLIMATE REPORT
NATIONAL WEATHER SERVICE CARIBOU, ME
127 AM EDT FRI JUL 3 2015


...................................

...THE MILLINOCKET ME CLIMATE SUMMARY FOR JULY 2 2015...

CLIMATE NORMAL PERIOD 1981 TO 2010
CLIMATE RECORD PERIOD 1903 TO 2015


WEATHER ITEM   OBSERVED TIME   RECORD YEAR NORMAL DEPARTURE LAST
                VALUE   (LST)  VALUE       VALUE  FROM      YEAR
                                                  NORMAL
..................................................................
TEMPERATURE (F)
 YESTERDAY
  MAXIMUM         75    316 PM  94    2014  77     -2       94
  MINIMUM         55   1159 PM  40    1965  57     -2       69
  AVERAGE         65                        67     -2       82

PRECIPITATION (IN)
  YESTERDAY        0.00          1.36 1916   0.13  -0.13     0.05
  MONTH TO DATE    0.49                      0.26   0.23     0.05
  SINCE JUN 1      5.01                      4.33   0.68     4.62
  SINCE JAN 1     16.70                     19.40  -2.70    18.52

SNOWFALL (IN)
  YESTERDAY       MM            MM      MM  MM     MM       MM
  MONTH TO DATE   MM                        MM     MM       MM
  SINCE JUN 1     MM                        MM     MM       MM
  SINCE JUL 1     MM                        MM     MM       MM
  SNOW DEPTH      MM

DEGREE DAYS
 HEATING
  YESTERDAY        0                         1     -1        0
  MONTH TO DATE    0                         2     -2        0
  SINCE JUN 1    160                       118     42       76
  SINCE JUL 1      0                         2     -2        0

 COOLING
  YESTERDAY        0                         3     -3       17
  MONTH TO DATE    1                         6     -5       31
  SINCE JUN 1     21                        55    -34       89
  SINCE JAN 1     55                        61     -6       91
..................................................................


WIND (MPH)
  HIGHEST WIND SPEED    15   HIGHEST WIND DIRECTION    NW (300)
  HIGHEST GUST SPEED    23   HIGHEST GUST DIRECTION    NW (300)
  AVERAGE WIND SPEED     5.1


SKY COVER
  POSSIBLE SUNSHINE  MM
  AVERAGE SKY COVER 0.5


WEATHER CONDITIONS
 THE FOLLOWING WEATHER WAS RECORDED YESTERDAY.
  NO SIGNIFICANT WEATHER WAS OBSERVED.


RELATIVE HUMIDITY (PERCENT)
 HIGHEST    93          1200 AM
 LOWEST     41           300 PM
 AVERAGE    67

..........................................................


THE MILLINOCKET ME CLIMATE NORMALS FOR TODAY
                         NORMAL    RECORD    YEAR
 MAXIMUM TEMPERATURE (F)   78        96      1921
 MINIMUM TEMPERATURE (F)   57        37      1933


SUNRISE AND SUNSET
JULY  3 2015..........SUNRISE   450 AM EDT   SUNSET   827 PM EDT
JULY  4 2015..........SUNRISE   451 AM EDT   SUNSET   827 PM EDT


-  INDICATES NEGATIVE NUMBERS.
R  INDICATES RECORD WAS SET OR TIED.
MM INDICATES DATA IS MISSING.
T  INDICATES TRACE AMOUNT.




$$
