000
CDUS41 KCAR 240535
CLIMLT


CLIMATE REPORT
NATIONAL WEATHER SERVICE CARIBOU, ME
132 AM EDT SUN SEP 24 2017


...................................

...THE MILLINOCKET ME CLIMATE SUMMARY FOR SEPTEMBER 23 2017...

CLIMATE NORMAL PERIOD 1981 TO 2010
CLIMATE RECORD PERIOD 1903 TO 2017


WEATHER ITEM   OBSERVED TIME   RECORD YEAR NORMAL DEPARTURE LAST
                VALUE   (LST)  VALUE       VALUE  FROM      YEAR
                                                  NORMAL
..................................................................
TEMPERATURE (F)
 YESTERDAY
  MAXIMUM         85    318 PM  91    1914  65     20       58
  MINIMUM         40    509 AM  25    1904  44     -4       40
  AVERAGE         63                        54      9       49

PRECIPITATION (IN)
  YESTERDAY        0.00          1.45 1967   0.13  -0.13     0.19
  MONTH TO DATE    3.14                      2.73   0.41     1.17
  SINCE SEP 1      3.14                      2.73   0.41     1.17
  SINCE JAN 1     27.78                     29.66  -1.88    24.17

SNOWFALL (IN)
  YESTERDAY       MM            MM      MM  MM     MM       MM
  MONTH TO DATE   MM                        MM     MM       MM
  SINCE SEP 1     MM                        MM     MM       MM
  SINCE JUL 1     MM                        MM     MM       MM
  SNOW DEPTH      MM

DEGREE DAYS
 HEATING
  YESTERDAY        2                        11     -9       16
  MONTH TO DATE   75                       161    -86       72
  SINCE SEP 1     75                       161    -86       72
  SINCE JUL 1    174                       240    -66      112

 COOLING
  YESTERDAY        0                         0      0        0
  MONTH TO DATE   16                        15      1       43
  SINCE SEP 1     16                        15      1       43
  SINCE JAN 1    232                       266    -34      350
..................................................................


WIND (MPH)
  HIGHEST WIND SPEED    13   HIGHEST WIND DIRECTION    NW (310)
  HIGHEST GUST SPEED    15   HIGHEST GUST DIRECTION     W (270)
  AVERAGE WIND SPEED     2.6


SKY COVER
  POSSIBLE SUNSHINE  MM
  AVERAGE SKY COVER 0.1


WEATHER CONDITIONS
 THE FOLLOWING WEATHER WAS RECORDED YESTERDAY.
  FOG
  FOG W/VISIBILITY <= 1/4 MILE


RELATIVE HUMIDITY (PERCENT)
 HIGHEST   100          1200 AM
 LOWEST     36          1100 AM
 AVERAGE    68

..........................................................


THE MILLINOCKET ME CLIMATE NORMALS FOR TODAY
                         NORMAL    RECORD    YEAR
 MAXIMUM TEMPERATURE (F)   64        86      1920
 MINIMUM TEMPERATURE (F)   43        28      1963
                                             1953


SUNRISE AND SUNSET
SEPTEMBER 24 2017.....SUNRISE   624 AM EDT   SUNSET   628 PM EDT
SEPTEMBER 25 2017.....SUNRISE   626 AM EDT   SUNSET   626 PM EDT


-  INDICATES NEGATIVE NUMBERS.
R  INDICATES RECORD WAS SET OR TIED.
MM INDICATES DATA IS MISSING.
T  INDICATES TRACE AMOUNT.




$$
