000
CDUS41 KCAR 270534
CLIMLT


CLIMATE REPORT
NATIONAL WEATHER SERVICE CARIBOU, ME
134 AM EDT SAT MAY 27 2017


...................................

...THE MILLINOCKET ME CLIMATE SUMMARY FOR MAY 26 2017...

CLIMATE NORMAL PERIOD 1981 TO 2010
CLIMATE RECORD PERIOD 1903 TO 2017


WEATHER ITEM   OBSERVED TIME   RECORD YEAR NORMAL DEPARTURE LAST
                VALUE   (LST)  VALUE       VALUE  FROM      YEAR
                                                  NORMAL
..................................................................
TEMPERATURE (F)
 YESTERDAY
  MAXIMUM         53   1246 AM  90    1950  68    -15       75
  MINIMUM         46    854 AM  26    1907  45      1       54
  AVERAGE         50                        56     -6       65

PRECIPITATION (IN)
  YESTERDAY        0.83          1.60 1930   0.12   0.71     0.00
  MONTH TO DATE    4.89                      2.73   2.16     2.05
  SINCE MAR 1     10.42                      9.35   1.07     8.07
  SINCE JAN 1     15.61                     14.46   1.15    13.38

SNOWFALL (IN)
  YESTERDAY       MM            MM      MM  MM     MM       MM
  MONTH TO DATE   MM                        MM     MM       MM
  SINCE MAR 1     MM                        MM     MM       MM
  SINCE JUL 1     MM                        MM     MM       MM
  SNOW DEPTH      MM

DEGREE DAYS
 HEATING
  YESTERDAY       15                         9      6        0
  MONTH TO DATE  352                       328     24      294
  SINCE MAR 1   2319                      2197    122     2168
  SINCE JUL 1   7814                      8249   -435     7132

 COOLING
  YESTERDAY        0                         0      0        0
  MONTH TO DATE    9                         0      9        2
  SINCE MAR 1      9                         0      9        2
  SINCE JAN 1      9                         0      9        2
..................................................................


WIND (MPH)
  HIGHEST WIND SPEED    16   HIGHEST WIND DIRECTION    NE (50)
  HIGHEST GUST SPEED    23   HIGHEST GUST DIRECTION    NE (40)
  AVERAGE WIND SPEED     8.8


SKY COVER
  POSSIBLE SUNSHINE  MM
  AVERAGE SKY COVER 1.0


WEATHER CONDITIONS
 THE FOLLOWING WEATHER WAS RECORDED YESTERDAY.
  HEAVY RAIN
  RAIN
  LIGHT RAIN
  FOG


RELATIVE HUMIDITY (PERCENT)
 HIGHEST   100           300 AM
 LOWEST     93          1200 AM
 AVERAGE    97

..........................................................


THE MILLINOCKET ME CLIMATE NORMALS FOR TODAY
                         NORMAL    RECORD    YEAR
 MAXIMUM TEMPERATURE (F)   68        91      1914
 MINIMUM TEMPERATURE (F)   45        25      1915


SUNRISE AND SUNSET
MAY 27 2017...........SUNRISE   452 AM EDT   SUNSET   812 PM EDT
MAY 28 2017...........SUNRISE   451 AM EDT   SUNSET   813 PM EDT


-  INDICATES NEGATIVE NUMBERS.
R  INDICATES RECORD WAS SET OR TIED.
MM INDICATES DATA IS MISSING.
T  INDICATES TRACE AMOUNT.




$$
