000
CDUS41 KCAR 190526
CLIMLT


CLIMATE REPORT
NATIONAL WEATHER SERVICE CARIBOU, ME
126 AM EDT FRI SEP 19 2014


...................................

...THE MILLINOCKET ME CLIMATE SUMMARY FOR SEPTEMBER 18 2014...

CLIMATE NORMAL PERIOD 1981 TO 2010
CLIMATE RECORD PERIOD 1903 TO 2014


WEATHER ITEM   OBSERVED TIME   RECORD YEAR NORMAL DEPARTURE LAST
                VALUE   (LST)  VALUE       VALUE  FROM      YEAR
                                                  NORMAL
..................................................................
TEMPERATURE (F)
 YESTERDAY
  MAXIMUM         60    231 PM  87    1991  67     -7       72
  MINIMUM         35   1159 PM  30    1945  46    -11       44
  AVERAGE         48                        56     -8       58

PRECIPITATION (IN)
  YESTERDAY        0.00          1.63 1945   0.14  -0.14     0.00
  MONTH TO DATE    0.55                      2.09  -1.54     3.74
  SINCE SEP 1      0.55                      2.09  -1.54     3.74
  SINCE JAN 1     25.69                     29.02  -3.33    29.23

SNOWFALL (IN)
  YESTERDAY       MM            MM      MM  MM     MM       MM
  MONTH TO DATE   MM                        MM     MM       MM
  SINCE SEP 1     MM                        MM     MM       MM
  SINCE JUL 1     MM                        MM     MM       MM
  SNOW DEPTH      MM

DEGREE DAYS
 HEATING
  YESTERDAY       17                         9      8        7
  MONTH TO DATE  130                       110     20      106
  SINCE SEP 1    130                       110     20      106
  SINCE JUL 1    158                       189    -31      151

 COOLING
  YESTERDAY        0                         0      0        0
  MONTH TO DATE   35                        15     20       28
  SINCE SEP 1     35                        15     20       28
  SINCE JAN 1    363                       266     97      380
..................................................................


WIND (MPH)
  HIGHEST WIND SPEED    17   HIGHEST WIND DIRECTION    NW (310)
  HIGHEST GUST SPEED    23   HIGHEST GUST DIRECTION    NW (300)
  AVERAGE WIND SPEED     5.2


SKY COVER
  POSSIBLE SUNSHINE  MM
  AVERAGE SKY COVER 0.5


WEATHER CONDITIONS
 THE FOLLOWING WEATHER WAS RECORDED YESTERDAY.
  FOG


RELATIVE HUMIDITY (PERCENT)
 HIGHEST   100           600 AM
 LOWEST     39           100 PM
 AVERAGE    70

..........................................................


THE MILLINOCKET ME CLIMATE NORMALS FOR TODAY
                         NORMAL    RECORD    YEAR
 MAXIMUM TEMPERATURE (F)   66        84      1946
 MINIMUM TEMPERATURE (F)   46        29      1943


SUNRISE AND SUNSET
SEPTEMBER 19 2014.....SUNRISE   618 AM EDT   SUNSET   638 PM EDT
SEPTEMBER 20 2014.....SUNRISE   619 AM EDT   SUNSET   636 PM EDT


-  INDICATES NEGATIVE NUMBERS.
R  INDICATES RECORD WAS SET OR TIED.
MM INDICATES DATA IS MISSING.
T  INDICATES TRACE AMOUNT.




$$
