000
CDUS41 KCAR 012038
CLIMLT


CLIMATE REPORT
NATIONAL WEATHER SERVICE CARIBOU, ME
437 PM EDT SAT AUG 1 2015


...................................

...THE MILLINOCKET ME CLIMATE SUMMARY FOR AUGUST 1 2015...
VALID TODAY AS OF 0400 PM LOCAL TIME.

CLIMATE NORMAL PERIOD 1981 TO 2010
CLIMATE RECORD PERIOD 1903 TO 2015


WEATHER ITEM   OBSERVED TIME   RECORD YEAR NORMAL DEPARTURE LAST
                VALUE   (LST)  VALUE       VALUE  FROM      YEAR
                                                  NORMAL
..................................................................
TEMPERATURE (F)
 TODAY
  MAXIMUM         78   1021 AM  91    1908  78      0       80
  MINIMUM         56    433 AM  42    1961  57     -1       57
  AVERAGE         67                        68     -1       69

PRECIPITATION (IN)
  TODAY            0.16          2.70 1992   0.13   0.03     0.00
  MONTH TO DATE    0.16                      0.13   0.03     0.00
  SINCE JUN 1      8.19                      8.05   0.14     8.98
  SINCE JAN 1     19.88                     23.12  -3.24    22.88

SNOWFALL (IN)
  TODAY           MM            MM      MM  MM     MM       MM
  MONTH TO DATE   MM                        MM     MM       MM
  SINCE JUN 1     MM                        MM     MM       MM
  SINCE JUL 1     MM                        MM     MM       MM
  SNOW DEPTH      MM

DEGREE DAYS
 HEATING
  TODAY            0                         1     -1        0
  MONTH TO DATE    0                         1     -1        0
  SINCE JUN 1    181                       141     40       85
  SINCE JUL 1     21                        25     -4        9

 COOLING
  TODAY            2                         3     -1        4
  MONTH TO DATE    2                         3     -1        4
  SINCE JUN 1    126                       169    -43      236
  SINCE JAN 1    160                       175    -15      238
..................................................................


WIND (MPH)
  HIGHEST WIND SPEED    18   HIGHEST WIND DIRECTION    NW (310)
  HIGHEST GUST SPEED    25   HIGHEST GUST DIRECTION    NW (300)
  AVERAGE WIND SPEED     0.3


SKY COVER
  POSSIBLE SUNSHINE  MM
  AVERAGE SKY COVER 0.4


WEATHER CONDITIONS
 THE FOLLOWING WEATHER WAS RECORDED TODAY.
  THUNDERSTORM
  HEAVY RAIN
  RAIN
  LIGHT RAIN
  FOG


RELATIVE HUMIDITY (PERCENT)
 HIGHEST    93           200 AM
 LOWEST     60          1000 AM
 AVERAGE    77

..........................................................


THE MILLINOCKET ME CLIMATE NORMALS FOR TOMORROW
                         NORMAL    RECORD    YEAR
 MAXIMUM TEMPERATURE (F)   78        97      1975
 MINIMUM TEMPERATURE (F)   57        36      1916


SUNRISE AND SUNSET
AUGUST  1 2015........SUNRISE   518 AM EDT   SUNSET   804 PM EDT
AUGUST  2 2015........SUNRISE   519 AM EDT   SUNSET   802 PM EDT


-  INDICATES NEGATIVE NUMBERS.
R  INDICATES RECORD WAS SET OR TIED.
MM INDICATES DATA IS MISSING.
T  INDICATES TRACE AMOUNT.




$$
