906
CDUS41 KCAR 280528
CLIMLT


CLIMATE REPORT
NATIONAL WEATHER SERVICE CARIBOU, ME
127 AM EDT SAT MAY 28 2016


...................................

...THE MILLINOCKET ME CLIMATE SUMMARY FOR MAY 27 2016...

CLIMATE NORMAL PERIOD 1981 TO 2010
CLIMATE RECORD PERIOD 1903 TO 2016


WEATHER ITEM   OBSERVED TIME   RECORD YEAR NORMAL DEPARTURE LAST
                VALUE   (LST)  VALUE       VALUE  FROM      YEAR
                                                  NORMAL
..................................................................
TEMPERATURE (F)
 YESTERDAY
  MAXIMUM         62    513 PM  91    1914  68     -6       87
  MINIMUM         50    831 AM  25    1915  45      5       58
  AVERAGE         56                        57     -1       73

PRECIPITATION (IN)
  YESTERDAY        0.05          1.65 1927   0.12  -0.07     0.72
  MONTH TO DATE    2.10                      2.85  -0.75     3.86
  SINCE MAR 1      8.12                      9.47  -1.35     7.78
  SINCE JAN 1     13.43                     14.58  -1.15    11.01

SNOWFALL (IN)
  YESTERDAY       MM            MM      MM  MM     MM       MM
  MONTH TO DATE   MM                        MM     MM       MM
  SINCE MAR 1     MM                        MM     MM       MM
  SINCE JUL 1     MM                        MM     MM       MM
  SNOW DEPTH      MM

DEGREE DAYS
 HEATING
  YESTERDAY        9                         9      0        0
  MONTH TO DATE  303                       337    -34      231
  SINCE MAR 1   2177                      2206    -29     2238
  SINCE JUL 1   7141                      8258  -1117     8283

 COOLING
  YESTERDAY        0                         0      0        8
  MONTH TO DATE    2                         0      2       16
  SINCE MAR 1      2                         0      2       16
  SINCE JAN 1      2                         0      2       16
..................................................................


WIND (MPH)
  HIGHEST WIND SPEED    10   HIGHEST WIND DIRECTION     S (160)
  HIGHEST GUST SPEED    17   HIGHEST GUST DIRECTION    SE (150)
  AVERAGE WIND SPEED     4.6


SKY COVER
  POSSIBLE SUNSHINE  MM
  AVERAGE SKY COVER 0.9


WEATHER CONDITIONS
 THE FOLLOWING WEATHER WAS RECORDED YESTERDAY.
  RAIN
  LIGHT RAIN
  FOG


RELATIVE HUMIDITY (PERCENT)
 HIGHEST   100           900 PM
 LOWEST     72           400 PM
 AVERAGE    86

..........................................................


THE MILLINOCKET ME CLIMATE NORMALS FOR TODAY
                         NORMAL    RECORD    YEAR
 MAXIMUM TEMPERATURE (F)   68        93      1911
 MINIMUM TEMPERATURE (F)   46        29      1917


SUNRISE AND SUNSET
MAY 28 2016...........SUNRISE   451 AM EDT   SUNSET   814 PM EDT
MAY 29 2016...........SUNRISE   450 AM EDT   SUNSET   814 PM EDT


-  INDICATES NEGATIVE NUMBERS.
R  INDICATES RECORD WAS SET OR TIED.
MM INDICATES DATA IS MISSING.
T  INDICATES TRACE AMOUNT.




$$
