000
CDUS41 KCAR 020528
CLIMLT


CLIMATE REPORT
NATIONAL WEATHER SERVICE CARIBOU, ME
126 AM EDT TUE JUN 2 2015


...................................

...THE MILLINOCKET ME CLIMATE SUMMARY FOR JUNE 1 2015...

CLIMATE NORMAL PERIOD 1981 TO 2010
CLIMATE RECORD PERIOD 1903 TO 2015


WEATHER ITEM   OBSERVED TIME   RECORD YEAR NORMAL DEPARTURE LAST
                VALUE   (LST)  VALUE       VALUE  FROM      YEAR
                                                  NORMAL
..................................................................
TEMPERATURE (F)
 YESTERDAY
  MAXIMUM         52    702 PM  92    1937  69    -17       78
  MINIMUM         47   1005 AM  28    1905  47      0       42
  AVERAGE         50                        58     -8       60

PRECIPITATION (IN)
  YESTERDAY        0.14          1.75 1984   0.13   0.01     0.00
  MONTH TO DATE    0.14                      0.13   0.01     0.00
  SINCE JUN 1      0.14                      0.13   0.01     0.00
  SINCE JAN 1     11.83                     15.20  -3.37    13.90

SNOWFALL (IN)
  YESTERDAY       MM            MM      MM  MM     MM       MM
  MONTH TO DATE   MM                        MM     MM       MM
  SINCE JUN 1     MM                        MM     MM       MM
  SINCE JUL 1     MM                        MM     MM       MM
  SNOW DEPTH      MM

DEGREE DAYS
 HEATING
  YESTERDAY       15                         7      8        5
  MONTH TO DATE   15                         7      8        5
  SINCE JUN 1     15                         7      8        5
  SINCE JUL 1   8304                      8297      7     8460

 COOLING
  YESTERDAY        0                         1     -1        0
  MONTH TO DATE    0                         1     -1        0
  SINCE JUN 1      0                         1     -1        0
  SINCE JAN 1     34                         7     27        2
..................................................................


WIND (MPH)
  HIGHEST WIND SPEED    14   HIGHEST WIND DIRECTION     E (80)
  HIGHEST GUST SPEED    17   HIGHEST GUST DIRECTION     E (90)
  AVERAGE WIND SPEED     1.9


SKY COVER
  POSSIBLE SUNSHINE  MM
  AVERAGE SKY COVER 0.9


WEATHER CONDITIONS
 THE FOLLOWING WEATHER WAS RECORDED YESTERDAY.
  LIGHT RAIN
  FOG


RELATIVE HUMIDITY (PERCENT)
 HIGHEST   100          1200 AM
 LOWEST     71           100 PM
 AVERAGE    86

..........................................................


THE MILLINOCKET ME CLIMATE NORMALS FOR TODAY
                         NORMAL    RECORD    YEAR
 MAXIMUM TEMPERATURE (F)   70        90      2013
                                             1995
 MINIMUM TEMPERATURE (F)   47        29      1909


SUNRISE AND SUNSET
JUNE  2 2015..........SUNRISE   448 AM EDT   SUNSET   817 PM EDT
JUNE  3 2015..........SUNRISE   448 AM EDT   SUNSET   818 PM EDT


-  INDICATES NEGATIVE NUMBERS.
R  INDICATES RECORD WAS SET OR TIED.
MM INDICATES DATA IS MISSING.
T  INDICATES TRACE AMOUNT.




$$
