000
CDUS41 KCAR 270528
CLIMLT


CLIMATE REPORT
NATIONAL WEATHER SERVICE CARIBOU, ME
1228 AM EST FRI FEB 27 2015


...................................

...THE MILLINOCKET ME CLIMATE SUMMARY FOR FEBRUARY 26 2015...

CLIMATE NORMAL PERIOD 1981 TO 2010
CLIMATE RECORD PERIOD 1903 TO 2015


WEATHER ITEM   OBSERVED TIME   RECORD YEAR NORMAL DEPARTURE LAST
                VALUE   (LST)  VALUE       VALUE  FROM      YEAR
                                                  NORMAL
..................................................................
TEMPERATURE (F)
 YESTERDAY
  MAXIMUM         17    335 PM  50    1931  32    -15       23
  MINIMUM          1    728 AM -18    1910  12    -11       -2
  AVERAGE          9                        22    -13       11

PRECIPITATION (IN)
  YESTERDAY        0.00          1.95 1965   0.10  -0.10      T
  MONTH TO DATE    1.39                      1.98  -0.59     1.61
  SINCE DEC 1      9.23                      8.44   0.79     7.43
  SINCE JAN 1      3.23                      4.91  -1.68     5.19

SNOWFALL (IN)
  YESTERDAY       MM            MM      MM  MM     MM       MM
  MONTH TO DATE   MM                        MM     MM       MM
  SINCE DEC 1     MM                        MM     MM       MM
  SINCE JUL 1     MM                        MM     MM       MM
  SNOW DEPTH      MM

DEGREE DAYS
 HEATING
  YESTERDAY       56                        43     13       54
  MONTH TO DATE 1540                      1222    318     1245
  SINCE DEC 1   4342                      4125    217     4231
  SINCE JUL 1   5938                      5968    -30     5923

 COOLING
  YESTERDAY        0                         0      0        0
  MONTH TO DATE    0                         0      0        0
  SINCE DEC 1      0                         0      0        0
  SINCE JAN 1      0                         0      0        0
..................................................................


WIND (MPH)
  HIGHEST WIND SPEED    21   HIGHEST WIND DIRECTION     W (290)
  HIGHEST GUST SPEED    33   HIGHEST GUST DIRECTION     W (290)
  AVERAGE WIND SPEED     9.7


SKY COVER
  POSSIBLE SUNSHINE  MM
  AVERAGE SKY COVER 0.0


WEATHER CONDITIONS
 THE FOLLOWING WEATHER WAS RECORDED YESTERDAY.
  NO SIGNIFICANT WEATHER WAS OBSERVED.


RELATIVE HUMIDITY (PERCENT)
 HIGHEST    60           300 AM
 LOWEST     33           100 PM
 AVERAGE    47

..........................................................


THE MILLINOCKET ME CLIMATE NORMALS FOR TODAY
                         NORMAL    RECORD    YEAR
 MAXIMUM TEMPERATURE (F)   33        52      1903
 MINIMUM TEMPERATURE (F)   12       -24      1963


SUNRISE AND SUNSET
FEBRUARY 27 2015......SUNRISE   617 AM EST   SUNSET   518 PM EST
FEBRUARY 28 2015......SUNRISE   615 AM EST   SUNSET   520 PM EST


-  INDICATES NEGATIVE NUMBERS.
R  INDICATES RECORD WAS SET OR TIED.
MM INDICATES DATA IS MISSING.
T  INDICATES TRACE AMOUNT.




$$
