000
CDUS41 KCAR 180526
CLIMLT


CLIMATE REPORT
NATIONAL WEATHER SERVICE CARIBOU, ME
1226 AM EST WED JAN 18 2017


...................................

...THE MILLINOCKET ME CLIMATE SUMMARY FOR JANUARY 17 2017...

CLIMATE NORMAL PERIOD 1981 TO 2010
CLIMATE RECORD PERIOD 1903 TO 2017


WEATHER ITEM   OBSERVED TIME   RECORD YEAR NORMAL DEPARTURE LAST
                VALUE   (LST)  VALUE       VALUE  FROM      YEAR
                                                  NORMAL
..................................................................
TEMPERATURE (F)
 YESTERDAY
  MAXIMUM         33    123 AM  52    1995  23     10       32
  MINIMUM          7   1114 PM -32    1907   3      4       16
  AVERAGE         20                        13      7       24

PRECIPITATION (IN)
  YESTERDAY        0.00          1.08 1959   0.08  -0.08      T
  MONTH TO DATE    1.34                      1.78  -0.44     2.04
  SINCE DEC 1      4.65                      5.31  -0.66     6.44
  SINCE JAN 1      1.34                      1.78  -0.44     2.04

SNOWFALL (IN)
  YESTERDAY       MM            MM      MM  MM     MM       MM
  MONTH TO DATE   MM                        MM     MM       MM
  SINCE DEC 1     MM                        MM     MM       MM
  SINCE JUL 1     MM                        MM     MM       MM
  SNOW DEPTH      MM

DEGREE DAYS
 HEATING
  YESTERDAY       45                        52     -7       41
  MONTH TO DATE  760                       858    -98      719
  SINCE DEC 1   2162                      2180    -18     1678
  SINCE JUL 1   3712                      4023   -311     3219

 COOLING
  YESTERDAY        0                         0      0        0
  MONTH TO DATE    0                         0      0        0
  SINCE DEC 1      0                         0      0        0
  SINCE JAN 1      0                         0      0        0
..................................................................


WIND (MPH)
  HIGHEST WIND SPEED    14   HIGHEST WIND DIRECTION    NE (30)
  HIGHEST GUST SPEED    17   HIGHEST GUST DIRECTION    NE (30)
  AVERAGE WIND SPEED     6.1


SKY COVER
  POSSIBLE SUNSHINE  MM
  AVERAGE SKY COVER 0.3


WEATHER CONDITIONS
 THE FOLLOWING WEATHER WAS RECORDED YESTERDAY.
  NO SIGNIFICANT WEATHER WAS OBSERVED.


RELATIVE HUMIDITY (PERCENT)
 HIGHEST    73          1100 PM
 LOWEST     38           400 PM
 AVERAGE    56

..........................................................


THE MILLINOCKET ME CLIMATE NORMALS FOR TODAY
                         NORMAL    RECORD    YEAR
 MAXIMUM TEMPERATURE (F)   23        52      2006
 MINIMUM TEMPERATURE (F)    3       -35      1905


SUNRISE AND SUNSET
JANUARY 18 2017.......SUNRISE   709 AM EST   SUNSET   422 PM EST
JANUARY 19 2017.......SUNRISE   709 AM EST   SUNSET   423 PM EST


-  INDICATES NEGATIVE NUMBERS.
R  INDICATES RECORD WAS SET OR TIED.
MM INDICATES DATA IS MISSING.
T  INDICATES TRACE AMOUNT.




$$
