000
CDUS41 KCAR 252029
CLIMLT


CLIMATE REPORT
NATIONAL WEATHER SERVICE CARIBOU, ME
428 PM EDT TUE JUL 25 2017


...................................

...THE MILLINOCKET ME CLIMATE SUMMARY FOR JULY 25 2017...
VALID TODAY AS OF 0400 PM LOCAL TIME.

CLIMATE NORMAL PERIOD 1981 TO 2010
CLIMATE RECORD PERIOD 1903 TO 2017


WEATHER ITEM   OBSERVED TIME   RECORD YEAR NORMAL DEPARTURE LAST
                VALUE   (LST)  VALUE       VALUE  FROM      YEAR
                                                  NORMAL
..................................................................
TEMPERATURE (F)
 TODAY
  MAXIMUM         79    255 PM  95    1963  79      0       84
  MINIMUM         55    454 AM  44    2002  58     -3       62
  AVERAGE         67                        68     -1       73

PRECIPITATION (IN)
  TODAY            0.00          2.15 1914   0.11  -0.11     0.02
  MONTH TO DATE    1.39                      3.18  -1.79     2.10
  SINCE JUN 1      7.55                      7.25   0.30     5.02
  SINCE JAN 1     23.23                     22.32   0.91    18.63

SNOWFALL (IN)
  TODAY           MM            MM      MM  MM     MM       MM
  MONTH TO DATE   MM                        MM     MM       MM
  SINCE JUN 1     MM                        MM     MM       MM
  SINCE JUL 1     MM                        MM     MM       MM
  SNOW DEPTH      MM

DEGREE DAYS
 HEATING
  TODAY            0                         1     -1        0
  MONTH TO DATE   24                        25     -1       33
  SINCE JUN 1    144                       141      3      149
  SINCE JUL 1     24                        25     -1       33

 COOLING
  TODAY            2                         4     -2        8
  MONTH TO DATE   86                        97    -11      116
  SINCE JUN 1    138                       146     -8      142
  SINCE JAN 1    147                       152     -5      148
..................................................................


WIND (MPH)
  HIGHEST WIND SPEED    12   HIGHEST WIND DIRECTION    NE (30)
  HIGHEST GUST SPEED    18   HIGHEST GUST DIRECTION     N (20)
  AVERAGE WIND SPEED     2.9


SKY COVER
  POSSIBLE SUNSHINE  MM
  AVERAGE SKY COVER 0.7


WEATHER CONDITIONS
 THE FOLLOWING WEATHER WAS RECORDED TODAY.
  NO SIGNIFICANT WEATHER WAS OBSERVED.


RELATIVE HUMIDITY (PERCENT)
 HIGHEST   100           100 AM
 LOWEST     32           300 PM
 AVERAGE    66

..........................................................


THE MILLINOCKET ME CLIMATE NORMALS FOR TOMORROW
                         NORMAL    RECORD    YEAR
 MAXIMUM TEMPERATURE (F)   79        95      1963
 MINIMUM TEMPERATURE (F)   57        40      1926


SUNRISE AND SUNSET
JULY 25 2017..........SUNRISE   511 AM EDT   SUNSET   811 PM EDT
JULY 26 2017..........SUNRISE   512 AM EDT   SUNSET   810 PM EDT


-  INDICATES NEGATIVE NUMBERS.
R  INDICATES RECORD WAS SET OR TIED.
MM INDICATES DATA IS MISSING.
T  INDICATES TRACE AMOUNT.




$$
