000
CDUS44 KSHV 282240
CLIMLU


CLIMATE REPORT
NATIONAL WEATHER SERVICE SHREVEPORT, LA
439 PM CST WED JAN 28 2015


...................................

...THE MONROE CLIMATE SUMMARY FOR JANUARY 28 2015...
VALID TODAY AS OF 0400 PM LOCAL TIME.

CLIMATE NORMAL PERIOD 1981 TO 2010
CLIMATE RECORD PERIOD 1930 TO 2015


WEATHER ITEM   OBSERVED TIME   RECORD YEAR NORMAL DEPARTURE LAST
                VALUE   (LST)  VALUE       VALUE  FROM      YEAR
                                                  NORMAL
..................................................................
TEMPERATURE (F)
 TODAY
  MAXIMUM         72    359 PM  79    1975  58     14       32
  MINIMUM         36    651 AM  13    1963  36      0       21
  AVERAGE         54                        47      7       27

PRECIPITATION (IN)
  TODAY            0.00          1.72 2006   0.18  -0.18      T
  MONTH TO DATE    4.91                      4.49   0.42     0.85
  SINCE DEC 1      9.39                      9.78  -0.39     4.11
  SINCE JAN 1      4.91                      4.49   0.42     0.85

SNOWFALL (IN)
  TODAY            0.0
  MONTH TO DATE    T
  SINCE DEC 1      T
  SINCE JUL 1      T
  SNOW DEPTH       0

DEGREE DAYS
 HEATING
  TODAY           11                        18     -7       38
  MONTH TO DATE  599                       526     73      650
  SINCE DEC 1   1062                      1056      6     1228
  SINCE JUL 1   1536                      1428    108     1708

 COOLING
  TODAY            0                         0      0        0
  MONTH TO DATE    0                         0      0        0
  SINCE DEC 1      1                         7     -6       11
  SINCE JAN 1      0                         0      0        0
..................................................................


WIND (MPH)
  HIGHEST WIND SPEED    10   HIGHEST WIND DIRECTION    SE (150)
  HIGHEST GUST SPEED    14   HIGHEST GUST DIRECTION     S (170)
  AVERAGE WIND SPEED     3.5


SKY COVER
  POSSIBLE SUNSHINE  MM
  AVERAGE SKY COVER 0.0


WEATHER CONDITIONS
 THE FOLLOWING WEATHER WAS RECORDED TODAY.
  NO SIGNIFICANT WEATHER WAS OBSERVED.


RELATIVE HUMIDITY (PERCENT)
 HIGHEST    92           400 AM
 LOWEST     35           300 PM
 AVERAGE    64

..........................................................


THE MONROE CLIMATE NORMALS FOR TOMORROW
                         NORMAL    RECORD    YEAR
 MAXIMUM TEMPERATURE (F)   58        80      1975
 MINIMUM TEMPERATURE (F)   36        16      2014


SUNRISE AND SUNSET
JANUARY 28 2015.......SUNRISE   705 AM CST   SUNSET   537 PM CST
JANUARY 29 2015.......SUNRISE   705 AM CST   SUNSET   538 PM CST


-  INDICATES NEGATIVE NUMBERS.
R  INDICATES RECORD WAS SET OR TIED.
MM INDICATES DATA IS MISSING.
T  INDICATES TRACE AMOUNT.




$$
