000
CDUS44 KSHV 270845
CLIMLU


CLIMATE REPORT
NATIONAL WEATHER SERVICE SHREVEPORT, LA
244 AM CST FRI FEB 27 2015


...................................

...THE MONROE CLIMATE SUMMARY FOR FEBRUARY 26 2015...

CLIMATE NORMAL PERIOD 1981 TO 2010
CLIMATE RECORD PERIOD 1930 TO 2015


WEATHER ITEM   OBSERVED TIME   RECORD YEAR NORMAL DEPARTURE LAST
                VALUE   (LST)  VALUE       VALUE  FROM      YEAR
                                                  NORMAL
..................................................................
TEMPERATURE (F)
 YESTERDAY
  MAXIMUM         41    206 PM  83    1962  64    -23       45
  MINIMUM         31   1159 PM  24    1960  42    -11       27
  AVERAGE         36                        53    -17       36

PRECIPITATION (IN)
  YESTERDAY        0.00          2.49 1987   0.17  -0.17     0.14
  MONTH TO DATE    4.85                      4.30   0.55     3.58
  SINCE DEC 1     14.24                     14.60  -0.36     7.69
  SINCE JAN 1      9.76                      9.31   0.45     4.43

SNOWFALL (IN)
  YESTERDAY        0.0
  MONTH TO DATE    3.0
  SINCE DEC 1      3.0
  SINCE JUL 1      3.0
  SNOW DEPTH       0

DEGREE DAYS
 HEATING
  YESTERDAY       29                        12     17       29
  MONTH TO DATE  569                       388    181      488
  SINCE DEC 1   1672                      1497    175     1797
  SINCE JUL 1   2146                      1869    277     2277

 COOLING
  YESTERDAY        0                         0      0        0
  MONTH TO DATE    0                         0      0        2
  SINCE DEC 1      1                        11    -10       13
  SINCE JAN 1      0                         4     -4        2
..................................................................


WIND (MPH)
  HIGHEST WIND SPEED    17   HIGHEST WIND DIRECTION    NE (30)
  HIGHEST GUST SPEED    21   HIGHEST GUST DIRECTION    NE (30)
  AVERAGE WIND SPEED     7.5


SKY COVER
  POSSIBLE SUNSHINE  MM
  AVERAGE SKY COVER 0.9


WEATHER CONDITIONS
 THE FOLLOWING WEATHER WAS RECORDED YESTERDAY.
  HAZE


RELATIVE HUMIDITY (PERCENT)
 HIGHEST   100          1200 AM
 LOWEST     79           300 PM
 AVERAGE    90

..........................................................


THE MONROE CLIMATE NORMALS FOR TODAY
                         NORMAL    RECORD    YEAR
 MAXIMUM TEMPERATURE (F)   65        85      2011
 MINIMUM TEMPERATURE (F)   42        22      2002


SUNRISE AND SUNSET
FEBRUARY 27 2015......SUNRISE   638 AM CST   SUNSET   604 PM CST
FEBRUARY 28 2015......SUNRISE   637 AM CST   SUNSET   605 PM CST


-  INDICATES NEGATIVE NUMBERS.
R  INDICATES RECORD WAS SET OR TIED.
MM INDICATES DATA IS MISSING.
T  INDICATES TRACE AMOUNT.




$$
