000
CDUS44 KSHV 212153
CLIMLU


CLIMATE REPORT
NATIONAL WEATHER SERVICE SHREVEPORT, LA
450 PM CDT THU SEP 21 2017


...................................

...THE MONROE CLIMATE SUMMARY FOR SEPTEMBER 21 2017...
VALID TODAY AS OF 0400 PM LOCAL TIME.

CLIMATE NORMAL PERIOD 1981 TO 2010
CLIMATE RECORD PERIOD 1930 TO 2017


WEATHER ITEM   OBSERVED TIME   RECORD YEAR NORMAL DEPARTURE LAST
                VALUE   (LST)  VALUE       VALUE  FROM      YEAR
                                                  NORMAL
..................................................................
TEMPERATURE (F)
 TODAY
  MAXIMUM         91    243 PM 101    2005  88      3       96
                                      1910
  MINIMUM         72    631 AM  45    1983  62     10       65
                                      1918
  AVERAGE         82                        75      7       81

PRECIPITATION (IN)
  TODAY            0.00          1.98 1909   0.10  -0.10     0.00
  MONTH TO DATE    0.37                      2.49  -2.12     0.28
  SINCE DEC 1     52.36                     43.26   9.10    66.82
  SINCE JAN 1     47.53                     37.97   9.56    60.43

DEGREE DAYS
 HEATING
  TODAY            0                         0      0        0
  MONTH TO DATE    0                         0      0        0
  SINCE SEP 1      0                         0      0        0
  SINCE JUL 1      0                         0      0        0

 COOLING
  TODAY           17                        10      7       16
  MONTH TO DATE  229                       281    -52      356
  SINCE SEP 1    229                       281    -52      356
  SINCE JAN 1   2256                      2288    -32     2410
..................................................................


WIND (MPH)
  HIGHEST WIND SPEED     7   HIGHEST WIND DIRECTION     E (100)
  HIGHEST GUST SPEED    11   HIGHEST GUST DIRECTION    SE (150)
  AVERAGE WIND SPEED     2.7


SKY COVER
  POSSIBLE SUNSHINE  MM
  AVERAGE SKY COVER 0.3


WEATHER CONDITIONS
 THE FOLLOWING WEATHER WAS RECORDED TODAY.
  FOG
  HAZE


RELATIVE HUMIDITY (PERCENT)
 HIGHEST   100           500 AM
 LOWEST     56           200 PM
 AVERAGE    78

..........................................................


THE MONROE CLIMATE NORMALS FOR TOMORROW
                         NORMAL    RECORD    YEAR
 MAXIMUM TEMPERATURE (F)   87       100      1910
 MINIMUM TEMPERATURE (F)   62        41      1983


SUNRISE AND SUNSET
SEPTEMBER 21 2017.....SUNRISE   656 AM CDT   SUNSET   706 PM CDT
SEPTEMBER 22 2017.....SUNRISE   656 AM CDT   SUNSET   704 PM CDT


-  INDICATES NEGATIVE NUMBERS.
R  INDICATES RECORD WAS SET OR TIED.
MM INDICATES DATA IS MISSING.
T  INDICATES TRACE AMOUNT.




$$
