000
CDUS46 KPQR 301142
CLIMMV


CLIMATE REPORT
NATIONAL WEATHER SERVICE PORTLAND OREGON
441 AM PDT WED JUL 30 2014


...................................

...THE MCMINNVILLE OR CLIMATE SUMMARY FOR JULY 29 2014...

CLIMATE NORMAL PERIOD 1981 TO 2010
CLIMATE RECORD PERIOD 1894 TO 2014


WEATHER ITEM   OBSERVED TIME   RECORD YEAR NORMAL DEPARTURE LAST
                VALUE   (LST)  VALUE       VALUE  FROM      YEAR
                                                  NORMAL
..................................................................
TEMPERATURE (F)
 YESTERDAY
  MAXIMUM         95    351 PM 105    2009  84     11       79
  MINIMUM         57    524 AM  35    1917  52      5       50
  AVERAGE         76                        68      8       65

PRECIPITATION (IN)
  YESTERDAY        0.00          0.30 1975   0.00   0.00     0.00
  MONTH TO DATE    0.38                      0.48  -0.10      T
  SINCE OCT 1     27.46                     37.76 -10.30    31.54
  SINCE JAN 1     22.50                     21.73   0.77    10.40

DEGREE DAYS
 HEATING
  YESTERDAY        0                         1     -1        0
  MONTH TO DATE    4                        43    -39       11
  SINCE JUL 1      4                        43    -39       11

 COOLING
  YESTERDAY       11                         3      8        0
  MONTH TO DATE  192                        71    121      127
  SINCE JAN 1    222                        93    129      180
..................................................................


WIND (MPH)
  HIGHEST WIND SPEED    16   HIGHEST WIND DIRECTION    SW (220)
  HIGHEST GUST SPEED    20   HIGHEST GUST DIRECTION    SW (210)
  AVERAGE WIND SPEED     5.2


SKY COVER
  POSSIBLE SUNSHINE  MM
  AVERAGE SKY COVER 0.0


WEATHER CONDITIONS
 THE FOLLOWING WEATHER WAS RECORDED YESTERDAY.
  NO SIGNIFICANT WEATHER WAS OBSERVED.


RELATIVE HUMIDITY (PERCENT)
 HIGHEST    80           500 AM
 LOWEST     24           300 PM
 AVERAGE    52

..........................................................


THE MCMINNVILLE OR CLIMATE NORMALS FOR TODAY
                         NORMAL    RECORD    YEAR
 MAXIMUM TEMPERATURE (F)   84       104      1965
 MINIMUM TEMPERATURE (F)   52        36      1954


SUNRISE AND SUNSET
JULY 30 2014..........SUNRISE   455 AM PST   SUNSET   742 PM PST
JULY 31 2014..........SUNRISE   456 AM PST   SUNSET   741 PM PST


-  INDICATES NEGATIVE NUMBERS.
R  INDICATES RECORD WAS SET OR TIED.
MM INDICATES DATA IS MISSING.
T  INDICATES TRACE AMOUNT.




$$
