771
CDUS46 KPQR 231143
CLIMMV


CLIMATE REPORT
NATIONAL WEATHER SERVICE PORTLAND OREGON
342 AM PST TUE JAN 23 2018


...................................

...THE MCMINNVILLE OR CLIMATE SUMMARY FOR JANUARY 22 2018...

CLIMATE NORMAL PERIOD 1981 TO 2010
CLIMATE RECORD PERIOD 1894 TO 2018


WEATHER ITEM   OBSERVED TIME   RECORD YEAR NORMAL DEPARTURE LAST
                VALUE   (LST)  VALUE       VALUE  FROM      YEAR
                                                  NORMAL
..................................................................
TEMPERATURE (F)
 YESTERDAY
  MAXIMUM         51    127 PM  58    2016  48      3       50
                                      1958
  MINIMUM         37    328 AM  10    1927  34      3       38
  AVERAGE         44                        41      3       44

PRECIPITATION (IN)
  YESTERDAY        0.23          1.53 1954   0.17   0.06     0.10
  MONTH TO DATE    3.58                      4.55  -0.97     3.68
  SINCE OCT 1     19.12                     20.58  -1.46    27.49
  SINCE JAN 1      3.58                      4.55  -0.97     3.68

DEGREE DAYS
 HEATING
  YESTERDAY       21                        24     -3       21
  MONTH TO DATE  414                       540   -126      690
  SINCE JUL 1   2160                      2545   -385     2459

 COOLING
  YESTERDAY        0                         0      0        0
  MONTH TO DATE    0                         0      0        0
  SINCE JAN 1      0                         0      0        0
..................................................................


WIND (MPH)
  HIGHEST WIND SPEED    16   HIGHEST WIND DIRECTION     W (270)
  HIGHEST GUST SPEED    19   HIGHEST GUST DIRECTION     W (270)
  AVERAGE WIND SPEED     4.3


SKY COVER
  POSSIBLE SUNSHINE  MM
  AVERAGE SKY COVER 0.4


WEATHER CONDITIONS
 THE FOLLOWING WEATHER WAS RECORDED YESTERDAY.
  HEAVY RAIN
  RAIN
  LIGHT RAIN
  FOG


RELATIVE HUMIDITY (PERCENT)
 HIGHEST   100           900 PM
 LOWEST     80          1200 PM
 AVERAGE    90

..........................................................


THE MCMINNVILLE OR CLIMATE NORMALS FOR TODAY
                         NORMAL    RECORD    YEAR
 MAXIMUM TEMPERATURE (F)   49        61      1970
 MINIMUM TEMPERATURE (F)   34         5      1943


SUNRISE AND SUNSET
JANUARY 23 2018.......SUNRISE   742 AM PST   SUNSET   507 PM PST
JANUARY 24 2018.......SUNRISE   741 AM PST   SUNSET   509 PM PST


-  INDICATES NEGATIVE NUMBERS.
R  INDICATES RECORD WAS SET OR TIED.
MM INDICATES DATA IS MISSING.
T  INDICATES TRACE AMOUNT.




$$
