000
CDUS46 KPQR 261155
CLIMMV


CLIMATE REPORT
NATIONAL WEATHER SERVICE PORTLAND OREGON
354 AM PST SUN FEB 26 2017


...................................

...THE MCMINNVILLE OR CLIMATE SUMMARY FOR FEBRUARY 25 2017...

CLIMATE NORMAL PERIOD 1981 TO 2010
CLIMATE RECORD PERIOD 1894 TO 2017


WEATHER ITEM   OBSERVED TIME   RECORD YEAR NORMAL DEPARTURE LAST
                VALUE   (LST)  VALUE       VALUE  FROM      YEAR
                                                  NORMAL
..................................................................
TEMPERATURE (F)
 YESTERDAY
  MAXIMUM         49    329 PM  68    1991  52     -3       64
  MINIMUM         31    734 AM  12    1920  35     -4       37
  AVERAGE         40                        44     -4       51

PRECIPITATION (IN)
  YESTERDAY        T             1.40 1896   0.16  -0.16     0.00
  MONTH TO DATE   11.18                      3.94   7.24     3.16
  SINCE OCT 1     38.67                     26.07  12.60    36.74
  SINCE JAN 1     14.86                     10.04   4.82    11.67

DEGREE DAYS
 HEATING
  YESTERDAY       25                        21      4       14
  MONTH TO DATE  544                       562    -18      415
  SINCE JUL 1   3224                      3317    -93     2693

 COOLING
  YESTERDAY        0                         0      0        0
  MONTH TO DATE    0                         0      0        0
  SINCE JAN 1      0                         0      0        0
..................................................................


WIND (MPH)
  HIGHEST WIND SPEED     9   HIGHEST WIND DIRECTION    SW (220)
  HIGHEST GUST SPEED    15   HIGHEST GUST DIRECTION    SW (230)
  AVERAGE WIND SPEED     4.0


SKY COVER
  POSSIBLE SUNSHINE  MM
  AVERAGE SKY COVER 0.5


WEATHER CONDITIONS
 THE FOLLOWING WEATHER WAS RECORDED YESTERDAY.
  LIGHT RAIN
  FOG


RELATIVE HUMIDITY (PERCENT)
 HIGHEST    96           800 AM
 LOWEST     60           200 PM
 AVERAGE    78

..........................................................


THE MCMINNVILLE OR CLIMATE NORMALS FOR TODAY
                         NORMAL    RECORD    YEAR
 MAXIMUM TEMPERATURE (F)   53        69      1968
 MINIMUM TEMPERATURE (F)   35        14      1962


SUNRISE AND SUNSET
FEBRUARY 26 2017......SUNRISE   655 AM PST   SUNSET   556 PM PST
FEBRUARY 27 2017......SUNRISE   653 AM PST   SUNSET   558 PM PST


-  INDICATES NEGATIVE NUMBERS.
R  INDICATES RECORD WAS SET OR TIED.
MM INDICATES DATA IS MISSING.
T  INDICATES TRACE AMOUNT.




$$
