000
CDUS46 KPQR 260221
CLIMMV


CLIMATE REPORT
NATIONAL WEATHER SERVICE PORTLAND OREGON
721 PM PDT SUN JUN 25 2017


...................................

...THE MCMINNVILLE OR CLIMATE SUMMARY FOR JUNE 25 2017...
VALID TODAY AS OF 0700 PM LOCAL TIME.

CLIMATE NORMAL PERIOD 1981 TO 2010
CLIMATE RECORD PERIOD 1894 TO 2017


WEATHER ITEM   OBSERVED TIME   RECORD YEAR NORMAL DEPARTURE LAST
                VALUE   (LST)  VALUE       VALUE  FROM      YEAR
                                                  NORMAL
..................................................................
TEMPERATURE (F)
 TODAY
  MAXIMUM         96    124 PM 107    1925  75     21       81
  MINIMUM         58    424 AM  35    1920  48     10       47
  AVERAGE         77                        62     15       64

PRECIPITATION (IN)
  TODAY            0.00                      0.04  -0.04     0.00
  MONTH TO DATE    0.84                      1.34  -0.50     1.56
  SINCE OCT 1     53.31                     37.09  16.22    49.19
  SINCE JAN 1     29.50                     21.06   8.44    24.12

DEGREE DAYS
 HEATING
  TODAY            0                                         1
  MONTH TO DATE   97                                       101
  SINCE JUN 1     97                                       101
  SINCE JUL 1   4602                                      3805

 COOLING
  TODAY           12                                         0
  MONTH TO DATE   51                                        52
  SINCE JUN 1     51                                        52
  SINCE JAN 1     75                                        71
..................................................................


WIND (MPH)
  HIGHEST WIND SPEED    22   HIGHEST WIND DIRECTION    SW (220)
  HIGHEST GUST SPEED    27   HIGHEST GUST DIRECTION    SW (220)
  AVERAGE WIND SPEED     7.8


SKY COVER
  POSSIBLE SUNSHINE  MM
  AVERAGE SKY COVER 0.0


WEATHER CONDITIONS
 THE FOLLOWING WEATHER WAS RECORDED TODAY.
  NO SIGNIFICANT WEATHER WAS OBSERVED.


RELATIVE HUMIDITY (PERCENT)
 HIGHEST    56           400 AM
 LOWEST     22           100 PM
 AVERAGE    39

..........................................................


THE MCMINNVILLE OR CLIMATE NORMALS FOR TOMORROW
                         NORMAL    RECORD    YEAR
 MAXIMUM TEMPERATURE (F)   76       103      2006
 MINIMUM TEMPERATURE (F)   48        35      1976


SUNRISE AND SUNSET
JUNE 25 2017..........SUNRISE   426 AM PST   SUNSET   804 PM PST
JUNE 26 2017..........SUNRISE   427 AM PST   SUNSET   804 PM PST


-  INDICATES NEGATIVE NUMBERS.
R  INDICATES RECORD WAS SET OR TIED.
MM INDICATES DATA IS MISSING.
T  INDICATES TRACE AMOUNT.




$$
