000
CDUS46 KPQR 231143
CLIMMV


CLIMATE REPORT
NATIONAL WEATHER SERVICE PORTLAND OREGON
442 AM PDT SAT MAY 23 2015


...................................

...THE MCMINNVILLE OR CLIMATE SUMMARY FOR MAY 22 2015...

CLIMATE NORMAL PERIOD 1981 TO 2010
CLIMATE RECORD PERIOD 1894 TO 2015


WEATHER ITEM   OBSERVED TIME   RECORD YEAR NORMAL DEPARTURE LAST
                VALUE   (LST)  VALUE       VALUE  FROM      YEAR
                                                  NORMAL
..................................................................
TEMPERATURE (F)
 YESTERDAY
  MAXIMUM         63    600 PM  92    2001  69     -6       83
  MINIMUM         53   1159 PM  31    1955  44      9       48
  AVERAGE         58                        56      2       66

PRECIPITATION (IN)
  YESTERDAY        0.07          0.77 1984   0.08  -0.01     0.00
  MONTH TO DATE    0.89                      1.58  -0.69     1.72
  SINCE OCT 1     31.77                     35.09  -3.32    25.71
  SINCE JAN 1     15.53                     19.06  -3.53    20.75

DEGREE DAYS
 HEATING
  YESTERDAY        7                         9     -2        0
  MONTH TO DATE  166                       230    -64      142
  SINCE JUL 1   3512                      4628  -1116     4461

 COOLING
  YESTERDAY        0                         0      0        1
  MONTH TO DATE    0                         0      0       16
  SINCE JAN 1      0                         0      0       20
..................................................................


WIND (MPH)
  HIGHEST WIND SPEED    14   HIGHEST WIND DIRECTION    SW (210)
  HIGHEST GUST SPEED    16   HIGHEST GUST DIRECTION    SW (220)
  AVERAGE WIND SPEED     6.2


SKY COVER
  POSSIBLE SUNSHINE  MM
  AVERAGE SKY COVER 0.9


WEATHER CONDITIONS
 THE FOLLOWING WEATHER WAS RECORDED YESTERDAY.
  RAIN
  LIGHT RAIN
  FOG


RELATIVE HUMIDITY (PERCENT)
 HIGHEST    93          1200 AM
 LOWEST     72           100 PM
 AVERAGE    83

..........................................................


THE MCMINNVILLE OR CLIMATE NORMALS FOR TODAY
                         NORMAL    RECORD    YEAR
 MAXIMUM TEMPERATURE (F)   69        91      1938
 MINIMUM TEMPERATURE (F)   44        31      1955


SUNRISE AND SUNSET
MAY 23 2015...........SUNRISE   435 AM PST   SUNSET   744 PM PST
MAY 24 2015...........SUNRISE   434 AM PST   SUNSET   745 PM PST


-  INDICATES NEGATIVE NUMBERS.
R  INDICATES RECORD WAS SET OR TIED.
MM INDICATES DATA IS MISSING.
T  INDICATES TRACE AMOUNT.




$$
