782
CDUS46 KPQR 281157
CLIMMV


CLIMATE REPORT
NATIONAL WEATHER SERVICE PORTLAND OREGON
457 AM PDT THU JUL 28 2016


...................................

...THE MCMINNVILLE OR CLIMATE SUMMARY FOR JULY 27 2016...

CLIMATE NORMAL PERIOD 1981 TO 2010
CLIMATE RECORD PERIOD 1894 TO 2016


WEATHER ITEM   OBSERVED TIME   RECORD YEAR NORMAL DEPARTURE LAST
                VALUE   (LST)  VALUE       VALUE  FROM      YEAR
                                                  NORMAL
..................................................................
TEMPERATURE (F)
 YESTERDAY
  MAXIMUM         92    355 PM 105    1958  83      9       79
  MINIMUM         55    512 AM  35    1956  52      3       48
  AVERAGE         74                        68      6       64

PRECIPITATION (IN)
  YESTERDAY        0.00          0.43 1947   0.01  -0.01     0.00
  MONTH TO DATE    0.35                      0.47  -0.12      T
  SINCE OCT 1     49.54                     37.75  11.79    32.44
  SINCE JAN 1     24.47                     21.72   2.75    16.20

DEGREE DAYS
 HEATING
  YESTERDAY        0                         1     -1        1
  MONTH TO DATE   17                        41    -24        5
  SINCE JUL 1     17                        41    -24        5

 COOLING
  YESTERDAY        9                         3      6        0
  MONTH TO DATE   60                        65     -5      167
  SINCE JAN 1    151                        87     64      297
..................................................................


WIND (MPH)
  HIGHEST WIND SPEED    20   HIGHEST WIND DIRECTION    NE (40)
  HIGHEST GUST SPEED    29   HIGHEST GUST DIRECTION     N (20)
  AVERAGE WIND SPEED     6.5


SKY COVER
  POSSIBLE SUNSHINE  MM
  AVERAGE SKY COVER 0.0


WEATHER CONDITIONS
 THE FOLLOWING WEATHER WAS RECORDED YESTERDAY.
  NO SIGNIFICANT WEATHER WAS OBSERVED.


RELATIVE HUMIDITY (PERCENT)
 HIGHEST    86          1200 AM
 LOWEST     26           400 PM
 AVERAGE    56

..........................................................


THE MCMINNVILLE OR CLIMATE NORMALS FOR TODAY
                         NORMAL    RECORD    YEAR
 MAXIMUM TEMPERATURE (F)   84       106      2009
 MINIMUM TEMPERATURE (F)   52        35      1956


SUNRISE AND SUNSET
JULY 28 2016..........SUNRISE   454 AM PST   SUNSET   744 PM PST
JULY 29 2016..........SUNRISE   455 AM PST   SUNSET   743 PM PST


-  INDICATES NEGATIVE NUMBERS.
R  INDICATES RECORD WAS SET OR TIED.
MM INDICATES DATA IS MISSING.
T  INDICATES TRACE AMOUNT.




$$
