000
CDUS44 KMOB 182331
CLIMOB


CLIMATE REPORT
NATIONAL WEATHER SERVICE MOBILE AL
526 PM CST THU DEC 18 2014


...................................

...THE MOBILE CLIMATE SUMMARY FOR DECEMBER 18 2014...
VALID TODAY AS OF 0500 PM LOCAL TIME.

CLIMATE NORMAL PERIOD 1981 TO 2010
CLIMATE RECORD PERIOD 1842 TO 2014


WEATHER ITEM   OBSERVED TIME   RECORD YEAR NORMAL DEPARTURE LAST
                VALUE   (LST)  VALUE       VALUE  FROM      YEAR
                                                  NORMAL
..................................................................
TEMPERATURE (F)
 TODAY
  MAXIMUM         66    323 PM  77    2006  62      4       66
                                      1967
  MINIMUM         40    214 AM  19    1901  42     -2       34
  AVERAGE         53                        52      1       50

PRECIPITATION (IN)
  TODAY            0.00          4.68 1995   0.17  -0.17     0.00
  MONTH TO DATE    0.42                      2.87  -2.45     1.11
  SINCE MAR 1     60.74                     53.19   7.55    48.84
  SINCE JAN 1     67.86                     63.96   3.90    63.02

DEGREE DAYS
 HEATING
  TODAY           12                        14     -2       15
  MONTH TO DATE  170                       217    -47      200
  SINCE DEC 1    170                       217    -47      200
  SINCE JUL 1    563                       475     88      484

 COOLING
  TODAY            0                         0      0        0
  MONTH TO DATE    1                         8     -7       19
  SINCE DEC 1      1                         8     -7       19
  SINCE JAN 1   2305                      2511   -206     2514
..................................................................


WIND (MPH)
  HIGHEST WIND SPEED     9   HIGHEST WIND DIRECTION    SE (140)
  HIGHEST GUST SPEED    10   HIGHEST GUST DIRECTION    SE (130)
  AVERAGE WIND SPEED     3.9


SKY COVER
  POSSIBLE SUNSHINE  MM
  AVERAGE SKY COVER 0.4


WEATHER CONDITIONS
 THE FOLLOWING WEATHER WAS RECORDED TODAY.
  NO SIGNIFICANT WEATHER WAS OBSERVED.


RELATIVE HUMIDITY (PERCENT)
 HIGHEST   100           200 AM
 LOWEST     44           200 PM
 AVERAGE    72

..........................................................


THE MOBILE CLIMATE NORMALS FOR TOMORROW
                         NORMAL    RECORD    YEAR
 MAXIMUM TEMPERATURE (F)   62        80      1967
 MINIMUM TEMPERATURE (F)   42        17      1981


SUNRISE AND SUNSET
DECEMBER 18 2014......SUNRISE   645 AM CST   SUNSET   455 PM CST
DECEMBER 19 2014......SUNRISE   645 AM CST   SUNSET   455 PM CST


-  INDICATES NEGATIVE NUMBERS.
R  INDICATES RECORD WAS SET OR TIED.
MM INDICATES DATA IS MISSING.
T  INDICATES TRACE AMOUNT.




$$
