000
CDUS44 KMOB 130645
CLIMOB


CLIMATE REPORT
NATIONAL WEATHER SERVICE MOBILE AL
1245 AM CST WED DEC 13 2017


...................................

...THE MOBILE CLIMATE SUMMARY FOR DECEMBER 12 2017...

CLIMATE NORMAL PERIOD 1981 TO 2010
CLIMATE RECORD PERIOD 1842 TO 2017


WEATHER ITEM   OBSERVED TIME   RECORD YEAR NORMAL DEPARTURE LAST
                VALUE   (LST)  VALUE       VALUE  FROM      YEAR
                                                  NORMAL
..................................................................
TEMPERATURE (F)
 YESTERDAY
  MAXIMUM         61    258 PM  81    1971  63     -2       79
  MINIMUM         42   1159 PM  14    1962  43     -1       51
  AVERAGE         52                        53     -1       65

PRECIPITATION (IN)
  YESTERDAY        0.00          4.06 2009   0.16  -0.16     0.00
  MONTH TO DATE    1.80                      1.93  -0.13     3.42
  SINCE MAR 1     69.00                     52.25  16.75    48.23
  SINCE JAN 1     81.21                     63.02  18.19    57.68

SNOWFALL (IN)
  YESTERDAY        0.0           0.0  2002   0.0    0.0      0.0
                                      2001
                                      2000
  MONTH TO DATE    1.0                       0.0    1.0      0.0
  SINCE MAR 1      1.0                       0.1    0.9      0.0
  SINCE JUL 1      1.0                       0.0    1.0      0.0
  SNOW DEPTH       0

DEGREE DAYS
 HEATING
  YESTERDAY       13                        13      0        0
  MONTH TO DATE  152                       138     14      127
  SINCE DEC 1    152                       138     14      127
  SINCE JUL 1    368                       396    -28      261

 COOLING
  YESTERDAY        0                         0      0        0
  MONTH TO DATE    2                         8     -6        0
  SINCE DEC 1      2                         8     -6        0
  SINCE JAN 1   2781                      2511    270     2807
..................................................................


WIND (MPH)
  HIGHEST WIND SPEED    23   HIGHEST WIND DIRECTION     N (350)
  HIGHEST GUST SPEED    28   HIGHEST GUST DIRECTION     N (350)
  AVERAGE WIND SPEED     8.4


SKY COVER
  POSSIBLE SUNSHINE  MM
  AVERAGE SKY COVER 0.0


WEATHER CONDITIONS
 THE FOLLOWING WEATHER WAS RECORDED YESTERDAY.
  NO SIGNIFICANT WEATHER WAS OBSERVED.


RELATIVE HUMIDITY (PERCENT)
 HIGHEST    82           500 AM
 LOWEST     32           100 PM
 AVERAGE    57

..........................................................


THE MOBILE CLIMATE NORMALS FOR TODAY
                         NORMAL    RECORD    YEAR
 MAXIMUM TEMPERATURE (F)   63        79      2007
 MINIMUM TEMPERATURE (F)   43        10      1962


SUNRISE AND SUNSET
DECEMBER 13 2017......SUNRISE   642 AM CST   SUNSET   453 PM CST
DECEMBER 14 2017......SUNRISE   642 AM CST   SUNSET   453 PM CST


-  INDICATES NEGATIVE NUMBERS.
R  INDICATES RECORD WAS SET OR TIED.
MM INDICATES DATA IS MISSING.
T  INDICATES TRACE AMOUNT.




$$
