000
CDUS44 KMOB 070645
CLIMOB


CLIMATE REPORT
NATIONAL WEATHER SERVICE MOBILE AL
1245 AM CST SUN FEB 7 2016


...................................

...THE MOBILE CLIMATE SUMMARY FOR FEBRUARY 6 2016...

CLIMATE NORMAL PERIOD 1981 TO 2010
CLIMATE RECORD PERIOD 1842 TO 2016


WEATHER ITEM   OBSERVED TIME   RECORD YEAR NORMAL DEPARTURE LAST
                VALUE   (LST)  VALUE       VALUE  FROM      YEAR
                                                  NORMAL
..................................................................
TEMPERATURE (F)
 YESTERDAY
  MAXIMUM         57    404 PM  78    1994  63     -6       61
                                      1914
  MINIMUM         29    547 AM  22    1984  42    -13       28
  AVERAGE         43                        52     -9       45

PRECIPITATION (IN)
  YESTERDAY        0.00          3.48 1872   0.18  -0.18     0.00
  MONTH TO DATE    1.18                      1.11   0.07     0.96
  SINCE MAR 1     82.79                     62.14  20.65    70.44
  SINCE JAN 1      7.47                      6.76   0.71     4.85

SNOWFALL (IN)
  YESTERDAY        0.0          MM      MM   0.0    0.0      0.0
  MONTH TO DATE    0.0                       0.0    0.0      0.0
  SINCE MAR 1      0.0                       0.1   -0.1       T
  SINCE JUL 1      0.0                       T      0.0       T
  SNOW DEPTH       0

DEGREE DAYS
 HEATING
  YESTERDAY       22                        13      9       20
  MONTH TO DATE   65                        81    -16      112
  SINCE DEC 1    728                       944   -216      935
  SINCE JUL 1    854                      1202   -348     1328

 COOLING
  YESTERDAY        0                         0      0        0
  MONTH TO DATE    8                         0      8        0
  SINCE DEC 1     79                        22     57        6
  SINCE JAN 1      8                         7      1        3
..................................................................


WIND (MPH)
  HIGHEST WIND SPEED    15   HIGHEST WIND DIRECTION    NE (40)
  HIGHEST GUST SPEED    21   HIGHEST GUST DIRECTION     E (70)
  AVERAGE WIND SPEED     5.8


SKY COVER
  POSSIBLE SUNSHINE  MM
  AVERAGE SKY COVER 0.3


WEATHER CONDITIONS
 THE FOLLOWING WEATHER WAS RECORDED YESTERDAY.
  NO SIGNIFICANT WEATHER WAS OBSERVED.


RELATIVE HUMIDITY (PERCENT)
 HIGHEST    85           300 AM
 LOWEST     24           300 PM
 AVERAGE    55

..........................................................


THE MOBILE CLIMATE NORMALS FOR TODAY
                         NORMAL    RECORD    YEAR
 MAXIMUM TEMPERATURE (F)   63        78      1957
                                             1950
 MINIMUM TEMPERATURE (F)   42        16      1895


SUNRISE AND SUNSET
FEBRUARY  7 2016......SUNRISE   641 AM CST   SUNSET   534 PM CST
FEBRUARY  8 2016......SUNRISE   640 AM CST   SUNSET   535 PM CST


-  INDICATES NEGATIVE NUMBERS.
R  INDICATES RECORD WAS SET OR TIED.
MM INDICATES DATA IS MISSING.
T  INDICATES TRACE AMOUNT.




$$
