000
CDUS44 KMOB 240645
CLIMOB


CLIMATE REPORT
NATIONAL WEATHER SERVICE MOBILE AL
1245 AM CST FRI FEB 24 2017


...................................

...THE MOBILE CLIMATE SUMMARY FOR FEBRUARY 23 2017...

CLIMATE NORMAL PERIOD 1981 TO 2010
CLIMATE RECORD PERIOD 1842 TO 2017


WEATHER ITEM   OBSERVED TIME   RECORD YEAR NORMAL DEPARTURE LAST
                VALUE   (LST)  VALUE       VALUE  FROM      YEAR
                                                  NORMAL
..................................................................
TEMPERATURE (F)
 YESTERDAY
  MAXIMUM         79    331 PM  81    1980  66     13       71
                                      1925
  MINIMUM         56    445 AM  26    1989  45     11       61
                                      1964
  AVERAGE         68                        56     12       66

PRECIPITATION (IN)
  YESTERDAY        0.00          2.74 1888   0.19  -0.19     0.20
  MONTH TO DATE    1.25                      4.20  -2.95     3.16
  SINCE MAR 1     65.32                     65.23   0.09    84.77
  SINCE JAN 1     12.18                      9.85   2.33     9.45

SNOWFALL (IN)
  YESTERDAY        0.0          MM      MM   0.0    0.0      0.0
  MONTH TO DATE    0.0                       0.1   -0.1      0.0
  SINCE MAR 1      0.0                       0.2   -0.2      0.0
  SINCE JUL 1      0.0                       0.1   -0.1      0.0
  SNOW DEPTH       0

DEGREE DAYS
 HEATING
  YESTERDAY        0                        10    -10        0
  MONTH TO DATE  105                       276   -171      233
  SINCE DEC 1    619                      1139   -520      896
  SINCE JUL 1    753                      1397   -644     1022

 COOLING
  YESTERDAY        3                         0      3        1
  MONTH TO DATE   21                         0     21       14
  SINCE DEC 1    108                        22     86       85
  SINCE JAN 1     67                         7     60       14
..................................................................


WIND (MPH)
  HIGHEST WIND SPEED    12   HIGHEST WIND DIRECTION     S (180)
  HIGHEST GUST SPEED    15   HIGHEST GUST DIRECTION     S (200)
  AVERAGE WIND SPEED     5.3


SKY COVER
  POSSIBLE SUNSHINE  MM
  AVERAGE SKY COVER 0.2


WEATHER CONDITIONS
 THE FOLLOWING WEATHER WAS RECORDED YESTERDAY.
  FOG
  FOG W/VISIBILITY <= 1/4 MILE
  HAZE


RELATIVE HUMIDITY (PERCENT)
 HIGHEST   100           700 AM
 LOWEST     50           200 PM
 AVERAGE    75

..........................................................


THE MOBILE CLIMATE NORMALS FOR TODAY
                         NORMAL    RECORD    YEAR
 MAXIMUM TEMPERATURE (F)   66        80      1944
                                             1927
 MINIMUM TEMPERATURE (F)   45        19      1989


SUNRISE AND SUNSET
FEBRUARY 24 2017......SUNRISE   624 AM CST   SUNSET   548 PM CST
FEBRUARY 25 2017......SUNRISE   623 AM CST   SUNSET   549 PM CST


-  INDICATES NEGATIVE NUMBERS.
R  INDICATES RECORD WAS SET OR TIED.
MM INDICATES DATA IS MISSING.
T  INDICATES TRACE AMOUNT.




$$
