000
CDUS44 KMOB 250636
CLIMOB


CLIMATE REPORT
NATIONAL WEATHER SERVICE MOBILE AL
136 AM CDT FRI JUL 25 2014


...................................

...THE MOBILE CLIMATE SUMMARY FOR JULY 24 2014...

CLIMATE NORMAL PERIOD 1981 TO 2010
CLIMATE RECORD PERIOD 1842 TO 2014


WEATHER ITEM   OBSERVED TIME   RECORD YEAR NORMAL DEPARTURE LAST
                VALUE   (LST)  VALUE       VALUE  FROM      YEAR
                                                  NORMAL
..................................................................
TEMPERATURE (F)
 YESTERDAY
  MAXIMUM         87   1035 AM 103    1952  91     -4       91
  MINIMUM         70    502 AM  68    1904  73     -3       73
  AVERAGE         79                        82     -3       82

PRECIPITATION (IN)
  YESTERDAY        1.05          2.20 1954   0.24   0.81     0.05
  MONTH TO DATE    7.63                      5.59   2.04     8.52
  SINCE MAR 1     47.16                     27.77  19.39    26.99
  SINCE JAN 1     54.28                     38.54  15.74    41.17

DEGREE DAYS
 COOLING
  YESTERDAY       14                        17     -3       17
  MONTH TO DATE  355                       406    -51      364
  SINCE JUN 1    765                       850    -85      850
  SINCE JAN 1   1103                      1295   -192     1214
..................................................................


WIND (MPH)
  HIGHEST WIND SPEED    21   HIGHEST WIND DIRECTION     W (250)
  HIGHEST GUST SPEED    31   HIGHEST GUST DIRECTION     W (260)
  AVERAGE WIND SPEED     3.6


SKY COVER
  POSSIBLE SUNSHINE  MM
  AVERAGE SKY COVER 0.4


WEATHER CONDITIONS
 THE FOLLOWING WEATHER WAS RECORDED YESTERDAY.
  THUNDERSTORM
  HEAVY RAIN
  LIGHT RAIN
  FOG
  HAZE


RELATIVE HUMIDITY (PERCENT)
 HIGHEST   100          1200 AM
 LOWEST     65          1000 AM
 AVERAGE    83

..........................................................


THE MOBILE CLIMATE NORMALS FOR TODAY
                         NORMAL    RECORD    YEAR
 MAXIMUM TEMPERATURE (F)   91       104      1952
 MINIMUM TEMPERATURE (F)   73        67      1904


SUNRISE AND SUNSET
JULY 25 2014..........SUNRISE   606 AM CDT   SUNSET   752 PM CDT
JULY 26 2014..........SUNRISE   607 AM CDT   SUNSET   752 PM CDT


-  INDICATES NEGATIVE NUMBERS.
R  INDICATES RECORD WAS SET OR TIED.
MM INDICATES DATA IS MISSING.
T  INDICATES TRACE AMOUNT.




$$
