000
CDUS44 KMOB 020645
CLIMOB


CLIMATE REPORT
NATIONAL WEATHER SERVICE MOBILE AL
145 AM CDT THU OCT 2 2014


...................................

...THE MOBILE CLIMATE SUMMARY FOR OCTOBER 1 2014...

CLIMATE NORMAL PERIOD 1981 TO 2010
CLIMATE RECORD PERIOD 1842 TO 2014


WEATHER ITEM   OBSERVED TIME   RECORD YEAR NORMAL DEPARTURE LAST
                VALUE   (LST)  VALUE       VALUE  FROM      YEAR
                                                  NORMAL
..................................................................
TEMPERATURE (F)
 YESTERDAY
  MAXIMUM         84    147 PM  92    1954  83      1       87
                                      1933
                                      1923
  MINIMUM         64    532 AM  45    1920  63      1       68
  AVERAGE         74                        73      1       78

PRECIPITATION (IN)
  YESTERDAY        0.00          3.34 1906   0.13  -0.13     0.00
  MONTH TO DATE    0.00                      0.13  -0.13     0.00
  SINCE MAR 1     55.81                     41.63  14.18    42.11
  SINCE JAN 1     62.93                     52.40  10.53    56.29

DEGREE DAYS
 HEATING
  YESTERDAY        0                         0      0        0
  MONTH TO DATE    0                         0      0        0
  SINCE SEP 1      0                         2     -2        0
  SINCE JUL 1      0                         2     -2        0

 COOLING
  YESTERDAY        9                         8      1       13
  MONTH TO DATE    9                         8      1       13
  SINCE SEP 1    423                       385     38      463
  SINCE JAN 1   2171                      2312   -141     2293
..................................................................


WIND (MPH)
  HIGHEST WIND SPEED    12   HIGHEST WIND DIRECTION     S (180)
  HIGHEST GUST SPEED    16   HIGHEST GUST DIRECTION    SE (150)
  AVERAGE WIND SPEED     3.7


SKY COVER
  POSSIBLE SUNSHINE  MM
  AVERAGE SKY COVER 0.4


WEATHER CONDITIONS
 THE FOLLOWING WEATHER WAS RECORDED YESTERDAY.
  FOG


RELATIVE HUMIDITY (PERCENT)
 HIGHEST   100           100 AM
 LOWEST     65          1100 AM
 AVERAGE    83

..........................................................


THE MOBILE CLIMATE NORMALS FOR TODAY
                         NORMAL    RECORD    YEAR
 MAXIMUM TEMPERATURE (F)   83        95      1904
 MINIMUM TEMPERATURE (F)   63        43      1984
                                             1876


SUNRISE AND SUNSET
OCTOBER  2 2014.......SUNRISE   647 AM CDT   SUNSET   637 PM CDT
OCTOBER  3 2014.......SUNRISE   648 AM CDT   SUNSET   636 PM CDT


-  INDICATES NEGATIVE NUMBERS.
R  INDICATES RECORD WAS SET OR TIED.
MM INDICATES DATA IS MISSING.
T  INDICATES TRACE AMOUNT.




$$
