000
CDUS44 KMOB 300726
CLIMOB


CLIMATE REPORT
NATIONAL WEATHER SERVICE MOBILE AL
215 AM CDT SUN AUG 30 2015


...................................

...THE MOBILE CLIMATE SUMMARY FOR AUGUST 29 2015...

CLIMATE NORMAL PERIOD 1981 TO 2010
CLIMATE RECORD PERIOD 1842 TO 2015


WEATHER ITEM   OBSERVED TIME   RECORD YEAR NORMAL DEPARTURE LAST
                VALUE   (LST)  VALUE       VALUE  FROM      YEAR
                                                  NORMAL
..................................................................
TEMPERATURE (F)
 YESTERDAY
  MAXIMUM         90    203 PM 105    2000  90      0       91
  MINIMUM         67    422 AM  61    1992  72     -5       71
  AVERAGE         79                        81     -2       81

PRECIPITATION (IN)
  YESTERDAY        0.00          3.48 2012   0.18  -0.18     0.01
  MONTH TO DATE    3.21                      6.60  -3.39     2.82
  SINCE MAR 1     41.02                     36.03   4.99    50.27
  SINCE JAN 1     47.07                     46.80   0.27    57.39

DEGREE DAYS
 COOLING
  YESTERDAY       14                        16     -2       16
  MONTH TO DATE  492                       487      5      500
  SINCE JUN 1   1548                      1453     95     1373
  SINCE JAN 1   2148                      1898    250     1711
..................................................................


WIND (MPH)
  HIGHEST WIND SPEED    15   HIGHEST WIND DIRECTION    SE (150)
  HIGHEST GUST SPEED    17   HIGHEST GUST DIRECTION     S (160)
  AVERAGE WIND SPEED     5.5


SKY COVER
  POSSIBLE SUNSHINE  MM
  AVERAGE SKY COVER 0.4


WEATHER CONDITIONS
 THE FOLLOWING WEATHER WAS RECORDED YESTERDAY.
  NO SIGNIFICANT WEATHER WAS OBSERVED.


RELATIVE HUMIDITY (PERCENT)
 HIGHEST    97           600 AM
 LOWEST     52           100 PM
 AVERAGE    75

..........................................................


THE MOBILE CLIMATE NORMALS FOR TODAY
                         NORMAL    RECORD    YEAR
 MAXIMUM TEMPERATURE (F)   90       102      1954
                                             1951
 MINIMUM TEMPERATURE (F)   72        61      1992


SUNRISE AND SUNSET
AUGUST 30 2015........SUNRISE   628 AM CDT   SUNSET   719 PM CDT
AUGUST 31 2015........SUNRISE   629 AM CDT   SUNSET   717 PM CDT


-  INDICATES NEGATIVE NUMBERS.
R  INDICATES RECORD WAS SET OR TIED.
MM INDICATES DATA IS MISSING.
T  INDICATES TRACE AMOUNT.




$$
