000
CDUS44 KMOB 010649
CLIMOB


CLIMATE REPORT
NATIONAL WEATHER SERVICE MOBILE AL
1247 AM CST SUN MAR 1 2015


...................................

...THE MOBILE CLIMATE SUMMARY FOR FEBRUARY 28 2015...

CLIMATE NORMAL PERIOD 1981 TO 2010
CLIMATE RECORD PERIOD 1842 TO 2015


WEATHER ITEM   OBSERVED TIME   RECORD YEAR NORMAL DEPARTURE LAST
                VALUE   (LST)  VALUE       VALUE  FROM      YEAR
                                                  NORMAL
..................................................................
TEMPERATURE (F)
 YESTERDAY
  MAXIMUM         66    408 PM  81    1976  67     -1       60
  MINIMUM         34    651 AM  20    2002  46    -12       28
  AVERAGE         50                        57     -7       44

PRECIPITATION (IN)
  YESTERDAY        0.00          6.42 1907   0.19  -0.19     0.00
  MONTH TO DATE    2.16                      5.12  -2.96     4.20
  SINCE MAR 1     71.64                     66.15   5.49    62.22
  SINCE JAN 1      6.05                     10.77  -4.72     7.12

SNOWFALL (IN)
  YESTERDAY        0.0          MM      MM   0.0    0.0      0.0
  MONTH TO DATE    0.0                       0.1   -0.1       T
  SINCE MAR 1      T                         0.2   -0.2      1.3
  SINCE JUL 1      T                         0.1   -0.1      1.3
  SNOW DEPTH       0

DEGREE DAYS
 HEATING
  YESTERDAY       15                         9      6       21
  MONTH TO DATE  486                       322    164      338
  SINCE DEC 1   1309                      1184    125     1419
  SINCE JUL 1   1702                      1442    260     1703

 COOLING
  YESTERDAY        0                         0      0        0
  MONTH TO DATE    1                         9     -8       12
  SINCE DEC 1      7                        31    -24       39
  SINCE JAN 1      4                        16    -12       12
..................................................................


WIND (MPH)
  HIGHEST WIND SPEED    17   HIGHEST WIND DIRECTION     E (90)
  HIGHEST GUST SPEED    21   HIGHEST GUST DIRECTION     E (80)
  AVERAGE WIND SPEED     9.3


SKY COVER
  POSSIBLE SUNSHINE  MM
  AVERAGE SKY COVER 0.4


WEATHER CONDITIONS
 THE FOLLOWING WEATHER WAS RECORDED YESTERDAY.
  NO SIGNIFICANT WEATHER WAS OBSERVED.


RELATIVE HUMIDITY (PERCENT)
 HIGHEST    89          1100 PM
 LOWEST     44          1200 PM
 AVERAGE    67

..........................................................


THE MOBILE CLIMATE NORMALS FOR TODAY
                         NORMAL    RECORD    YEAR
 MAXIMUM TEMPERATURE (F)   68        82      2012
 MINIMUM TEMPERATURE (F)   46        25      1920


SUNRISE AND SUNSET
MARCH  1 2015.........SUNRISE   620 AM CST   SUNSET   551 PM CST
MARCH  2 2015.........SUNRISE   619 AM CST   SUNSET   552 PM CST


-  INDICATES NEGATIVE NUMBERS.
R  INDICATES RECORD WAS SET OR TIED.
MM INDICATES DATA IS MISSING.
T  INDICATES TRACE AMOUNT.




$$
