000
CDUS44 KMOB 200645
CLIMOB


CLIMATE REPORT
NATIONAL WEATHER SERVICE MOBILE AL
145 AM CDT FRI OCT 20 2017


...................................

...THE MOBILE CLIMATE SUMMARY FOR OCTOBER 19 2017...

CLIMATE NORMAL PERIOD 1981 TO 2010
CLIMATE RECORD PERIOD 1842 TO 2017


WEATHER ITEM   OBSERVED TIME   RECORD YEAR NORMAL DEPARTURE LAST
                VALUE   (LST)  VALUE       VALUE  FROM      YEAR
                                                  NORMAL
..................................................................
TEMPERATURE (F)
 YESTERDAY
  MAXIMUM         83    118 PM  88    1949  78      5       87
  MINIMUM         57    320 AM  38    1989  57      0       65
  AVERAGE         70                        67      3       76

PRECIPITATION (IN)
  YESTERDAY        0.00          2.04 1887   0.11  -0.11     0.00
  MONTH TO DATE    9.31                      2.22   7.09     0.00
  SINCE MAR 1     62.59                     43.72  18.87    42.76
  SINCE JAN 1     74.80                     54.49  20.31    52.21

DEGREE DAYS
 HEATING
  YESTERDAY        0                         2     -2        0
  MONTH TO DATE    0                        18    -18        0
  SINCE SEP 1      0                        20    -20        0
  SINCE JUL 1      0                        20    -20        0

 COOLING
  YESTERDAY        5                         4      1       11
  MONTH TO DATE  213                       117     96      177
  SINCE SEP 1    612                       494    118      643
  SINCE JAN 1   2698                      2421    277     2693
..................................................................


WIND (MPH)
  HIGHEST WIND SPEED    14   HIGHEST WIND DIRECTION    NE (30)
  HIGHEST GUST SPEED    16   HIGHEST GUST DIRECTION    NE (30)
  AVERAGE WIND SPEED     5.9


SKY COVER
  POSSIBLE SUNSHINE  MM
  AVERAGE SKY COVER 0.2


WEATHER CONDITIONS
 THE FOLLOWING WEATHER WAS RECORDED YESTERDAY.
  NO SIGNIFICANT WEATHER WAS OBSERVED.


RELATIVE HUMIDITY (PERCENT)
 HIGHEST    87           100 AM
 LOWEST     49           100 PM
 AVERAGE    68

..........................................................


THE MOBILE CLIMATE NORMALS FOR TODAY
                         NORMAL    RECORD    YEAR
 MAXIMUM TEMPERATURE (F)   78        89      2016
                                             2004
 MINIMUM TEMPERATURE (F)   56        33      1989


SUNRISE AND SUNSET
OCTOBER 20 2017.......SUNRISE   659 AM CDT   SUNSET   616 PM CDT
OCTOBER 21 2017.......SUNRISE   700 AM CDT   SUNSET   615 PM CDT


-  INDICATES NEGATIVE NUMBERS.
R  INDICATES RECORD WAS SET OR TIED.
MM INDICATES DATA IS MISSING.
T  INDICATES TRACE AMOUNT.




$$
