000
CDUS44 KMOB 160645
CLIMOB


CLIMATE REPORT
NATIONAL WEATHER SERVICE MOBILE AL
145 AM CDT WED AUG 16 2017


...................................

...THE MOBILE CLIMATE SUMMARY FOR AUGUST 15 2017...

CLIMATE NORMAL PERIOD 1981 TO 2010
CLIMATE RECORD PERIOD 1842 TO 2017


WEATHER ITEM   OBSERVED TIME   RECORD YEAR NORMAL DEPARTURE LAST
                VALUE   (LST)  VALUE       VALUE  FROM      YEAR
                                                  NORMAL
..................................................................
TEMPERATURE (F)
 YESTERDAY
  MAXIMUM         87   1024 AM 100    1954  91     -4       87
                                      1918
  MINIMUM         76   1159 PM  62    2004  73      3       75
  AVERAGE         82                        82      0       81

PRECIPITATION (IN)
  YESTERDAY        0.05          5.44 1901   0.24  -0.19     0.50
  MONTH TO DATE    6.11                      3.71   2.40     3.65
  SINCE MAR 1     43.57                     33.14  10.43    36.58
  SINCE JAN 1     55.78                     43.91  11.87    46.03

DEGREE DAYS
 COOLING
  YESTERDAY       17                        17      0       16
  MONTH TO DATE  248                       255     -7      255
  SINCE JUN 1   1210                      1221    -11     1298
  SINCE JAN 1   1811                      1666    145     1757
..................................................................


WIND (MPH)
  HIGHEST WIND SPEED    13   HIGHEST WIND DIRECTION    SW (210)
  HIGHEST GUST SPEED    14   HIGHEST GUST DIRECTION     S (200)
  AVERAGE WIND SPEED     3.8


SKY COVER
  POSSIBLE SUNSHINE  MM
  AVERAGE SKY COVER 0.6


WEATHER CONDITIONS
 THE FOLLOWING WEATHER WAS RECORDED YESTERDAY.
  THUNDERSTORM
  LIGHT RAIN
  FOG


RELATIVE HUMIDITY (PERCENT)
 HIGHEST   100          1100 PM
 LOWEST     79           300 PM
 AVERAGE    90

..........................................................


THE MOBILE CLIMATE NORMALS FOR TODAY
                         NORMAL    RECORD    YEAR
 MAXIMUM TEMPERATURE (F)   91       101      1918
 MINIMUM TEMPERATURE (F)   73        64      2004
                                             1929


SUNRISE AND SUNSET
AUGUST 16 2017........SUNRISE   620 AM CDT   SUNSET   734 PM CDT
AUGUST 17 2017........SUNRISE   621 AM CDT   SUNSET   733 PM CDT


-  INDICATES NEGATIVE NUMBERS.
R  INDICATES RECORD WAS SET OR TIED.
MM INDICATES DATA IS MISSING.
T  INDICATES TRACE AMOUNT.




$$
