000
CDUS44 KMOB 262228
CLIMOB


CLIMATE REPORT
NATIONAL WEATHER SERVICE MOBILE AL
526 PM CDT THU MAR 26 2015


...................................

...THE MOBILE CLIMATE SUMMARY FOR MARCH 26 2015...
VALID TODAY AS OF 0500 PM LOCAL TIME.

CLIMATE NORMAL PERIOD 1981 TO 2010
CLIMATE RECORD PERIOD 1842 TO 2015


WEATHER ITEM   OBSERVED TIME   RECORD YEAR NORMAL DEPARTURE LAST
                VALUE   (LST)  VALUE       VALUE  FROM      YEAR
                                                  NORMAL
..................................................................
TEMPERATURE (F)
 TODAY
  MAXIMUM         69   1119 AM  86    1935  73     -4       57
  MINIMUM         59    321 AM  30    1894  51      8       31
  AVERAGE         64                        62      2       44

PRECIPITATION (IN)
  TODAY            0.09          4.28 1946   0.20  -0.11     0.00
  MONTH TO DATE    3.96                      5.17  -1.21     2.95
  SINCE MAR 1      3.96                      5.17  -1.21     2.95
  SINCE JAN 1     10.01                     15.94  -5.93    10.07

DEGREE DAYS
 HEATING
  TODAY            1                         4     -3       21
  MONTH TO DATE   84                       168    -84      245
  SINCE MAR 1     84                       168    -84      245
  SINCE JUL 1   1786                      1610    176     1948

 COOLING
  TODAY            0                         2     -2        0
  MONTH TO DATE   83                        27     56        1
  SINCE MAR 1     83                        27     56        1
  SINCE JAN 1     87                        43     44       13
..................................................................


WIND (MPH)
  HIGHEST WIND SPEED    20   HIGHEST WIND DIRECTION    SE (140)
  HIGHEST GUST SPEED    24   HIGHEST GUST DIRECTION    SE (130)
  AVERAGE WIND SPEED     4.6


SKY COVER
  POSSIBLE SUNSHINE  MM
  AVERAGE SKY COVER 0.6


WEATHER CONDITIONS
 THE FOLLOWING WEATHER WAS RECORDED TODAY.
  THUNDERSTORM
  RAIN
  LIGHT RAIN
  FOG


RELATIVE HUMIDITY (PERCENT)
 HIGHEST   100           100 PM
 LOWEST     87           100 AM
 AVERAGE    94

..........................................................


THE MOBILE CLIMATE NORMALS FOR TOMORROW
                         NORMAL    RECORD    YEAR
 MAXIMUM TEMPERATURE (F)   74        91      1910
 MINIMUM TEMPERATURE (F)   51        26      1955


SUNRISE AND SUNSET
MARCH 26 2015.........SUNRISE   650 AM CDT   SUNSET   708 PM CDT
MARCH 27 2015.........SUNRISE   648 AM CDT   SUNSET   709 PM CDT


-  INDICATES NEGATIVE NUMBERS.
R  INDICATES RECORD WAS SET OR TIED.
MM INDICATES DATA IS MISSING.
T  INDICATES TRACE AMOUNT.




$$
