000
CDUS44 KMOB 240635
CLIMOB


CLIMATE REPORT
NATIONAL WEATHER SERVICE MOBILE AL
125 AM CDT WED MAY 24 2017


...................................

...THE MOBILE CLIMATE SUMMARY FOR MAY 23 2017...

CLIMATE NORMAL PERIOD 1981 TO 2010
CLIMATE RECORD PERIOD 1842 TO 2017


WEATHER ITEM   OBSERVED TIME   RECORD YEAR NORMAL DEPARTURE LAST
                VALUE   (LST)  VALUE       VALUE  FROM      YEAR
                                                  NORMAL
..................................................................
TEMPERATURE (F)
 YESTERDAY
  MAXIMUM         83    331 PM  95    1996  86     -3       85
                                      1972
                                      1920
  MINIMUM         70   1159 PM  47    1883  66      4       55
  AVERAGE         77                        76      1       70

PRECIPITATION (IN)
  YESTERDAY        1.71          4.33 1957   0.17   1.54     0.00
  MONTH TO DATE   10.29                      3.75   6.54     2.48
  SINCE MAR 1     19.19                     14.68   4.51    18.53
  SINCE JAN 1     31.40                     25.45   5.95    27.98

DEGREE DAYS
 COOLING
  YESTERDAY       12                        11      1        5
  MONTH TO DATE  183                       192     -9      177
  SINCE MAR 1    443                       335    108      349
  SINCE JAN 1    518                       351    167      363
..................................................................


WIND (MPH)
  HIGHEST WIND SPEED    23   HIGHEST WIND DIRECTION     S (200)
  HIGHEST GUST SPEED    29   HIGHEST GUST DIRECTION     S (190)
  AVERAGE WIND SPEED     7.5


SKY COVER
  POSSIBLE SUNSHINE  MM
  AVERAGE SKY COVER 0.7


WEATHER CONDITIONS
 THE FOLLOWING WEATHER WAS RECORDED YESTERDAY.
  THUNDERSTORM
  HEAVY RAIN
  RAIN
  LIGHT RAIN
  FOG
  HAZE


RELATIVE HUMIDITY (PERCENT)
 HIGHEST    97           300 AM
 LOWEST     65           300 PM
 AVERAGE    81

..........................................................


THE MOBILE CLIMATE NORMALS FOR TODAY
                         NORMAL    RECORD    YEAR
 MAXIMUM TEMPERATURE (F)   86        97      2005
                                             1878
 MINIMUM TEMPERATURE (F)   66        52      1951
                                             1883


SUNRISE AND SUNSET
MAY 24 2017...........SUNRISE   553 AM CDT   SUNSET   747 PM CDT
MAY 25 2017...........SUNRISE   553 AM CDT   SUNSET   747 PM CDT


-  INDICATES NEGATIVE NUMBERS.
R  INDICATES RECORD WAS SET OR TIED.
MM INDICATES DATA IS MISSING.
T  INDICATES TRACE AMOUNT.




$$
