000
CDUS46 KSTO 170848
CLIMOD


CLIMATE REPORT
NATIONAL WEATHER SERVICE SACRAMENTO, CA
1248 AM PST WED JAN 17 2018


...................................

...THE MODESTO CA CLIMATE SUMMARY FOR JANUARY 16 2018...

CLIMATE NORMAL PERIOD 1981 TO 2010
CLIMATE RECORD PERIOD 1931 TO 2018


WEATHER ITEM   OBSERVED TIME   RECORD YEAR NORMAL DEPARTURE LAST
                VALUE   (LST)  VALUE       VALUE  FROM      YEAR
                                                  NORMAL
..................................................................
TEMPERATURE (F)
 YESTERDAY
  MAXIMUM         55   1108 PM  71    1970  55      0       49
  MINIMUM         48    812 AM  25    2007  40      8       37
                                      1949
  AVERAGE         52

PRECIPITATION (IN)
  YESTERDAY        0.00          0.93 1950   0.08  -0.08     0.00
  MONTH TO DATE    2.22                      1.32   0.90     3.28
  SINCE OCT 1      3.25                      5.40  -2.15     8.31
  SINCE JAN 1      2.22                      1.32   0.90     3.28

SNOWFALL (IN)
  YESTERDAY        0.0           0.0  2002
  MONTH TO DATE    0.0
  SINCE DEC 1      0.0
  SINCE JUL 1      0.0
  SNOW DEPTH       0

DEGREE DAYS
 HEATING
  YESTERDAY       13                        18     -5       22
  MONTH TO DATE  193                       289    -96      254
  SINCE DEC 1    718                       825   -107      770
  SINCE JUL 1    985                      1186   -201      983

 COOLING
  YESTERDAY        0                         0      0        0
  MONTH TO DATE    0                         0      0        0
  SINCE DEC 1      0                         0      0        0
  SINCE JAN 1      0                         0      0        0
..................................................................


WIND (MPH)
  RESULTANT WIND SPEED   4   RESULTANT WIND DIRECTION  NW (320)
  HIGHEST WIND SPEED    12   HIGHEST WIND DIRECTION    NW (310)
  HIGHEST GUST SPEED    13   HIGHEST GUST DIRECTION    NW (310)


SKY COVER
  POSSIBLE SUNSHINE  MM
  AVERAGE SKY COVER 1.0


WEATHER CONDITIONS
 THE FOLLOWING WEATHER WAS RECORDED YESTERDAY.
  FOG
  FOG W/VISIBILITY <= 1/4 MILE


RELATIVE HUMIDITY (PERCENT)
 HIGHEST   100          1200 AM
 LOWEST     86           600 PM
 AVERAGE    93

..........................................................


THE MODESTO CA CLIMATE NORMALS FOR TODAY
                         NORMAL    RECORD    YEAR
 MAXIMUM TEMPERATURE (F)   55        75      1998
 MINIMUM TEMPERATURE (F)   40        23      2012


SUNRISE AND SUNSET
JANUARY 17 2018.......SUNRISE   717 AM PST   SUNSET   511 PM PST
JANUARY 18 2018.......SUNRISE   716 AM PST   SUNSET   512 PM PST


-  INDICATES NEGATIVE NUMBERS.
R  INDICATES RECORD WAS SET OR TIED.
MM INDICATES DATA IS MISSING.
T  INDICATES TRACE AMOUNT.




$$
