000
CDUS46 KSTO 171440
CLIMOD


CLIMATE REPORT
NATIONAL WEATHER SERVICE SACRAMENTO, CA
740 AM PDT THU APR 17 2014


...................................

...THE MODESTO CA CLIMATE SUMMARY FOR APRIL 16 2014...

CLIMATE NORMAL PERIOD 1981 TO 2010
CLIMATE RECORD PERIOD 1931 TO 2014


WEATHER ITEM   OBSERVED TIME   RECORD YEAR NORMAL DEPARTURE LAST
                VALUE   (LST)  VALUE       VALUE  FROM      YEAR
                                                  NORMAL
..................................................................
TEMPERATURE (F)
 YESTERDAY
  MAXIMUM         85    149 PM  93    1987  75     10       69
  MINIMUM         56    611 AM  35    1967  49      7       47
  AVERAGE         71

PRECIPITATION (IN)
  YESTERDAY        0.00          0.48 1942   0.03  -0.03     0.00
  MONTH TO DATE    0.59                      0.58   0.01     0.34
  SINCE JUL 1      6.63                     11.97  -5.34     8.88
  SINCE JAN 1      5.14                      7.61  -2.47     3.00

SNOWFALL (IN)
  YESTERDAY        0.0          MM      MM
  MONTH TO DATE    0.0
  SINCE MAR 1      0.0
  SINCE JUL 1      0.0
  SNOW DEPTH       0

DEGREE DAYS
 HEATING
  YESTERDAY        0                         4     -4        7
  MONTH TO DATE   65                        85    -20       47
  SINCE MAR 1    226                       322    -96      216
  SINCE JUL 1   1924                      2090   -166     2129

 COOLING
  YESTERDAY        6                         1      5        0
  MONTH TO DATE   32                        12     20        4
  SINCE MAR 1     32                        17     15        9
  SINCE JAN 1     32                        17     15        9
..................................................................


WIND (MPH)
  RESULTANT WIND SPEED   9   RESULTANT WIND DIRECTION  NW (320)
  HIGHEST WIND SPEED    20   HIGHEST WIND DIRECTION    NW (320)
  HIGHEST GUST SPEED    28   HIGHEST GUST DIRECTION    NW (310)


SKY COVER
  POSSIBLE SUNSHINE  MM
  AVERAGE SKY COVER 0.0


WEATHER CONDITIONS
 THE FOLLOWING WEATHER WAS RECORDED YESTERDAY.
  HAZE


RELATIVE HUMIDITY (PERCENT)
 HIGHEST    77           600 AM
 LOWEST     18           500 PM
 AVERAGE    48

..........................................................


THE MODESTO CA CLIMATE NORMALS FOR TODAY
                         NORMAL    RECORD    YEAR
 MAXIMUM TEMPERATURE (F)   75        92      1954
 MINIMUM TEMPERATURE (F)   49        37      1933


SUNRISE AND SUNSET
APRIL 17 2014.........SUNRISE   626 AM PDT   SUNSET   741 PM PDT
APRIL 18 2014.........SUNRISE   625 AM PDT   SUNSET   742 PM PDT


-  INDICATES NEGATIVE NUMBERS.
R  INDICATES RECORD WAS SET OR TIED.
MM INDICATES DATA IS MISSING.
T  INDICATES TRACE AMOUNT.




$$
