000
CDUS46 KSTO 190840
CLIMOD


CLIMATE REPORT
NATIONAL WEATHER SERVICE SACRAMENTO, CA
1239 AM PST SUN NOV 19 2017


...................................

...THE MODESTO CA CLIMATE SUMMARY FOR NOVEMBER 18 2017...

CLIMATE NORMAL PERIOD 1981 TO 2010
CLIMATE RECORD PERIOD 1931 TO 2017


WEATHER ITEM   OBSERVED TIME   RECORD YEAR NORMAL DEPARTURE LAST
                VALUE   (LST)  VALUE       VALUE  FROM      YEAR
                                                  NORMAL
..................................................................
TEMPERATURE (F)
 YESTERDAY
  MAXIMUM         64    303 PM  78    2008  64      0       70
                                      1932
  MINIMUM         42    649 AM  26    1964  44     -2       38
  AVERAGE         53

PRECIPITATION (IN)
  YESTERDAY        0.00          0.97 1950   0.05  -0.05     0.00
  MONTH TO DATE    0.60                      0.75  -0.15     0.01
  SINCE OCT 1      0.72                      1.43  -0.71     2.06
  SINCE JAN 1     12.62                     10.46   2.16    13.26

SNOWFALL (IN)
  YESTERDAY        0.0          MM      MM
  MONTH TO DATE    0.0
  SINCE SEP 1      0.0
  SINCE JUL 1      0.0
  SNOW DEPTH       0

DEGREE DAYS
 HEATING
  YESTERDAY       12                        11      1       11
  MONTH TO DATE  130                       143    -13       52
  SINCE SEP 1    177                       206    -29       76
  SINCE JUL 1    177                       206    -29       76

 COOLING
  YESTERDAY        0                         0      0        0
  MONTH TO DATE    0                         0      0        7
  SINCE SEP 1    383                       360     23      365
  SINCE JAN 1   2118                      1696    422     1982
..................................................................


WIND (MPH)
  RESULTANT WIND SPEED   3   RESULTANT WIND DIRECTION  NW (310)
  HIGHEST WIND SPEED    14   HIGHEST WIND DIRECTION     W (290)
  HIGHEST GUST SPEED    16   HIGHEST GUST DIRECTION    NW (300)


SKY COVER
  POSSIBLE SUNSHINE  MM
  AVERAGE SKY COVER 0.0


WEATHER CONDITIONS
 THE FOLLOWING WEATHER WAS RECORDED YESTERDAY.
  FOG
  HAZE


RELATIVE HUMIDITY (PERCENT)
 HIGHEST    86           800 PM
 LOWEST     44           300 PM
 AVERAGE    65

..........................................................


THE MODESTO CA CLIMATE NORMALS FOR TODAY
                         NORMAL    RECORD    YEAR
 MAXIMUM TEMPERATURE (F)   64        77      1995
 MINIMUM TEMPERATURE (F)   44        27      1964


SUNRISE AND SUNSET
NOVEMBER 19 2017......SUNRISE   648 AM PST   SUNSET   450 PM PST
NOVEMBER 20 2017......SUNRISE   649 AM PST   SUNSET   449 PM PST


-  INDICATES NEGATIVE NUMBERS.
R  INDICATES RECORD WAS SET OR TIED.
MM INDICATES DATA IS MISSING.
T  INDICATES TRACE AMOUNT.




$$
