000
CDUS46 KSTO 290852
CLIMOD


CLIMATE REPORT
NATIONAL WEATHER SERVICE SACRAMENTO, CA
152 AM PDT MON MAY 29 2017


...................................

...THE MODESTO CA CLIMATE SUMMARY FOR MAY 28 2017...

CLIMATE NORMAL PERIOD 1981 TO 2010
CLIMATE RECORD PERIOD 1931 TO 2017


WEATHER ITEM   OBSERVED TIME   RECORD YEAR NORMAL DEPARTURE LAST
                VALUE   (LST)  VALUE       VALUE  FROM      YEAR
                                                  NORMAL
..................................................................
TEMPERATURE (F)
 YESTERDAY
  MAXIMUM         88    445 PM 105    1984  86      2       92
  MINIMUM         57    505 AM  43    1969  57      0       67
  AVERAGE         73

PRECIPITATION (IN)
  YESTERDAY        0.00          0.77 1990   0.01  -0.01     0.00
  MONTH TO DATE    0.01                      0.59  -0.58     0.25
  SINCE OCT 1     16.79                     12.67   4.12    15.61
  SINCE JAN 1     11.76                      8.59   3.17    11.20

SNOWFALL (IN)
  YESTERDAY        0.0          MM      MM
  MONTH TO DATE    0.0
  SINCE MAR 1      0.0
  SINCE JUL 1      0.0
  SNOW DEPTH       0

DEGREE DAYS
 HEATING
  YESTERDAY        0                         0      0        0
  MONTH TO DATE   22                        33    -11       16
  SINCE MAR 1    292                       399   -107      242
  SINCE JUL 1   1808                      2167   -359     1834

 COOLING
  YESTERDAY        8                         7      1       15
  MONTH TO DATE  186                       134     52      150
  SINCE MAR 1    203                       178     25      204
  SINCE JAN 1    203                       178     25      204
..................................................................


WIND (MPH)
  RESULTANT WIND SPEED   8   RESULTANT WIND DIRECTION  NW (330)
  HIGHEST WIND SPEED    15   HIGHEST WIND DIRECTION     W (290)
  HIGHEST GUST SPEED    20   HIGHEST GUST DIRECTION     N (340)


SKY COVER
  POSSIBLE SUNSHINE  MM
  AVERAGE SKY COVER 0.0


WEATHER CONDITIONS
 THE FOLLOWING WEATHER WAS RECORDED YESTERDAY.
  NO SIGNIFICANT WEATHER WAS OBSERVED.


RELATIVE HUMIDITY (PERCENT)
 HIGHEST    80           300 AM
 LOWEST     31           300 PM
 AVERAGE    56

..........................................................


THE MODESTO CA CLIMATE NORMALS FOR TODAY
                         NORMAL    RECORD    YEAR
 MAXIMUM TEMPERATURE (F)   86       104      1984
 MINIMUM TEMPERATURE (F)   57        44      1961


SUNRISE AND SUNSET
MAY 29 2017...........SUNRISE   545 AM PDT   SUNSET   818 PM PDT
MAY 30 2017...........SUNRISE   545 AM PDT   SUNSET   819 PM PDT


-  INDICATES NEGATIVE NUMBERS.
R  INDICATES RECORD WAS SET OR TIED.
MM INDICATES DATA IS MISSING.
T  INDICATES TRACE AMOUNT.




$$
