000
CDUS46 KSTO 120836
CLIMOD


CLIMATE REPORT
NATIONAL WEATHER SERVICE SACRAMENTO, CA
1235 AM PST FRI FEB 12 2016


...................................

...THE MODESTO CA CLIMATE SUMMARY FOR FEBRUARY 11 2016...

CLIMATE NORMAL PERIOD 1981 TO 2010
CLIMATE RECORD PERIOD 1931 TO 2016


WEATHER ITEM   OBSERVED TIME   RECORD YEAR NORMAL DEPARTURE LAST
                VALUE   (LST)  VALUE       VALUE  FROM      YEAR
                                                  NORMAL
..................................................................
TEMPERATURE (F)
 YESTERDAY
  MAXIMUM         73R   240 PM  73    2006  62     11       70
                                      1988
  MINIMUM         44    719 AM  28    1966  43      1       42
  AVERAGE         59

PRECIPITATION (IN)
  YESTERDAY        0.00          0.85 1992   0.08  -0.08     0.00
  MONTH TO DATE    T                         0.97  -0.97     1.39
  SINCE OCT 1      9.44                      7.66   1.78     8.79
  SINCE JAN 1      5.03                      3.58   1.45     1.39

SNOWFALL (IN)
  YESTERDAY        0.0           0.0  2002
  MONTH TO DATE    0.0
  SINCE DEC 1      0.0
  SINCE JUL 1      0.0
  SNOW DEPTH       0

DEGREE DAYS
 HEATING
  YESTERDAY        6                        13     -7        9
  MONTH TO DATE  138                       152    -14       77
  SINCE DEC 1   1097                      1223   -126      956
  SINCE JUL 1   1468                      1584   -116     1254

 COOLING
  YESTERDAY        0                         0      0        0
  MONTH TO DATE    0                         0      0        0
  SINCE DEC 1      0                         0      0        0
  SINCE JAN 1      0                         0      0        0
..................................................................


WIND (MPH)
  RESULTANT WIND SPEED   2   RESULTANT WIND DIRECTION  SE (130)
  HIGHEST WIND SPEED     9   HIGHEST WIND DIRECTION     E (110)
  HIGHEST GUST SPEED    12   HIGHEST GUST DIRECTION    SW (230)


SKY COVER
  POSSIBLE SUNSHINE  MM
  AVERAGE SKY COVER 0.0


WEATHER CONDITIONS
 THE FOLLOWING WEATHER WAS RECORDED YESTERDAY.
  FOG
  HAZE


RELATIVE HUMIDITY (PERCENT)
 HIGHEST    93           100 AM
 LOWEST     47           200 PM
 AVERAGE    70

..........................................................


THE MODESTO CA CLIMATE NORMALS FOR TODAY
                         NORMAL    RECORD    YEAR
 MAXIMUM TEMPERATURE (F)   62        74      1996
 MINIMUM TEMPERATURE (F)   43        24      1949


SUNRISE AND SUNSET
FEBRUARY 12 2016......SUNRISE   657 AM PST   SUNSET   539 PM PST
FEBRUARY 13 2016......SUNRISE   656 AM PST   SUNSET   541 PM PST


-  INDICATES NEGATIVE NUMBERS.
R  INDICATES RECORD WAS SET OR TIED.
MM INDICATES DATA IS MISSING.
T  INDICATES TRACE AMOUNT.




$$
