000
CDUS43 KBIS 060025
CLIMOT


CLIMATE REPORT
NATIONAL WEATHER SERVICE BISMARCK ND
724 PM CDT SUN JUL 5 2015


...................................

...THE MINOT ND CLIMATE SUMMARY FOR JULY 5 2015...
VALID TODAY AS OF 0700 PM LOCAL TIME.

CLIMATE NORMAL PERIOD 1981 TO 2010
CLIMATE RECORD PERIOD 1897 TO 2015


WEATHER ITEM   OBSERVED TIME   RECORD YEAR NORMAL DEPARTURE LAST
                VALUE   (LST)  VALUE       VALUE  FROM      YEAR
                                                  NORMAL
..................................................................
TEMPERATURE (F)
 TODAY
  MAXIMUM         76    149 PM 105    1937  80     -4       92
  MINIMUM         61    200 AM  33    1915  57      4       67
  AVERAGE         69                        68      1       80

PRECIPITATION (IN)
  TODAY            0.39          1.95 1899   0.09   0.30     0.00
  MONTH TO DATE    0.47                      0.46   0.01      T
  SINCE JUN 1      4.50                      4.04   0.46     5.34
  SINCE JAN 1      8.63                      9.43  -0.80     9.15

DEGREE DAYS
 HEATING
  TODAY            0                         1     -1        0
  MONTH TO DATE    0                         5     -5       15
  SINCE JUN 1     62                       111    -49      106
  SINCE JUL 1      0                         5     -5       15

 COOLING
  TODAY            4                         5     -1       15
  MONTH TO DATE   28                        22      6       22
  SINCE JUN 1    102                        95      7       44
  SINCE JAN 1    109                       111     -2       85
..................................................................


WIND (MPH)
  RESULTANT WIND SPEED   9   RESULTANT WIND DIRECTION  NW (330)
  HIGHEST WIND SPEED    17   HIGHEST WIND DIRECTION    NW (310)
  HIGHEST GUST SPEED    24   HIGHEST GUST DIRECTION    NW (310)
  AVERAGE WIND SPEED     9.6


SKY COVER
  POSSIBLE SUNSHINE  MM
  AVERAGE SKY COVER 0.8


WEATHER CONDITIONS
 THE FOLLOWING WEATHER WAS RECORDED TODAY.
  THUNDERSTORM
  HEAVY RAIN
  RAIN
  LIGHT RAIN
  FOG
  HAZE


RELATIVE HUMIDITY (PERCENT)
 HIGHEST    97           200 AM
 LOWEST     57           400 PM
 AVERAGE    77

..........................................................


THE MINOT ND CLIMATE NORMALS FOR TOMORROW
                         NORMAL    RECORD    YEAR
 MAXIMUM TEMPERATURE (F)   80       108      1936
 MINIMUM TEMPERATURE (F)   57        35      1934


SUNRISE AND SUNSET
JULY  5 2015..........SUNRISE   551 AM CDT   SUNSET   948 PM CDT
JULY  6 2015..........SUNRISE   552 AM CDT   SUNSET   947 PM CDT


-  INDICATES NEGATIVE NUMBERS.
R  INDICATES RECORD WAS SET OR TIED.
MM INDICATES DATA IS MISSING.
T  INDICATES TRACE AMOUNT.




$$
