000
CDUS43 KBIS 240023
CLIMOT


CLIMATE REPORT
NATIONAL WEATHER SERVICE BISMARCK ND
722 PM CDT TUE SEP 23 2014


...................................

...THE MINOT ND CLIMATE SUMMARY FOR SEPTEMBER 23 2014...
VALID TODAY AS OF 0700 PM LOCAL TIME.

CLIMATE NORMAL PERIOD 1981 TO 2010
CLIMATE RECORD PERIOD 1905 TO 2014


WEATHER ITEM   OBSERVED TIME   RECORD YEAR NORMAL DEPARTURE LAST
                VALUE   (LST)  VALUE       VALUE  FROM      YEAR
                                                  NORMAL
..................................................................
TEMPERATURE (F)
 TODAY
  MAXIMUM         80    247 PM  96    1917  66     14       64
  MINIMUM         50    647 AM  28    1976  43      7       55
  AVERAGE         65                        54     11       60

PRECIPITATION (IN)
  TODAY            0.00          1.21 1977   0.05  -0.05     0.54
  MONTH TO DATE    0.31                      1.13  -0.82     1.79
  SINCE SEP 1      0.31                      1.13  -0.82     1.79
  SINCE JAN 1     14.95                     14.57   0.38    21.97

DEGREE DAYS
 HEATING
  TODAY            0                        11    -11        5
  MONTH TO DATE  165                       163      2       77
  SINCE SEP 1    165                       163      2       77
  SINCE JUL 1    233                       234     -1      146

 COOLING
  TODAY            0                         0      0        0
  MONTH TO DATE    4                        30    -26       50
  SINCE SEP 1      4                        30    -26       50
  SINCE JAN 1    309                       441   -132      421
..................................................................


WIND (MPH)
  RESULTANT WIND SPEED   9   RESULTANT WIND DIRECTION  SE (150)
  HIGHEST WIND SPEED    17   HIGHEST WIND DIRECTION     S (170)
  HIGHEST GUST SPEED    23   HIGHEST GUST DIRECTION     S (160)
  AVERAGE WIND SPEED     9.8


SKY COVER
  POSSIBLE SUNSHINE  MM
  AVERAGE SKY COVER 0.0


WEATHER CONDITIONS
 THE FOLLOWING WEATHER WAS RECORDED TODAY.
  NO SIGNIFICANT WEATHER WAS OBSERVED.


RELATIVE HUMIDITY (PERCENT)
 HIGHEST    89           500 AM
 LOWEST     42           200 PM
 AVERAGE    66

..........................................................


THE MINOT ND CLIMATE NORMALS FOR TOMORROW
                         NORMAL    RECORD    YEAR
 MAXIMUM TEMPERATURE (F)   66        92      1917
 MINIMUM TEMPERATURE (F)   43        23      1922


SUNRISE AND SUNSET
SEPTEMBER 23 2014.....SUNRISE   733 AM CDT   SUNSET   741 PM CDT
SEPTEMBER 24 2014.....SUNRISE   735 AM CDT   SUNSET   739 PM CDT


-  INDICATES NEGATIVE NUMBERS.
R  INDICATES RECORD WAS SET OR TIED.
MM INDICATES DATA IS MISSING.
T  INDICATES TRACE AMOUNT.




$$
