000
CDUS43 KBIS 180018
CLIMOT


CLIMATE REPORT
NATIONAL WEATHER SERVICE BISMARCK ND
617 PM CST SAT FEB 17 2018


...................................

...THE MINOT ND CLIMATE SUMMARY FOR FEBRUARY 17 2018...
VALID TODAY AS OF 0600 PM LOCAL TIME.

CLIMATE NORMAL PERIOD 1981 TO 2010
CLIMATE RECORD PERIOD 1897 TO 2018


WEATHER ITEM   OBSERVED TIME   RECORD YEAR NORMAL DEPARTURE LAST
                VALUE   (LST)  VALUE       VALUE  FROM      YEAR
                                                  NORMAL
..................................................................
TEMPERATURE (F)
 TODAY
  MAXIMUM         23        MM  50    2002  26     -3       48
  MINIMUM         11        MM -31    1936   9      2       37
  AVERAGE         17                        18     -1       43

PRECIPITATION (IN)
  TODAY            0.00          0.13 1964   0.01  -0.01     0.00
                                      1950
  MONTH TO DATE    0.02                      0.22  -0.20     0.02
  SINCE DEC 1      0.14                      1.11  -0.97     0.72
  SINCE JAN 1      0.09                      0.73  -0.64     0.10

DEGREE DAYS
 HEATING
  TODAY           48                        48      0       22
  MONTH TO DATE 1025                       843    182      772
  SINCE DEC 1   4075                      4017     58     3988
  SINCE JUL 1   5953                      6075   -122     5503

 COOLING
  TODAY            0                         0      0        0
  MONTH TO DATE    0                         0      0        0
  SINCE DEC 1      0                         0      0        0
  SINCE JAN 1      0                         0      0        0
..................................................................


WIND (MPH)
  RESULTANT WIND SPEED  14   RESULTANT WIND DIRECTION   W (270)
  HIGHEST WIND SPEED    24   HIGHEST WIND DIRECTION     W (270)
  HIGHEST GUST SPEED    31   HIGHEST GUST DIRECTION     W (250)
  AVERAGE WIND SPEED    14.0


SKY COVER
  POSSIBLE SUNSHINE   0 PERCENT
  AVERAGE SKY COVER 0.0


WEATHER CONDITIONS
 THE FOLLOWING WEATHER WAS RECORDED TODAY.
  NO SIGNIFICANT WEATHER WAS OBSERVED.


RELATIVE HUMIDITY (PERCENT)
 HIGHEST     0          1200 AM
 LOWEST      0          1200 AM
 AVERAGE     0

..........................................................


THE MINOT ND CLIMATE NORMALS FOR TOMORROW
                         NORMAL    RECORD    YEAR
 MAXIMUM TEMPERATURE (F)   26        51      1930
 MINIMUM TEMPERATURE (F)   10       -27      1903


SUNRISE AND SUNSET
FEBRUARY 17 2018......SUNRISE   748 AM CST   SUNSET   610 PM CST
FEBRUARY 18 2018......SUNRISE   747 AM CST   SUNSET   612 PM CST


-  INDICATES NEGATIVE NUMBERS.
R  INDICATES RECORD WAS SET OR TIED.
MM INDICATES DATA IS MISSING.
T  INDICATES TRACE AMOUNT.




$$
