000
CDUS43 KBIS 201231
CLIMOT


CLIMATE REPORT
NATIONAL WEATHER SERVICE BISMARCK ND
631 AM CST MON FEB 20 2017


...................................

...THE MINOT ND CLIMATE SUMMARY FOR FEBRUARY 19 2017...

CLIMATE NORMAL PERIOD 1981 TO 2010
CLIMATE RECORD PERIOD 1897 TO 2017


WEATHER ITEM   OBSERVED TIME   RECORD YEAR NORMAL DEPARTURE LAST
                VALUE   (LST)  VALUE       VALUE  FROM      YEAR
                                                  NORMAL
..................................................................
TEMPERATURE (F)
 YESTERDAY
  MAXIMUM         41    314 PM  52    1931  26     15       51
  MINIMUM         31    926 PM -36    1929  10     21       35
  AVERAGE         36                        18     18       43

PRECIPITATION (IN)
  YESTERDAY        0.00          0.17 1897   0.02  -0.02      T
  MONTH TO DATE    0.02                      0.25  -0.23     0.36
  SINCE DEC 1      0.71                      1.14  -0.43     0.88
  SINCE JAN 1      0.09                      0.76  -0.67     0.57

DEGREE DAYS
 HEATING
  YESTERDAY       29                        47    -18       22
  MONTH TO DATE  829                       937   -108      733
  SINCE DEC 1   4045                      4111    -66     3416
  SINCE JUL 1   5560                      6169   -609     5117
..................................................................


WIND (MPH)
  HIGHEST WIND SPEED    15   HIGHEST WIND DIRECTION     E (100)
  HIGHEST GUST SPEED    18   HIGHEST GUST DIRECTION     E (110)
  AVERAGE WIND SPEED     7.3


SKY COVER
  POSSIBLE SUNSHINE  MM
  AVERAGE SKY COVER 0.4


WEATHER CONDITIONS
 THE FOLLOWING WEATHER WAS RECORDED YESTERDAY.
  FOG


RELATIVE HUMIDITY (PERCENT)
 HIGHEST    96           800 AM
 LOWEST     82           300 AM
 AVERAGE    89

..........................................................


THE MINOT ND CLIMATE NORMALS FOR TODAY
                         NORMAL    RECORD    YEAR
 MAXIMUM TEMPERATURE (F)   27        55      1930
 MINIMUM TEMPERATURE (F)   10       -32      1918


SUNRISE AND SUNSET
FEBRUARY 20 2017......SUNRISE   743 AM CST   SUNSET   616 PM CST
FEBRUARY 21 2017......SUNRISE   741 AM CST   SUNSET   617 PM CST


-  INDICATES NEGATIVE NUMBERS.
R  INDICATES RECORD WAS SET OR TIED.
MM INDICATES DATA IS MISSING.
T  INDICATES TRACE AMOUNT.




$$
