000
CDUS43 KBIS 110733
CLIMOT


CLIMATE REPORT
NATIONAL WEATHER SERVICE BISMARCK ND
132 AM CST SUN DEC 11 2016


...................................

...THE MINOT ND CLIMATE SUMMARY FOR DECEMBER 10 2016...

CLIMATE NORMAL PERIOD 1981 TO 2010
CLIMATE RECORD PERIOD 1897 TO 2016


WEATHER ITEM   OBSERVED TIME   RECORD YEAR NORMAL DEPARTURE LAST
                VALUE   (LST)  VALUE       VALUE  FROM      YEAR
                                                  NORMAL
..................................................................
TEMPERATURE (F)
 YESTERDAY
  MAXIMUM         -2   1159 PM  56    1987  25    -27       51
  MINIMUM        -21    937 AM -32    1919   9    -30       28
  AVERAGE        -11                        17    -28       40

PRECIPITATION (IN)
  YESTERDAY        T             0.26 1929   0.01  -0.01      T
  MONTH TO DATE    0.43                      0.12   0.31     0.07
  SINCE DEC 1      0.43                      0.12   0.31     0.07
  SINCE JAN 1     18.54                     16.93   1.61    14.42

DEGREE DAYS
 HEATING
  YESTERDAY       76                        48     28       25
  MONTH TO DATE  525                       466     59      249
  SINCE DEC 1    525                       466     59      249
  SINCE JUL 1   2040                      2524   -484     1950
..................................................................


WIND (MPH)
  HIGHEST WIND SPEED    17   HIGHEST WIND DIRECTION     E (100)
  HIGHEST GUST SPEED    19   HIGHEST GUST DIRECTION     E (100)
  AVERAGE WIND SPEED     6.3


SKY COVER
  POSSIBLE SUNSHINE  MM
  AVERAGE SKY COVER 0.5


WEATHER CONDITIONS
 THE FOLLOWING WEATHER WAS RECORDED YESTERDAY.
  LIGHT SNOW
  FOG
  HAZE


RELATIVE HUMIDITY (PERCENT)
 HIGHEST    86           700 AM
 LOWEST     74           300 PM
 AVERAGE    80

..........................................................


THE MINOT ND CLIMATE NORMALS FOR TODAY
                         NORMAL    RECORD    YEAR
 MAXIMUM TEMPERATURE (F)   25        62      1939
 MINIMUM TEMPERATURE (F)    8       -31      1917


SUNRISE AND SUNSET
DECEMBER 11 2016......SUNRISE   826 AM CST   SUNSET   451 PM CST
DECEMBER 12 2016......SUNRISE   827 AM CST   SUNSET   451 PM CST


-  INDICATES NEGATIVE NUMBERS.
R  INDICATES RECORD WAS SET OR TIED.
MM INDICATES DATA IS MISSING.
T  INDICATES TRACE AMOUNT.




$$
