000
CDUS43 KBIS 010726
CLIMOT


CLIMATE REPORT
NATIONAL WEATHER SERVICE BISMARCK ND
225 AM CDT WED OCT 1 2014


...................................

...THE MINOT ND CLIMATE SUMMARY FOR SEPTEMBER 30 2014...

CLIMATE NORMAL PERIOD 1981 TO 2010
CLIMATE RECORD PERIOD 1905 TO 2014


WEATHER ITEM   OBSERVED TIME   RECORD YEAR NORMAL DEPARTURE LAST
                VALUE   (LST)  VALUE       VALUE  FROM      YEAR
                                                  NORMAL
..................................................................
TEMPERATURE (F)
 YESTERDAY
  MAXIMUM         52    721 PM  93    1989  63    -11       74
  MINIMUM         48    957 AM  17    1918  40      8       47
  AVERAGE         50                        52     -2       61

PRECIPITATION (IN)
  YESTERDAY        0.43          0.65 1969   0.04   0.39     0.11
  MONTH TO DATE    0.85                      1.46  -0.61     2.16
  SINCE SEP 1      0.85                      1.46  -0.61     2.16
  SINCE JAN 1     15.49                     14.90   0.59    22.34

DEGREE DAYS
 HEATING
  YESTERDAY       15                        14      1        4
  MONTH TO DATE  212                       250    -38      122
  SINCE SEP 1    212                       249    -37      122
  SINCE JUL 1    280                       320    -40      191

 COOLING
  YESTERDAY        0                         0      0        0
  MONTH TO DATE   36                        33      3       50
  SINCE SEP 1     36                        33      3       50
  SINCE JAN 1    341                       444   -103      421
..................................................................


WIND (MPH)
  HIGHEST WIND SPEED    21   HIGHEST WIND DIRECTION     E (90)
  HIGHEST GUST SPEED    26   HIGHEST GUST DIRECTION     E (100)
  AVERAGE WIND SPEED    12.1


SKY COVER
  POSSIBLE SUNSHINE  MM
  AVERAGE SKY COVER 1.0


WEATHER CONDITIONS
 THE FOLLOWING WEATHER WAS RECORDED YESTERDAY.
  HEAVY RAIN
  RAIN
  LIGHT RAIN
  FOG


RELATIVE HUMIDITY (PERCENT)
 HIGHEST   100           800 AM
 LOWEST     83          1200 AM
 AVERAGE    92

..........................................................


THE MINOT ND CLIMATE NORMALS FOR TODAY
                         NORMAL    RECORD    YEAR
 MAXIMUM TEMPERATURE (F)   63        92      1992
 MINIMUM TEMPERATURE (F)   40        14      1936


SUNRISE AND SUNSET
OCTOBER  1 2014.......SUNRISE   744 AM CDT   SUNSET   724 PM CDT
OCTOBER  2 2014.......SUNRISE   746 AM CDT   SUNSET   722 PM CDT


-  INDICATES NEGATIVE NUMBERS.
R  INDICATES RECORD WAS SET OR TIED.
MM INDICATES DATA IS MISSING.
T  INDICATES TRACE AMOUNT.




$$
