000
CDUS41 KPHI 010628
CLIMPO


CLIMATE REPORT
NATIONAL WEATHER SERVICE MOUNT HOLLY NJ
227 AM EDT MON MAY 1 2017


...................................

...THE MOUNT POCONO PA CLIMATE SUMMARY FOR APRIL 30 2017...

CLIMATE NORMAL PERIOD 1981 TO 2010
CLIMATE RECORD PERIOD 1901 TO 2017


WEATHER ITEM   OBSERVED TIME   RECORD YEAR NORMAL DEPARTURE LAST
                VALUE   (LST)  VALUE       VALUE  FROM      YEAR
                                                  NORMAL
..................................................................
TEMPERATURE (F)
 YESTERDAY
  MAXIMUM         58    215 PM  82    1942  61     -3       51
  MINIMUM         44   1159 PM  24    1914  40      4       34
  AVERAGE         51                        51      0       43

PRECIPITATION (IN)
  YESTERDAY        0.00          2.60 2014   0.12  -0.12     0.00
  MONTH TO DATE    4.06                      4.02   0.04     2.55
  SINCE MAR 1      7.85                      7.85   0.00     3.54
  SINCE JAN 1     12.81                     13.11  -0.30    11.52

DEGREE DAYS
 HEATING
  YESTERDAY       14                        15     -1       22
  MONTH TO DATE  445                       596   -151      627
  SINCE MAR 1   1545                      1571    -26     1373
  SINCE JUL 1   6148                      6694   -546     5658

 COOLING
  YESTERDAY        0                         0      0        0
  MONTH TO DATE    3                         4     -1        0
  SINCE MAR 1      3                         4     -1        0
  SINCE JAN 1      3                         4     -1        0
..................................................................


WIND (MPH)
  HIGHEST WIND SPEED    18   HIGHEST WIND DIRECTION    SE (140)
  HIGHEST GUST SPEED    24   HIGHEST GUST DIRECTION    SE (130)
  AVERAGE WIND SPEED    10.5


SKY COVER
  POSSIBLE SUNSHINE  MM
  AVERAGE SKY COVER 0.7


WEATHER CONDITIONS
 THE FOLLOWING WEATHER WAS RECORDED YESTERDAY.
  FOG


RELATIVE HUMIDITY (PERCENT)
 HIGHEST    86          1100 PM
 LOWEST     55           100 PM
 AVERAGE    71

..........................................................


THE MOUNT POCONO PA CLIMATE NORMALS FOR TODAY
                         NORMAL    RECORD    YEAR
 MAXIMUM TEMPERATURE (F)   61        85      2010
 MINIMUM TEMPERATURE (F)   41        18      1914


SUNRISE AND SUNSET
MAY  1 2017...........SUNRISE   559 AM EDT   SUNSET   759 PM EDT
MAY  2 2017...........SUNRISE   558 AM EDT   SUNSET   800 PM EDT


-  INDICATES NEGATIVE NUMBERS.
R  INDICATES RECORD WAS SET OR TIED.
MM INDICATES DATA IS MISSING.
T  INDICATES TRACE AMOUNT.




$$
