000
CDUS41 KPHI 260647
CLIMPO


CLIMATE REPORT
NATIONAL WEATHER SERVICE MOUNT HOLLY NJ
247 AM EDT SUN OCT 26 2014


...................................

...THE MOUNT POCONO PA CLIMATE SUMMARY FOR OCTOBER 25 2014...

CLIMATE NORMAL PERIOD 1981 TO 2010
CLIMATE RECORD PERIOD 1901 TO 2014


WEATHER ITEM   OBSERVED TIME   RECORD YEAR NORMAL DEPARTURE LAST
                VALUE   (LST)  VALUE       VALUE  FROM      YEAR
                                                  NORMAL
..................................................................
TEMPERATURE (F)
 YESTERDAY
  MAXIMUM         61    330 PM  75    1963  55      6       46
  MINIMUM         42    620 AM  16    1933  37      5       31
  AVERAGE         52                        46      6       39

PRECIPITATION (IN)
  YESTERDAY        T             3.35 2008   0.11  -0.11      T
  MONTH TO DATE    5.20                      3.44   1.76     1.18
  SINCE SEP 1      6.30                      8.80  -2.50     2.91
  SINCE JAN 1     34.72                     39.78  -5.06    38.56

SNOWFALL (IN)
  YESTERDAY       MM            MM      MM  MM     MM       MM
  MONTH TO DATE   MM                        MM     MM       MM
  SINCE SEP 1     MM                        MM     MM       MM
  SINCE JUL 1     MM                        MM     MM       MM
  SNOW DEPTH      MM

DEGREE DAYS
 HEATING
  YESTERDAY       13                        19     -6       26
  MONTH TO DATE  332                       399    -67      289
  SINCE SEP 1    494                       604   -110      538
  SINCE JUL 1    570                       667    -97      602

 COOLING
  YESTERDAY        0                         0      0        0
  MONTH TO DATE    1                         0      1        8
  SINCE SEP 1     35                        17     18       48
  SINCE JAN 1    253                       313    -60      467
..................................................................


WIND (MPH)
  HIGHEST WIND SPEED    20   HIGHEST WIND DIRECTION     W (250)
  HIGHEST GUST SPEED    27   HIGHEST GUST DIRECTION     W (290)
  AVERAGE WIND SPEED    11.4


SKY COVER
  POSSIBLE SUNSHINE  MM
  AVERAGE SKY COVER 0.2


WEATHER CONDITIONS
 THE FOLLOWING WEATHER WAS RECORDED YESTERDAY.
  LIGHT RAIN


RELATIVE HUMIDITY (PERCENT)
 HIGHEST    67           400 AM
 LOWEST     46           300 PM
 AVERAGE    57

..........................................................


THE MOUNT POCONO PA CLIMATE NORMALS FOR TODAY
                         NORMAL    RECORD    YEAR
 MAXIMUM TEMPERATURE (F)   55        77      1963
 MINIMUM TEMPERATURE (F)   36        18      1952


SUNRISE AND SUNSET
OCTOBER 26 2014.......SUNRISE   726 AM EDT   SUNSET   605 PM EDT
OCTOBER 27 2014.......SUNRISE   727 AM EDT   SUNSET   604 PM EDT


-  INDICATES NEGATIVE NUMBERS.
R  INDICATES RECORD WAS SET OR TIED.
MM INDICATES DATA IS MISSING.
T  INDICATES TRACE AMOUNT.




$$
