000
CDUS41 KPHI 280628
CLIMPO


CLIMATE REPORT
NATIONAL WEATHER SERVICE MOUNT HOLLY NJ
228 AM EDT SAT MAY 28 2016


...................................

...THE MOUNT POCONO PA CLIMATE SUMMARY FOR MAY 27 2016...

CLIMATE NORMAL PERIOD 1981 TO 2010
CLIMATE RECORD PERIOD 1901 TO 2016


WEATHER ITEM   OBSERVED TIME   RECORD YEAR NORMAL DEPARTURE LAST
                VALUE   (LST)  VALUE       VALUE  FROM      YEAR
                                                  NORMAL
..................................................................
TEMPERATURE (F)
 YESTERDAY
  MAXIMUM         82    305 PM  88    1914  68     14       81
  MINIMUM         58    321 AM  29    1969  48     10       64
  AVERAGE         70                        58     12       73

PRECIPITATION (IN)
  YESTERDAY        T             2.79 1946   0.17  -0.17     0.17
  MONTH TO DATE    3.42                      3.73  -0.31     0.72
  SINCE MAR 1      6.96                     11.58  -4.62     5.95
  SINCE JAN 1     14.94                     16.84  -1.90     9.30

SNOWFALL (IN)
  YESTERDAY       MM            MM      MM  MM     MM       MM
  MONTH TO DATE   MM                        MM     MM       MM
  SINCE MAR 1     MM                        MM     MM       MM
  SINCE JUL 1     MM                        MM     MM       MM
  SNOW DEPTH      MM

DEGREE DAYS
 HEATING
  YESTERDAY        0                         8     -8        0
  MONTH TO DATE  394                       293    101      168
  SINCE MAR 1   1767                      1864    -97     1859
  SINCE JUL 1   6052                      6987   -935     7294

 COOLING
  YESTERDAY        5                         1      4        8
  MONTH TO DATE    6                         9     -3       45
  SINCE MAR 1      6                        13     -7       45
  SINCE JAN 1      6                        13     -7       45
..................................................................


WIND (MPH)
  HIGHEST WIND SPEED    17   HIGHEST WIND DIRECTION    SW (210)
  HIGHEST GUST SPEED    21   HIGHEST GUST DIRECTION     S (200)
  AVERAGE WIND SPEED     6.2


SKY COVER
  POSSIBLE SUNSHINE  MM
  AVERAGE SKY COVER 0.4


WEATHER CONDITIONS
 THE FOLLOWING WEATHER WAS RECORDED YESTERDAY.
  LIGHT RAIN
  FOG


RELATIVE HUMIDITY (PERCENT)
 HIGHEST   100           500 AM
 LOWEST     54           300 PM
 AVERAGE    77

..........................................................


THE MOUNT POCONO PA CLIMATE NORMALS FOR TODAY
                         NORMAL    RECORD    YEAR
 MAXIMUM TEMPERATURE (F)   68        86      2012
 MINIMUM TEMPERATURE (F)   49        30      1983


SUNRISE AND SUNSET
MAY 28 2016...........SUNRISE   533 AM EDT   SUNSET   825 PM EDT
MAY 29 2016...........SUNRISE   533 AM EDT   SUNSET   826 PM EDT


-  INDICATES NEGATIVE NUMBERS.
R  INDICATES RECORD WAS SET OR TIED.
MM INDICATES DATA IS MISSING.
T  INDICATES TRACE AMOUNT.




$$
