000
CDUS41 KBTV 240537
CLIMPV


CLIMATE REPORT
NATIONAL WEATHER SERVICE BURLINGTON VT
1234 AM EST FRI NOV 24 2017


...................................

...THE MONTPELIER VT CLIMATE SUMMARY FOR NOVEMBER 23 2017...

CLIMATE NORMAL PERIOD 1981 TO 2010
CLIMATE RECORD PERIOD 1948 TO 2017


WEATHER ITEM   OBSERVED TIME   RECORD YEAR NORMAL DEPARTURE LAST
                VALUE   (LST)  VALUE       VALUE  FROM      YEAR
                                                  NORMAL
..................................................................
TEMPERATURE (F)
 YESTERDAY
  MAXIMUM         31   1143 PM  62    1953  41    -10       29
  MINIMUM         17    652 AM  -1    1972  25     -8       25
  AVERAGE         24                        32     -8       27

PRECIPITATION (IN)
  YESTERDAY        T             1.08        0.10  -0.10      T
  MONTH TO DATE    1.82                      2.45  -0.63     1.85
  SINCE SEP 1      9.15                      9.01   0.14     6.65
  SINCE JAN 1     40.77                     33.81   6.96    31.21

DEGREE DAYS
 HEATING
  YESTERDAY       41                        32      9       38
  MONTH TO DATE  730                       650     80      605
  SINCE SEP 1   1239                      1498   -259     1306
  SINCE JUL 1   1385                      1606   -221     1360

 COOLING
  YESTERDAY        0                         0      0        0
  MONTH TO DATE    0                         0      0        0
  SINCE SEP 1     47                        20     27       28
  SINCE JAN 1    243                       264    -21      300
..................................................................


WIND (MPH)
  HIGHEST WIND SPEED    21   HIGHEST WIND DIRECTION    NW (310)
  HIGHEST GUST SPEED    31   HIGHEST GUST DIRECTION     N (340)
  AVERAGE WIND SPEED     5.9


SKY COVER
  AVERAGE SKY COVER 0.6


WEATHER CONDITIONS
 THE FOLLOWING WEATHER WAS RECORDED YESTERDAY.
  NO SIGNIFICANT WEATHER WAS OBSERVED.


RELATIVE HUMIDITY (PERCENT)
 HIGHEST    81           200 AM
 LOWEST     57          1200 PM
 AVERAGE    69

..........................................................


THE MONTPELIER VT CLIMATE NORMALS FOR TODAY
                         NORMAL    RECORD    YEAR
 MAXIMUM TEMPERATURE (F)   40        64      2014
 MINIMUM TEMPERATURE (F)   24        -4      1989


SUNRISE AND SUNSET
NOVEMBER 24 2017......SUNRISE   658 AM EST   SUNSET   416 PM EST
NOVEMBER 25 2017......SUNRISE   659 AM EST   SUNSET   416 PM EST


-  INDICATES NEGATIVE NUMBERS.
R  INDICATES RECORD WAS SET OR TIED.
MM INDICATES DATA IS MISSING.
T  INDICATES TRACE AMOUNT.




$$
