766
CDUS41 KBTV 270534
CLIMPV


CLIMATE REPORT
NATIONAL WEATHER SERVICE BURLINGTON VT
132 AM EDT WED JUL 27 2016


...................................

...THE MONTPELIER VT CLIMATE SUMMARY FOR JULY 26 2016...

CLIMATE NORMAL PERIOD 1981 TO 2010
CLIMATE RECORD PERIOD 1948 TO 2016


WEATHER ITEM   OBSERVED TIME   RECORD YEAR NORMAL DEPARTURE LAST
                VALUE   (LST)  VALUE       VALUE  FROM      YEAR
                                                  NORMAL
..................................................................
TEMPERATURE (F)
 YESTERDAY
  MAXIMUM         78    311 PM  90    1989  79     -1       79
  MINIMUM         60   1159 PM  44    1976  56      4       62
  AVERAGE         69                        67      2       71

PRECIPITATION (IN)
  YESTERDAY        T             1.02        0.14  -0.14     0.06
  MONTH TO DATE    4.04                      3.34   0.70     3.38
  SINCE JUN 1      6.72                      7.14  -0.42    12.43
  SINCE JAN 1     19.00                     20.05  -1.05    23.13

DEGREE DAYS
 HEATING
  YESTERDAY        0                         1     -1        0
  MONTH TO DATE   29                        32     -3       51
  SINCE JUN 1    161                       153      8      213
  SINCE JUL 1     29                        32     -3       51

 COOLING
  YESTERDAY        4                         3      1        6
  MONTH TO DATE   86                        82      4       64
  SINCE JUN 1    118                       135    -17       76
  SINCE JAN 1    147                       145      2      110
..................................................................


WIND (MPH)
  HIGHEST WIND SPEED    17   HIGHEST WIND DIRECTION    NW (310)
  HIGHEST GUST SPEED    24   HIGHEST GUST DIRECTION    NW (310)
  AVERAGE WIND SPEED     6.5


SKY COVER
  AVERAGE SKY COVER 0.3


WEATHER CONDITIONS
 THE FOLLOWING WEATHER WAS RECORDED YESTERDAY.
  LIGHT RAIN


RELATIVE HUMIDITY (PERCENT)
 HIGHEST    97          1100 PM
 LOWEST     58           500 PM
 AVERAGE    78

..........................................................


THE MONTPELIER VT CLIMATE NORMALS FOR TODAY
                         NORMAL    RECORD    YEAR
 MAXIMUM TEMPERATURE (F)   78        92      1949
 MINIMUM TEMPERATURE (F)   56        40      2001


SUNRISE AND SUNSET
JULY 27 2016..........SUNRISE   533 AM EDT   SUNSET   820 PM EDT
JULY 28 2016..........SUNRISE   534 AM EDT   SUNSET   819 PM EDT


-  INDICATES NEGATIVE NUMBERS.
R  INDICATES RECORD WAS SET OR TIED.
MM INDICATES DATA IS MISSING.
T  INDICATES TRACE AMOUNT.




$$
