000
CDUS41 KBTV 260532
CLIMPV


CLIMATE REPORT
NATIONAL WEATHER SERVICE BURLINGTON VT
131 AM EDT TUE MAY 26 2015


...................................

...THE MONTPELIER VT CLIMATE SUMMARY FOR MAY 25 2015...

CLIMATE NORMAL PERIOD 1981 TO 2010
CLIMATE RECORD PERIOD 1948 TO 2015


WEATHER ITEM   OBSERVED TIME   RECORD YEAR NORMAL DEPARTURE LAST
                VALUE   (LST)  VALUE       VALUE  FROM      YEAR
                                                  NORMAL
..................................................................
TEMPERATURE (F)
 YESTERDAY
  MAXIMUM         72   1019 AM  87    2007  68      4       74
  MINIMUM         53    533 AM  23    1956  45      8       46
  AVERAGE         63                        57      6       60

PRECIPITATION (IN)
  YESTERDAY        0.08          1.74        0.12  -0.04     0.01
  MONTH TO DATE    2.09                      2.67  -0.58     2.82
  SINCE MAR 1      4.99                      7.72  -2.73     7.97
  SINCE JAN 1      7.86                     12.21  -4.35    12.28

DEGREE DAYS
 HEATING
  YESTERDAY        2                         9     -7        5
  MONTH TO DATE  204                       308   -104      277
  SINCE MAR 1   2278                      2104    174     2456
  SINCE JUL 1   8616                      8012    604     8621

 COOLING
  YESTERDAY        0                         1     -1        0
  MONTH TO DATE    9                         1      8        1
  SINCE MAR 1      9                         2      7        1
  SINCE JAN 1      9                         2      7        1
..................................................................


WIND (MPH)
  HIGHEST WIND SPEED    13   HIGHEST WIND DIRECTION     S (180)
  HIGHEST GUST SPEED    21   HIGHEST GUST DIRECTION    SW (240)
  AVERAGE WIND SPEED     4.3


SKY COVER
  AVERAGE SKY COVER 0.5


WEATHER CONDITIONS
 THE FOLLOWING WEATHER WAS RECORDED YESTERDAY.
  LIGHT RAIN
  FOG


RELATIVE HUMIDITY (PERCENT)
 HIGHEST   100          1100 PM
 LOWEST     37          1200 AM
 AVERAGE    69

..........................................................


THE MONTPELIER VT CLIMATE NORMALS FOR TODAY
                         NORMAL    RECORD    YEAR
 MAXIMUM TEMPERATURE (F)   69        87      2010
 MINIMUM TEMPERATURE (F)   45        27      1956


SUNRISE AND SUNSET
MAY 26 2015...........SUNRISE   514 AM EDT   SUNSET   821 PM EDT
MAY 27 2015...........SUNRISE   513 AM EDT   SUNSET   822 PM EDT


-  INDICATES NEGATIVE NUMBERS.
R  INDICATES RECORD WAS SET OR TIED.
MM INDICATES DATA IS MISSING.
T  INDICATES TRACE AMOUNT.




$$
