000
CDUS41 KBTV 030614
CLIMPV


CLIMATE REPORT
NATIONAL WEATHER SERVICE BURLINGTON VT
213 AM EDT MON AUG 3 2015


...................................

...THE MONTPELIER VT CLIMATE SUMMARY FOR AUGUST 2 2015...

CLIMATE NORMAL PERIOD 1981 TO 2010
CLIMATE RECORD PERIOD 1948 TO 2015


WEATHER ITEM   OBSERVED TIME   RECORD YEAR NORMAL DEPARTURE LAST
                VALUE   (LST)  VALUE       VALUE  FROM      YEAR
                                                  NORMAL
..................................................................
TEMPERATURE (F)
 YESTERDAY
  MAXIMUM         78    232 PM  97    1975  78      0       80
  MINIMUM         52    506 AM  37    1953  56     -4       57
  AVERAGE         65                        67     -2       69

PRECIPITATION (IN)
  YESTERDAY        0.00          1.05        0.16  -0.16     0.00
  MONTH TO DATE    0.15                      0.32  -0.17     0.00
  SINCE JUN 1     13.57                      8.20   5.37     9.70
  SINCE JAN 1     24.27                     21.11   3.16    22.30

DEGREE DAYS
 HEATING
  YESTERDAY        0                         1     -1        0
  MONTH TO DATE    0                         2     -2        0
  SINCE JUN 1    213                       163     50      143
  SINCE JUL 1     51                        42      9       43

 COOLING
  YESTERDAY        0                         3     -3        4
  MONTH TO DATE    1                         6     -5        5
  SINCE JUN 1    112                       164    -52      136
  SINCE JAN 1    146                       174    -28      137
..................................................................


WIND (MPH)
  HIGHEST WIND SPEED    14   HIGHEST WIND DIRECTION     S (190)
  HIGHEST GUST SPEED    19   HIGHEST GUST DIRECTION     S (180)
  AVERAGE WIND SPEED     4.7


SKY COVER
  AVERAGE SKY COVER 0.2


WEATHER CONDITIONS
 THE FOLLOWING WEATHER WAS RECORDED YESTERDAY.
  NO SIGNIFICANT WEATHER WAS OBSERVED.


RELATIVE HUMIDITY (PERCENT)
 HIGHEST    96           500 AM
 LOWEST     38          1200 PM
 AVERAGE    67

..........................................................


THE MONTPELIER VT CLIMATE NORMALS FOR TODAY
                         NORMAL    RECORD    YEAR
 MAXIMUM TEMPERATURE (F)   78        93      1988
 MINIMUM TEMPERATURE (F)   55        36      1953


SUNRISE AND SUNSET
AUGUST  3 2015........SUNRISE   540 AM EDT   SUNSET   812 PM EDT
AUGUST  4 2015........SUNRISE   541 AM EDT   SUNSET   811 PM EDT


-  INDICATES NEGATIVE NUMBERS.
R  INDICATES RECORD WAS SET OR TIED.
MM INDICATES DATA IS MISSING.
T  INDICATES TRACE AMOUNT.




$$
