000
CDUS41 KBTV 221245
CLIMPV


CLIMATE REPORT
NATIONAL WEATHER SERVICE BURLINGTON VT
845 AM EDT WED OCT 22 2014


...................................

...THE MONTPELIER VT CLIMATE SUMMARY FOR OCTOBER 21 2014...

CLIMATE NORMAL PERIOD 1981 TO 2010
CLIMATE RECORD PERIOD 1948 TO 2014


WEATHER ITEM   OBSERVED TIME   RECORD YEAR NORMAL DEPARTURE LAST
                VALUE   (LST)  VALUE       VALUE  FROM      YEAR
                                                  NORMAL
..................................................................
TEMPERATURE (F)
 YESTERDAY
  MAXIMUM         46    356 PM  77    1979  54     -8       60
  MINIMUM         39    559 AM  15    1972  34      5       32
  AVERAGE         43                        44     -1       46

PRECIPITATION (IN)
  YESTERDAY        0.44          2.12        0.10   0.34     0.00
  MONTH TO DATE    3.25                      2.40   0.85     2.09
  SINCE SEP 1      4.80                      5.52  -0.72     6.41
  SINCE JAN 1     29.89                     30.32  -0.43    31.70

DEGREE DAYS
 HEATING
  YESTERDAY       22                        21      1       19
  MONTH TO DATE  286                       373    -87      270
  SINCE SEP 1    557                       620    -63      557
  SINCE JUL 1    670                       728    -58      650

 COOLING
  YESTERDAY        0                         0      0        0
  MONTH TO DATE    2                         0      2        0
  SINCE SEP 1     22                        19      3       29
  SINCE JAN 1    188                       263    -75      323
..................................................................


WIND (MPH)
  HIGHEST WIND SPEED     7   HIGHEST WIND DIRECTION     N (350)
  HIGHEST GUST SPEED     8   HIGHEST GUST DIRECTION     N (340)
  AVERAGE WIND SPEED     2.1


SKY COVER
  AVERAGE SKY COVER 1.0


WEATHER CONDITIONS
 THE FOLLOWING WEATHER WAS RECORDED YESTERDAY.
  RAIN
  LIGHT RAIN
  FOG


RELATIVE HUMIDITY (PERCENT)
 HIGHEST   100           400 AM
 LOWEST     86          1200 AM
 AVERAGE    93

..........................................................


THE MONTPELIER VT CLIMATE NORMALS FOR TODAY
                         NORMAL    RECORD    YEAR
 MAXIMUM TEMPERATURE (F)   54        80      2007
                                             1979
 MINIMUM TEMPERATURE (F)   33        15      1959


SUNRISE AND SUNSET
OCTOBER 22 2014.......SUNRISE   714 AM EDT   SUNSET   555 PM EDT
OCTOBER 23 2014.......SUNRISE   715 AM EDT   SUNSET   553 PM EDT


-  INDICATES NEGATIVE NUMBERS.
R  INDICATES RECORD WAS SET OR TIED.
MM INDICATES DATA IS MISSING.
T  INDICATES TRACE AMOUNT.




$$
