000
CDUS41 KBTV 290535
CLIMPV


CLIMATE REPORT
NATIONAL WEATHER SERVICE BURLINGTON VT
1233 AM EST MON DEC 29 2014


...................................

...THE MONTPELIER VT CLIMATE SUMMARY FOR DECEMBER 28 2014...

CLIMATE NORMAL PERIOD 1981 TO 2010
CLIMATE RECORD PERIOD 1948 TO 2014


WEATHER ITEM   OBSERVED TIME   RECORD YEAR NORMAL DEPARTURE LAST
                VALUE   (LST)  VALUE       VALUE  FROM      YEAR
                                                  NORMAL
..................................................................
TEMPERATURE (F)
 YESTERDAY
  MAXIMUM         46    309 AM  63    1982  28     18       37
  MINIMUM         29   1143 PM -19    1960  10     19       16
  AVERAGE         38                        19     19       27

PRECIPITATION (IN)
  YESTERDAY        0.05          0.91        0.07  -0.02     0.00
  MONTH TO DATE    3.57                      2.52   1.05     1.61
  SINCE DEC 1      3.57                      2.52   1.05     1.61
  SINCE JAN 1     36.36                     37.05  -0.69    36.70

DEGREE DAYS
 HEATING
  YESTERDAY       27                        46    -19       38
  MONTH TO DATE 1048                      1161   -113     1216
  SINCE DEC 1   1048                      1161   -113     1216
  SINCE JUL 1   2866                      3007   -141     3120

 COOLING
  YESTERDAY        0                         0      0        0
  MONTH TO DATE    0                         0      0        0
  SINCE DEC 1      0                         0      0        0
  SINCE JAN 1    188                       264    -76      323
..................................................................


WIND (MPH)
  HIGHEST WIND SPEED    21   HIGHEST WIND DIRECTION    NW (300)
  HIGHEST GUST SPEED    27   HIGHEST GUST DIRECTION    NW (300)
  AVERAGE WIND SPEED    10.2


SKY COVER
  AVERAGE SKY COVER 0.7


WEATHER CONDITIONS
 THE FOLLOWING WEATHER WAS RECORDED YESTERDAY.
  LIGHT RAIN
  LIGHT SNOW


RELATIVE HUMIDITY (PERCENT)
 HIGHEST    85          1100 AM
 LOWEST     56           900 PM
 AVERAGE    71

..........................................................


THE MONTPELIER VT CLIMATE NORMALS FOR TODAY
                         NORMAL    RECORD    YEAR
 MAXIMUM TEMPERATURE (F)   28        61      1982
 MINIMUM TEMPERATURE (F)    9       -15      1993


SUNRISE AND SUNSET
DECEMBER 29 2014......SUNRISE   725 AM EST   SUNSET   419 PM EST
DECEMBER 30 2014......SUNRISE   725 AM EST   SUNSET   420 PM EST


-  INDICATES NEGATIVE NUMBERS.
R  INDICATES RECORD WAS SET OR TIED.
MM INDICATES DATA IS MISSING.
T  INDICATES TRACE AMOUNT.




$$
