000
CDUS41 KBTV 130552
CLIMPV


CLIMATE REPORT
NATIONAL WEATHER SERVICE BURLINGTON VT
1249 AM EST SAT FEB 13 2016


...................................

...THE MONTPELIER VT CLIMATE SUMMARY FOR FEBRUARY 12 2016...

CLIMATE NORMAL PERIOD 1981 TO 2010
CLIMATE RECORD PERIOD 1948 TO 2016


WEATHER ITEM   OBSERVED TIME   RECORD YEAR NORMAL DEPARTURE LAST
                VALUE   (LST)  VALUE       VALUE  FROM      YEAR
                                                  NORMAL
..................................................................
TEMPERATURE (F)
 YESTERDAY
  MAXIMUM         19    317 PM  50    1999  30    -11       24
  MINIMUM         -8    712 AM -25    1979   9    -17        2
  AVERAGE          6                        19    -13       13

PRECIPITATION (IN)
  YESTERDAY        T             0.66        0.07  -0.07      T
  MONTH TO DATE    0.36                      0.91  -0.55     0.83
  SINCE DEC 1      5.31                      6.10  -0.79     6.18
  SINCE JAN 1      1.62                      3.36  -1.74     2.61

DEGREE DAYS
 HEATING
  YESTERDAY       59                        46     13       52
  MONTH TO DATE  481                       562    -81      681
  SINCE DEC 1   2785                      3361   -576     3531
  SINCE JUL 1   4428                      5207   -779     5349

 COOLING
  YESTERDAY        0                         0      0        0
  MONTH TO DATE    0                         0      0        0
  SINCE DEC 1      0                         0      0        0
  SINCE JAN 1      0                         0      0        0
..................................................................


WIND (MPH)
  HIGHEST WIND SPEED    18   HIGHEST WIND DIRECTION    NW (300)
  HIGHEST GUST SPEED    24   HIGHEST GUST DIRECTION     W (270)
  AVERAGE WIND SPEED     7.0


SKY COVER
  AVERAGE SKY COVER 0.4


WEATHER CONDITIONS
 THE FOLLOWING WEATHER WAS RECORDED YESTERDAY.
  LIGHT SNOW
  HAZE


RELATIVE HUMIDITY (PERCENT)
 HIGHEST    83           700 AM
 LOWEST     47           200 PM
 AVERAGE    65

..........................................................


THE MONTPELIER VT CLIMATE NORMALS FOR TODAY
                         NORMAL    RECORD    YEAR
 MAXIMUM TEMPERATURE (F)   30        53      1984
 MINIMUM TEMPERATURE (F)    9       -29      1967


SUNRISE AND SUNSET
FEBRUARY 13 2016......SUNRISE   653 AM EST   SUNSET   516 PM EST
FEBRUARY 14 2016......SUNRISE   652 AM EST   SUNSET   518 PM EST


-  INDICATES NEGATIVE NUMBERS.
R  INDICATES RECORD WAS SET OR TIED.
MM INDICATES DATA IS MISSING.
T  INDICATES TRACE AMOUNT.




$$
