000
CDUS41 KBTV 110553
CLIMPV


CLIMATE REPORT
NATIONAL WEATHER SERVICE BURLINGTON VT
1251 AM EST SUN DEC 11 2016


...................................

...THE MONTPELIER VT CLIMATE SUMMARY FOR DECEMBER 10 2016...

CLIMATE NORMAL PERIOD 1981 TO 2010
CLIMATE RECORD PERIOD 1948 TO 2016


WEATHER ITEM   OBSERVED TIME   RECORD YEAR NORMAL DEPARTURE LAST
                VALUE   (LST)  VALUE       VALUE  FROM      YEAR
                                                  NORMAL
..................................................................
TEMPERATURE (F)
 YESTERDAY
  MAXIMUM         18    325 PM  55    2008  33    -15       51
                                      1966
  MINIMUM          5   1159 PM -14    1949  17    -12       38
  AVERAGE         12                        25    -13       45

PRECIPITATION (IN)
  YESTERDAY        T             0.93        0.10  -0.10     0.01
  MONTH TO DATE    0.75                      1.00  -0.25     0.85
  SINCE DEC 1      0.75                      1.00  -0.25     0.85
  SINCE JAN 1     32.66                     35.53  -2.87    35.75

DEGREE DAYS
 HEATING
  YESTERDAY       53                        40     13       20
  MONTH TO DATE  373                       379     -6      318
  SINCE DEC 1    373                       379     -6      318
  SINCE JUL 1   1962                      2225   -263     1961

 COOLING
  YESTERDAY        0                         0      0        0
  MONTH TO DATE    0                         0      0        0
  SINCE DEC 1      0                         0      0        0
  SINCE JAN 1    300                       264     36      290
..................................................................


WIND (MPH)
  HIGHEST WIND SPEED    14   HIGHEST WIND DIRECTION    NW (300)
  HIGHEST GUST SPEED    20   HIGHEST GUST DIRECTION     N (350)
  AVERAGE WIND SPEED     5.7


SKY COVER
  AVERAGE SKY COVER 0.9


WEATHER CONDITIONS
 THE FOLLOWING WEATHER WAS RECORDED YESTERDAY.
  LIGHT SNOW
  FOG


RELATIVE HUMIDITY (PERCENT)
 HIGHEST    91           800 PM
 LOWEST     61           800 AM
 AVERAGE    76

..........................................................


THE MONTPELIER VT CLIMATE NORMALS FOR TODAY
                         NORMAL    RECORD    YEAR
 MAXIMUM TEMPERATURE (F)   33        58      1966
 MINIMUM TEMPERATURE (F)   16       -20      1958


SUNRISE AND SUNSET
DECEMBER 11 2016......SUNRISE   716 AM EST   SUNSET   412 PM EST
DECEMBER 12 2016......SUNRISE   717 AM EST   SUNSET   412 PM EST


-  INDICATES NEGATIVE NUMBERS.
R  INDICATES RECORD WAS SET OR TIED.
MM INDICATES DATA IS MISSING.
T  INDICATES TRACE AMOUNT.




$$
