000
CDUS43 KMPX 290627
CLIMPX


CLIMATE REPORT
NATIONAL WEATHER SERVICE CHANHASSEN MN
126 AM CDT SAT APR 29 2017


...................................

...THE CHANHASSEN MN CLIMATE SUMMARY FOR APRIL 28 2017...

CLIMATE NORMAL PERIOD 1981 TO 2010
CLIMATE RECORD PERIOD 1995 TO 2017


WEATHER ITEM   OBSERVED TIME   RECORD YEAR NORMAL DEPARTURE LAST
                VALUE   (LST)  VALUE       VALUE  FROM      YEAR
                                                  NORMAL
..................................................................
TEMPERATURE (F)
 YESTERDAY
  MAXIMUM         50        MM  MM      MM  63    -13       42
  MINIMUM         34        MM  MM      MM  41     -7       35
  AVERAGE         42                        52    -10       39

PRECIPITATION (IN)
  YESTERDAY        0.00         MM      MM   0.12  -0.12     0.81
  MONTH TO DATE    4.17                      2.76   1.41     3.31
  SINCE MAR 1      4.91                      4.54   0.37     4.73
  SINCE JAN 1      6.51                      6.35   0.16     6.22

SNOWFALL (IN)
  YESTERDAY        0.0          MM      MM   0.0    0.0       T
  MONTH TO DATE    0.6                       3.3   -2.7      0.5
  SINCE MAR 1      6.1                      14.1   -8.0      5.6
  SINCE JUL 1     38.5                      53.8  -15.3     35.5
  SNOW DEPTH       0

DEGREE DAYS
 HEATING
  YESTERDAY       23                        13     10       26
  MONTH TO DATE  458                       535    -77      512
  SINCE MAR 1   1472                      1581   -109     1305
  SINCE JUL 1   6541                      7596  -1055     6520

 COOLING
  YESTERDAY        0                         0      0        0
  MONTH TO DATE    0                         0      0        7
  SINCE MAR 1      0                         0      0        7
  SINCE JAN 1      0                         0      0        7
..................................................................


WIND (MPH)
  HIGHEST WIND SPEED    MM   HIGHEST WIND DIRECTION    MM
  HIGHEST GUST SPEED    MM   HIGHEST GUST DIRECTION    MM
  AVERAGE WIND SPEED    MM


SKY COVER
  POSSIBLE SUNSHINE  MM
  AVERAGE SKY COVER  MM


WEATHER CONDITIONS
 THE FOLLOWING WEATHER WAS RECORDED YESTERDAY.
  NO SIGNIFICANT WEATHER WAS OBSERVED.


RELATIVE HUMIDITY (PERCENT)
 HIGHEST    MM
 LOWEST     MM
 AVERAGE    MM

..........................................................


THE CHANHASSEN MN CLIMATE NORMALS FOR TODAY
                         NORMAL    RECORD    YEAR
 MAXIMUM TEMPERATURE (F)   64        MM        MM
 MINIMUM TEMPERATURE (F)   42        MM        MM


SUNRISE AND SUNSET
APRIL 29 2017.........SUNRISE   606 AM CDT   SUNSET   817 PM CDT
APRIL 30 2017.........SUNRISE   605 AM CDT   SUNSET   819 PM CDT


-  INDICATES NEGATIVE NUMBERS.
R  INDICATES RECORD WAS SET OR TIED.
MM INDICATES DATA IS MISSING.
T  INDICATES TRACE AMOUNT.




$$
