000
CDUS43 KMPX 250027
CLIMPX


CLIMATE REPORT
NATIONAL WEATHER SERVICE CHANHASSEN MN
727 PM CDT THU JUL 24 2014


...................................

...THE CHANHASSEN MN CLIMATE SUMMARY FOR JULY 24 2014...
VALID TODAY AS OF 0700 PM LOCAL TIME.

CLIMATE NORMAL PERIOD 1981 TO 2010
CLIMATE RECORD PERIOD 1995 TO 2014


WEATHER ITEM   OBSERVED NORMAL DEPARTURE LAST
                VALUE   VALUE  FROM      YEAR
                               NORMAL
...............................................
TEMPERATURE (F)
 TODAY
  MAXIMUM         79     82     -3       76
  MINIMUM         56     62     -6       59
  AVERAGE         68     72     -4       68

PRECIPITATION (IN)
  TODAY            T      0.11  -0.11     0.01
  MONTH TO DATE    2.81   2.78   0.03     4.54
  SINCE JUN 1     13.23   6.80   6.43    10.82
  SINCE JAN 1     29.13  17.05  12.08    26.32

SNOWFALL (IN)
  TODAY            0.0    0.0    0.0      0.0
  MONTH TO DATE    0.0    0.0    0.0      0.0
  SINCE JUN 1      0.0    0.0    0.0      0.0
  SINCE JUL 1      0.0    0.0    0.0      0.0
  SNOW DEPTH       0

DEGREE DAYS
 HEATING
  TODAY            0      0      0        0
  MONTH TO DATE   13      0     13        0
  SINCE JUN 1     46     49     -3       62
  SINCE JUL 1     13      0     13        0

 COOLING
  TODAY            3      7     -4        3
  MONTH TO DATE  106    172    -66      230
  SINCE JUN 1    218    299    -81      342
  SINCE JAN 1    255    332    -77      365
...............................................







THE CHANHASSEN MN CLIMATE NORMALS FOR TOMORROW
                         NORMAL
 MAXIMUM TEMPERATURE (F)   82
 MINIMUM TEMPERATURE (F)   62



-  INDICATES NEGATIVE NUMBERS.
R  INDICATES RECORD WAS SET OR TIED.
MM INDICATES DATA IS MISSING.
T  INDICATES TRACE AMOUNT.




$$
