882
CDUS43 KMPX 180627
CLIMPX


CLIMATE REPORT
NATIONAL WEATHER SERVICE CHANHASSEN MN
1226 AM CST SUN FEB 18 2018


...................................

...THE CHANHASSEN MN CLIMATE SUMMARY FOR FEBRUARY 17 2018...

CLIMATE NORMAL PERIOD 1981 TO 2010
CLIMATE RECORD PERIOD 1995 TO 2018


WEATHER ITEM   OBSERVED TIME   RECORD YEAR NORMAL DEPARTURE LAST
                VALUE   (LST)  VALUE       VALUE  FROM      YEAR
                                                  NORMAL
..................................................................
TEMPERATURE (F)
 YESTERDAY
  MAXIMUM         35        MM  62    2017  28      7       62
  MINIMUM         14        MM -15    2006  11      3       27
  AVERAGE         25                        20      5       45

PRECIPITATION (IN)
  YESTERDAY        0.01R         T    2005   0.04  -0.03     0.00
                                      2005
                                      2015
  MONTH TO DATE    0.20                      0.53  -0.33     0.04
  SINCE DEC 1      2.27                      2.65  -0.38     3.17
  SINCE JAN 1      1.62                      1.40   0.22     0.92

SNOWFALL (IN)
  YESTERDAY        0.1 R         T    2015   0.3   -0.2      0.0
                                      2008
                                      2007
  MONTH TO DATE    3.4                       5.9   -2.5       T
  SINCE DEC 1     28.9                      30.1   -1.2     27.3
  SINCE JUL 1     30.7                      35.9   -5.2     32.4
  SNOW DEPTH       4

DEGREE DAYS
 HEATING
  YESTERDAY       40                        45     -5       20
  MONTH TO DATE  965                       809    156      678
  SINCE DEC 1   4005                      3833    172     3533
  SINCE JUL 1   5618                      5540     78     4756

 COOLING
  YESTERDAY        0                         0      0        0
  MONTH TO DATE    0                         0      0        0
  SINCE DEC 1      0                         0      0        0
  SINCE JAN 1      0                         0      0        0
..................................................................


WIND (MPH)
  HIGHEST WIND SPEED    MM   HIGHEST WIND DIRECTION    MM
  HIGHEST GUST SPEED    MM   HIGHEST GUST DIRECTION    MM
  AVERAGE WIND SPEED    MM


SKY COVER
  POSSIBLE SUNSHINE  MM
  AVERAGE SKY COVER  MM


WEATHER CONDITIONS
 THE FOLLOWING WEATHER WAS RECORDED YESTERDAY.
  NO SIGNIFICANT WEATHER WAS OBSERVED.


RELATIVE HUMIDITY (PERCENT)
 HIGHEST    MM
 LOWEST     MM
 AVERAGE    MM

..........................................................


THE CHANHASSEN MN CLIMATE NORMALS FOR TODAY
                         NORMAL    RECORD    YEAR
 MAXIMUM TEMPERATURE (F)   29        57      2017
 MINIMUM TEMPERATURE (F)   11       -15      2006


SUNRISE AND SUNSET
FEBRUARY 18 2018......SUNRISE   710 AM CST   SUNSET   547 PM CST
FEBRUARY 19 2018......SUNRISE   709 AM CST   SUNSET   548 PM CST


-  INDICATES NEGATIVE NUMBERS.
R  INDICATES RECORD WAS SET OR TIED.
MM INDICATES DATA IS MISSING.
T  INDICATES TRACE AMOUNT.




$$
