000
CDUS43 KMPX 160630
CLIMPX


CLIMATE REPORT
NATIONAL WEATHER SERVICE CHANHASSEN MN
125 AM CDT TUE SEP 16 2014


...................................

...THE CHANHASSEN MN CLIMATE SUMMARY FOR SEPTEMBER 15 2014...

CLIMATE NORMAL PERIOD 1981 TO 2010
CLIMATE RECORD PERIOD 1995 TO 2014


WEATHER ITEM   OBSERVED NORMAL DEPARTURE LAST
                VALUE   VALUE  FROM      YEAR
                               NORMAL
...............................................
TEMPERATURE (F)
 YESTERDAY
  MAXIMUM         60     71    -11       65
  MINIMUM         40     51    -11       45
  AVERAGE         50     61    -11       55

PRECIPITATION (IN)
  YESTERDAY        0.12   0.12   0.00     0.43
  MONTH TO DATE    0.61   1.84  -1.23     0.99
  SINCE SEP 1      0.61   1.84  -1.23     0.99
  SINCE JAN 1     33.12  23.84   9.28    29.20

SNOWFALL (IN)
  YESTERDAY        0.0    0.0    0.0      0.0
  MONTH TO DATE    0.0    0.0    0.0      0.0
  SINCE SEP 1      0.0    0.0    0.0      0.0
  SINCE JUL 1      0.0    0.0    0.0      0.0
  SNOW DEPTH       0

DEGREE DAYS
 HEATING
  YESTERDAY       15      5     10       10
  MONTH TO DATE   99     51     48       38
  SINCE SEP 1     99     51     48       38
  SINCE JUL 1    115     74     41       59

 COOLING
  YESTERDAY        0      1     -1        0
  MONTH TO DATE   19     36    -17       68
  SINCE SEP 1     19     36    -17       68
  SINCE JAN 1    498    589    -91      647
...............................................







THE CHANHASSEN MN CLIMATE NORMALS FOR TODAY
                         NORMAL
 MAXIMUM TEMPERATURE (F)   71
 MINIMUM TEMPERATURE (F)   51



-  INDICATES NEGATIVE NUMBERS.
R  INDICATES RECORD WAS SET OR TIED.
MM INDICATES DATA IS MISSING.
T  INDICATES TRACE AMOUNT.




$$
