000
CDUS43 KMPX 220738
CLIMPX


CLIMATE REPORT
NATIONAL WEATHER SERVICE CHANHASSEN MN
237 AM CDT WED OCT 22 2014


...................................

...THE CHANHASSEN MN CLIMATE SUMMARY FOR OCTOBER 21 2014...

CLIMATE NORMAL PERIOD 1981 TO 2010
CLIMATE RECORD PERIOD 1995 TO 2014


WEATHER ITEM   OBSERVED NORMAL DEPARTURE LAST
                VALUE   VALUE  FROM      YEAR
                               NORMAL
...............................................
TEMPERATURE (F)
 YESTERDAY
  MAXIMUM         58     56      2       38
  MINIMUM         36     36      0       26
  AVERAGE         47     46      1       32

PRECIPITATION (IN)
  YESTERDAY        0.00   0.06  -0.06      T
  MONTH TO DATE    1.03   1.87  -0.84     3.40
  SINCE SEP 1      2.18   5.30  -3.12     4.97
  SINCE JAN 1     34.69  27.30   7.39    33.18

SNOWFALL (IN)
  YESTERDAY        0.0    0.0    0.0       T
  MONTH TO DATE    T      0.2   -0.2       T
  SINCE SEP 1      T      0.2   -0.2       T
  SINCE JUL 1      T      0.2   -0.2       T
  SNOW DEPTH       0

DEGREE DAYS
 HEATING
  YESTERDAY       18     19     -1       33
  MONTH TO DATE  350    322     28      308
  SINCE SEP 1    517    498     19      415
  SINCE JUL 1    533    521     12      436

 COOLING
  YESTERDAY        0      0      0        0
  MONTH TO DATE    0      0      0        0
  SINCE SEP 1     35     47    -12       88
  SINCE JAN 1    514    600    -86      667
...............................................







THE CHANHASSEN MN CLIMATE NORMALS FOR TODAY
                         NORMAL
 MAXIMUM TEMPERATURE (F)   55
 MINIMUM TEMPERATURE (F)   36



-  INDICATES NEGATIVE NUMBERS.
R  INDICATES RECORD WAS SET OR TIED.
MM INDICATES DATA IS MISSING.
T  INDICATES TRACE AMOUNT.




$$
