000
CDUS41 KLWX 310528
CLIMRB


CLIMATE REPORT
NATIONAL WEATHER SERVICE BALTIMORE MD/WASHINGTON DC
1226 AM EST SAT JAN 31 2015


...................................

...THE MARTINSBURG WV CLIMATE SUMMARY FOR JANUARY 30 2015...

CLIMATE NORMAL PERIOD 1981 TO 2010
CLIMATE RECORD PERIOD 1926 TO 2015


WEATHER ITEM   OBSERVED TIME   RECORD YEAR NORMAL DEPARTURE LAST
                VALUE   (LST)  VALUE       VALUE  FROM      YEAR
                                                  NORMAL
..................................................................
TEMPERATURE (F)
 YESTERDAY
  MAXIMUM         40    317 AM  70    2013  40      0       30
                                      1947
  MINIMUM         18   1159 PM  -2    2014  23     -5       -2
  AVERAGE         29                        31     -2       14

PRECIPITATION (IN)
  YESTERDAY        0.01          1.49 2013   0.08  -0.07     0.00
  MONTH TO DATE    2.06                      2.35  -0.29     1.04
  SINCE DEC 1      4.83                      5.06  -0.23     5.94
  SINCE JAN 1      2.06                      2.35  -0.29     1.04

DEGREE DAYS
 HEATING
  YESTERDAY       36                        34      2       51
  MONTH TO DATE 1030                      1020     10     1187
  SINCE DEC 1   1840                      1976   -136     2044
  SINCE JUL 1   2799                      3046   -247     3135

 COOLING
  YESTERDAY        0                         0      0        0
  MONTH TO DATE    0                         0      0        0
  SINCE DEC 1      0                         0      0        0
  SINCE JAN 1      0                         0      0        0
..................................................................


WIND (MPH)
  HIGHEST WIND SPEED    32   HIGHEST WIND DIRECTION    NW (300)
  HIGHEST GUST SPEED    46   HIGHEST GUST DIRECTION     W (280)
  AVERAGE WIND SPEED    16.7


SKY COVER
  POSSIBLE SUNSHINE  MM
  AVERAGE SKY COVER 0.7


WEATHER CONDITIONS
 THE FOLLOWING WEATHER WAS RECORDED YESTERDAY.
  SNOW
  LIGHT SNOW
  HAZE


RELATIVE HUMIDITY (PERCENT)
 HIGHEST    75          1200 AM
 LOWEST     38          1200 PM
 AVERAGE    57

..........................................................


THE MARTINSBURG WV CLIMATE NORMALS FOR TODAY
                         NORMAL    RECORD    YEAR
 MAXIMUM TEMPERATURE (F)   40        70      1974
 MINIMUM TEMPERATURE (F)   23        -5      1948


SUNRISE AND SUNSET
JANUARY 31 2015.......SUNRISE   720 AM EST   SUNSET   531 PM EST
FEBRUARY  1 2015......SUNRISE   719 AM EST   SUNSET   532 PM EST


-  INDICATES NEGATIVE NUMBERS.
R  INDICATES RECORD WAS SET OR TIED.
MM INDICATES DATA IS MISSING.
T  INDICATES TRACE AMOUNT.




$$
