000
CDUS41 KLWX 262135
CLIMRB


CLIMATE REPORT
NATIONAL WEATHER SERVICE BALTIMORE MD/WASHINGTON DC
534 PM EDT WED JUL 26 2017


...................................

...THE MARTINSBURG WV CLIMATE SUMMARY FOR JULY 26 2017...
VALID TODAY AS OF 0500 PM LOCAL TIME.

CLIMATE NORMAL PERIOD 1981 TO 2010
CLIMATE RECORD PERIOD 1926 TO 2017


WEATHER ITEM   OBSERVED TIME   RECORD YEAR NORMAL DEPARTURE LAST
                VALUE   (LST)  VALUE       VALUE  FROM      YEAR
                                                  NORMAL
..................................................................
TEMPERATURE (F)
 TODAY
  MAXIMUM         82    348 PM 107    1934  86     -4       93
  MINIMUM         56    453 AM  52    1976  64     -8       71
  AVERAGE         69                        75     -6       82

PRECIPITATION (IN)
  TODAY            0.00          1.60 1936   0.13  -0.13     0.00
  MONTH TO DATE    4.14                      3.06   1.08     0.84
  SINCE JUN 1      5.25                      6.82  -1.57     2.94
  SINCE JAN 1     22.47                     22.55  -0.08    14.53

DEGREE DAYS
 HEATING
  TODAY            0                         0      0        0
  MONTH TO DATE    0                         0      0        0
  SINCE JUN 1     10                        24    -14        5
  SINCE JUL 1      0                         0      0        0

 COOLING
  TODAY            4                        10     -6       17
  MONTH TO DATE  322                       256     66      330
  SINCE JUN 1    551                       439    112      546
  SINCE JAN 1    658                       496    162      619
..................................................................


WIND (MPH)
  HIGHEST WIND SPEED     9   HIGHEST WIND DIRECTION    SE (140)
  HIGHEST GUST SPEED    13   HIGHEST GUST DIRECTION    SE (140)
  AVERAGE WIND SPEED     2.7


SKY COVER
  POSSIBLE SUNSHINE  MM
  AVERAGE SKY COVER 0.3


WEATHER CONDITIONS
 THE FOLLOWING WEATHER WAS RECORDED TODAY.
  FOG


RELATIVE HUMIDITY (PERCENT)
 HIGHEST   100           500 AM
 LOWEST     51           400 PM
 AVERAGE    76

..........................................................


THE MARTINSBURG WV CLIMATE NORMALS FOR TOMORROW
                         NORMAL    RECORD    YEAR
 MAXIMUM TEMPERATURE (F)   86       105      1930
 MINIMUM TEMPERATURE (F)   64        49      1962


SUNRISE AND SUNSET
JULY 26 2017..........SUNRISE   607 AM EDT   SUNSET   830 PM EDT
JULY 27 2017..........SUNRISE   607 AM EDT   SUNSET   829 PM EDT


-  INDICATES NEGATIVE NUMBERS.
R  INDICATES RECORD WAS SET OR TIED.
MM INDICATES DATA IS MISSING.
T  INDICATES TRACE AMOUNT.




$$
