000
CDUS44 KHUN 290709
CLIMSL


CLIMATE REPORT
NATIONAL WEATHER SERVICE HUNTSVILLE AL
208 AM CDT SUN MAY 29 2016


...................................

...THE MUSCLE SHOALS CLIMATE SUMMARY FOR MAY 28 2016...

CLIMATE NORMAL PERIOD 1981 TO 2010
CLIMATE RECORD PERIOD 1893 TO 2016


WEATHER ITEM   OBSERVED TIME   RECORD YEAR NORMAL DEPARTURE LAST
                VALUE   (LST)  VALUE       VALUE  FROM      YEAR
                                                  NORMAL
..................................................................
TEMPERATURE (F)
 YESTERDAY
  MAXIMUM         88   1232 PM  97    1962  84      4       83
  MINIMUM         67   1037 PM  39    1961  62      5       65
  AVERAGE         78                        73      5       74

PRECIPITATION (IN)
  YESTERDAY        0.00          2.53 1893   0.17  -0.17      T
  MONTH TO DATE    1.16                      4.61  -3.45     4.18
  SINCE MAR 1      9.35                     13.72  -4.37    15.78
  SINCE JAN 1     16.48                     22.99  -6.51    23.06

SNOWFALL (IN)
  YESTERDAY        0.0
  MONTH TO DATE    0.0
  SINCE MAR 1      0.0
  SINCE JUL 1      T
  SNOW DEPTH       0

DEGREE DAYS
 HEATING
  YESTERDAY        0                         0      0        0
  MONTH TO DATE   26                        29     -3       19
  SINCE MAR 1    359                       567   -208      462
  SINCE JUL 1   2360                      3102   -742     3233

 COOLING
  YESTERDAY       13                         8      5        9
  MONTH TO DATE  142                       154    -12      167
  SINCE MAR 1    226                       218      8      223
  SINCE JAN 1    226                       219      7      223
..................................................................


WIND (MPH)
  HIGHEST WIND SPEED    18   HIGHEST WIND DIRECTION     S (170)
  HIGHEST GUST SPEED    23   HIGHEST GUST DIRECTION     S (170)
  AVERAGE WIND SPEED     7.2


SKY COVER
  POSSIBLE SUNSHINE  MM
  AVERAGE SKY COVER 0.0


WEATHER CONDITIONS
 THE FOLLOWING WEATHER WAS RECORDED YESTERDAY.
  NO SIGNIFICANT WEATHER WAS OBSERVED.


RELATIVE HUMIDITY (PERCENT)
 HIGHEST    84           200 AM
 LOWEST     40          1100 AM
 AVERAGE    62

..........................................................


THE MUSCLE SHOALS CLIMATE NORMALS FOR TODAY
                         NORMAL    RECORD    YEAR
 MAXIMUM TEMPERATURE (F)   84        99      1941
 MINIMUM TEMPERATURE (F)   62        34      1893


SUNRISE AND SUNSET
MAY 29 2016...........SUNRISE   539 AM CDT   SUNSET   757 PM CDT
MAY 30 2016...........SUNRISE   539 AM CDT   SUNSET   758 PM CDT


-  INDICATES NEGATIVE NUMBERS.
R  INDICATES RECORD WAS SET OR TIED.
MM INDICATES DATA IS MISSING.
T  INDICATES TRACE AMOUNT.




$$
