000
CDUS44 KHUN 290702
CLIMSL


CLIMATE REPORT
NATIONAL WEATHER SERVICE HUNTSVILLE AL
202 AM CDT FRI APR 29 2016


...................................

...THE MUSCLE SHOALS CLIMATE SUMMARY FOR APRIL 28 2016...

CLIMATE NORMAL PERIOD 1981 TO 2010
CLIMATE RECORD PERIOD 1893 TO 2016


WEATHER ITEM   OBSERVED TIME   RECORD YEAR NORMAL DEPARTURE LAST
                VALUE   (LST)  VALUE       VALUE  FROM      YEAR
                                                  NORMAL
..................................................................
TEMPERATURE (F)
 YESTERDAY
  MAXIMUM         87    250 PM  90    1925  77     10       65
                                      1917
                                      1915
  MINIMUM         61   1159 PM  35    1920  53      8       45
                                      1913
  AVERAGE         74                        65      9       55

PRECIPITATION (IN)
  YESTERDAY        0.00          2.21 2014   0.15  -0.15      T
  MONTH TO DATE    2.82                      4.07  -1.25     4.90
  SINCE MAR 1      7.34                      8.83  -1.49    11.48
  SINCE JAN 1     14.47                     18.10  -3.63    18.76

SNOWFALL (IN)
  YESTERDAY        0.0
  MONTH TO DATE    0.0
  SINCE MAR 1      0.0
  SINCE JUL 1      T
  SNOW DEPTH       0

DEGREE DAYS
 HEATING
  YESTERDAY        0                         3     -3       10
  MONTH TO DATE   97                       156    -59       88
  SINCE MAR 1    333                       534   -201      436
  SINCE JUL 1   2334                      3069   -735     3207

 COOLING
  YESTERDAY        9                         3      6        0
  MONTH TO DATE   51                        46      5       54
  SINCE MAR 1     75                        58     17       56
  SINCE JAN 1     75                        59     16       56
..................................................................


WIND (MPH)
  HIGHEST WIND SPEED    17   HIGHEST WIND DIRECTION     W (290)
  HIGHEST GUST SPEED    23   HIGHEST GUST DIRECTION    SW (220)
  AVERAGE WIND SPEED     5.8


SKY COVER
  POSSIBLE SUNSHINE  MM
  AVERAGE SKY COVER 0.4


WEATHER CONDITIONS
 THE FOLLOWING WEATHER WAS RECORDED YESTERDAY.
  NO SIGNIFICANT WEATHER WAS OBSERVED.


RELATIVE HUMIDITY (PERCENT)
 HIGHEST    90          1000 PM
 LOWEST     30           300 PM
 AVERAGE    60

..........................................................


THE MUSCLE SHOALS CLIMATE NORMALS FOR TODAY
                         NORMAL    RECORD    YEAR
 MAXIMUM TEMPERATURE (F)   77        90      1915
 MINIMUM TEMPERATURE (F)   54        35      1928


SUNRISE AND SUNSET
APRIL 29 2016.........SUNRISE   602 AM CDT   SUNSET   734 PM CDT
APRIL 30 2016.........SUNRISE   601 AM CDT   SUNSET   735 PM CDT


-  INDICATES NEGATIVE NUMBERS.
R  INDICATES RECORD WAS SET OR TIED.
MM INDICATES DATA IS MISSING.
T  INDICATES TRACE AMOUNT.




$$
