000
CDUS44 KHUN 260715
CLIMSL


CLIMATE REPORT
NATIONAL WEATHER SERVICE HUNTSVILLE AL
214 AM CDT FRI MAY 26 2017


...................................

...THE MUSCLE SHOALS CLIMATE SUMMARY FOR MAY 25 2017...

CLIMATE NORMAL PERIOD 1981 TO 2010
CLIMATE RECORD PERIOD 1893 TO 2017


WEATHER ITEM   OBSERVED TIME   RECORD YEAR NORMAL DEPARTURE LAST
                VALUE   (LST)  VALUE       VALUE  FROM      YEAR
                                                  NORMAL
..................................................................
TEMPERATURE (F)
 YESTERDAY
  MAXIMUM         77    314 PM  97    1902  83     -6       89
  MINIMUM         52    506 AM  45    1935  61     -9       64
  AVERAGE         65                        72     -7       77

PRECIPITATION (IN)
  YESTERDAY        0.00          2.07 1991   0.16  -0.16      T
  MONTH TO DATE    3.27                      4.12  -0.85     1.16
  SINCE MAR 1     12.04                     13.23  -1.19     9.35
  SINCE JAN 1     19.28                     22.50  -3.22    16.48

SNOWFALL (IN)
  YESTERDAY        0.0
  MONTH TO DATE    0.0
  SINCE MAR 1      T
  SINCE JUL 1      T
  SNOW DEPTH       0

DEGREE DAYS
 HEATING
  YESTERDAY        0                         0      0        0
  MONTH TO DATE   34                        29      5       26
  SINCE MAR 1    414                       567   -153      359
  SINCE JUL 1   2094                      3102  -1008     2360

 COOLING
  YESTERDAY        0                         8     -8       12
  MONTH TO DATE  123                       130     -7      103
  SINCE MAR 1    263                       194     69      187
  SINCE JAN 1    271                       195     76      187
..................................................................


WIND (MPH)
  HIGHEST WIND SPEED    20   HIGHEST WIND DIRECTION     W (280)
  HIGHEST GUST SPEED    24   HIGHEST GUST DIRECTION     W (280)
  AVERAGE WIND SPEED     7.9


SKY COVER
  POSSIBLE SUNSHINE  MM
  AVERAGE SKY COVER 0.2


WEATHER CONDITIONS
 THE FOLLOWING WEATHER WAS RECORDED YESTERDAY.
  NO SIGNIFICANT WEATHER WAS OBSERVED.


RELATIVE HUMIDITY (PERCENT)
 HIGHEST    93           200 AM
 LOWEST     41          1200 PM
 AVERAGE    67

..........................................................


THE MUSCLE SHOALS CLIMATE NORMALS FOR TODAY
                         NORMAL    RECORD    YEAR
 MAXIMUM TEMPERATURE (F)   83        97      2012
 MINIMUM TEMPERATURE (F)   62        42      1925


SUNRISE AND SUNSET
MAY 26 2017...........SUNRISE   541 AM CDT   SUNSET   755 PM CDT
MAY 27 2017...........SUNRISE   540 AM CDT   SUNSET   756 PM CDT


-  INDICATES NEGATIVE NUMBERS.
R  INDICATES RECORD WAS SET OR TIED.
MM INDICATES DATA IS MISSING.
T  INDICATES TRACE AMOUNT.




$$
