000
CDUS44 KHUN 300701
CLIMSL


CLIMATE REPORT
NATIONAL WEATHER SERVICE HUNTSVILLE AL
201 AM CDT SUN AUG 30 2015


...................................

...THE MUSCLE SHOALS CLIMATE SUMMARY FOR AUGUST 29 2015...

CLIMATE NORMAL PERIOD 1981 TO 2010
CLIMATE RECORD PERIOD 1893 TO 2015


WEATHER ITEM   OBSERVED TIME   RECORD YEAR NORMAL DEPARTURE LAST
                VALUE   (LST)  VALUE       VALUE  FROM      YEAR
                                                  NORMAL
..................................................................
TEMPERATURE (F)
 YESTERDAY
  MAXIMUM         86   1142 AM 104    2000  90     -4       93
  MINIMUM         68   1159 PM  53    1992  67      1       65
  AVERAGE         77                        78     -1       79

PRECIPITATION (IN)
  YESTERDAY        T             3.51 2005   0.11  -0.11     0.00
  MONTH TO DATE    4.71                      2.95   1.76     3.62
  SINCE JUN 1     11.80                     12.01  -0.21    16.11
  SINCE JAN 1     35.69                     35.51   0.18    32.90

SNOWFALL (IN)
  YESTERDAY        0.0
  MONTH TO DATE    0.0
  SINCE JUN 1      0.0
  SINCE JUL 1      0.0
  SNOW DEPTH       0

DEGREE DAYS
 HEATING
  YESTERDAY        0                         0      0        0
  MONTH TO DATE    0                         0      0        0
  SINCE JUN 1      0                         1     -1        0
  SINCE JUL 1      0                         0      0        0

 COOLING
  YESTERDAY       12                        13     -1       14
  MONTH TO DATE  384                       434    -50      400
  SINCE JUN 1   1384                      1273    111     1168
  SINCE JAN 1   1638                      1517    121     1425
..................................................................


WIND (MPH)
  HIGHEST WIND SPEED    20   HIGHEST WIND DIRECTION    SE (150)
  HIGHEST GUST SPEED    23   HIGHEST GUST DIRECTION     S (160)
  AVERAGE WIND SPEED     5.2


SKY COVER
  POSSIBLE SUNSHINE  MM
  AVERAGE SKY COVER 0.3


WEATHER CONDITIONS
 THE FOLLOWING WEATHER WAS RECORDED YESTERDAY.
  THUNDERSTORM
  LIGHT RAIN
  FOG


RELATIVE HUMIDITY (PERCENT)
 HIGHEST    90           400 AM
 LOWEST     65          1100 AM
 AVERAGE    78

..........................................................


THE MUSCLE SHOALS CLIMATE NORMALS FOR TODAY
                         NORMAL    RECORD    YEAR
 MAXIMUM TEMPERATURE (F)   90       104      1951
                                             1924
 MINIMUM TEMPERATURE (F)   67        55      1931
                                             1913


SUNRISE AND SUNSET
AUGUST 30 2015........SUNRISE   622 AM CDT   SUNSET   720 PM CDT
AUGUST 31 2015........SUNRISE   622 AM CDT   SUNSET   719 PM CDT


-  INDICATES NEGATIVE NUMBERS.
R  INDICATES RECORD WAS SET OR TIED.
MM INDICATES DATA IS MISSING.
T  INDICATES TRACE AMOUNT.




$$
