000
CDUS44 KHUN 232221
CLIMSL


CLIMATE REPORT
NATIONAL WEATHER SERVICE HUNTSVILLE AL
421 PM CST TUE JAN 23 2018


...................................

...THE MUSCLE SHOALS CLIMATE SUMMARY FOR JANUARY 23 2018...
VALID TODAY AS OF 0400 PM LOCAL TIME.

CLIMATE NORMAL PERIOD 1981 TO 2010
CLIMATE RECORD PERIOD 1893 TO 2018


WEATHER ITEM   OBSERVED TIME   RECORD YEAR NORMAL DEPARTURE LAST
                VALUE   (LST)  VALUE       VALUE  FROM      YEAR
                                                  NORMAL
..................................................................
TEMPERATURE (F)
 TODAY
  MAXIMUM         49    215 PM  75    1943  51     -2       59
                                      1927
                                      1909
  MINIMUM         38    724 AM  -1    1963  31      7       41
  AVERAGE         44                        41      3       50

PRECIPITATION (IN)
  TODAY            0.00          2.04 2002   0.15  -0.15     0.00
  MONTH TO DATE    1.22                      3.37  -2.15     4.61
  SINCE DEC 1      6.58                      9.05  -2.47     9.95
  SINCE JAN 1      1.22                      3.37  -2.15     4.61

SNOWFALL (IN)
  TODAY            0.0
  MONTH TO DATE    0.6
  SINCE DEC 1      0.6
  SINCE JUL 1      0.6
  SNOW DEPTH       0

DEGREE DAYS
 HEATING
  TODAY           21                        24     -3       15
  MONTH TO DATE  665                       552    113      302
  SINCE DEC 1   1341                      1226    115      870
  SINCE JUL 1   1848                      1788     60     1198

 COOLING
  TODAY            0                         0      0        0
  MONTH TO DATE    0                         0      0        4
  SINCE DEC 1      0                         1     -1        6
  SINCE JAN 1      0                         0      0        4
..................................................................


WIND (MPH)
  HIGHEST WIND SPEED    21   HIGHEST WIND DIRECTION     W (280)
  HIGHEST GUST SPEED    25   HIGHEST GUST DIRECTION     W (280)
  AVERAGE WIND SPEED    11.0


SKY COVER
  POSSIBLE SUNSHINE  MM
  AVERAGE SKY COVER 0.2


WEATHER CONDITIONS
 THE FOLLOWING WEATHER WAS RECORDED TODAY.
  NO SIGNIFICANT WEATHER WAS OBSERVED.


RELATIVE HUMIDITY (PERCENT)
 HIGHEST    70           700 AM
 LOWEST     50           100 PM
 AVERAGE    60

..........................................................


THE MUSCLE SHOALS CLIMATE NORMALS FOR TOMORROW
                         NORMAL    RECORD    YEAR
 MAXIMUM TEMPERATURE (F)   51        78      1972
 MINIMUM TEMPERATURE (F)   31        -3      1963


SUNRISE AND SUNSET
JANUARY 23 2018.......SUNRISE   654 AM CST   SUNSET   511 PM CST
JANUARY 24 2018.......SUNRISE   654 AM CST   SUNSET   512 PM CST


-  INDICATES NEGATIVE NUMBERS.
R  INDICATES RECORD WAS SET OR TIED.
MM INDICATES DATA IS MISSING.
T  INDICATES TRACE AMOUNT.




$$
