000
CDUS44 KHUN 120706
CLIMSL


CLIMATE REPORT
NATIONAL WEATHER SERVICE HUNTSVILLE AL
205 AM CDT SAT JUL 12 2014


...................................

...THE MUSCLE SHOALS CLIMATE SUMMARY FOR JULY 11 2014...

CLIMATE NORMAL PERIOD 1981 TO 2010
CLIMATE RECORD PERIOD 1893 TO 2014


WEATHER ITEM   OBSERVED TIME   RECORD YEAR NORMAL DEPARTURE LAST
                VALUE   (LST)  VALUE       VALUE  FROM      YEAR
                                                  NORMAL
..................................................................
TEMPERATURE (F)
 YESTERDAY
  MAXIMUM         92    316 PM 102    1980  91      1       90
  MINIMUM         66    513 AM  55    1917  70     -4       73
  AVERAGE         79                        80     -1       82

PRECIPITATION (IN)
  YESTERDAY        0.00          1.74 1990   0.14  -0.14     1.34
  MONTH TO DATE    2.60                      1.68   0.92     5.09
  SINCE JUN 1     10.07                      6.44   3.63     9.77
  SINCE JAN 1     26.86                     29.94  -3.08    34.68

SNOWFALL (IN)
  YESTERDAY        0.0
  MONTH TO DATE    0.0
  SINCE JUN 1      0.0
  SINCE JUL 1      0.0
  SNOW DEPTH       0

DEGREE DAYS
 HEATING
  YESTERDAY        0                         0      0        0
  MONTH TO DATE    0                         0      0        0
  SINCE JUN 1      0                         1     -1        0
  SINCE JUL 1      0                         0      0        0

 COOLING
  YESTERDAY       14                        15     -1       17
  MONTH TO DATE  143                       165    -22      142
  SINCE JUN 1    544                       527     17      548
  SINCE JAN 1    801                       771     30      788
..................................................................


WIND (MPH)
  HIGHEST WIND SPEED     7   HIGHEST WIND DIRECTION     N (350)
  HIGHEST GUST SPEED    10   HIGHEST GUST DIRECTION    NE (60)
  AVERAGE WIND SPEED     1.0


SKY COVER
  POSSIBLE SUNSHINE  MM
  AVERAGE SKY COVER 0.1


WEATHER CONDITIONS
 THE FOLLOWING WEATHER WAS RECORDED YESTERDAY.
  FOG


RELATIVE HUMIDITY (PERCENT)
 HIGHEST    93           400 AM
 LOWEST     34           100 PM
 AVERAGE    64

..........................................................


THE MUSCLE SHOALS CLIMATE NORMALS FOR TODAY
                         NORMAL    RECORD    YEAR
 MAXIMUM TEMPERATURE (F)   91       106      1930
 MINIMUM TEMPERATURE (F)   70        56      1926


SUNRISE AND SUNSET
JULY 12 2014..........SUNRISE   547 AM CDT   SUNSET   805 PM CDT
JULY 13 2014..........SUNRISE   547 AM CDT   SUNSET   805 PM CDT


-  INDICATES NEGATIVE NUMBERS.
R  INDICATES RECORD WAS SET OR TIED.
MM INDICATES DATA IS MISSING.
T  INDICATES TRACE AMOUNT.




$$
