000
CDUS44 KHUN 200801
CLIMSL


CLIMATE REPORT
NATIONAL WEATHER SERVICE HUNTSVILLE AL
200 AM CST FRI JAN 20 2017


...................................

...THE MUSCLE SHOALS CLIMATE SUMMARY FOR JANUARY 19 2017...

CLIMATE NORMAL PERIOD 1981 TO 2010
CLIMATE RECORD PERIOD 1893 TO 2017


WEATHER ITEM   OBSERVED TIME   RECORD YEAR NORMAL DEPARTURE LAST
                VALUE   (LST)  VALUE       VALUE  FROM      YEAR
                                                  NORMAL
..................................................................
TEMPERATURE (F)
 YESTERDAY
  MAXIMUM         65    131 PM  74    1933  51     14       32
  MINIMUM         54    417 AM  -5    1940  31     23       18
  AVERAGE         60                        41     19       25

PRECIPITATION (IN)
  YESTERDAY        1.17          2.62 1922   0.14   1.03     0.00
  MONTH TO DATE    2.82                      2.77   0.05     0.46
  SINCE DEC 1      8.16                      8.45  -0.29     7.40
  SINCE JAN 1      2.82                      2.77   0.05     0.46

SNOWFALL (IN)
  YESTERDAY        0.0
  MONTH TO DATE    T
  SINCE DEC 1      T
  SINCE JUL 1      T
  SNOW DEPTH       0

DEGREE DAYS
 HEATING
  YESTERDAY        5                        24    -19       40
  MONTH TO DATE  274                       456   -182      492
  SINCE DEC 1    842                      1130   -288      845
  SINCE JUL 1   1170                      1692   -522     1210

 COOLING
  YESTERDAY        0                         0      0        0
  MONTH TO DATE    4                         0      4        0
  SINCE DEC 1      6                         1      5       22
  SINCE JAN 1      4                         0      4        0
..................................................................


WIND (MPH)
  HIGHEST WIND SPEED    13   HIGHEST WIND DIRECTION     N (20)
  HIGHEST GUST SPEED    17   HIGHEST GUST DIRECTION     N (10)
  AVERAGE WIND SPEED     5.6


SKY COVER
  POSSIBLE SUNSHINE  MM
  AVERAGE SKY COVER 0.9


WEATHER CONDITIONS
 THE FOLLOWING WEATHER WAS RECORDED YESTERDAY.
  HEAVY RAIN
  RAIN
  LIGHT RAIN
  FOG


RELATIVE HUMIDITY (PERCENT)
 HIGHEST    93           800 AM
 LOWEST     77          1200 AM
 AVERAGE    85

..........................................................


THE MUSCLE SHOALS CLIMATE NORMALS FOR TODAY
                         NORMAL    RECORD    YEAR
 MAXIMUM TEMPERATURE (F)   51        76      1935
 MINIMUM TEMPERATURE (F)   31        -8      1985


SUNRISE AND SUNSET
JANUARY 20 2017.......SUNRISE   656 AM CST   SUNSET   508 PM CST
JANUARY 21 2017.......SUNRISE   655 AM CST   SUNSET   509 PM CST


-  INDICATES NEGATIVE NUMBERS.
R  INDICATES RECORD WAS SET OR TIED.
MM INDICATES DATA IS MISSING.
T  INDICATES TRACE AMOUNT.




$$
