000
CDUS43 KMKX 300709
CLIMSN


CLIMATE REPORT
NATIONAL WEATHER SERVICE IN MILWAUKEE
209 AM CDT MON MAY 30 2016


...................................

...THE MADISON WI CLIMATE SUMMARY FOR MAY 29 2016...

CLIMATE NORMAL PERIOD 1981 TO 2010
CLIMATE RECORD PERIOD 1871 TO 2016


WEATHER ITEM   OBSERVED TIME   RECORD YEAR NORMAL DEPARTURE LAST
                VALUE   (LST)  VALUE       VALUE  FROM      YEAR
                                                  NORMAL
..................................................................
TEMPERATURE (F)
 YESTERDAY
  MAXIMUM         79    348 PM  91    1991  73      6       79
  MINIMUM         61   1141 PM  30    1965  50     11       63
  AVERAGE         70                        61      9       71

PRECIPITATION (IN)
  YESTERDAY        0.21          0.92 1885   0.13   0.08     0.25
  MONTH TO DATE    2.15                      3.29  -1.14     4.03
  SINCE MAR 1      8.22                      8.89  -0.67     9.17
  SINCE JAN 1      9.72                     11.57  -1.85    10.37

SNOWFALL (IN)
  YESTERDAY        0.0           T    1947   0.0    0.0      0.0
  MONTH TO DATE    0.0                       0.2   -0.2      0.0
  SINCE MAR 1      8.2                       9.8   -1.6      4.2
  SINCE JUL 1     32.7                      50.9  -18.2     33.7
  SNOW DEPTH       0

DEGREE DAYS
 HEATING
  YESTERDAY        0                         5     -5        0
  MONTH TO DATE  246                       256    -10      167
  SINCE MAR 1   1584                      1777   -193     1596
  SINCE JUL 1   6184                      7263  -1079     7307

 COOLING
  YESTERDAY        5                         2      3        6
  MONTH TO DATE   42                        20     22       50
  SINCE MAR 1     42                        24     18       50
  SINCE JAN 1     42                        24     18       50
..................................................................


WIND (MPH)
  HIGHEST WIND SPEED    16   HIGHEST WIND DIRECTION     N (340)
  HIGHEST GUST SPEED    24   HIGHEST GUST DIRECTION    NW (330)
  AVERAGE WIND SPEED     7.0


SKY COVER
  POSSIBLE SUNSHINE  MM
  AVERAGE SKY COVER 0.5


WEATHER CONDITIONS
 THE FOLLOWING WEATHER WAS RECORDED YESTERDAY.
  THUNDERSTORM
  HEAVY RAIN
  FOG


RELATIVE HUMIDITY (PERCENT)
 HIGHEST    93          1100 PM
 LOWEST     45           300 PM
 AVERAGE    69

..........................................................


THE MADISON WI CLIMATE NORMALS FOR TODAY
                         NORMAL    RECORD    YEAR
 MAXIMUM TEMPERATURE (F)   73        92      1953
 MINIMUM TEMPERATURE (F)   51        30      1965


SUNRISE AND SUNSET
MAY 30 2016...........SUNRISE   521 AM CDT   SUNSET   829 PM CDT
MAY 31 2016...........SUNRISE   521 AM CDT   SUNSET   830 PM CDT


-  INDICATES NEGATIVE NUMBERS.
R  INDICATES RECORD WAS SET OR TIED.
MM INDICATES DATA IS MISSING.
T  INDICATES TRACE AMOUNT.




$$
