000
CDUS43 KMKX 282256
CLIMSN


CLIMATE REPORT
NATIONAL WEATHER SERVICE IN MILWAUKEE
455 PM CST SUN DEC 28 2014


...................................

...THE MADISON WI CLIMATE SUMMARY FOR DECEMBER 28 2014...
VALID TODAY AS OF 0400 PM LOCAL TIME.

CLIMATE NORMAL PERIOD 1981 TO 2010
CLIMATE RECORD PERIOD 1871 TO 2014


WEATHER ITEM   OBSERVED TIME   RECORD YEAR NORMAL DEPARTURE LAST
                VALUE   (LST)  VALUE       VALUE  FROM      YEAR
                                                  NORMAL
..................................................................
TEMPERATURE (F)
 TODAY
  MAXIMUM         32    329 PM  62    1984  27      5       42
  MINIMUM         17    722 AM -21    1924  13      4       20
  AVERAGE         25                        20      5       31

PRECIPITATION (IN)
  TODAY            0.00          0.79 1987   0.04  -0.04     0.00
  MONTH TO DATE    1.03                      1.61  -0.58     1.48
  SINCE DEC 1      1.03                      1.61  -0.58     1.48
  SINCE JAN 1     35.31                     34.35   0.96    45.24

SNOWFALL (IN)
  TODAY            0.0           9.7  1987   0.5   -0.5      0.0
  MONTH TO DATE    0.1                      12.3  -12.2     19.9
  SINCE DEC 1      0.1                      12.3  -12.2     19.9
  SINCE JUL 1      8.6                      16.4   -7.8     23.4
  SNOW DEPTH       0

DEGREE DAYS
 HEATING
  TODAY           40                        45     -5       34
  MONTH TO DATE  967                      1165   -198     1285
  SINCE DEC 1    967                      1165   -198     1285
  SINCE JUL 1   2651                      2744    -93     2804

 COOLING
  TODAY            0                         0      0        0
  MONTH TO DATE    0                         0      0        0
  SINCE DEC 1      0                         0      0        0
  SINCE JAN 1    620                       568     52      709
..................................................................


WIND (MPH)
  HIGHEST WIND SPEED     9   HIGHEST WIND DIRECTION    NW (320)
  HIGHEST GUST SPEED    12   HIGHEST GUST DIRECTION     W (280)
  AVERAGE WIND SPEED     3.5


SKY COVER
  POSSIBLE SUNSHINE  MM
  AVERAGE SKY COVER 0.1


WEATHER CONDITIONS
 THE FOLLOWING WEATHER WAS RECORDED TODAY.
  NO SIGNIFICANT WEATHER WAS OBSERVED.


RELATIVE HUMIDITY (PERCENT)
 HIGHEST    81           100 AM
 LOWEST     54           300 PM
 AVERAGE    68

..........................................................


THE MADISON WI CLIMATE NORMALS FOR TOMORROW
                         NORMAL    RECORD    YEAR
 MAXIMUM TEMPERATURE (F)   27        54      1984
 MINIMUM TEMPERATURE (F)   13       -21      1880


SUNRISE AND SUNSET
DECEMBER 28 2014......SUNRISE   728 AM CST   SUNSET   430 PM CST
DECEMBER 29 2014......SUNRISE   729 AM CST   SUNSET   430 PM CST


-  INDICATES NEGATIVE NUMBERS.
R  INDICATES RECORD WAS SET OR TIED.
MM INDICATES DATA IS MISSING.
T  INDICATES TRACE AMOUNT.




$$
