000
CDUS45 KMSO 200738
CLIMSO


CLIMATE REPORT
NATIONAL WEATHER SERVICE MISSOULA, MT
137 AM MDT MON OCT 20 2014


...................................

...THE MISSOULA MT CLIMATE SUMMARY FOR OCTOBER 19 2014...

CLIMATE NORMAL PERIOD 1981 TO 2010
CLIMATE RECORD PERIOD 1893 TO 2014


WEATHER ITEM   OBSERVED TIME   RECORD YEAR NORMAL DEPARTURE LAST
                VALUE   (LST)  VALUE       VALUE  FROM      YEAR
                                                  NORMAL
..................................................................
TEMPERATURE (F)
 YESTERDAY
  MAXIMUM         66    414 PM  73    2003  56     10       53
                                      1940
  MINIMUM         32    721 AM  15    1969  32      0       26
  AVERAGE         49                        44      5       40

PRECIPITATION (IN)
  YESTERDAY        0.00          0.72 1933   0.03  -0.03     0.00
                                      1894
  MONTH TO DATE    0.39                      0.53  -0.14     0.04
  SINCE OCT 1      0.39                      0.53  -0.14     0.04
  SINCE JAN 1     10.69                     11.73  -1.04     7.77

SNOWFALL (IN)
  YESTERDAY        0.0
  MONTH TO DATE    0.0
  SINCE JAN 1     51.9
  SINCE JUL 1      0.0
  SNOW DEPTH       0

DEGREE DAYS
 HEATING
  YESTERDAY       16                        21     -5       25
  MONTH TO DATE  231                       334   -103      420
  SINCE SEP 1    422                       575   -153      613
  SINCE JUL 1    464                       659   -195      621

 COOLING
  YESTERDAY        0                         0      0        0
  MONTH TO DATE    0                         0      0        0
  SINCE SEP 1     12                        15     -3       87
  SINCE JAN 1    390                       332     58      579
..................................................................


WIND (MPH)
  HIGHEST WIND SPEED     8   HIGHEST WIND DIRECTION    SE (120)
  HIGHEST GUST SPEED     9   HIGHEST GUST DIRECTION    SE (120)
  AVERAGE WIND SPEED     1.8


SKY COVER
  POSSIBLE SUNSHINE  MM
  AVERAGE SKY COVER 0.0


WEATHER CONDITIONS
 THE FOLLOWING WEATHER WAS RECORDED YESTERDAY.
  FOG


RELATIVE HUMIDITY (PERCENT)
 HIGHEST   100           400 AM
 LOWEST     43           300 PM
 AVERAGE    72

..........................................................


THE MISSOULA MT CLIMATE NORMALS FOR TODAY
                         NORMAL    RECORD    YEAR
 MAXIMUM TEMPERATURE (F)   56        72      1897
 MINIMUM TEMPERATURE (F)   31        18      1976
                                             1905
                                             1895


SUNRISE AND SUNSET
OCTOBER 20 2014.......SUNRISE   801 AM MDT   SUNSET   640 PM MDT
OCTOBER 21 2014.......SUNRISE   803 AM MDT   SUNSET   638 PM MDT


-  INDICATES NEGATIVE NUMBERS.
R  INDICATES RECORD WAS SET OR TIED.
MM INDICATES DATA IS MISSING.
T  INDICATES TRACE AMOUNT.




$$
