000
CDUS45 KMSO 300737
CLIMSO


CLIMATE REPORT
NATIONAL WEATHER SERVICE MISSOULA, MT
137 AM MDT SUN APR 30 2017


...................................

...THE MISSOULA MT CLIMATE SUMMARY FOR APRIL 29 2017...

CLIMATE NORMAL PERIOD 1981 TO 2010
CLIMATE RECORD PERIOD 1893 TO 2017


WEATHER ITEM   OBSERVED TIME   RECORD YEAR NORMAL DEPARTURE LAST
                VALUE   (LST)  VALUE       VALUE  FROM      YEAR
                                                  NORMAL
..................................................................
TEMPERATURE (F)
 YESTERDAY
  MAXIMUM         59    346 PM  86    1926  62     -3       53
  MINIMUM         33    511 AM  23    1950  35     -2       33
  AVERAGE         46                        49     -3       43

PRECIPITATION (IN)
  YESTERDAY        0.00          0.60 1913   0.04  -0.04     0.02
  MONTH TO DATE    1.36                      1.18   0.18     1.18
  SINCE OCT 1     11.30                      6.66   4.64     6.51
  SINCE JAN 1      6.64                      3.73   2.91     3.12

SNOWFALL (IN)
  YESTERDAY        0.0
  MONTH TO DATE    0.9
  SINCE JAN 1     35.5
  SINCE JUL 1     64.6
  SNOW DEPTH       0

DEGREE DAYS
 HEATING
  YESTERDAY       19                        16      3       22
  MONTH TO DATE  600                       565     35      420
  SINCE MAR 1   1357                      1379    -22     1198
  SINCE JUL 1   7133                      6748    385     6382

 COOLING
  YESTERDAY        0                         0      0        0
  MONTH TO DATE    0                         0      0        0
  SINCE MAR 1      0                         0      0        0
  SINCE JAN 1      0                         0      0        0
..................................................................


WIND (MPH)
  HIGHEST WIND SPEED    10   HIGHEST WIND DIRECTION    NW (310)
  HIGHEST GUST SPEED    22   HIGHEST GUST DIRECTION    SW (230)
  AVERAGE WIND SPEED     3.4


SKY COVER
  POSSIBLE SUNSHINE  MM
  AVERAGE SKY COVER 0.6


WEATHER CONDITIONS
 THE FOLLOWING WEATHER WAS RECORDED YESTERDAY.
  NO SIGNIFICANT WEATHER WAS OBSERVED.


RELATIVE HUMIDITY (PERCENT)
 HIGHEST    89           100 AM
 LOWEST     35           500 PM
 AVERAGE    62

..........................................................


THE MISSOULA MT CLIMATE NORMALS FOR TODAY
                         NORMAL    RECORD    YEAR
 MAXIMUM TEMPERATURE (F)   63        82      1941
 MINIMUM TEMPERATURE (F)   35        20      1909


SUNRISE AND SUNSET
APRIL 30 2017.........SUNRISE   622 AM MDT   SUNSET   846 PM MDT
MAY  1 2017...........SUNRISE   620 AM MDT   SUNSET   847 PM MDT


-  INDICATES NEGATIVE NUMBERS.
R  INDICATES RECORD WAS SET OR TIED.
MM INDICATES DATA IS MISSING.
T  INDICATES TRACE AMOUNT.




$$
