000
CDUS45 KMSO 230739
CLIMSO


CLIMATE REPORT
NATIONAL WEATHER SERVICE MISSOULA, MT
139 AM MDT MON OCT 23 2017


...................................

...THE MISSOULA MT CLIMATE SUMMARY FOR OCTOBER 22 2017...

CLIMATE NORMAL PERIOD 1981 TO 2010
CLIMATE RECORD PERIOD 1893 TO 2017


WEATHER ITEM   OBSERVED TIME   RECORD YEAR NORMAL DEPARTURE LAST
                VALUE   (LST)  VALUE       VALUE  FROM      YEAR
                                                  NORMAL
..................................................................
TEMPERATURE (F)
 YESTERDAY
  MAXIMUM         57    204 PM  72    2003  55      2       55
  MINIMUM         42   1159 PM  17    1895  31     11       36
  AVERAGE         50                        43      7       46

PRECIPITATION (IN)
  YESTERDAY        0.11          0.33 1893   0.03   0.08     0.23
  MONTH TO DATE    0.57                      0.62  -0.05     1.78
  SINCE OCT 1      0.57                      0.62  -0.05     1.78
  SINCE JAN 1     11.99                     11.82   0.17    11.11

SNOWFALL (IN)
  YESTERDAY        0.0
  MONTH TO DATE    0.4
  SINCE JAN 1     38.6
  SINCE JUL 1      0.4
  SNOW DEPTH       0

DEGREE DAYS
 HEATING
  YESTERDAY       15                        22     -7       19
  MONTH TO DATE  463                       400     63      422
  SINCE SEP 1    734                       641     93      681
  SINCE JUL 1    735                       725     10      779

 COOLING
  YESTERDAY        0                         0      0        0
  MONTH TO DATE    0                         0      0        0
  SINCE SEP 1     34                        15     19        5
  SINCE JAN 1    509                       332    177      287
..................................................................


WIND (MPH)
  HIGHEST WIND SPEED    31   HIGHEST WIND DIRECTION     W (260)
  HIGHEST GUST SPEED    39   HIGHEST GUST DIRECTION     W (290)
  AVERAGE WIND SPEED    10.8


SKY COVER
  POSSIBLE SUNSHINE  MM
  AVERAGE SKY COVER 0.9


WEATHER CONDITIONS
 THE FOLLOWING WEATHER WAS RECORDED YESTERDAY.
  LIGHT RAIN
  FOG


RELATIVE HUMIDITY (PERCENT)
 HIGHEST    86          1200 PM
 LOWEST     46           300 PM
 AVERAGE    66

..........................................................


THE MISSOULA MT CLIMATE NORMALS FOR TODAY
                         NORMAL    RECORD    YEAR
 MAXIMUM TEMPERATURE (F)   54        75      1944
 MINIMUM TEMPERATURE (F)   31        15      1895


SUNRISE AND SUNSET
OCTOBER 23 2017.......SUNRISE   806 AM MDT   SUNSET   634 PM MDT
OCTOBER 24 2017.......SUNRISE   808 AM MDT   SUNSET   633 PM MDT


-  INDICATES NEGATIVE NUMBERS.
R  INDICATES RECORD WAS SET OR TIED.
MM INDICATES DATA IS MISSING.
T  INDICATES TRACE AMOUNT.




$$
