384
CDUS45 KMSO 162332
CLIMSO


CLIMATE REPORT
NATIONAL WEATHER SERVICE MISSOULA, MT
431 PM MST TUE JAN 16 2018


...................................

...THE MISSOULA MT CLIMATE SUMMARY FOR JANUARY 16 2018...
VALID TODAY AS OF 0400 PM LOCAL TIME.

CLIMATE NORMAL PERIOD 1981 TO 2010
CLIMATE RECORD PERIOD 1893 TO 2018


WEATHER ITEM   OBSERVED TIME   RECORD YEAR NORMAL DEPARTURE LAST
                VALUE   (LST)  VALUE       VALUE  FROM      YEAR
                                                  NORMAL
..................................................................
TEMPERATURE (F)
 TODAY
  MAXIMUM         37    346 PM  58    1894  33      4       12
  MINIMUM         20    722 AM -18    1916  19      1      -12
  AVERAGE         29                        26      3        0

PRECIPITATION (IN)
  TODAY            0.00          0.65 1896   0.03  -0.03     0.00
  MONTH TO DATE    0.32                      0.47  -0.15     0.79
  SINCE OCT 1      4.14                      3.40   0.74     5.45
  SINCE JAN 1      0.32                      0.47  -0.15     0.79

SNOWFALL (IN)
  TODAY            0.0
  MONTH TO DATE    3.3
  SINCE JAN 1      3.3
  SINCE JUL 1     30.6
  SNOW DEPTH       5

DEGREE DAYS
 HEATING
  TODAY           36                        39     -3       65
  MONTH TO DATE  609                       644    -35      948
  SINCE DEC 1   1893                      1920    -27     2366
  SINCE JUL 1   3783                      3816    -33     4120

 COOLING
  TODAY            0                         0      0        0
  MONTH TO DATE    0                         0      0        0
  SINCE DEC 1      0                         0      0        0
  SINCE JAN 1      0                         0      0        0
..................................................................


WIND (MPH)
  HIGHEST WIND SPEED    23   HIGHEST WIND DIRECTION    SE (120)
  HIGHEST GUST SPEED    28   HIGHEST GUST DIRECTION    SE (130)
  AVERAGE WIND SPEED     9.0


SKY COVER
  POSSIBLE SUNSHINE  MM
  AVERAGE SKY COVER 0.2


WEATHER CONDITIONS
 THE FOLLOWING WEATHER WAS RECORDED TODAY.
  NO SIGNIFICANT WEATHER WAS OBSERVED.


RELATIVE HUMIDITY (PERCENT)
 HIGHEST    92           700 AM
 LOWEST     59           300 PM
 AVERAGE    76

..........................................................


THE MISSOULA MT CLIMATE NORMALS FOR TOMORROW
                         NORMAL    RECORD    YEAR
 MAXIMUM TEMPERATURE (F)   33        48      1919
 MINIMUM TEMPERATURE (F)   19       -22      1950
                                             1930
                                             1916


SUNRISE AND SUNSET
JANUARY 16 2018.......SUNRISE   817 AM MST   SUNSET   516 PM MST
JANUARY 17 2018.......SUNRISE   816 AM MST   SUNSET   517 PM MST


-  INDICATES NEGATIVE NUMBERS.
R  INDICATES RECORD WAS SET OR TIED.
MM INDICATES DATA IS MISSING.
T  INDICATES TRACE AMOUNT.




$$
