000
CDUS45 KMSO 302230
CLIMSO


CLIMATE REPORT
NATIONAL WEATHER SERVICE MISSOULA, MT
430 PM MDT SAT APR 30 2016


...................................

...THE MISSOULA MT CLIMATE SUMMARY FOR APRIL 30 2016...
VALID TODAY AS OF 0400 PM LOCAL TIME.

CLIMATE NORMAL PERIOD 1981 TO 2010
CLIMATE RECORD PERIOD 1893 TO 2016


WEATHER ITEM   OBSERVED TIME   RECORD YEAR NORMAL DEPARTURE LAST
                VALUE   (LST)  VALUE       VALUE  FROM      YEAR
                                                  NORMAL
..................................................................
TEMPERATURE (F)
 TODAY
  MAXIMUM         56    242 PM  82    1941  63     -7       65
  MINIMUM         41    752 AM  20    1909  35      6       31
  AVERAGE         49                        49      0       48

PRECIPITATION (IN)
  TODAY            0.14          1.60 1951   0.04   0.10     0.00
  MONTH TO DATE    1.32                      1.22   0.10     0.46
  SINCE OCT 1      6.65                      6.70  -0.05     8.47
  SINCE JAN 1      3.26                      3.77  -0.51     3.16

SNOWFALL (IN)
  TODAY            0.0
  MONTH TO DATE    0.0
  SINCE JAN 1     13.1
  SINCE JUL 1     30.2
  SNOW DEPTH       0

DEGREE DAYS
 HEATING
  TODAY           16                        16      0       17
  MONTH TO DATE  436                       581   -145      621
  SINCE MAR 1   1214                      1394   -180     1341
  SINCE JUL 1   6398                      6763   -365     6333

 COOLING
  TODAY            0                         0      0        0
  MONTH TO DATE    0                         0      0        0
  SINCE MAR 1      0                         0      0        0
  SINCE JAN 1      0                         0      0        0
..................................................................


WIND (MPH)
  HIGHEST WIND SPEED     9   HIGHEST WIND DIRECTION     N (360)
  HIGHEST GUST SPEED    15   HIGHEST GUST DIRECTION    NW (300)
  AVERAGE WIND SPEED     4.4


SKY COVER
  POSSIBLE SUNSHINE  MM
  AVERAGE SKY COVER 0.8


WEATHER CONDITIONS
 THE FOLLOWING WEATHER WAS RECORDED TODAY.
  LIGHT RAIN
  FOG


RELATIVE HUMIDITY (PERCENT)
 HIGHEST    93           700 AM
 LOWEST     64           200 PM
 AVERAGE    79

..........................................................


THE MISSOULA MT CLIMATE NORMALS FOR TOMORROW
                         NORMAL    RECORD    YEAR
 MAXIMUM TEMPERATURE (F)   63        82      1901
 MINIMUM TEMPERATURE (F)   36        21      1954


SUNRISE AND SUNSET
APRIL 30 2016.........SUNRISE   622 AM MDT   SUNSET   846 PM MDT
MAY  1 2016...........SUNRISE   620 AM MDT   SUNSET   847 PM MDT


-  INDICATES NEGATIVE NUMBERS.
R  INDICATES RECORD WAS SET OR TIED.
MM INDICATES DATA IS MISSING.
T  INDICATES TRACE AMOUNT.




$$
