000
CDUS43 KMPX 030804
CLIMSP


CLIMATE REPORT
NATIONAL WEATHER SERVICE CHANHASSEN MN
304 AM CDT MON AUG 3 2015


...................................

...THE TWIN CITIES MN CLIMATE SUMMARY FOR AUGUST 2 2015...

CLIMATE NORMAL PERIOD 1981 TO 2010
CLIMATE RECORD PERIOD 1871 TO 2015


WEATHER ITEM   OBSERVED TIME   RECORD YEAR NORMAL DEPARTURE LAST
                VALUE   (LST)  VALUE       VALUE  FROM      YEAR
                                                  NORMAL
..................................................................
TEMPERATURE (F)
 YESTERDAY
  MAXIMUM         84    425 PM  99    1988  83      1       87
  MINIMUM         66   1159 PM  46    1971  64      2       67
  AVERAGE         75                        73      2       77

PRECIPITATION (IN)
  YESTERDAY        0.00          2.69 2006   0.15  -0.15      T
  MONTH TO DATE    T                         0.30  -0.30      T
  SINCE JUN 1     11.72                      8.59   3.13    13.63
  SINCE JAN 1     19.05                     18.17   0.88    28.10

SNOWFALL (IN)
  YESTERDAY        0.0           0.0    MM   0.0    0.0      0.0
  MONTH TO DATE    0.0                       0.0    0.0      0.0
  SINCE JUN 1      0.0                       0.0    0.0      0.0
  SINCE JUL 1      0.0                       0.0    0.0      0.0
  SNOW DEPTH       0

DEGREE DAYS
 HEATING
  YESTERDAY        0                         0      0        0
  MONTH TO DATE    0                         0      0        0
  SINCE JUN 1      9                        49    -40       28
  SINCE JUL 1      2                         5     -3        7

 COOLING
  YESTERDAY       10                         8      2       12
  MONTH TO DATE   21                        16      5       23
  SINCE JUN 1    444                       450     -6      402
  SINCE JAN 1    471                       492    -21      454
..................................................................


WIND (MPH)
  HIGHEST WIND SPEED    26   HIGHEST WIND DIRECTION    NW (310)
  HIGHEST GUST SPEED    32   HIGHEST GUST DIRECTION     W (290)
  AVERAGE WIND SPEED    13.7


SKY COVER
  POSSIBLE SUNSHINE  MM
  AVERAGE SKY COVER 0.2


WEATHER CONDITIONS
 THE FOLLOWING WEATHER WAS RECORDED YESTERDAY.
  HAZE


RELATIVE HUMIDITY (PERCENT)
 HIGHEST    73           300 AM
 LOWEST     42           600 PM
 AVERAGE    58

..........................................................


THE TWIN CITIES MN CLIMATE NORMALS FOR TODAY
                         NORMAL    RECORD    YEAR
 MAXIMUM TEMPERATURE (F)   82        99      1941
 MINIMUM TEMPERATURE (F)   63        46      1971


SUNRISE AND SUNSET
AUGUST  3 2015........SUNRISE   601 AM CDT   SUNSET   837 PM CDT
AUGUST  4 2015........SUNRISE   602 AM CDT   SUNSET   835 PM CDT


-  INDICATES NEGATIVE NUMBERS.
R  INDICATES RECORD WAS SET OR TIED.
MM INDICATES DATA IS MISSING.
T  INDICATES TRACE AMOUNT.




$$
