000
CDUS43 KMPX 250629
CLIMSP


CLIMATE REPORT
NATIONAL WEATHER SERVICE CHANHASSEN MN
1228 AM CST SAT NOV 25 2017


...................................

...THE TWIN CITIES MN CLIMATE SUMMARY FOR NOVEMBER 24 2017...

CLIMATE NORMAL PERIOD 1981 TO 2010
CLIMATE RECORD PERIOD 1871 TO 2017


WEATHER ITEM   OBSERVED TIME   RECORD YEAR NORMAL DEPARTURE LAST
                VALUE   (LST)  VALUE       VALUE  FROM      YEAR
                                                  NORMAL
..................................................................
TEMPERATURE (F)
 YESTERDAY
  MAXIMUM         60R   129 PM  59    2011  36     24       37
                                      1990
  MINIMUM         40   1158 PM -10    1893  22     18       34
  AVERAGE         50                        29     21       36

PRECIPITATION (IN)
  YESTERDAY        T             1.06 2001   0.06  -0.06     0.04
  MONTH TO DATE    0.39                      1.45  -1.06     1.64
  SINCE SEP 1      5.92                      6.96  -1.04    10.52
  SINCE JAN 1     31.57                     29.13   2.44    36.84

SNOWFALL (IN)
  YESTERDAY        0.0           1.7  1977   0.4   -0.4       T
  MONTH TO DATE    0.6                       6.7   -6.1      2.3
  SINCE SEP 1      0.7                       7.3   -6.6      2.3
  SINCE JUL 1      0.7                       7.3   -6.6      2.3
  SNOW DEPTH       0

DEGREE DAYS
 HEATING
  YESTERDAY       15                        36    -21       29
  MONTH TO DATE  769                       711     58      462
  SINCE SEP 1   1251                      1372   -121      881
  SINCE JUL 1   1258                      1391   -133      884

 COOLING
  YESTERDAY        0                         0      0        0
  MONTH TO DATE    0                         0      0        0
  SINCE SEP 1    142                        72     70       93
  SINCE JAN 1    830                       753     77      964
..................................................................


WIND (MPH)
  HIGHEST WIND SPEED    23   HIGHEST WIND DIRECTION    NW (320)
  HIGHEST GUST SPEED    33   HIGHEST GUST DIRECTION    NW (320)
  AVERAGE WIND SPEED    10.8


SKY COVER
  POSSIBLE SUNSHINE  MM
  AVERAGE SKY COVER 0.4


WEATHER CONDITIONS
 THE FOLLOWING WEATHER WAS RECORDED YESTERDAY.
  NO SIGNIFICANT WEATHER WAS OBSERVED.


RELATIVE HUMIDITY (PERCENT)
 HIGHEST    77           400 PM
 LOWEST     49           100 PM
 AVERAGE    63

..........................................................


THE TWIN CITIES MN CLIMATE NORMALS FOR TODAY
                         NORMAL    RECORD    YEAR
 MAXIMUM TEMPERATURE (F)   36        62      1914
 MINIMUM TEMPERATURE (F)   21       -18      1880


SUNRISE AND SUNSET
NOVEMBER 25 2017......SUNRISE   724 AM CST   SUNSET   436 PM CST
NOVEMBER 26 2017......SUNRISE   725 AM CST   SUNSET   435 PM CST


-  INDICATES NEGATIVE NUMBERS.
R  INDICATES RECORD WAS SET OR TIED.
MM INDICATES DATA IS MISSING.
T  INDICATES TRACE AMOUNT.




$$
