000
CDUS43 KMPX 190630
CLIMSP


CLIMATE REPORT
NATIONAL WEATHER SERVICE CHANHASSEN MN
1230 AM CST MON FEB 19 2018


...................................

...THE TWIN CITIES MN CLIMATE SUMMARY FOR FEBRUARY 18 2018...

CLIMATE NORMAL PERIOD 1981 TO 2010
CLIMATE RECORD PERIOD 1871 TO 2018


WEATHER ITEM   OBSERVED TIME   RECORD YEAR NORMAL DEPARTURE LAST
                VALUE   (LST)  VALUE       VALUE  FROM      YEAR
                                                  NORMAL
..................................................................
TEMPERATURE (F)
 YESTERDAY
  MAXIMUM         45    419 PM  58    2017  30     15       58
                                      1981
  MINIMUM         19    114 AM -21    1903  14      5       34
  AVERAGE         32                        22     10       46

PRECIPITATION (IN)
  YESTERDAY        0.00          0.70 1961   0.03  -0.03     0.00
  MONTH TO DATE    0.19                      0.43  -0.24     0.03
  SINCE DEC 1      2.53                      2.49   0.04     3.15
  SINCE JAN 1      1.74                      1.33   0.41     1.01

SNOWFALL (IN)
  YESTERDAY        0.0           7.0  1961   0.3   -0.3      0.0
  MONTH TO DATE    3.2                       4.7   -1.5      0.3
  SINCE DEC 1     30.0                      28.8    1.2     24.5
  SINCE JUL 1     30.7                      38.7   -8.0     26.8
  SNOW DEPTH       3

DEGREE DAYS
 HEATING
  YESTERDAY       33                        43    -10       19
  MONTH TO DATE  948                       827    121      666
  SINCE DEC 1   3862                      3762    100     3384
  SINCE JUL 1   5272                      5381   -109     4428

 COOLING
  YESTERDAY        0                         0      0        0
  MONTH TO DATE    0                         0      0        0
  SINCE DEC 1      0                         0      0        0
  SINCE JAN 1      0                         0      0        0
..................................................................


WIND (MPH)
  HIGHEST WIND SPEED    28   HIGHEST WIND DIRECTION     S (160)
  HIGHEST GUST SPEED    35   HIGHEST GUST DIRECTION    SE (140)
  AVERAGE WIND SPEED    11.1


SKY COVER
  POSSIBLE SUNSHINE  MM
  AVERAGE SKY COVER 0.9


WEATHER CONDITIONS
 THE FOLLOWING WEATHER WAS RECORDED YESTERDAY.
  NO SIGNIFICANT WEATHER WAS OBSERVED.


RELATIVE HUMIDITY (PERCENT)
 HIGHEST    89           900 PM
 LOWEST     52          1200 AM
 AVERAGE    71

..........................................................


THE TWIN CITIES MN CLIMATE NORMALS FOR TODAY
                         NORMAL    RECORD    YEAR
 MAXIMUM TEMPERATURE (F)   30        59      2017
 MINIMUM TEMPERATURE (F)   14       -20      1941
                                             1929


SUNRISE AND SUNSET
FEBRUARY 19 2018......SUNRISE   707 AM CST   SUNSET   547 PM CST
FEBRUARY 20 2018......SUNRISE   706 AM CST   SUNSET   548 PM CST


-  INDICATES NEGATIVE NUMBERS.
R  INDICATES RECORD WAS SET OR TIED.
MM INDICATES DATA IS MISSING.
T  INDICATES TRACE AMOUNT.




$$
