000
CDUS43 KMPX 180847
CLIMSP


CLIMATE REPORT
NATIONAL WEATHER SERVICE CHANHASSEN MN
246 AM CST WED JAN 18 2017


...................................

...THE TWIN CITIES MN CLIMATE SUMMARY FOR JANUARY 17 2017...

CLIMATE NORMAL PERIOD 1981 TO 2010
CLIMATE RECORD PERIOD 1871 TO 2017


WEATHER ITEM   OBSERVED TIME   RECORD YEAR NORMAL DEPARTURE LAST
                VALUE   (LST)  VALUE       VALUE  FROM      YEAR
                                                  NORMAL
..................................................................
TEMPERATURE (F)
 YESTERDAY
  MAXIMUM         35    434 PM  44    1894  23     12       -3
  MINIMUM         29   1117 PM -26    1967   7     22      -14
  AVERAGE         32                        15     17       -8

PRECIPITATION (IN)
  YESTERDAY        0.11          0.90 1996   0.03   0.08     0.00
  MONTH TO DATE    0.67                      0.52   0.15     0.20
  SINCE DEC 1      2.81                      1.68   1.13     2.52
  SINCE JAN 1      0.67                      0.52   0.15     0.20

SNOWFALL (IN)
  YESTERDAY        0.6           5.1  1932   0.4    0.2      0.0
  MONTH TO DATE    5.6                       6.8   -1.2      2.6
  SINCE DEC 1     21.4                      18.7    2.7     12.1
  SINCE JUL 1     23.7                      28.6   -4.9     17.2
  SNOW DEPTH       2

DEGREE DAYS
 HEATING
  YESTERDAY       33                        50    -17       73
  MONTH TO DATE  888                       843     45      860
  SINCE DEC 1   2246                      2247     -1     1931
  SINCE JUL 1   3290                      3866   -576     3106

 COOLING
  YESTERDAY        0                         0      0        0
  MONTH TO DATE    0                         0      0        0
  SINCE DEC 1      0                         0      0        0
  SINCE JAN 1      0                         0      0        0
..................................................................


WIND (MPH)
  HIGHEST WIND SPEED    14   HIGHEST WIND DIRECTION    SW (230)
  HIGHEST GUST SPEED    20   HIGHEST GUST DIRECTION     N (350)
  AVERAGE WIND SPEED     7.7


SKY COVER
  POSSIBLE SUNSHINE  MM
  AVERAGE SKY COVER 0.9


WEATHER CONDITIONS
 THE FOLLOWING WEATHER WAS RECORDED YESTERDAY.
  LT FREEZING RAIN
  LIGHT SNOW
  SLEET
  FOG
  HAZE


RELATIVE HUMIDITY (PERCENT)
 HIGHEST    92           300 AM
 LOWEST     69          1200 PM
 AVERAGE    81

..........................................................


THE TWIN CITIES MN CLIMATE NORMALS FOR TODAY
                         NORMAL    RECORD    YEAR
 MAXIMUM TEMPERATURE (F)   23        48      1891
                                             1880
 MINIMUM TEMPERATURE (F)    7       -36      1887


SUNRISE AND SUNSET
JANUARY 18 2017.......SUNRISE   745 AM CST   SUNSET   502 PM CST
JANUARY 19 2017.......SUNRISE   744 AM CST   SUNSET   503 PM CST


-  INDICATES NEGATIVE NUMBERS.
R  INDICATES RECORD WAS SET OR TIED.
MM INDICATES DATA IS MISSING.
T  INDICATES TRACE AMOUNT.




$$
