000
CDUS43 KMPX 020801
CLIMSP


CLIMATE REPORT
NATIONAL WEATHER SERVICE CHANHASSEN MN
301 AM CDT WED SEP 2 2015


...................................

...THE TWIN CITIES MN CLIMATE SUMMARY FOR SEPTEMBER 1 2015...

CLIMATE NORMAL PERIOD 1981 TO 2010
CLIMATE RECORD PERIOD 1871 TO 2015


WEATHER ITEM   OBSERVED TIME   RECORD YEAR NORMAL DEPARTURE LAST
                VALUE   (LST)  VALUE       VALUE  FROM      YEAR
                                                  NORMAL
..................................................................
TEMPERATURE (F)
 YESTERDAY
  MAXIMUM         86    601 PM  97    1913  77      9       78
  MINIMUM         69    548 AM  36    1974  59     10       65
  AVERAGE         78                        68     10       72

PRECIPITATION (IN)
  YESTERDAY        0.00          3.29 1942   0.12  -0.12     0.17
  MONTH TO DATE    0.00                      0.12  -0.12     0.17
  SINCE SEP 1      0.00                      0.12  -0.12     0.17
  SINCE JAN 1     22.04                     22.29  -0.25    31.17

SNOWFALL (IN)
  YESTERDAY        0.0           0.0    MM   0.0    0.0      0.0
  MONTH TO DATE    0.0                       0.0    0.0      0.0
  SINCE SEP 1      0.0                       0.0    0.0      0.0
  SINCE JUL 1      0.0                       0.0    0.0      0.0
  SNOW DEPTH       0

DEGREE DAYS
 HEATING
  YESTERDAY        0                         1     -1        0
  MONTH TO DATE    0                         1     -1        0
  SINCE SEP 1      0                         1     -1        0
  SINCE JUL 1     15                        20     -5        7

 COOLING
  YESTERDAY       13                         4      9        7
  MONTH TO DATE   13                         4      9        7
  SINCE SEP 1     13                         4      9        7
  SINCE JAN 1    662                       685    -23      703
..................................................................


WIND (MPH)
  HIGHEST WIND SPEED    12   HIGHEST WIND DIRECTION    SE (140)
  HIGHEST GUST SPEED    15   HIGHEST GUST DIRECTION    SE (140)
  AVERAGE WIND SPEED     5.5


SKY COVER
  POSSIBLE SUNSHINE  MM
  AVERAGE SKY COVER 0.8


WEATHER CONDITIONS
 THE FOLLOWING WEATHER WAS RECORDED YESTERDAY.
  FOG
  HAZE


RELATIVE HUMIDITY (PERCENT)
 HIGHEST    90           500 AM
 LOWEST     61          1200 PM
 AVERAGE    76

..........................................................


THE TWIN CITIES MN CLIMATE NORMALS FOR TODAY
                         NORMAL    RECORD    YEAR
 MAXIMUM TEMPERATURE (F)   77        97      1937
 MINIMUM TEMPERATURE (F)   58        42      1974


SUNRISE AND SUNSET
SEPTEMBER  2 2015.....SUNRISE   636 AM CDT   SUNSET   748 PM CDT
SEPTEMBER  3 2015.....SUNRISE   637 AM CDT   SUNSET   747 PM CDT


-  INDICATES NEGATIVE NUMBERS.
R  INDICATES RECORD WAS SET OR TIED.
MM INDICATES DATA IS MISSING.
T  INDICATES TRACE AMOUNT.




$$
