000
CDUS43 KMPX 270631
CLIMSP


CLIMATE REPORT
NATIONAL WEATHER SERVICE CHANHASSEN MN
1231 AM CST MON FEB 27 2017


...................................

...THE TWIN CITIES MN CLIMATE SUMMARY FOR FEBRUARY 26 2017...

CLIMATE NORMAL PERIOD 1981 TO 2010
CLIMATE RECORD PERIOD 1871 TO 2017


WEATHER ITEM   OBSERVED TIME   RECORD YEAR NORMAL DEPARTURE LAST
                VALUE   (LST)  VALUE       VALUE  FROM      YEAR
                                                  NORMAL
..................................................................
TEMPERATURE (F)
 YESTERDAY
  MAXIMUM         40    145 PM  64    1896  33      7       42
  MINIMUM         23    728 AM -21    1897  17      6       24
  AVERAGE         32                        25      7       33

PRECIPITATION (IN)
  YESTERDAY        0.00          0.83 1873   0.04  -0.04     0.00
  MONTH TO DATE    0.64                      0.69  -0.05     1.06
  SINCE DEC 1      3.76                      2.75   1.01     3.69
  SINCE JAN 1      1.62                      1.59   0.03     1.37

SNOWFALL (IN)
  YESTERDAY        0.0           7.0  1936   0.3   -0.3      0.0
  MONTH TO DATE    0.3                       7.1   -6.8     12.0
  SINCE DEC 1     24.5                      31.2   -6.7     25.6
  SINCE JUL 1     26.8                      41.1  -14.3     30.7
  SNOW DEPTH       0

DEGREE DAYS
 HEATING
  YESTERDAY       33                        40     -7       32
  MONTH TO DATE  882                      1158   -276     1072
  SINCE DEC 1   3600                      4093   -493     3606
  SINCE JUL 1   4644                      5712  -1068     4781

 COOLING
  YESTERDAY        0                         0      0        0
  MONTH TO DATE    0                         0      0        0
  SINCE DEC 1      0                         0      0        0
  SINCE JAN 1      0                         0      0        0
..................................................................


WIND (MPH)
  HIGHEST WIND SPEED    23   HIGHEST WIND DIRECTION     W (290)
  HIGHEST GUST SPEED    31   HIGHEST GUST DIRECTION     W (270)
  AVERAGE WIND SPEED     9.6


SKY COVER
  POSSIBLE SUNSHINE  MM
  AVERAGE SKY COVER 0.6


WEATHER CONDITIONS
 THE FOLLOWING WEATHER WAS RECORDED YESTERDAY.
  NO SIGNIFICANT WEATHER WAS OBSERVED.


RELATIVE HUMIDITY (PERCENT)
 HIGHEST    74           700 AM
 LOWEST     35           400 PM
 AVERAGE    55

..........................................................


THE TWIN CITIES MN CLIMATE NORMALS FOR TODAY
                         NORMAL    RECORD    YEAR
 MAXIMUM TEMPERATURE (F)   33        58      2016
 MINIMUM TEMPERATURE (F)   18       -22      1879


SUNRISE AND SUNSET
FEBRUARY 27 2017......SUNRISE   654 AM CST   SUNSET   558 PM CST
FEBRUARY 28 2017......SUNRISE   652 AM CST   SUNSET   559 PM CST


-  INDICATES NEGATIVE NUMBERS.
R  INDICATES RECORD WAS SET OR TIED.
MM INDICATES DATA IS MISSING.
T  INDICATES TRACE AMOUNT.




$$
