832
CDUS43 KMPX 230713
CLIMSP


CLIMATE REPORT
NATIONAL WEATHER SERVICE CHANHASSEN MN
212 AM CDT WED AUG 23 2017


...................................

...THE TWIN CITIES MN CLIMATE SUMMARY FOR AUGUST 22 2017...

CLIMATE NORMAL PERIOD 1981 TO 2010
CLIMATE RECORD PERIOD 1871 TO 2017


WEATHER ITEM   OBSERVED TIME   RECORD YEAR NORMAL DEPARTURE LAST
                VALUE   (LST)  VALUE       VALUE  FROM      YEAR
                                                  NORMAL
..................................................................
TEMPERATURE (F)
 YESTERDAY
  MAXIMUM         76    209 PM  97    1971  80     -4       83
                                      1898
  MINIMUM         60    617 AM  43    1890  61     -1       59
                                      1875
  AVERAGE         68                        70     -2       71

PRECIPITATION (IN)
  YESTERDAY        0.00          3.32 1914   0.13  -0.13     0.00
  MONTH TO DATE    4.72                      3.18   1.54     5.12
  SINCE JUN 1     12.07                     11.47   0.60    14.70
  SINCE JAN 1     23.62                     21.05   2.57    23.62

SNOWFALL (IN)
  YESTERDAY        0.0           0.0    MM   0.0    0.0      0.0
  MONTH TO DATE    0.0                       0.0    0.0      0.0
  SINCE JUN 1      T                         0.0    0.0      0.0
  SINCE JUL 1      0.0                       0.0    0.0      0.0
  SNOW DEPTH       0

DEGREE DAYS
 HEATING
  YESTERDAY        0                         1     -1        0
  MONTH TO DATE    4                         1      3        2
  SINCE JUN 1     16                        50    -34       10
  SINCE JUL 1      4                         6     -2        3

 COOLING
  YESTERDAY        3                         6     -3        6
  MONTH TO DATE  108                       158    -50      212
  SINCE JUN 1    646                       592     54      739
  SINCE JAN 1    667                       634     33      815
..................................................................


WIND (MPH)
  HIGHEST WIND SPEED    25   HIGHEST WIND DIRECTION    NW (300)
  HIGHEST GUST SPEED    33   HIGHEST GUST DIRECTION    NW (330)
  AVERAGE WIND SPEED    13.1


SKY COVER
  POSSIBLE SUNSHINE  MM
  AVERAGE SKY COVER 0.1


WEATHER CONDITIONS
 THE FOLLOWING WEATHER WAS RECORDED YESTERDAY.
  HAZE


RELATIVE HUMIDITY (PERCENT)
 HIGHEST    90           300 AM
 LOWEST     35           400 PM
 AVERAGE    63

..........................................................


THE TWIN CITIES MN CLIMATE NORMALS FOR TODAY
                         NORMAL    RECORD    YEAR
 MAXIMUM TEMPERATURE (F)   80        97      1948
 MINIMUM TEMPERATURE (F)   61        42      1891


SUNRISE AND SUNSET
AUGUST 23 2017........SUNRISE   625 AM CDT   SUNSET   805 PM CDT
AUGUST 24 2017........SUNRISE   626 AM CDT   SUNSET   803 PM CDT


-  INDICATES NEGATIVE NUMBERS.
R  INDICATES RECORD WAS SET OR TIED.
MM INDICATES DATA IS MISSING.
T  INDICATES TRACE AMOUNT.




$$
