996
CDUS41 KBTV 270527
CLIMSS


CLIMATE REPORT
NATIONAL WEATHER SERVICE BURLINGTON VT
126 AM EDT TUE SEP 27 2016


...................................

...THE MASSENA NY CLIMATE SUMMARY FOR SEPTEMBER 26 2016...

CLIMATE NORMAL PERIOD 1981 TO 2010
CLIMATE RECORD PERIOD 1948 TO 2016


WEATHER ITEM   OBSERVED TIME   RECORD YEAR NORMAL DEPARTURE LAST
                VALUE   (LST)  VALUE       VALUE  FROM      YEAR
                                                  NORMAL
..................................................................
TEMPERATURE (F)
 YESTERDAY
  MAXIMUM         66    123 PM  82    1970  65      1       66
  MINIMUM         33    610 AM  27    1978  43    -10       35
  AVERAGE         50                        54     -4       51

PRECIPITATION (IN)
  YESTERDAY        T             2.09        0.12  -0.12     0.00
  MONTH TO DATE    1.35                      3.15  -1.80     2.91
  SINCE SEP 1      1.35                      3.15  -1.80     2.91
  SINCE JAN 1     22.46                     25.69  -3.23    20.68

DEGREE DAYS
 HEATING
  YESTERDAY       15                        11      4       14
  MONTH TO DATE  111                       175    -64       78
  SINCE SEP 1    111                       175    -64       78
  SINCE JUL 1    122                       250   -128      112

 COOLING
  YESTERDAY        0                         0      0        0
  MONTH TO DATE   47                        24     23       79
  SINCE SEP 1     47                        24     23       79
  SINCE JAN 1    527                       360    167      452
..................................................................


WIND (MPH)
  HIGHEST WIND SPEED    16   HIGHEST WIND DIRECTION    SW (220)
  HIGHEST GUST SPEED    21   HIGHEST GUST DIRECTION     S (200)
  AVERAGE WIND SPEED     4.3


SKY COVER
  AVERAGE SKY COVER 0.3


WEATHER CONDITIONS
 THE FOLLOWING WEATHER WAS RECORDED YESTERDAY.
  LIGHT RAIN
  FOG


RELATIVE HUMIDITY (PERCENT)
 HIGHEST    92          1200 AM
 LOWEST     37          1200 PM
 AVERAGE    65

..........................................................


THE MASSENA NY CLIMATE NORMALS FOR TODAY
                         NORMAL    RECORD    YEAR
 MAXIMUM TEMPERATURE (F)   65        82      2003
 MINIMUM TEMPERATURE (F)   43        26      1956


SUNRISE AND SUNSET
SEPTEMBER 27 2016.....SUNRISE   653 AM EDT   SUNSET   647 PM EDT
SEPTEMBER 28 2016.....SUNRISE   654 AM EDT   SUNSET   645 PM EDT


-  INDICATES NEGATIVE NUMBERS.
R  INDICATES RECORD WAS SET OR TIED.
MM INDICATES DATA IS MISSING.
T  INDICATES TRACE AMOUNT.




$$
