000
CDUS41 KBTV 180546
CLIMSS


CLIMATE REPORT
NATIONAL WEATHER SERVICE BURLINGTON VT
1242 AM EST SAT NOV 18 2017


...................................

...THE MASSENA NY CLIMATE SUMMARY FOR NOVEMBER 17 2017...

CLIMATE NORMAL PERIOD 1981 TO 2010
CLIMATE RECORD PERIOD 1948 TO 2017


WEATHER ITEM   OBSERVED TIME   RECORD YEAR NORMAL DEPARTURE LAST
                VALUE   (LST)  VALUE       VALUE  FROM      YEAR
                                                  NORMAL
..................................................................
TEMPERATURE (F)
 YESTERDAY
  MAXIMUM         32    109 AM  68    1987  43    -11       48
  MINIMUM         17   1138 PM  12    1980  27    -10       31
  AVERAGE         25                        35    -10       40

PRECIPITATION (IN)
  YESTERDAY        0.00          0.65        0.10  -0.10     0.00
  MONTH TO DATE    1.85                      1.77   0.08      T
  SINCE SEP 1      7.45                      8.73  -1.28     6.12
  SINCE JAN 1     36.82                     31.27   5.55    27.23

DEGREE DAYS
 HEATING
  YESTERDAY       40                        30     10       25
  MONTH TO DATE  474                       460     14      372
  SINCE SEP 1    915                      1266   -351      992
  SINCE JUL 1    967                      1341   -374     1003

 COOLING
  YESTERDAY        0                         0      0        0
  MONTH TO DATE    0                         0      0        0
  SINCE SEP 1     73                        27     46       47
  SINCE JAN 1    399                       363     36      527
..................................................................


WIND (MPH)
  HIGHEST WIND SPEED    24   HIGHEST WIND DIRECTION     W (290)
  HIGHEST GUST SPEED    33   HIGHEST GUST DIRECTION     W (290)
  AVERAGE WIND SPEED     9.8


SKY COVER
  AVERAGE SKY COVER 0.5


WEATHER CONDITIONS
 THE FOLLOWING WEATHER WAS RECORDED YESTERDAY.
  NO SIGNIFICANT WEATHER WAS OBSERVED.


RELATIVE HUMIDITY (PERCENT)
 HIGHEST    92          1100 PM
 LOWEST     53           200 PM
 AVERAGE    73

..........................................................


THE MASSENA NY CLIMATE NORMALS FOR TODAY
                         NORMAL    RECORD    YEAR
 MAXIMUM TEMPERATURE (F)   43        68      1994
 MINIMUM TEMPERATURE (F)   27        13      1983


SUNRISE AND SUNSET
NOVEMBER 18 2017......SUNRISE   701 AM EST   SUNSET   428 PM EST
NOVEMBER 19 2017......SUNRISE   702 AM EST   SUNSET   427 PM EST


-  INDICATES NEGATIVE NUMBERS.
R  INDICATES RECORD WAS SET OR TIED.
MM INDICATES DATA IS MISSING.
T  INDICATES TRACE AMOUNT.




$$
