000
CDUS41 KBTV 170532
CLIMSS


CLIMATE REPORT
NATIONAL WEATHER SERVICE BURLINGTON VT
1231 AM EST WED JAN 17 2018


...................................

...THE MASSENA NY CLIMATE SUMMARY FOR JANUARY 16 2018...

CLIMATE NORMAL PERIOD 1981 TO 2010
CLIMATE RECORD PERIOD 1948 TO 2018


WEATHER ITEM   OBSERVED TIME   RECORD YEAR NORMAL DEPARTURE LAST
                VALUE   (LST)  VALUE       VALUE  FROM      YEAR
                                                  NORMAL
..................................................................
TEMPERATURE (F)
 YESTERDAY
  MAXIMUM         13    855 PM  51    1953  24    -11       39
  MINIMUM          4    806 AM -27    1994   4      0       11
  AVERAGE          9                        14     -5       25

PRECIPITATION (IN)
  YESTERDAY        0.01          0.57        0.07  -0.06     0.00
  MONTH TO DATE    1.26                      1.19   0.07     1.31
  SINCE DEC 1      2.23                      3.62  -1.39     3.64
  SINCE JAN 1      1.26                      1.19   0.07     1.31

DEGREE DAYS
 HEATING
  YESTERDAY       56                        51      5       40
  MONTH TO DATE  897                       803     94      674
  SINCE DEC 1   2064                      2133    -69     1897
  SINCE JUL 1   3463                      3902   -439     3303

 COOLING
  YESTERDAY        0                         0      0        0
  MONTH TO DATE    0                         0      0        0
  SINCE DEC 1      0                         0      0        0
  SINCE JAN 1      0                         0      0        0
..................................................................


WIND (MPH)
  HIGHEST WIND SPEED    15   HIGHEST WIND DIRECTION    NE (60)
  HIGHEST GUST SPEED    18   HIGHEST GUST DIRECTION    NE (50)
  AVERAGE WIND SPEED     4.3


SKY COVER
  AVERAGE SKY COVER 1.0


WEATHER CONDITIONS
 THE FOLLOWING WEATHER WAS RECORDED YESTERDAY.
  SNOW
  LIGHT SNOW
  FOG


RELATIVE HUMIDITY (PERCENT)
 HIGHEST    92           600 PM
 LOWEST     83          1200 PM
 AVERAGE    88

..........................................................


THE MASSENA NY CLIMATE NORMALS FOR TODAY
                         NORMAL    RECORD    YEAR
 MAXIMUM TEMPERATURE (F)   24        51      1990
 MINIMUM TEMPERATURE (F)    4       -34      1974


SUNRISE AND SUNSET
JANUARY 17 2018.......SUNRISE   733 AM EST   SUNSET   447 PM EST
JANUARY 18 2018.......SUNRISE   732 AM EST   SUNSET   448 PM EST


-  INDICATES NEGATIVE NUMBERS.
R  INDICATES RECORD WAS SET OR TIED.
MM INDICATES DATA IS MISSING.
T  INDICATES TRACE AMOUNT.




$$
