000
CDUS41 KBTV 260601
CLIMSS


CLIMATE REPORT
NATIONAL WEATHER SERVICE BURLINGTON VT
142 AM EDT FRI MAY 26 2017


...................................

...THE MASSENA NY CLIMATE SUMMARY FOR MAY 25 2017...

CLIMATE NORMAL PERIOD 1981 TO 2010
CLIMATE RECORD PERIOD 1948 TO 2017


WEATHER ITEM   OBSERVED TIME   RECORD YEAR NORMAL DEPARTURE LAST
                VALUE   (LST)  VALUE       VALUE  FROM      YEAR
                                                  NORMAL
..................................................................
TEMPERATURE (F)
 YESTERDAY
  MAXIMUM         67   1102 AM  89    2010  69     -2       82
  MINIMUM         55   1159 PM  28    2002  47      8       57
  AVERAGE         61                        58      3       70

PRECIPITATION (IN)
  YESTERDAY        0.55          0.90        0.10   0.45     0.00
  MONTH TO DATE    4.33                      2.46   1.87     0.79
  SINCE MAR 1     10.11                      7.37   2.74     4.68
  SINCE JAN 1     13.54                     11.32   2.22     9.34

DEGREE DAYS
 HEATING
  YESTERDAY        4                         8     -4        0
  MONTH TO DATE  293                       278     15      286
  SINCE MAR 1   2064                      2073     -9     2052
  SINCE JUL 1   6990                      8060  -1070     7098

 COOLING
  YESTERDAY        0                         1     -1        5
  MONTH TO DATE   14                         6      8        5
  SINCE MAR 1     16                         7      9        5
  SINCE JAN 1     16                         7      9        5
..................................................................


WIND (MPH)
  HIGHEST WIND SPEED    22   HIGHEST WIND DIRECTION    NE (60)
  HIGHEST GUST SPEED    28   HIGHEST GUST DIRECTION     E (90)
  AVERAGE WIND SPEED    12.4


SKY COVER
  AVERAGE SKY COVER 0.5


WEATHER CONDITIONS
 THE FOLLOWING WEATHER WAS RECORDED YESTERDAY.
  HEAVY RAIN
  RAIN
  LIGHT RAIN
  FOG


RELATIVE HUMIDITY (PERCENT)
 HIGHEST   100           600 PM
 LOWEST     52          1200 PM
 AVERAGE    76

..........................................................


THE MASSENA NY CLIMATE NORMALS FOR TODAY
                         NORMAL    RECORD    YEAR
 MAXIMUM TEMPERATURE (F)   70        96      2010
 MINIMUM TEMPERATURE (F)   47        32      1972


SUNRISE AND SUNSET
MAY 26 2017...........SUNRISE   520 AM EDT   SUNSET   834 PM EDT
MAY 27 2017...........SUNRISE   519 AM EDT   SUNSET   834 PM EDT


-  INDICATES NEGATIVE NUMBERS.
R  INDICATES RECORD WAS SET OR TIED.
MM INDICATES DATA IS MISSING.
T  INDICATES TRACE AMOUNT.




$$
