000
CDUS41 KBTV 210522
CLIMSS


CLIMATE REPORT
NATIONAL WEATHER SERVICE BURLINGTON VT
120 AM EDT FRI JUL 21 2017


...................................

...THE MASSENA NY CLIMATE SUMMARY FOR JULY 20 2017...

CLIMATE NORMAL PERIOD 1981 TO 2010
CLIMATE RECORD PERIOD 1948 TO 2017


WEATHER ITEM   OBSERVED TIME   RECORD YEAR NORMAL DEPARTURE LAST
                VALUE   (LST)  VALUE       VALUE  FROM      YEAR
                                                  NORMAL
..................................................................
TEMPERATURE (F)
 YESTERDAY
  MAXIMUM         84   1154 AM  95    1978  80      4       79
  MINIMUM         62    355 AM  45    2000  58      4       49
  AVERAGE         73                        69      4       64

PRECIPITATION (IN)
  YESTERDAY        0.00          1.19        0.11  -0.11     0.00
  MONTH TO DATE    3.28                      2.24   1.04     1.89
  SINCE JUN 1      9.38                      5.76   3.62     6.58
  SINCE JAN 1     24.03                     17.69   6.34    15.92

DEGREE DAYS
 HEATING
  YESTERDAY        0                         1     -1        1
  MONTH TO DATE    0                        20    -20        9
  SINCE JUN 1     94                       116    -22       74
  SINCE JUL 1      0                        20    -20        9

 COOLING
  YESTERDAY        8                         5      3        0
  MONTH TO DATE   97                        97      0       94
  SINCE JUN 1    175                       172      3      161
  SINCE JAN 1    191                       186      5      207
..................................................................


WIND (MPH)
  HIGHEST WIND SPEED    20   HIGHEST WIND DIRECTION    SW (220)
  HIGHEST GUST SPEED    26   HIGHEST GUST DIRECTION    SW (210)
  AVERAGE WIND SPEED     6.8


SKY COVER
  AVERAGE SKY COVER 0.3


WEATHER CONDITIONS
 THE FOLLOWING WEATHER WAS RECORDED YESTERDAY.
  THUNDERSTORM
  FOG
  FOG W/VISIBILITY <= 1/4 MILE


RELATIVE HUMIDITY (PERCENT)
 HIGHEST   100          1200 AM
 LOWEST     58           600 PM
 AVERAGE    79

..........................................................


THE MASSENA NY CLIMATE NORMALS FOR TODAY
                         NORMAL    RECORD    YEAR
 MAXIMUM TEMPERATURE (F)   80        96      1955
 MINIMUM TEMPERATURE (F)   58        46      1989


SUNRISE AND SUNSET
JULY 21 2017..........SUNRISE   533 AM EDT   SUNSET   838 PM EDT
JULY 22 2017..........SUNRISE   534 AM EDT   SUNSET   837 PM EDT


-  INDICATES NEGATIVE NUMBERS.
R  INDICATES RECORD WAS SET OR TIED.
MM INDICATES DATA IS MISSING.
T  INDICATES TRACE AMOUNT.




$$
