000
CDUS41 KBTV 280541
CLIMSS


CLIMATE REPORT
NATIONAL WEATHER SERVICE BURLINGTON VT
140 AM EDT THU MAY 28 2015


...................................

...THE MASSENA NY CLIMATE SUMMARY FOR MAY 27 2015...

CLIMATE NORMAL PERIOD 1981 TO 2010
CLIMATE RECORD PERIOD 1948 TO 2015


WEATHER ITEM   OBSERVED TIME   RECORD YEAR NORMAL DEPARTURE LAST
                VALUE   (LST)  VALUE       VALUE  FROM      YEAR
                                                  NORMAL
..................................................................
TEMPERATURE (F)
 YESTERDAY
  MAXIMUM         82    328 PM  89    1978  70     12       67
  MINIMUM         62    255 AM  30    1954  47     15       50
  AVERAGE         72                        58     14       59

PRECIPITATION (IN)
  YESTERDAY        T             1.91        0.10  -0.10     0.00
  MONTH TO DATE    0.90                      2.66  -1.76     2.10
  SINCE MAR 1      3.92                      7.57  -3.65     7.18
  SINCE JAN 1      5.34                     11.52  -6.18     9.92

DEGREE DAYS
 HEATING
  YESTERDAY        0                         7     -7        6
  MONTH TO DATE  160                       292   -132      237
  SINCE MAR 1   2095                      2087      8     2364
  SINCE JUL 1   8261                      8074    187     8533

 COOLING
  YESTERDAY        7                         1      6        0
  MONTH TO DATE   40                         8     32       15
  SINCE MAR 1     40                         9     31       15
  SINCE JAN 1     40                         9     31       15
..................................................................


WIND (MPH)
  HIGHEST WIND SPEED    30   HIGHEST WIND DIRECTION    SW (230)
  HIGHEST GUST SPEED    39   HIGHEST GUST DIRECTION    SW (220)
  AVERAGE WIND SPEED    12.1


SKY COVER
  AVERAGE SKY COVER 0.2


WEATHER CONDITIONS
 THE FOLLOWING WEATHER WAS RECORDED YESTERDAY.
  LIGHT RAIN
  FOG


RELATIVE HUMIDITY (PERCENT)
 HIGHEST    93           100 AM
 LOWEST     49           500 PM
 AVERAGE    71

..........................................................


THE MASSENA NY CLIMATE NORMALS FOR TODAY
                         NORMAL    RECORD    YEAR
 MAXIMUM TEMPERATURE (F)   70        89      1978
 MINIMUM TEMPERATURE (F)   48        33      1970


SUNRISE AND SUNSET
MAY 28 2015...........SUNRISE   519 AM EDT   SUNSET   835 PM EDT
MAY 29 2015...........SUNRISE   518 AM EDT   SUNSET   836 PM EDT


-  INDICATES NEGATIVE NUMBERS.
R  INDICATES RECORD WAS SET OR TIED.
MM INDICATES DATA IS MISSING.
T  INDICATES TRACE AMOUNT.




$$
