000
CDUS41 KBTV 221245
CLIMSS


CLIMATE REPORT
NATIONAL WEATHER SERVICE BURLINGTON VT
845 AM EDT WED OCT 22 2014


...................................

...THE MASSENA NY CLIMATE SUMMARY FOR OCTOBER 21 2014...

CLIMATE NORMAL PERIOD 1981 TO 2010
CLIMATE RECORD PERIOD 1948 TO 2014


WEATHER ITEM   OBSERVED TIME   RECORD YEAR NORMAL DEPARTURE LAST
                VALUE   (LST)  VALUE       VALUE  FROM      YEAR
                                                  NORMAL
..................................................................
TEMPERATURE (F)
 YESTERDAY
  MAXIMUM         46   1115 PM  77    1979  54     -8       63
  MINIMUM         43    245 AM  20    1948  35      8       33
  AVERAGE         45                        44      1       48

PRECIPITATION (IN)
  YESTERDAY        0.02          1.98        0.10  -0.08      T
  MONTH TO DATE    1.80                      2.27  -0.47     1.87
  SINCE SEP 1      3.01                      5.92  -2.91     7.31
  SINCE JAN 1     28.47                     28.46   0.01    30.43

DEGREE DAYS
 HEATING
  YESTERDAY       20                        21     -1       17
  MONTH TO DATE  253                       358   -105      210
  SINCE SEP 1    460                       583   -123      455
  SINCE JUL 1    520                       658   -138      511

 COOLING
  YESTERDAY        0                         0      0        0
  MONTH TO DATE    7                         0      7        0
  SINCE SEP 1     48                        25     23       31
  SINCE JAN 1    336                       361    -25      418
..................................................................


WIND (MPH)
  HIGHEST WIND SPEED    21   HIGHEST WIND DIRECTION    NE (60)
  HIGHEST GUST SPEED    26   HIGHEST GUST DIRECTION    NE (50)
  AVERAGE WIND SPEED    12.9


SKY COVER
  AVERAGE SKY COVER 1.0


WEATHER CONDITIONS
 THE FOLLOWING WEATHER WAS RECORDED YESTERDAY.
  LIGHT RAIN
  FOG


RELATIVE HUMIDITY (PERCENT)
 HIGHEST    92           100 AM
 LOWEST     65           900 PM
 AVERAGE    79

..........................................................


THE MASSENA NY CLIMATE NORMALS FOR TODAY
                         NORMAL    RECORD    YEAR
 MAXIMUM TEMPERATURE (F)   54        82      1979
 MINIMUM TEMPERATURE (F)   34        19      1948


SUNRISE AND SUNSET
OCTOBER 22 2014.......SUNRISE   724 AM EDT   SUNSET   603 PM EDT
OCTOBER 23 2014.......SUNRISE   725 AM EDT   SUNSET   601 PM EDT


-  INDICATES NEGATIVE NUMBERS.
R  INDICATES RECORD WAS SET OR TIED.
MM INDICATES DATA IS MISSING.
T  INDICATES TRACE AMOUNT.




$$
