000
CDUS41 KBTV 170523
CLIMSS


CLIMATE REPORT
NATIONAL WEATHER SERVICE BURLINGTON VT
123 AM EDT WED SEP 17 2014


...................................

...THE MASSENA NY CLIMATE SUMMARY FOR SEPTEMBER 16 2014...

CLIMATE NORMAL PERIOD 1981 TO 2010
CLIMATE RECORD PERIOD 1948 TO 2014


WEATHER ITEM   OBSERVED TIME   RECORD YEAR NORMAL DEPARTURE LAST
                VALUE   (LST)  VALUE       VALUE  FROM      YEAR
                                                  NORMAL
..................................................................
TEMPERATURE (F)
 YESTERDAY
  MAXIMUM         67    311 PM  87    1991  70     -3       55
  MINIMUM         47   1154 PM  28    1959  47      0       38
  AVERAGE         57                        58     -1       47

PRECIPITATION (IN)
  YESTERDAY        0.02          1.25        0.13  -0.11     0.22
  MONTH TO DATE    1.03                      1.87  -0.84     3.73
  SINCE SEP 1      1.03                      1.87  -0.84     3.73
  SINCE JAN 1     26.49                     24.41   2.08    26.85

DEGREE DAYS
 HEATING
  YESTERDAY        8                         7      1       18
  MONTH TO DATE   87                        82      5      106
  SINCE SEP 1     87                        82      5      106
  SINCE JUL 1    147                       157    -10      162

 COOLING
  YESTERDAY        0                         1     -1        0
  MONTH TO DATE   39                        21     18       30
  SINCE SEP 1     39                        21     18       30
  SINCE JAN 1    327                       357    -30      417
..................................................................


WIND (MPH)
  HIGHEST WIND SPEED    16   HIGHEST WIND DIRECTION     W (270)
  HIGHEST GUST SPEED    21   HIGHEST GUST DIRECTION     W (270)
  AVERAGE WIND SPEED     6.2


SKY COVER
  AVERAGE SKY COVER 0.6


WEATHER CONDITIONS
 THE FOLLOWING WEATHER WAS RECORDED YESTERDAY.
  LIGHT RAIN


RELATIVE HUMIDITY (PERCENT)
 HIGHEST   100           500 AM
 LOWEST     52           200 PM
 AVERAGE    76

..........................................................


THE MASSENA NY CLIMATE NORMALS FOR TODAY
                         NORMAL    RECORD    YEAR
 MAXIMUM TEMPERATURE (F)   69        84      1972
 MINIMUM TEMPERATURE (F)   47        30      1973


SUNRISE AND SUNSET
SEPTEMBER 17 2014.....SUNRISE   640 AM EDT   SUNSET   706 PM EDT
SEPTEMBER 18 2014.....SUNRISE   642 AM EDT   SUNSET   705 PM EDT


-  INDICATES NEGATIVE NUMBERS.
R  INDICATES RECORD WAS SET OR TIED.
MM INDICATES DATA IS MISSING.
T  INDICATES TRACE AMOUNT.




$$
