000
CDUS41 KBTV 250533
CLIMSS


CLIMATE REPORT
NATIONAL WEATHER SERVICE BURLINGTON VT
133 AM EDT FRI JUL 25 2014


...................................

...THE MASSENA NY CLIMATE SUMMARY FOR JULY 24 2014...

CLIMATE NORMAL PERIOD 1981 TO 2010
CLIMATE RECORD PERIOD 1948 TO 2014


WEATHER ITEM   OBSERVED TIME   RECORD YEAR NORMAL DEPARTURE LAST
                VALUE   (LST)  VALUE       VALUE  FROM      YEAR
                                                  NORMAL
..................................................................
TEMPERATURE (F)
 YESTERDAY
  MAXIMUM         72    443 PM  92    1989  80     -8       72
  MINIMUM         56    545 AM  46    2002  58     -2       49
                                      1981
  AVERAGE         64                        69     -5       61

PRECIPITATION (IN)
  YESTERDAY        0.00          1.95        0.12  -0.12     0.00
  MONTH TO DATE    3.71                      2.74   0.97     3.13
  SINCE JUN 1      8.64                      6.26   2.38    10.75
  SINCE JAN 1     18.57                     18.19   0.38    19.05

DEGREE DAYS
 HEATING
  YESTERDAY        1                         1      0        4
  MONTH TO DATE    9                        24    -15        9
  SINCE JUN 1     47                       120    -73      125
  SINCE JUL 1      9                        24    -15        9

 COOLING
  YESTERDAY        0                         5     -5        0
  MONTH TO DATE   98                       117    -19      190
  SINCE JUN 1    182                       192    -10      267
  SINCE JAN 1    197                       206     -9      290
..................................................................


WIND (MPH)
  HIGHEST WIND SPEED    14   HIGHEST WIND DIRECTION    NW (310)
  HIGHEST GUST SPEED    19   HIGHEST GUST DIRECTION    NW (330)
  AVERAGE WIND SPEED     7.0


SKY COVER
  AVERAGE SKY COVER 0.3


WEATHER CONDITIONS
 THE FOLLOWING WEATHER WAS RECORDED YESTERDAY.
  NO SIGNIFICANT WEATHER WAS OBSERVED.


RELATIVE HUMIDITY (PERCENT)
 HIGHEST    86          1000 PM
 LOWEST     44           400 PM
 AVERAGE    65

..........................................................


THE MASSENA NY CLIMATE NORMALS FOR TODAY
                         NORMAL    RECORD    YEAR
 MAXIMUM TEMPERATURE (F)   80        92      1989
 MINIMUM TEMPERATURE (F)   58        43      1953


SUNRISE AND SUNSET
JULY 25 2014..........SUNRISE   537 AM EDT   SUNSET   834 PM EDT
JULY 26 2014..........SUNRISE   538 AM EDT   SUNSET   833 PM EDT


-  INDICATES NEGATIVE NUMBERS.
R  INDICATES RECORD WAS SET OR TIED.
MM INDICATES DATA IS MISSING.
T  INDICATES TRACE AMOUNT.




$$
