936
CDUS41 KBTV 160550
CLIMSS


CLIMATE REPORT
NATIONAL WEATHER SERVICE BURLINGTON VT
1249 AM EST MON JAN 16 2017


...................................

...THE MASSENA NY CLIMATE SUMMARY FOR JANUARY 15 2017...

CLIMATE NORMAL PERIOD 1981 TO 2010
CLIMATE RECORD PERIOD 1948 TO 2017


WEATHER ITEM   OBSERVED TIME   RECORD YEAR NORMAL DEPARTURE LAST
                VALUE   (LST)  VALUE       VALUE  FROM      YEAR
                                                  NORMAL
..................................................................
TEMPERATURE (F)
 YESTERDAY
  MAXIMUM         26    248 AM  67    1995  24      2       20
  MINIMUM         12   1159 PM -44    1957   4      8       13
  AVERAGE         19                        14      5       17

PRECIPITATION (IN)
  YESTERDAY        0.00          1.11        0.07  -0.07     0.00
  MONTH TO DATE    1.31                      1.12   0.19     0.26
  SINCE DEC 1      3.64                      3.55   0.09     2.91
  SINCE JAN 1      1.31                      1.12   0.19     0.26

DEGREE DAYS
 HEATING
  YESTERDAY       46                        51     -5       48
  MONTH TO DATE  634                       752   -118      663
  SINCE DEC 1   1857                      2082   -225     1534
  SINCE JUL 1   3263                      3851   -588     3008

 COOLING
  YESTERDAY        0                         0      0        0
  MONTH TO DATE    0                         0      0        0
  SINCE DEC 1      0                         0      0        0
  SINCE JAN 1      0                         0      0        0
..................................................................


WIND (MPH)
  HIGHEST WIND SPEED    13   HIGHEST WIND DIRECTION    NE (40)
  HIGHEST GUST SPEED    19   HIGHEST GUST DIRECTION    SW (240)
  AVERAGE WIND SPEED     4.9


SKY COVER
  AVERAGE SKY COVER 0.3


WEATHER CONDITIONS
 THE FOLLOWING WEATHER WAS RECORDED YESTERDAY.
  NO SIGNIFICANT WEATHER WAS OBSERVED.


RELATIVE HUMIDITY (PERCENT)
 HIGHEST    84           600 AM
 LOWEST     50           200 PM
 AVERAGE    67

..........................................................


THE MASSENA NY CLIMATE NORMALS FOR TODAY
                         NORMAL    RECORD    YEAR
 MAXIMUM TEMPERATURE (F)   24        51      1953
 MINIMUM TEMPERATURE (F)    4       -27      1994


SUNRISE AND SUNSET
JANUARY 16 2017.......SUNRISE   733 AM EST   SUNSET   446 PM EST
JANUARY 17 2017.......SUNRISE   732 AM EST   SUNSET   447 PM EST


-  INDICATES NEGATIVE NUMBERS.
R  INDICATES RECORD WAS SET OR TIED.
MM INDICATES DATA IS MISSING.
T  INDICATES TRACE AMOUNT.




$$
