000
CDUS41 KBTV 260657
CLIMSS


CLIMATE REPORT
NATIONAL WEATHER SERVICE BURLINGTON VT
155 AM EST WED NOV 26 2014


...................................

...THE MASSENA NY CLIMATE SUMMARY FOR NOVEMBER 25 2014...

CLIMATE NORMAL PERIOD 1981 TO 2010
CLIMATE RECORD PERIOD 1948 TO 2014


WEATHER ITEM   OBSERVED TIME   RECORD YEAR NORMAL DEPARTURE LAST
                VALUE   (LST)  VALUE       VALUE  FROM      YEAR
                                                  NORMAL
..................................................................
TEMPERATURE (F)
 YESTERDAY
  MAXIMUM         47   1138 AM  67    2001  39      8       34
  MINIMUM         34   1152 PM   5    2005  24     10        6
  AVERAGE         41                        32      9       20

PRECIPITATION (IN)
  YESTERDAY        T             1.06        0.10  -0.10      T
  MONTH TO DATE    1.44                      2.57  -1.13     1.74
  SINCE SEP 1      4.69                      9.53  -4.84     9.84
  SINCE JAN 1     30.15                     32.07  -1.92    32.96

DEGREE DAYS
 HEATING
  YESTERDAY       24                        33     -9       45
  MONTH TO DATE  692                       715    -23      741
  SINCE SEP 1   1321                      1521   -200     1466
  SINCE JUL 1   1381                      1596   -215     1522

 COOLING
  YESTERDAY        0                         0      0        0
  MONTH TO DATE    0                         0      0        0
  SINCE SEP 1     48                        27     21       31
  SINCE JAN 1    336                       363    -27      418
..................................................................


WIND (MPH)
  HIGHEST WIND SPEED    32   HIGHEST WIND DIRECTION    SW (230)
  HIGHEST GUST SPEED    45   HIGHEST GUST DIRECTION    SW (230)
  AVERAGE WIND SPEED    18.8


SKY COVER
  AVERAGE SKY COVER 0.6


WEATHER CONDITIONS
 THE FOLLOWING WEATHER WAS RECORDED YESTERDAY.
  LIGHT RAIN


RELATIVE HUMIDITY (PERCENT)
 HIGHEST    76           600 PM
 LOWEST     53          1100 AM
 AVERAGE    65

..........................................................


THE MASSENA NY CLIMATE NORMALS FOR TODAY
                         NORMAL    RECORD    YEAR
 MAXIMUM TEMPERATURE (F)   39        61      1979
 MINIMUM TEMPERATURE (F)   23        -6      1949


SUNRISE AND SUNSET
NOVEMBER 26 2014......SUNRISE   711 AM EST   SUNSET   422 PM EST
NOVEMBER 27 2014......SUNRISE   712 AM EST   SUNSET   421 PM EST


-  INDICATES NEGATIVE NUMBERS.
R  INDICATES RECORD WAS SET OR TIED.
MM INDICATES DATA IS MISSING.
T  INDICATES TRACE AMOUNT.




$$
