000
CDUS42 KKEY 280537
CLIMTH

CLIMATE REPORT
NATIONAL WEATHER SERVICE KEY WEST, FL
1233 AM EST SAT FEB 28 2015


...................................

...THE MARATHON CLIMATE SUMMARY FOR FEBRUARY 27 2015...

CLIMATE NORMAL PERIOD 1981 TO 2010


WEATHER ITEM   OBSERVED TIME   NORMAL DEPARTURE LAST
                VALUE   (LST)  VALUE  FROM      YEAR
                                      NORMAL
......................................................
TEMPERATURE (F)
 YESTERDAY
  MAXIMUM         80    101 PM  78      2       81
  MINIMUM         69    911 PM  67      2       70
  AVERAGE         75            72      3       76

PRECIPITATION (IN)
  YESTERDAY        0.00          0.07  -0.07     0.01
  MONTH TO DATE    2.03          2.14  -0.11     0.32
  SINCE DEC 1      3.77          5.77  -2.00     6.38
  SINCE JAN 1      2.23          3.75  -1.52     3.61

SNOWFALL (IN)
  YESTERDAY        0.0
  MONTH TO DATE    0.0
  SINCE DEC 1      0.0
  SINCE JUL 1      0.0
  SNOW DEPTH       0

DEGREE DAYS
 HEATING
  YESTERDAY        0             1     -1        0
  MONTH TO DATE   26            23      3        1
  SINCE DEC 1     44            81    -37       34
  SINCE JUL 1     50            82    -32       35

 COOLING
  YESTERDAY       10             8      2       11
  MONTH TO DATE  142           193    -51      315
  SINCE DEC 1    613           602     11      859
  SINCE JAN 1    374           374      0      499
......................................................


WIND (MPH)
  HIGHEST WIND SPEED    18   HIGHEST WIND DIRECTION    NE (30)
  HIGHEST GUST SPEED    25   HIGHEST GUST DIRECTION    NE (40)
  AVERAGE WIND SPEED     9.0


SKY COVER
  POSSIBLE SUNSHINE  MM
  AVERAGE SKY COVER 0.7


WEATHER CONDITIONS
 THE FOLLOWING WEATHER WAS RECORDED YESTERDAY.
  NO SIGNIFICANT WEATHER WAS OBSERVED.


RELATIVE HUMIDITY (PERCENT)
 HIGHEST   100
 LOWEST     79
 AVERAGE    90

..........................................................


THE MARATHON CLIMATE NORMALS FOR TODAY
                         NORMAL
 MAXIMUM TEMPERATURE (F)   78
 MINIMUM TEMPERATURE (F)   67


SUNRISE AND SUNSET
FEBRUARY 28 2015......SUNRISE   648 AM EST   SUNSET   626 PM EST
MARCH  1 2015.........SUNRISE   647 AM EST   SUNSET   627 PM EST


-  INDICATES NEGATIVE NUMBERS.
R  INDICATES RECORD WAS SET OR TIED.
MM INDICATES DATA IS MISSING.
T  INDICATES TRACE AMOUNT.




$$
