925
CDUS42 KKEY 090532
CLIMTH


CLIMATE REPORT
NATIONAL WEATHER SERVICE KEY WEST, FL
1232 AM EST FRI DEC 9 2016

...................................

...THE MARATHON CLIMATE SUMMARY FOR DECEMBER 8 2016...

CLIMATE NORMAL PERIOD 1981 TO 2010

WEATHER ITEM   OBSERVED TIME   NORMAL DEPARTURE LAST
                VALUE   (LST)  VALUE  FROM      YEAR
                                      NORMAL
......................................................
TEMPERATURE (F)
 YESTERDAY
  MAXIMUM         84    235 PM  78      6       73
  MINIMUM         77   1116 PM  68      9       69
  AVERAGE         81            73      8       71

PRECIPITATION (IN)
  YESTERDAY        0.04          0.06  -0.02     0.00
  MONTH TO DATE    0.75          0.53   0.22     7.34
  SINCE DEC 1      0.75          0.53   0.22     7.34
  SINCE JAN 1     36.75         44.68  -7.93    33.91

SNOWFALL (IN)
  YESTERDAY        0.0
  MONTH TO DATE    0.0
  SINCE DEC 1      0.0
  SINCE JUL 1      0.0
  SNOW DEPTH       0

DEGREE DAYS
 HEATING
  YESTERDAY        0             1     -1        0
  MONTH TO DATE    0             1     -1        0
  SINCE DEC 1      0             1     -1        0
  SINCE JUL 1      0             2     -2        0

 COOLING
  YESTERDAY       16             8      8        6
  MONTH TO DATE  134            71     63       86
  SINCE DEC 1    134            71     63       86
  SINCE JAN 1   5099          4835    264     5512
......................................................


WIND (MPH)
  HIGHEST WIND SPEED    13   HIGHEST WIND DIRECTION     N (20)
  HIGHEST GUST SPEED    17   HIGHEST GUST DIRECTION     N (20)
  AVERAGE WIND SPEED     6.3


SKY COVER
  POSSIBLE SUNSHINE  MM
  AVERAGE SKY COVER 0.4


WEATHER CONDITIONS
 THE FOLLOWING WEATHER WAS RECORDED YESTERDAY.
  LIGHT RAIN


RELATIVE HUMIDITY (PERCENT)
 HIGHEST    85
 LOWEST     74
 AVERAGE    80

..........................................................


THE MARATHON CLIMATE NORMALS FOR TODAY
                         NORMAL
 MAXIMUM TEMPERATURE (F)   78
 MINIMUM TEMPERATURE (F)   68


SUNRISE AND SUNSET
DECEMBER  9 2016......SUNRISE   658 AM EST   SUNSET   536 PM EST
DECEMBER 10 2016......SUNRISE   658 AM EST   SUNSET   537 PM EST


-  INDICATES NEGATIVE NUMBERS.
R  INDICATES RECORD WAS SET OR TIED.
MM INDICATES DATA IS MISSING.
T  INDICATES TRACE AMOUNT.




$$
