000
CDUS42 KKEY 280647
CLIMTH

CLIMATE REPORT
NATIONAL WEATHER SERVICE KEY WEST FL
250 AM EDT SAT MAR 28 2015

...................................

...THE MARATHON CLIMATE SUMMARY FOR MARCH 27 2015...

CLIMATE NORMAL PERIOD 1981 TO 2010

WEATHER ITEM   OBSERVED TIME   NORMAL DEPARTURE LAST
                VALUE   (LST)  VALUE  FROM      YEAR
                                      NORMAL
......................................................
TEMPERATURE (F)
 YESTERDAY
  MAXIMUM         89   1154 AM  81      8       81
  MINIMUM         70    858 PM  70      0       69
  AVERAGE         80            75      5       75

PRECIPITATION (IN)
  YESTERDAY        0.72          0.08   0.64     0.00
  MONTH TO DATE    1.12          2.02  -0.90     1.44
  SINCE MAR 1      1.12          2.02  -0.90     1.44
  SINCE JAN 1      3.35          5.84  -2.49     5.13

SNOWFALL (IN)
  YESTERDAY        0.0
  MONTH TO DATE    0.0
  SINCE MAR 1      0.0
  SINCE JUL 1      0.0
  SNOW DEPTH       0

DEGREE DAYS
 HEATING
  YESTERDAY        0             0      0        0
  MONTH TO DATE    0             0      0        0
  SINCE MAR 1      0             0      0        0
  SINCE JUL 1     50            75    -25       35

 COOLING
  YESTERDAY       15            10      5       10
  MONTH TO DATE  381           240    141      275
  SINCE MAR 1    381           240    141      275
  SINCE JAN 1    768           622    146      781
......................................................

WIND (MPH)
  HIGHEST WIND SPEED    26   HIGHEST WIND DIRECTION    NW (310)
  HIGHEST GUST SPEED    40   HIGHEST GUST DIRECTION    NW (300)
  AVERAGE WIND SPEED     9.4

SKY COVER
  POSSIBLE SUNSHINE  MM
  AVERAGE SKY COVER 0.2

WEATHER CONDITIONS
 THE FOLLOWING WEATHER WAS RECORDED YESTERDAY.
  THUNDERSTORM
  HEAVY RAIN

RELATIVE HUMIDITY (PERCENT)
 HIGHEST    97
 LOWEST     68
 AVERAGE    83
..........................................................

THE MARATHON CLIMATE NORMALS FOR TODAY
                         NORMAL
 MAXIMUM TEMPERATURE (F)   81
 MINIMUM TEMPERATURE (F)   70

SUNRISE AND SUNSET
MARCH 28 2015.........SUNRISE   720 AM EDT   SUNSET   739 PM EDT
MARCH 29 2015.........SUNRISE   719 AM EDT   SUNSET   739 PM EDT

-  INDICATES NEGATIVE NUMBERS.
R  INDICATES RECORD WAS SET OR TIED.
MM INDICATES DATA IS MISSING.
T  INDICATES TRACE AMOUNT.

$$
BS
