000
CDUS42 KKEY 230550
CLIMTH

CLIMATE REPORT
NATIONAL WEATHER SERVICE KEY WEST, FL
146 AM EDT THU OCT 23 2014

...................................

...THE MARATHON CLIMATE SUMMARY FOR OCTOBER 22 2014...

CLIMATE NORMAL PERIOD 1981 TO 2010

WEATHER ITEM   OBSERVED TIME   NORMAL DEPARTURE LAST
               VALUE    (LST)  VALUE  FROM      YEAR
                                      NORMAL
......................................................
TEMPERATURE (F)
 YESTERDAY
  MAXIMUM         79   1154 AM  84     -5       91
  MINIMUM         74    956 PM  75     -1       81
  AVERAGE         77            80     -3       86

PRECIPITATION (IN)
  YESTERDAY        0.37          0.15   0.22     0.00
  MONTH TO DATE    5.92          3.51   2.41     1.08
  SINCE SEP 1     11.11         11.24  -0.13     4.24
  SINCE JAN 1     31.05         40.06  -9.01    43.47

SNOWFALL (IN)
  YESTERDAY        0.0
  MONTH TO DATE    0.0
  SINCE SEP 1      0.0
  SINCE JUL 1      0.0
  SNOW DEPTH       0

DEGREE DAYS
 HEATING
  YESTERDAY        0             0      0        0
  MONTH TO DATE    0             0      0        0
  SINCE SEP 1      0             0      0        0
  SINCE JUL 1      0             0      0        0

 COOLING
  YESTERDAY       12            15     -3       21
  MONTH TO DATE  374           363     11      409
  SINCE SEP 1    934           931      3      994
  SINCE JAN 1   4618          4317    301     4715
......................................................

WIND (MPH)
  HIGHEST WIND SPEED    10   HIGHEST WIND DIRECTION    SE (130)
  HIGHEST GUST SPEED    15   HIGHEST GUST DIRECTION    SE (120)
  AVERAGE WIND SPEED     4.8

SKY COVER
  POSSIBLE SUNSHINE  MM
  AVERAGE SKY COVER 0.7

WEATHER CONDITIONS
 THE FOLLOWING WEATHER WAS RECORDED YESTERDAY.
  RAIN
  LIGHT RAIN

RELATIVE HUMIDITY (PERCENT)
 HIGHEST   100
 LOWEST     79
 AVERAGE    90

..........................................................

THE MARATHON CLIMATE NORMALS FOR TODAY
                         NORMAL
 MAXIMUM TEMPERATURE (F)   84
 MINIMUM TEMPERATURE (F)   75

SUNRISE AND SUNSET
OCTOBER 23 2014.......SUNRISE   726 AM EDT   SUNSET   651 PM EDT
OCTOBER 24 2014.......SUNRISE   727 AM EDT   SUNSET   650 PM EDT

-  INDICATES NEGATIVE NUMBERS.
R  INDICATES RECORD WAS SET OR TIED.
MM INDICATES DATA IS MISSING.
T  INDICATES TRACE AMOUNT.

$$
