000
CDUS45 KGJT 250738
CLIMTJ


CLIMATE REPORT
NATIONAL WEATHER SERVICE GRAND JUNCTION CO
134 AM MDT TUE JUL 25 2017


...................................

...THE MONTROSE CO CLIMATE SUMMARY FOR JULY 24 2017...

CLIMATE NORMAL PERIOD 1981 TO 2010
CLIMATE RECORD PERIOD 9999 TO 9999


WEATHER ITEM   OBSERVED TIME   RECORD YEAR NORMAL DEPARTURE LAST
                VALUE   (LST)  VALUE       VALUE  FROM      YEAR
                                                  NORMAL
..................................................................
TEMPERATURE (F)
 YESTERDAY
  MAXIMUM         91    218 PM  MM      MM  90      1       97
  MINIMUM         59    431 AM  MM      MM  58      1       63
  AVERAGE         75                        74      1       80

PRECIPITATION (IN)
  YESTERDAY        0.02         MM      MM   0.04  -0.02      T
  MONTH TO DATE    0.30                      0.67  -0.37     0.58
  SINCE JUN 1      0.35                      1.44  -1.09     0.94
  SINCE JAN 1      3.74                      5.74  -2.00     3.87

SNOWFALL (IN)
  YESTERDAY       MM            MM      MM  MM     MM       MM
  MONTH TO DATE   MM                        MM     MM       MM
  SINCE JUN 1     MM                        MM     MM       MM
  SINCE JUL 1     MM                        MM     MM       MM
  SNOW DEPTH      MM

DEGREE DAYS
 HEATING
  YESTERDAY        0                         0      0        0
  MONTH TO DATE    0                         0      0        1
  SINCE JUN 1      6                        39    -33        7
  SINCE JUL 1      0                         0      0        1

 COOLING
  YESTERDAY       10                         9      1       15
  MONTH TO DATE  250                       208     42      227
  SINCE JUN 1    465                       343    122      454
  SINCE JAN 1    471                       360    111      456
..................................................................


WIND (MPH)
  HIGHEST WIND SPEED    15   HIGHEST WIND DIRECTION    SW (220)
  HIGHEST GUST SPEED    19   HIGHEST GUST DIRECTION     S (180)
  AVERAGE WIND SPEED     6.7


SKY COVER
  POSSIBLE SUNSHINE  MM
  AVERAGE SKY COVER 0.2


WEATHER CONDITIONS
 THE FOLLOWING WEATHER WAS RECORDED YESTERDAY.
  THUNDERSTORM
  LIGHT RAIN


RELATIVE HUMIDITY (PERCENT)
 HIGHEST    64           400 AM
 LOWEST     22           200 PM
 AVERAGE    43

..........................................................


THE MONTROSE CO CLIMATE NORMALS FOR TODAY
                         NORMAL    RECORD    YEAR
 MAXIMUM TEMPERATURE (F)   90        MM        MM
 MINIMUM TEMPERATURE (F)   58        MM        MM


SUNRISE AND SUNSET
JULY 25 2017..........SUNRISE   608 AM MDT   SUNSET   828 PM MDT
JULY 26 2017..........SUNRISE   609 AM MDT   SUNSET   827 PM MDT


-  INDICATES NEGATIVE NUMBERS.
R  INDICATES RECORD WAS SET OR TIED.
MM INDICATES DATA IS MISSING.
T  INDICATES TRACE AMOUNT.




$$
