000
CDUS43 KILX 060651
CLIMTO


CLIMATE REPORT
NATIONAL WEATHER SERVICE LINCOLN IL
150 AM CDT MON JUL 6 2015


...................................

...THE MATTOON IL AIRPORT CLIMATE SUMMARY FOR JULY 5 2015...

CLIMATE NORMAL PERIOD 1981 TO 2010
CLIMATE RECORD PERIOD 9999 TO 9999


WEATHER ITEM   OBSERVED TIME   RECORD YEAR NORMAL DEPARTURE LAST
                VALUE   (LST)  VALUE       VALUE  FROM      YEAR
                                                  NORMAL
..................................................................
TEMPERATURE (F)
 YESTERDAY
  MAXIMUM         82    413 PM  MM      MM  86     -4       79
  MINIMUM         61    506 AM  MM      MM  66     -5       54
  AVERAGE         72                        76     -4       67

PRECIPITATION (IN)
  YESTERDAY        0.00         MM      MM   0.12  -0.12      T
  MONTH TO DATE    0.60                      0.60   0.00     0.48
  SINCE JUN 1      9.90                      4.84   5.06     5.92
  SINCE JAN 1     20.45                     19.19   1.26    16.09

DEGREE DAYS
 HEATING
  YESTERDAY        0                         0      0        0
  MONTH TO DATE    0                         0      0        0
  SINCE JUN 1      8                        17     -9        3
  SINCE JUL 1      0                         0      0        0

 COOLING
  YESTERDAY        7                        11     -4        2
  MONTH TO DATE   27                        53    -26       21
  SINCE JUN 1    265                       276    -11      285
  SINCE JAN 1    392                       364     28      415
..................................................................


WIND (MPH)
  HIGHEST WIND SPEED     8   HIGHEST WIND DIRECTION     S (200)
  HIGHEST GUST SPEED    11   HIGHEST GUST DIRECTION     S (160)
  AVERAGE WIND SPEED     1.7


SKY COVER
  POSSIBLE SUNSHINE  MM
  AVERAGE SKY COVER 0.1


WEATHER CONDITIONS
 THE FOLLOWING WEATHER WAS RECORDED YESTERDAY.
  FOG
  HAZE


RELATIVE HUMIDITY (PERCENT)
 HIGHEST   100           500 AM
 LOWEST     58           300 PM
 AVERAGE    79

..........................................................


THE MATTOON IL AIRPORT CLIMATE NORMALS FOR TODAY
                         NORMAL    RECORD    YEAR
 MAXIMUM TEMPERATURE (F)   86        MM        MM
 MINIMUM TEMPERATURE (F)   66        MM        MM


SUNRISE AND SUNSET
JULY  6 2015..........SUNRISE   532 AM CDT   SUNSET   823 PM CDT
JULY  7 2015..........SUNRISE   533 AM CDT   SUNSET   823 PM CDT


-  INDICATES NEGATIVE NUMBERS.
R  INDICATES RECORD WAS SET OR TIED.
MM INDICATES DATA IS MISSING.
T  INDICATES TRACE AMOUNT.




$$
