000
CDUS43 KILX 190631
CLIMTO


CLIMATE REPORT
NATIONAL WEATHER SERVICE LINCOLN IL
130 AM CDT SAT AUG 19 2017


...................................

...THE MATTOON IL AIRPORT CLIMATE SUMMARY FOR AUGUST 18 2017...

CLIMATE NORMAL PERIOD 1981 TO 2010
CLIMATE RECORD PERIOD 9999 TO 9999


WEATHER ITEM   OBSERVED TIME   RECORD YEAR NORMAL DEPARTURE LAST
                VALUE   (LST)  VALUE       VALUE  FROM      YEAR
                                                  NORMAL
..................................................................
TEMPERATURE (F)
 YESTERDAY
  MAXIMUM         84    225 PM  MM      MM  85     -1       83
  MINIMUM         65    542 AM  MM      MM  63      2       66
  AVERAGE         75                        74      1       75

PRECIPITATION (IN)
  YESTERDAY        0.00         MM      MM   0.09  -0.09     0.01
  MONTH TO DATE    1.60                      1.71  -0.11     3.62
  SINCE JUN 1      9.21                     10.20  -0.99    10.84
  SINCE JAN 1     25.59                     24.55   1.04    22.58

DEGREE DAYS
 HEATING
  YESTERDAY        0                         0      0        0
  MONTH TO DATE    1                         0      1        0
  SINCE JUN 1      2                        18    -16        5
  SINCE JUL 1      1                         1      0        5

 COOLING
  YESTERDAY       10                         9      1       10
  MONTH TO DATE  112                       174    -62      211
  SINCE JUN 1    746                       727     19      857
  SINCE JAN 1    852                       815     37      932
..................................................................


WIND (MPH)
  HIGHEST WIND SPEED    17   HIGHEST WIND DIRECTION    NW (300)
  HIGHEST GUST SPEED    21   HIGHEST GUST DIRECTION    NW (300)
  AVERAGE WIND SPEED     7.1


SKY COVER
  POSSIBLE SUNSHINE  MM
  AVERAGE SKY COVER 0.0


WEATHER CONDITIONS
 THE FOLLOWING WEATHER WAS RECORDED YESTERDAY.
  NO SIGNIFICANT WEATHER WAS OBSERVED.


RELATIVE HUMIDITY (PERCENT)
 HIGHEST   100           200 AM
 LOWEST     51           300 PM
 AVERAGE    76

..........................................................


THE MATTOON IL AIRPORT CLIMATE NORMALS FOR TODAY
                         NORMAL    RECORD    YEAR
 MAXIMUM TEMPERATURE (F)   85        MM        MM
 MINIMUM TEMPERATURE (F)   63        MM        MM


SUNRISE AND SUNSET
AUGUST 19 2017........SUNRISE   610 AM CDT   SUNSET   743 PM CDT
AUGUST 20 2017........SUNRISE   611 AM CDT   SUNSET   742 PM CDT


-  INDICATES NEGATIVE NUMBERS.
R  INDICATES RECORD WAS SET OR TIED.
MM INDICATES DATA IS MISSING.
T  INDICATES TRACE AMOUNT.




$$
