000
CDUS43 KILX 160631
CLIMTO


CLIMATE REPORT
NATIONAL WEATHER SERVICE LINCOLN IL
130 AM CDT TUE SEP 16 2014


...................................

...THE MATTOON IL AIRPORT CLIMATE SUMMARY FOR SEPTEMBER 15 2014...

CLIMATE NORMAL PERIOD 1981 TO 2010
CLIMATE RECORD PERIOD 9999 TO 9999


WEATHER ITEM   OBSERVED TIME   RECORD YEAR NORMAL DEPARTURE LAST
                VALUE   (LST)  VALUE       VALUE  FROM      YEAR
                                                  NORMAL
..................................................................
TEMPERATURE (F)
 YESTERDAY
  MAXIMUM         63   1007 AM  MM      MM  79    -16       77
  MINIMUM         48    150 AM  MM      MM  56     -8       49
  AVERAGE         56                        67    -11       63

PRECIPITATION (IN)
  YESTERDAY        0.47         MM      MM   0.10   0.37     0.00
  MONTH TO DATE    3.28                      1.64   1.64     0.12
  SINCE SEP 1      3.28                      1.64   1.64     0.12
  SINCE JAN 1     24.72                     27.54  -2.82    38.37

DEGREE DAYS
 HEATING
  YESTERDAY        9                         2      7        2
  MONTH TO DATE   52                        10     42       14
  SINCE SEP 1     52                        10     42       14
  SINCE JUL 1     57                        15     42       24

 COOLING
  YESTERDAY        0                         4     -4        0
  MONTH TO DATE   62                        81    -19      130
  SINCE SEP 1     62                        81    -19      130
  SINCE JAN 1    896                      1001   -105      934
..................................................................


WIND (MPH)
  HIGHEST WIND SPEED    20   HIGHEST WIND DIRECTION    SE (150)
  HIGHEST GUST SPEED    24   HIGHEST GUST DIRECTION     N (360)
  AVERAGE WIND SPEED     6.9


SKY COVER
  POSSIBLE SUNSHINE  MM
  AVERAGE SKY COVER 0.8


WEATHER CONDITIONS
 THE FOLLOWING WEATHER WAS RECORDED YESTERDAY.
  THUNDERSTORM
  HEAVY RAIN
  RAIN
  LIGHT RAIN
  FOG


RELATIVE HUMIDITY (PERCENT)
 HIGHEST    93           200 AM
 LOWEST     67          1000 AM
 AVERAGE    80

..........................................................


THE MATTOON IL AIRPORT CLIMATE NORMALS FOR TODAY
                         NORMAL    RECORD    YEAR
 MAXIMUM TEMPERATURE (F)   78        MM        MM
 MINIMUM TEMPERATURE (F)   55        MM        MM


SUNRISE AND SUNSET
SEPTEMBER 16 2014.....SUNRISE   635 AM CDT   SUNSET   700 PM CDT
SEPTEMBER 17 2014.....SUNRISE   636 AM CDT   SUNSET   658 PM CDT


-  INDICATES NEGATIVE NUMBERS.
R  INDICATES RECORD WAS SET OR TIED.
MM INDICATES DATA IS MISSING.
T  INDICATES TRACE AMOUNT.




$$
