000
CDUS43 KILX 270647
CLIMTO


CLIMATE REPORT
NATIONAL WEATHER SERVICE LINCOLN IL
147 AM CDT THU APR 27 2017


...................................

...THE MATTOON IL AIRPORT CLIMATE SUMMARY FOR APRIL 26 2017...

CLIMATE NORMAL PERIOD 1981 TO 2010
CLIMATE RECORD PERIOD 9999 TO 9999


WEATHER ITEM   OBSERVED TIME   RECORD YEAR NORMAL DEPARTURE LAST
                VALUE   (LST)  VALUE       VALUE  FROM      YEAR
                                                  NORMAL
..................................................................
TEMPERATURE (F)
 YESTERDAY
  MAXIMUM         78   1221 PM  MM      MM  67     11       80
  MINIMUM         59   1159 PM  MM      MM  47     12       52
  AVERAGE         69                        57     12       66

PRECIPITATION (IN)
  YESTERDAY        0.92         MM      MM   0.14   0.78     0.45
  MONTH TO DATE    2.42                      2.80  -0.38     3.30
  SINCE MAR 1      3.83                      5.37  -1.54     7.11
  SINCE JAN 1      5.66                      9.35  -3.69     7.84

DEGREE DAYS
 HEATING
  YESTERDAY        0                         8     -8        0
  MONTH TO DATE  206                       330   -124      322
  SINCE MAR 1    854                      1029   -175      830
  SINCE JUL 1   4235                      5233   -998     4352

 COOLING
  YESTERDAY        4                         1      3        1
  MONTH TO DATE   21                         7     14        7
  SINCE MAR 1     21                         8     13        7
  SINCE JAN 1     21                         8     13        7
..................................................................


WIND (MPH)
  HIGHEST WIND SPEED    23   HIGHEST WIND DIRECTION     S (170)
  HIGHEST GUST SPEED    32   HIGHEST GUST DIRECTION     W (260)
  AVERAGE WIND SPEED    11.2


SKY COVER
  POSSIBLE SUNSHINE  MM
  AVERAGE SKY COVER 0.5


WEATHER CONDITIONS
 THE FOLLOWING WEATHER WAS RECORDED YESTERDAY.
  THUNDERSTORM
  HEAVY RAIN
  RAIN
  LIGHT RAIN
  FOG


RELATIVE HUMIDITY (PERCENT)
 HIGHEST   100           900 PM
 LOWEST     50          1200 PM
 AVERAGE    75

..........................................................


THE MATTOON IL AIRPORT CLIMATE NORMALS FOR TODAY
                         NORMAL    RECORD    YEAR
 MAXIMUM TEMPERATURE (F)   68        MM        MM
 MINIMUM TEMPERATURE (F)   48        MM        MM


SUNRISE AND SUNSET
APRIL 27 2017.........SUNRISE   559 AM CDT   SUNSET   743 PM CDT
APRIL 28 2017.........SUNRISE   558 AM CDT   SUNSET   744 PM CDT


-  INDICATES NEGATIVE NUMBERS.
R  INDICATES RECORD WAS SET OR TIED.
MM INDICATES DATA IS MISSING.
T  INDICATES TRACE AMOUNT.




$$
