000
CDUS41 KBTV 010538
CLIMVL


CLIMATE REPORT
NATIONAL WEATHER SERVICE BURLINGTON VT
137 AM EDT TUE SEP 1 2015


...................................

...THE MORRISVILLE VT CLIMATE SUMMARY FOR AUGUST 31 2015...

CLIMATE NORMAL PERIOD 1981 TO 2010
CLIMATE RECORD PERIOD 9999 TO 9999


WEATHER ITEM   OBSERVED TIME   NORMAL DEPARTURE LAST
                VALUE   (LST)  VALUE  FROM      YEAR
                                      NORMAL
......................................................
TEMPERATURE (F)
 YESTERDAY
  MAXIMUM         83    110 PM  75      8       78
  MINIMUM         57    359 AM  51      6       64
  AVERAGE         70            63      7       71

PRECIPITATION (IN)
  YESTERDAY        0.00          0.10  -0.10     0.28
  MONTH TO DATE    1.15          4.03  -2.88     2.76
  SINCE JUN 1     10.68         12.14  -1.46    12.81
  SINCE JAN 1     15.93         23.76  -7.83    26.41

DEGREE DAYS
 HEATING
  YESTERDAY        0             4     -4        0
  MONTH TO DATE    7            66    -59       42
  SINCE JUN 1    135           218    -83      143
  SINCE JUL 1     30            95    -65       71

 COOLING
  YESTERDAY        5             1      4        6
  MONTH TO DATE  163            79     84       60
  SINCE JUN 1    360           239    121      209
  SINCE JAN 1    413           247    166      214
......................................................


WIND (MPH)
  HIGHEST WIND SPEED    16   HIGHEST WIND DIRECTION    NW (320)
  HIGHEST GUST SPEED    25   HIGHEST GUST DIRECTION    NW (300)
  AVERAGE WIND SPEED     3.1


SKY COVER
  AVERAGE SKY COVER 0.6


WEATHER CONDITIONS
 THE FOLLOWING WEATHER WAS RECORDED YESTERDAY.
  FOG
  FOG W/VISIBILITY <= 1/4 MILE
  HAZE


RELATIVE HUMIDITY (PERCENT)
 HIGHEST    93           300 AM
 LOWEST     47          1200 PM
 AVERAGE    70

..........................................................


THE MORRISVILLE VT CLIMATE NORMALS FOR TODAY
                         NORMAL    RECORD    YEAR
 MAXIMUM TEMPERATURE (F)   75        90      2010
 MINIMUM TEMPERATURE (F)   51        41      2009


SUNRISE AND SUNSET
SEPTEMBER  1 2015.....SUNRISE   613 AM EDT   SUNSET   727 PM EDT
SEPTEMBER  2 2015.....SUNRISE   614 AM EDT   SUNSET   726 PM EDT


-  INDICATES NEGATIVE NUMBERS.
R  INDICATES RECORD WAS SET OR TIED.
MM INDICATES DATA IS MISSING.
T  INDICATES TRACE AMOUNT.




$$
