000
CDUS41 KBTV 230524
CLIMVL


CLIMATE REPORT
NATIONAL WEATHER SERVICE BURLINGTON VT
121 AM EDT WED AUG 23 2017


...................................

...THE MORRISVILLE VT CLIMATE SUMMARY FOR AUGUST 22 2017...

CLIMATE NORMAL PERIOD 1981 TO 2010
CLIMATE RECORD PERIOD 9999 TO 9999


WEATHER ITEM   OBSERVED TIME   NORMAL DEPARTURE LAST
                VALUE   (LST)  VALUE  FROM      YEAR
                                      NORMAL
......................................................
TEMPERATURE (F)
 YESTERDAY
  MAXIMUM         83    227 PM  77      6       66
  MINIMUM         56    544 AM  53      3       48
  AVERAGE         70            65      5       57

PRECIPITATION (IN)
  YESTERDAY        0.29          0.12   0.17     0.05
  MONTH TO DATE    3.26          3.03   0.23     2.58
  SINCE JUN 1     14.15         11.14   3.01     8.16
  SINCE JAN 1     26.90         22.76   4.14    15.21

DEGREE DAYS
 HEATING
  YESTERDAY        0             2     -2        8
  MONTH TO DATE   31            39     -8       16
  SINCE JUN 1    236           192     44      180
  SINCE JUL 1     85            69     16       49

 COOLING
  YESTERDAY        5             2      3        0
  MONTH TO DATE   36            60    -24       91
  SINCE JUN 1    135           220    -85      231
  SINCE JAN 1    144           228    -84      260
......................................................


WIND (MPH)
  HIGHEST WIND SPEED    21   HIGHEST WIND DIRECTION     S (200)
  HIGHEST GUST SPEED    28   HIGHEST GUST DIRECTION    SW (210)
  AVERAGE WIND SPEED     4.8


SKY COVER
  AVERAGE SKY COVER 0.4


WEATHER CONDITIONS
 THE FOLLOWING WEATHER WAS RECORDED YESTERDAY.
  HEAVY RAIN
  RAIN
  LIGHT RAIN
  FOG
  FOG W/VISIBILITY <= 1/4 MILE


RELATIVE HUMIDITY (PERCENT)
 HIGHEST   100           100 AM
 LOWEST     55          1200 PM
 AVERAGE    78

..........................................................


THE MORRISVILLE VT CLIMATE NORMALS FOR TODAY
                         NORMAL    RECORD    YEAR
 MAXIMUM TEMPERATURE (F)   77        84      2015
                                             2008
 MINIMUM TEMPERATURE (F)   52        38      1988


SUNRISE AND SUNSET
AUGUST 23 2017........SUNRISE   603 AM EDT   SUNSET   742 PM EDT
AUGUST 24 2017........SUNRISE   604 AM EDT   SUNSET   741 PM EDT


-  INDICATES NEGATIVE NUMBERS.
R  INDICATES RECORD WAS SET OR TIED.
MM INDICATES DATA IS MISSING.
T  INDICATES TRACE AMOUNT.




$$
