000
CDUS41 KBTV 260530
CLIMVL


CLIMATE REPORT
NATIONAL WEATHER SERVICE BURLINGTON VT
129 AM EDT THU MAR 26 2015


...................................

...THE MORRISVILLE VT CLIMATE SUMMARY FOR MARCH 25 2015...

CLIMATE NORMAL PERIOD 1981 TO 2010
CLIMATE RECORD PERIOD 9999 TO 9999


WEATHER ITEM   OBSERVED TIME   NORMAL DEPARTURE LAST
                VALUE   (LST)  VALUE  FROM      YEAR
                                      NORMAL
......................................................
TEMPERATURE (F)
 YESTERDAY
  MAXIMUM         47    410 PM  43      4       30
  MINIMUM          7    621 AM  22    -15      -11
  AVERAGE         27            32     -5       10

PRECIPITATION (IN)
  YESTERDAY        T             0.06  -0.06     0.00
  MONTH TO DATE    0.27          1.28  -1.01     1.43
  SINCE MAR 1      0.27          1.28  -1.01     1.43
  SINCE JAN 1      1.39          5.56  -4.17     6.03

DEGREE DAYS
 HEATING
  YESTERDAY       38            33      5       55
  MONTH TO DATE 1086           938    148     1238
  SINCE MAR 1   1086           938    148     1238
  SINCE JUL 1   6768          6898   -130     7292

 COOLING
  YESTERDAY        0             0      0        0
  MONTH TO DATE    0             0      0        0
  SINCE MAR 1      0             0      0        0
  SINCE JAN 1      0             0      0        0
......................................................


WIND (MPH)
  HIGHEST WIND SPEED    17   HIGHEST WIND DIRECTION     S (190)
  HIGHEST GUST SPEED    29   HIGHEST GUST DIRECTION     S (190)
  AVERAGE WIND SPEED     5.0


SKY COVER
  AVERAGE SKY COVER 0.3


WEATHER CONDITIONS
 THE FOLLOWING WEATHER WAS RECORDED YESTERDAY.
  LIGHT RAIN


RELATIVE HUMIDITY (PERCENT)
 HIGHEST    83           700 AM
 LOWEST     28           200 PM
 AVERAGE    56

..........................................................


THE MORRISVILLE VT CLIMATE NORMALS FOR TODAY
                         NORMAL    RECORD    YEAR
 MAXIMUM TEMPERATURE (F)   43        67      1987
 MINIMUM TEMPERATURE (F)   22         6      2014


SUNRISE AND SUNSET
MARCH 26 2015.........SUNRISE   643 AM EDT   SUNSET   710 PM EDT
MARCH 27 2015.........SUNRISE   641 AM EDT   SUNSET   711 PM EDT


-  INDICATES NEGATIVE NUMBERS.
R  INDICATES RECORD WAS SET OR TIED.
MM INDICATES DATA IS MISSING.
T  INDICATES TRACE AMOUNT.




$$
