000
CDUS41 KBTV 200553
CLIMVL


CLIMATE REPORT
NATIONAL WEATHER SERVICE BURLINGTON VT
1246 AM EST MON FEB 20 2017


...................................

...THE MORRISVILLE VT CLIMATE SUMMARY FOR FEBRUARY 19 2017...

CLIMATE NORMAL PERIOD 1981 TO 2010
CLIMATE RECORD PERIOD 9999 TO 9999


WEATHER ITEM   OBSERVED TIME   NORMAL DEPARTURE LAST
                VALUE   (LST)  VALUE  FROM      YEAR
                                      NORMAL
......................................................
TEMPERATURE (F)
 YESTERDAY
  MAXIMUM         49   1124 AM  32     17       37
  MINIMUM         35   1159 PM   8     27        2
  AVERAGE         42            20     22       20

PRECIPITATION (IN)
  YESTERDAY        T             0.06  -0.06     0.04
  MONTH TO DATE    0.46          1.17  -0.71     1.03
  SINCE DEC 1      5.60          6.35  -0.75     3.66
  SINCE JAN 1      2.39          3.71  -1.32     1.72

DEGREE DAYS
 HEATING
  YESTERDAY       23            45    -22       45
  MONTH TO DATE  847           904    -57      670
  SINCE DEC 1   3359          3738   -379     2860
  SINCE JUL 1   4950          5566   -616     4275

 COOLING
  YESTERDAY        0             0      0        0
  MONTH TO DATE    0             0      0        0
  SINCE DEC 1      0             0      0        0
  SINCE JAN 1      0             0      0        0
......................................................


WIND (MPH)
  HIGHEST WIND SPEED    17   HIGHEST WIND DIRECTION    NW (320)
  HIGHEST GUST SPEED    29   HIGHEST GUST DIRECTION    NW (320)
  AVERAGE WIND SPEED     6.6


SKY COVER
  AVERAGE SKY COVER 0.9


WEATHER CONDITIONS
 THE FOLLOWING WEATHER WAS RECORDED YESTERDAY.
  NO SIGNIFICANT WEATHER WAS OBSERVED.


RELATIVE HUMIDITY (PERCENT)
 HIGHEST    82           600 AM
 LOWEST     49           100 PM
 AVERAGE    66

..........................................................


THE MORRISVILLE VT CLIMATE NORMALS FOR TODAY
                         NORMAL    RECORD    YEAR
 MAXIMUM TEMPERATURE (F)   32        46      2016
 MINIMUM TEMPERATURE (F)    8       -10      2015


SUNRISE AND SUNSET
FEBRUARY 20 2017......SUNRISE   642 AM EST   SUNSET   526 PM EST
FEBRUARY 21 2017......SUNRISE   641 AM EST   SUNSET   528 PM EST


-  INDICATES NEGATIVE NUMBERS.
R  INDICATES RECORD WAS SET OR TIED.
MM INDICATES DATA IS MISSING.
T  INDICATES TRACE AMOUNT.




$$
