000
CDUS41 KBTV 010557
CLIMVL


CLIMATE REPORT
NATIONAL WEATHER SERVICE BURLINGTON VT
157 AM EDT WED OCT 1 2014


...................................

...THE MORRISVILLE VT CLIMATE SUMMARY FOR SEPTEMBER 30 2014...

CLIMATE NORMAL PERIOD 1981 TO 2010
CLIMATE RECORD PERIOD 9999 TO 9999


WEATHER ITEM   OBSERVED TIME   NORMAL DEPARTURE LAST
                VALUE   (LST)  VALUE  FROM      YEAR
                                      NORMAL
......................................................
TEMPERATURE (F)
 YESTERDAY
  MAXIMUM         65    424 PM  64      1       74
  MINIMUM         49   1159 PM  40      9       42
  AVERAGE         57            52      5       58

PRECIPITATION (IN)
  YESTERDAY        0.00          0.11  -0.11     0.00
  MONTH TO DATE    2.66          3.37  -0.71     2.78
  SINCE SEP 1      2.66          3.37  -0.71     2.78
  SINCE JAN 1     29.07         27.13   1.94    33.04

DEGREE DAYS
 HEATING
  YESTERDAY        8            13     -5        7
  MONTH TO DATE  228           238    -10      245
  SINCE SEP 1    228           237     -9      245
  SINCE JUL 1    299           332    -33      314

 COOLING
  YESTERDAY        0             0      0        0
  MONTH TO DATE   32            18     14       38
  SINCE SEP 1     32            18     14       38
  SINCE JAN 1    246           265    -19      401
......................................................


WIND (MPH)
  HIGHEST WIND SPEED     9   HIGHEST WIND DIRECTION     S (200)
  HIGHEST GUST SPEED    14   HIGHEST GUST DIRECTION     S (200)
  AVERAGE WIND SPEED     1.1


SKY COVER
  AVERAGE SKY COVER 0.8


WEATHER CONDITIONS
 THE FOLLOWING WEATHER WAS RECORDED YESTERDAY.
  FOG
  FOG W/VISIBILITY <= 1/4 MILE


RELATIVE HUMIDITY (PERCENT)
 HIGHEST    96          1100 PM
 LOWEST     67           200 PM
 AVERAGE    82

..........................................................


THE MORRISVILLE VT CLIMATE NORMALS FOR TODAY
                         NORMAL    RECORD    YEAR
 MAXIMUM TEMPERATURE (F)   63        MM        MM
 MINIMUM TEMPERATURE (F)   40        MM        MM


SUNRISE AND SUNSET
OCTOBER  1 2014.......SUNRISE   648 AM EDT   SUNSET   631 PM EDT
OCTOBER  2 2014.......SUNRISE   649 AM EDT   SUNSET   629 PM EDT


-  INDICATES NEGATIVE NUMBERS.
R  INDICATES RECORD WAS SET OR TIED.
MM INDICATES DATA IS MISSING.
T  INDICATES TRACE AMOUNT.




$$
