000
CDUS41 KBTV 260611
CLIMVL


CLIMATE REPORT
NATIONAL WEATHER SERVICE BURLINGTON VT
111 AM EST FRI DEC 26 2014


...................................

...THE MORRISVILLE VT CLIMATE SUMMARY FOR DECEMBER 25 2014...

CLIMATE NORMAL PERIOD 1981 TO 2010
CLIMATE RECORD PERIOD 9999 TO 9999


WEATHER ITEM   OBSERVED TIME   NORMAL DEPARTURE LAST
                VALUE   (LST)  VALUE  FROM      YEAR
                                      NORMAL
......................................................
TEMPERATURE (F)
 YESTERDAY
  MAXIMUM         47    632 AM  29     18       12
  MINIMUM         37    445 AM  10     27       -2
  AVERAGE         42            20     22        5

PRECIPITATION (IN)
  YESTERDAY        0.02          0.08  -0.06      T
  MONTH TO DATE    0.78          2.22  -1.44     2.70
  SINCE DEC 1      0.78          2.22  -1.44     2.70
  SINCE JAN 1     34.27         35.58  -1.31    41.47

DEGREE DAYS
 HEATING
  YESTERDAY       23            45    -22       60
  MONTH TO DATE  873          1031   -158     1094
  SINCE DEC 1    873          1031   -158     1094
  SINCE JUL 1   2216          2859   -643     2877

 COOLING
  YESTERDAY        0             0      0        0
  MONTH TO DATE    0             0      0        0
  SINCE DEC 1      0             0      0        0
  SINCE JAN 1    249           265    -16      401
......................................................


WIND (MPH)
  HIGHEST WIND SPEED    24   HIGHEST WIND DIRECTION    NW (310)
  HIGHEST GUST SPEED    38   HIGHEST GUST DIRECTION     W (270)
  AVERAGE WIND SPEED     6.7


SKY COVER
  AVERAGE SKY COVER 1.0


WEATHER CONDITIONS
 THE FOLLOWING WEATHER WAS RECORDED YESTERDAY.
  LIGHT RAIN
  FOG


RELATIVE HUMIDITY (PERCENT)
 HIGHEST    92          1200 AM
 LOWEST     50          1100 PM
 AVERAGE    71

..........................................................


THE MORRISVILLE VT CLIMATE NORMALS FOR TODAY
                         NORMAL    RECORD    YEAR
 MAXIMUM TEMPERATURE (F)   29        MM        MM
 MINIMUM TEMPERATURE (F)   10        MM        MM


SUNRISE AND SUNSET
DECEMBER 26 2014......SUNRISE   726 AM EST   SUNSET   416 PM EST
DECEMBER 27 2014......SUNRISE   726 AM EST   SUNSET   417 PM EST


-  INDICATES NEGATIVE NUMBERS.
R  INDICATES RECORD WAS SET OR TIED.
MM INDICATES DATA IS MISSING.
T  INDICATES TRACE AMOUNT.




$$
