493
CDUS41 KBTV 050539
CLIMVL


CLIMATE REPORT
NATIONAL WEATHER SERVICE BURLINGTON VT
137 AM EDT THU MAY 5 2016


...................................

...THE MORRISVILLE VT CLIMATE SUMMARY FOR MAY 4 2016...

CLIMATE NORMAL PERIOD 1981 TO 2010
CLIMATE RECORD PERIOD 9999 TO 9999


WEATHER ITEM   OBSERVED TIME   NORMAL DEPARTURE LAST
                VALUE   (LST)  VALUE  FROM      YEAR
                                      NORMAL
......................................................
TEMPERATURE (F)
 YESTERDAY
  MAXIMUM         53    248 PM  63    -10       82
  MINIMUM         34    508 AM  37     -3       39
  AVERAGE         44            50     -6       61

PRECIPITATION (IN)
  YESTERDAY        0.01          0.09  -0.08     0.02
  MONTH TO DATE    0.24          0.35  -0.11     0.02
  SINCE MAR 1      3.06          4.42  -1.36     1.52
  SINCE JAN 1      6.21          8.70  -2.49     2.64

DEGREE DAYS
 HEATING
  YESTERDAY       21            15      6        4
  MONTH TO DATE   89            62     27       41
  SINCE MAR 1   1866          1882    -16     2057
  SINCE JUL 1   6439          7842  -1403     7739

 COOLING
  YESTERDAY        0             0      0        0
  MONTH TO DATE    0             0      0        0
  SINCE MAR 1      0             1     -1        0
  SINCE JAN 1      0             1     -1        0
......................................................


WIND (MPH)
  HIGHEST WIND SPEED    13   HIGHEST WIND DIRECTION     S (160)
  HIGHEST GUST SPEED    18   HIGHEST GUST DIRECTION     S (160)
  AVERAGE WIND SPEED     2.9


SKY COVER
  AVERAGE SKY COVER 1.0


WEATHER CONDITIONS
 THE FOLLOWING WEATHER WAS RECORDED YESTERDAY.
  LIGHT RAIN
  FOG


RELATIVE HUMIDITY (PERCENT)
 HIGHEST   100           100 AM
 LOWEST     63          1000 AM
 AVERAGE    82

..........................................................


THE MORRISVILLE VT CLIMATE NORMALS FOR TODAY
                         NORMAL    RECORD    YEAR
 MAXIMUM TEMPERATURE (F)   64        79      2013
 MINIMUM TEMPERATURE (F)   38        25      1997


SUNRISE AND SUNSET
MAY  5 2016...........SUNRISE   535 AM EDT   SUNSET   800 PM EDT
MAY  6 2016...........SUNRISE   533 AM EDT   SUNSET   802 PM EDT


-  INDICATES NEGATIVE NUMBERS.
R  INDICATES RECORD WAS SET OR TIED.
MM INDICATES DATA IS MISSING.
T  INDICATES TRACE AMOUNT.




$$
