000
CDUS41 KBTV 050550
CLIMVL


CLIMATE REPORT
NATIONAL WEATHER SERVICE BURLINGTON VT
1246 AM EST MON DEC 5 2016


...................................

...THE MORRISVILLE VT CLIMATE SUMMARY FOR DECEMBER 4 2016...

CLIMATE NORMAL PERIOD 1981 TO 2010
CLIMATE RECORD PERIOD 9999 TO 9999


WEATHER ITEM   OBSERVED TIME   NORMAL DEPARTURE LAST
                VALUE   (LST)  VALUE  FROM      YEAR
                                      NORMAL
......................................................
TEMPERATURE (F)
 YESTERDAY
  MAXIMUM         32    250 PM  36     -4       44
  MINIMUM         17   1152 PM  19     -2       31
  AVERAGE         25            27     -2       38

PRECIPITATION (IN)
  YESTERDAY        0.00          0.10  -0.10      T
  MONTH TO DATE    0.72          0.39   0.33     0.49
  SINCE DEC 1      0.72          0.39   0.33     0.49
  SINCE JAN 1     19.15         33.75 -14.60    20.99

DEGREE DAYS
 HEATING
  YESTERDAY       40            38      2       27
  MONTH TO DATE  120           148    -28       93
  SINCE DEC 1    120           148    -28       93
  SINCE JUL 1   1711          1976   -265     1508

 COOLING
  YESTERDAY        0             0      0        0
  MONTH TO DATE    0             0      0        0
  SINCE DEC 1      0             0      0        0
  SINCE JAN 1    322           265     57      503
......................................................


WIND (MPH)
  HIGHEST WIND SPEED    14   HIGHEST WIND DIRECTION     N (10)
  HIGHEST GUST SPEED    17   HIGHEST GUST DIRECTION     N (340)
  AVERAGE WIND SPEED     5.2


SKY COVER
  AVERAGE SKY COVER 0.7


WEATHER CONDITIONS
 THE FOLLOWING WEATHER WAS RECORDED YESTERDAY.
  FOG


RELATIVE HUMIDITY (PERCENT)
 HIGHEST    92           800 PM
 LOWEST     63          1100 AM
 AVERAGE    78

..........................................................


THE MORRISVILLE VT CLIMATE NORMALS FOR TODAY
                         NORMAL    RECORD    YEAR
 MAXIMUM TEMPERATURE (F)   36        53      1999
 MINIMUM TEMPERATURE (F)   18       -13      1989


SUNRISE AND SUNSET
DECEMBER  5 2016......SUNRISE   712 AM EST   SUNSET   411 PM EST
DECEMBER  6 2016......SUNRISE   713 AM EST   SUNSET   411 PM EST


-  INDICATES NEGATIVE NUMBERS.
R  INDICATES RECORD WAS SET OR TIED.
MM INDICATES DATA IS MISSING.
T  INDICATES TRACE AMOUNT.




$$
