000
CDUS41 KBTV 210534
CLIMVL


CLIMATE REPORT
NATIONAL WEATHER SERVICE BURLINGTON VT
1233 AM EST SUN JAN 21 2018


...................................

...THE MORRISVILLE VT CLIMATE SUMMARY FOR JANUARY 20 2018...

CLIMATE NORMAL PERIOD 1981 TO 2010
CLIMATE RECORD PERIOD 9999 TO 9999


WEATHER ITEM   OBSERVED TIME   NORMAL DEPARTURE LAST
                VALUE   (LST)  VALUE  FROM      YEAR
                                      NORMAL
......................................................
TEMPERATURE (F)
 YESTERDAY
  MAXIMUM         40   1006 PM  26     14       35
  MINIMUM         21    418 AM   4     17       31
  AVERAGE         31            15     16       33

PRECIPITATION (IN)
  YESTERDAY        T             0.08  -0.08     0.00
  MONTH TO DATE    2.60          1.73   0.87     0.77
  SINCE DEC 1      3.45          4.37  -0.92     3.98
  SINCE JAN 1      2.60          1.73   0.87     0.77

DEGREE DAYS
 HEATING
  YESTERDAY       34            50    -16       32
  MONTH TO DATE  911           978    -67      840
  SINCE DEC 1   2394          2288    106     2110
  SINCE JUL 1   4035          4116    -81     3701

 COOLING
  YESTERDAY        0             0      0        0
  MONTH TO DATE    0             0      0        0
  SINCE DEC 1      0             0      0        0
  SINCE JAN 1      0             0      0        0
......................................................


WIND (MPH)
  HIGHEST WIND SPEED    18   HIGHEST WIND DIRECTION    NW (310)
  HIGHEST GUST SPEED    30   HIGHEST GUST DIRECTION    NW (330)
  AVERAGE WIND SPEED     6.9


SKY COVER
  AVERAGE SKY COVER 0.8


WEATHER CONDITIONS
 THE FOLLOWING WEATHER WAS RECORDED YESTERDAY.
  NO SIGNIFICANT WEATHER WAS OBSERVED.


RELATIVE HUMIDITY (PERCENT)
 HIGHEST    96           500 AM
 LOWEST     56           600 AM
 AVERAGE    76

..........................................................


THE MORRISVILLE VT CLIMATE NORMALS FOR TODAY
                         NORMAL    RECORD    YEAR
 MAXIMUM TEMPERATURE (F)   26        57      2006
 MINIMUM TEMPERATURE (F)    4       -18      2014


SUNRISE AND SUNSET
JANUARY 21 2018.......SUNRISE   720 AM EST   SUNSET   444 PM EST
JANUARY 22 2018.......SUNRISE   719 AM EST   SUNSET   446 PM EST


-  INDICATES NEGATIVE NUMBERS.
R  INDICATES RECORD WAS SET OR TIED.
MM INDICATES DATA IS MISSING.
T  INDICATES TRACE AMOUNT.




$$
