000
CDUS44 KLIX 212117
CLINEW


CLIMATE REPORT
NATIONAL WEATHER SERVICE NEW ORLEANS
416 PM CDT FRI JUL 21 2017


...................................

...THE NEW ORLEANS CLIMATE SUMMARY FOR JULY 21 2017...
VALID TODAY AS OF 0400 PM LOCAL TIME.

CLIMATE NORMAL PERIOD 1981 TO 2010
CLIMATE RECORD PERIOD 1946 TO 2017


WEATHER ITEM   OBSERVED TIME   RECORD YEAR NORMAL DEPARTURE LAST
                VALUE   (LST)  VALUE       VALUE  FROM      YEAR
                                                  NORMAL
..................................................................
TEMPERATURE (F)
 TODAY
  MAXIMUM         95   1206 PM  99    2016  91      4       99
  MINIMUM         77    532 AM  68    1984  75      2       82
  AVERAGE         86                        83      3       91

PRECIPITATION (IN)
  TODAY            T             0.91 1982   0.17  -0.17     0.00
  MONTH TO DATE    5.23                      4.17   1.06     3.48
  SINCE JUN 1     20.71                     12.23   8.48    13.26
  SINCE JAN 1     46.61                     36.47  10.14    42.59

SNOWFALL (IN)
  TODAY            0.0
  MONTH TO DATE    0.0
  SINCE JUN 1      0.0
  SINCE JUL 1      0.0
  SNOW DEPTH       0

DEGREE DAYS
 HEATING
  TODAY            0                         0      0        0
  MONTH TO DATE    0                         0      0        0
  SINCE JUN 1      0                         0      0        0
  SINCE JUL 1      0                         0      0        0

 COOLING
  TODAY           21                        18      3       26
  MONTH TO DATE  388                       378     10      468
  SINCE JUN 1    849                       873    -24     1052
  SINCE JAN 1   1604                      1492    112     1832
..................................................................


WIND (MPH)
  HIGHEST WIND SPEED    14   HIGHEST WIND DIRECTION     S (160)
  HIGHEST GUST SPEED    19   HIGHEST GUST DIRECTION    SE (150)
  AVERAGE WIND SPEED     4.5


SKY COVER
  POSSIBLE SUNSHINE  MM
  AVERAGE SKY COVER 0.7


WEATHER CONDITIONS
 THE FOLLOWING WEATHER WAS RECORDED TODAY.
  THUNDERSTORM
  FOG


RELATIVE HUMIDITY (PERCENT)
 HIGHEST    91          1200 AM
 LOWEST     52          1100 AM
 AVERAGE    72

..........................................................


THE NEW ORLEANS CLIMATE NORMALS FOR TOMORROW
                         NORMAL    RECORD    YEAR
 MAXIMUM TEMPERATURE (F)   91        99      1981
 MINIMUM TEMPERATURE (F)   75        68      1972


SUNRISE AND SUNSET
JULY 21 2017..........SUNRISE   614 AM CDT   SUNSET   801 PM CDT
JULY 22 2017..........SUNRISE   614 AM CDT   SUNSET   800 PM CDT


-  INDICATES NEGATIVE NUMBERS.
R  INDICATES RECORD WAS SET OR TIED.
MM INDICATES DATA IS MISSING.
T  INDICATES TRACE AMOUNT.




$$
