000
CDUS44 KLIX 300715
CLINEW


CLIMATE REPORT
NATIONAL WEATHER SERVICE NEW ORLEANS
214 AM CDT MON MAR 30 2015


...................................

...THE NEW ORLEANS CLIMATE SUMMARY FOR MARCH 29 2015...

CLIMATE NORMAL PERIOD 1981 TO 2010
CLIMATE RECORD PERIOD 1946 TO 2015


WEATHER ITEM   OBSERVED TIME   RECORD YEAR NORMAL DEPARTURE LAST
                VALUE   (LST)  VALUE       VALUE  FROM      YEAR
                                                  NORMAL
..................................................................
TEMPERATURE (F)
 YESTERDAY
  MAXIMUM         77    156 PM  83    2012  75      2       73
                                      2011
                                      2007
  MINIMUM         56    555 AM  40    1947  56      0       55
  AVERAGE         67                        65      2       64

PRECIPITATION (IN)
  YESTERDAY        0.00          3.59 2011   0.15  -0.15     1.36
  MONTH TO DATE    6.36                      4.25   2.11     5.25
  SINCE MAR 1      6.36                      4.25   2.11     5.25
  SINCE JAN 1     14.06                     14.70  -0.64    14.28

SNOWFALL (IN)
  YESTERDAY        0.0
  MONTH TO DATE    0.0
  SINCE MAR 1      0.0
  SINCE JUL 1      0.0
  SNOW DEPTH       0

DEGREE DAYS
 HEATING
  YESTERDAY        0                         3     -3        1
  MONTH TO DATE   70                       131    -61      179
  SINCE MAR 1     70                       131    -61      179
  SINCE JUL 1   1274                      1240     34     1532

 COOLING
  YESTERDAY        2                         3     -1        0
  MONTH TO DATE  111                        57     54       21
  SINCE MAR 1    111                        57     54       21
  SINCE JAN 1    129                        94     35       45
..................................................................


WIND (MPH)
  HIGHEST WIND SPEED    20   HIGHEST WIND DIRECTION     S (160)
  HIGHEST GUST SPEED    26   HIGHEST GUST DIRECTION     S (160)
  AVERAGE WIND SPEED     9.8


SKY COVER
  POSSIBLE SUNSHINE  MM
  AVERAGE SKY COVER 0.3


WEATHER CONDITIONS
 THE FOLLOWING WEATHER WAS RECORDED YESTERDAY.
  NO SIGNIFICANT WEATHER WAS OBSERVED.


RELATIVE HUMIDITY (PERCENT)
 HIGHEST    87           900 PM
 LOWEST     57          1000 AM
 AVERAGE    72

..........................................................


THE NEW ORLEANS CLIMATE NORMALS FOR TODAY
                         NORMAL    RECORD    YEAR
 MAXIMUM TEMPERATURE (F)   75        86      1974
 MINIMUM TEMPERATURE (F)   56        36      1964


SUNRISE AND SUNSET
MARCH 30 2015.........SUNRISE   653 AM CDT   SUNSET   718 PM CDT
MARCH 31 2015.........SUNRISE   652 AM CDT   SUNSET   719 PM CDT


-  INDICATES NEGATIVE NUMBERS.
R  INDICATES RECORD WAS SET OR TIED.
MM INDICATES DATA IS MISSING.
T  INDICATES TRACE AMOUNT.




$$
