000
CDUS44 KLIX 300820
CLINEW


CLIMATE REPORT
NATIONAL WEATHER SERVICE NEW ORLEANS
220 AM CST FRI JAN 30 2015


...................................

...THE NEW ORLEANS CLIMATE SUMMARY FOR JANUARY 29 2015...

CLIMATE NORMAL PERIOD 1981 TO 2010
CLIMATE RECORD PERIOD 1946 TO 2015


WEATHER ITEM   OBSERVED TIME   RECORD YEAR NORMAL DEPARTURE LAST
                VALUE   (LST)  VALUE       VALUE  FROM      YEAR
                                                  NORMAL
..................................................................
TEMPERATURE (F)
 YESTERDAY
  MAXIMUM         77    309 PM  82    1957  63     14       35
  MINIMUM         45    442 AM  23    1966  45      0       28
  AVERAGE         61                        54      7       32

PRECIPITATION (IN)
  YESTERDAY        0.00          1.97 1991   0.18  -0.18     0.00
  MONTH TO DATE    5.67                      4.81   0.86     2.72
  SINCE DEC 1      9.63                     10.05  -0.42     5.92
  SINCE JAN 1      5.67                      4.81   0.86     2.72

SNOWFALL (IN)
  YESTERDAY        0.0
  MONTH TO DATE    0.0
  SINCE DEC 1      0.0
  SINCE JUL 1      0.0
  SNOW DEPTH       0

DEGREE DAYS
 HEATING
  YESTERDAY        4                        12     -8       33
  MONTH TO DATE  380                       348     32      506
  SINCE DEC 1    593                       665    -72      845
  SINCE JUL 1    823                       829     -6     1045

 COOLING
  YESTERDAY        0                         0      0        0
  MONTH TO DATE    8                        12     -4        0
  SINCE DEC 1     39                        39      0       42
  SINCE JAN 1      8                        12     -4        0
..................................................................


WIND (MPH)
  HIGHEST WIND SPEED    16   HIGHEST WIND DIRECTION     W (260)
  HIGHEST GUST SPEED    20   HIGHEST GUST DIRECTION     W (260)
  AVERAGE WIND SPEED     7.0


SKY COVER
  POSSIBLE SUNSHINE  MM
  AVERAGE SKY COVER 0.3


WEATHER CONDITIONS
 THE FOLLOWING WEATHER WAS RECORDED YESTERDAY.
  FOG


RELATIVE HUMIDITY (PERCENT)
 HIGHEST    93           600 AM
 LOWEST     43           300 PM
 AVERAGE    68

..........................................................


THE NEW ORLEANS CLIMATE NORMALS FOR TODAY
                         NORMAL    RECORD    YEAR
 MAXIMUM TEMPERATURE (F)   63        82      1957
 MINIMUM TEMPERATURE (F)   45        18      1966


SUNRISE AND SUNSET
JANUARY 30 2015.......SUNRISE   652 AM CST   SUNSET   536 PM CST
JANUARY 31 2015.......SUNRISE   652 AM CST   SUNSET   537 PM CST


-  INDICATES NEGATIVE NUMBERS.
R  INDICATES RECORD WAS SET OR TIED.
MM INDICATES DATA IS MISSING.
T  INDICATES TRACE AMOUNT.




$$
