000
CDUS44 KLIX 030820
CLINEW


CLIMATE REPORT
NATIONAL WEATHER SERVICE NEW ORLEANS
220 AM CST SAT DEC 3 2016


...................................

...THE NEW ORLEANS CLIMATE SUMMARY FOR DECEMBER 2 2016...

CLIMATE NORMAL PERIOD 1981 TO 2010
CLIMATE RECORD PERIOD 1946 TO 2016


WEATHER ITEM   OBSERVED TIME   RECORD YEAR NORMAL DEPARTURE LAST
                VALUE   (LST)  VALUE       VALUE  FROM      YEAR
                                                  NORMAL
..................................................................
TEMPERATURE (F)
 YESTERDAY
  MAXIMUM         65    134 PM  83    2007  67     -2       67
  MINIMUM         47   1211 AM  29    1960  49     -2       54
  AVERAGE         56                        58     -2       61

PRECIPITATION (IN)
  YESTERDAY        0.02          1.66 1955   0.16  -0.14     0.02
  MONTH TO DATE    0.02                      0.33  -0.31     0.12
  SINCE DEC 1      0.02                      0.33  -0.31     0.12
  SINCE JAN 1     62.90                     57.54   5.36    65.00

SNOWFALL (IN)
  YESTERDAY       MM
  MONTH TO DATE    0.0
  SINCE DEC 1      0.0
  SINCE JUL 1      0.0
  SNOW DEPTH       0

DEGREE DAYS
 HEATING
  YESTERDAY        9                         8      1        4
  MONTH TO DATE   20                        16      4        4
  SINCE DEC 1     20                        16      4        4
  SINCE JUL 1     91                       180    -89       62

 COOLING
  YESTERDAY        0                         1     -1        0
  MONTH TO DATE    0                         2     -2        7
  SINCE DEC 1      0                         2     -2        7
  SINCE JAN 1   3835                      2980    855     3499
..................................................................


WIND (MPH)
  HIGHEST WIND SPEED    20   HIGHEST WIND DIRECTION     E (110)
  HIGHEST GUST SPEED    24   HIGHEST GUST DIRECTION     E (80)
  AVERAGE WIND SPEED    10.6


SKY COVER
  POSSIBLE SUNSHINE  MM
  AVERAGE SKY COVER 0.8


WEATHER CONDITIONS
 THE FOLLOWING WEATHER WAS RECORDED YESTERDAY.
  LIGHT RAIN


RELATIVE HUMIDITY (PERCENT)
 HIGHEST    93          1200 AM
 LOWEST     44           200 PM
 AVERAGE    69

..........................................................


THE NEW ORLEANS CLIMATE NORMALS FOR TODAY
                         NORMAL    RECORD    YEAR
 MAXIMUM TEMPERATURE (F)   67        84      1978
 MINIMUM TEMPERATURE (F)   49        25      1974


SUNRISE AND SUNSET
DECEMBER  3 2016......SUNRISE   641 AM CST   SUNSET   501 PM CST
DECEMBER  4 2016......SUNRISE   642 AM CST   SUNSET   501 PM CST


-  INDICATES NEGATIVE NUMBERS.
R  INDICATES RECORD WAS SET OR TIED.
MM INDICATES DATA IS MISSING.
T  INDICATES TRACE AMOUNT.




$$
