000
CDUS44 KLIX 280943
CLINEW


CLIMATE REPORT
NATIONAL WEATHER SERVICE NEW ORLEANS
443 AM CDT TUE JUL 28 2015


...................................

...THE NEW ORLEANS CLIMATE SUMMARY FOR JULY 27 2015...

CLIMATE NORMAL PERIOD 1981 TO 2010
CLIMATE RECORD PERIOD 1946 TO 2015


WEATHER ITEM   OBSERVED TIME   RECORD YEAR NORMAL DEPARTURE LAST
                VALUE   (LST)  VALUE       VALUE  FROM      YEAR
                                                  NORMAL
..................................................................
TEMPERATURE (F)
 YESTERDAY
  MAXIMUM         94    331 PM  99    1995  92      2       94
  MINIMUM         79   1159 PM  68    1967  75      4       77
  AVERAGE         87                        83      4       86

PRECIPITATION (IN)
  YESTERDAY        0.00          2.67 1955   0.18  -0.18     0.00
  MONTH TO DATE    3.82                      5.20  -1.38     4.49
  SINCE JUN 1      7.57                     13.26  -5.69    12.52
  SINCE JAN 1     42.74                     37.50   5.24    37.46

SNOWFALL (IN)
  YESTERDAY        0.0
  MONTH TO DATE    0.0
  SINCE JUN 1      0.0
  SINCE JUL 1      0.0
  SNOW DEPTH       0

DEGREE DAYS
 HEATING
  YESTERDAY        0                         0      0        0
  MONTH TO DATE    0                         0      0        0
  SINCE JUN 1      0                         0      0        0
  SINCE JUL 1      0                         0      0        0

 COOLING
  YESTERDAY       22                        18      4       21
  MONTH TO DATE  556                       486     70      477
  SINCE JUN 1   1086                       981    105      981
  SINCE JAN 1   1915                      1600    315     1504
..................................................................


WIND (MPH)
  HIGHEST WIND SPEED    15   HIGHEST WIND DIRECTION     S (160)
  HIGHEST GUST SPEED    18   HIGHEST GUST DIRECTION     S (160)
  AVERAGE WIND SPEED     5.9


SKY COVER
  POSSIBLE SUNSHINE  MM
  AVERAGE SKY COVER 0.5


WEATHER CONDITIONS
 THE FOLLOWING WEATHER WAS RECORDED YESTERDAY.
  NO SIGNIFICANT WEATHER WAS OBSERVED.


RELATIVE HUMIDITY (PERCENT)
 HIGHEST    85           100 AM
 LOWEST     46           300 PM
 AVERAGE    66

..........................................................


THE NEW ORLEANS CLIMATE NORMALS FOR TODAY
                         NORMAL    RECORD    YEAR
 MAXIMUM TEMPERATURE (F)   92        98      1993
 MINIMUM TEMPERATURE (F)   75        68      1994


SUNRISE AND SUNSET
JULY 28 2015..........SUNRISE   618 AM CDT   SUNSET   757 PM CDT
JULY 29 2015..........SUNRISE   618 AM CDT   SUNSET   756 PM CDT


-  INDICATES NEGATIVE NUMBERS.
R  INDICATES RECORD WAS SET OR TIED.
MM INDICATES DATA IS MISSING.
T  INDICATES TRACE AMOUNT.




$$
