000
CDUS44 KLIX 250749
CLINEW


CLIMATE REPORT
NATIONAL WEATHER SERVICE NEW ORLEANS
239 AM CDT MON MAY 25 2015


...................................

...THE NEW ORLEANS CLIMATE SUMMARY FOR MAY 24 2015...

CLIMATE NORMAL PERIOD 1981 TO 2010
CLIMATE RECORD PERIOD 1946 TO 2015


WEATHER ITEM   OBSERVED TIME   RECORD YEAR NORMAL DEPARTURE LAST
                VALUE   (LST)  VALUE       VALUE  FROM      YEAR
                                                  NORMAL
..................................................................
TEMPERATURE (F)
 YESTERDAY
  MAXIMUM         88    320 PM  94    2005  87      1       86
  MINIMUM         73    916 PM  56    1967  70      3       70
  AVERAGE         81                        78      3       78

PRECIPITATION (IN)
  YESTERDAY        0.12          2.04 1973   0.15  -0.03     0.00
  MONTH TO DATE    5.55                      3.39   2.16     3.97
  SINCE MAR 1     23.88                     12.55  11.33    11.53
  SINCE JAN 1     31.58                     23.00   8.58    20.56

SNOWFALL (IN)
  YESTERDAY        0.0
  MONTH TO DATE    0.0
  SINCE MAR 1      0.0
  SINCE JUL 1      0.0
  SNOW DEPTH       0

DEGREE DAYS
 HEATING
  YESTERDAY        0                         0      0        0
  MONTH TO DATE    0                         0      0        0
  SINCE MAR 1     70                       170   -100      228
  SINCE JUL 1   1274                      1279     -5     1581

 COOLING
  YESTERDAY       16                        13      3       13
  MONTH TO DATE  322                       261     61      229
  SINCE MAR 1    714                       481    233      408
  SINCE JAN 1    732                       518    214      432
..................................................................


WIND (MPH)
  HIGHEST WIND SPEED    25   HIGHEST WIND DIRECTION     S (170)
  HIGHEST GUST SPEED    35   HIGHEST GUST DIRECTION    SE (140)
  AVERAGE WIND SPEED    13.1


SKY COVER
  POSSIBLE SUNSHINE  MM
  AVERAGE SKY COVER 0.6


WEATHER CONDITIONS
 THE FOLLOWING WEATHER WAS RECORDED YESTERDAY.
  THUNDERSTORM
  RAIN
  LIGHT RAIN
  HAZE


RELATIVE HUMIDITY (PERCENT)
 HIGHEST    87          1200 AM
 LOWEST     59           300 PM
 AVERAGE    73

..........................................................


THE NEW ORLEANS CLIMATE NORMALS FOR TODAY
                         NORMAL    RECORD    YEAR
 MAXIMUM TEMPERATURE (F)   87        94      2010
                                             1953
 MINIMUM TEMPERATURE (F)   70        58      1985
                                             1967


SUNRISE AND SUNSET
MAY 25 2015...........SUNRISE   603 AM CDT   SUNSET   753 PM CDT
MAY 26 2015...........SUNRISE   602 AM CDT   SUNSET   754 PM CDT


-  INDICATES NEGATIVE NUMBERS.
R  INDICATES RECORD WAS SET OR TIED.
MM INDICATES DATA IS MISSING.
T  INDICATES TRACE AMOUNT.




$$
