000
CDUS44 KLIX 272117
CLINEW


CLIMATE REPORT
NATIONAL WEATHER SERVICE NEW ORLEANS
416 PM CDT SAT MAY 27 2017


...................................

...THE NEW ORLEANS CLIMATE SUMMARY FOR MAY 27 2017...
VALID TODAY AS OF 0400 PM LOCAL TIME.

CLIMATE NORMAL PERIOD 1981 TO 2010
CLIMATE RECORD PERIOD 1946 TO 2017


WEATHER ITEM   OBSERVED TIME   RECORD YEAR NORMAL DEPARTURE LAST
                VALUE   (LST)  VALUE       VALUE  FROM      YEAR
                                                  NORMAL
..................................................................
TEMPERATURE (F)
 TODAY
  MAXIMUM         89    158 PM  94    2012  87      2       87
                                      1982
                                      1978
  MINIMUM         76    345 AM  54    1961  71      5       76
  AVERAGE         83                        79      4       82

PRECIPITATION (IN)
  TODAY            0.00          0.87 1975   0.17  -0.17      T
  MONTH TO DATE    7.32                      3.88   3.44     4.10
  SINCE MAR 1     15.65                     13.04   2.61    20.35
  SINCE JAN 1     23.29                     23.49  -0.20    28.48

SNOWFALL (IN)
  TODAY            0.0
  MONTH TO DATE    0.0
  SINCE MAR 1      0.0
  SINCE JUL 1      0.0
  SNOW DEPTH       0

DEGREE DAYS
 HEATING
  TODAY            0                         0      0        0
  MONTH TO DATE    5                         0      5        0
  SINCE MAR 1     74                       170    -96       41
  SINCE JUL 1    635                      1279   -644      755

 COOLING
  TODAY           18                        14      4       17
  MONTH TO DATE  238                       303    -65      331
  SINCE MAR 1    585                       523     62      679
  SINCE JAN 1    705                       560    145      715
..................................................................


WIND (MPH)
  HIGHEST WIND SPEED    16   HIGHEST WIND DIRECTION     S (170)
  HIGHEST GUST SPEED    21   HIGHEST GUST DIRECTION    SE (150)
  AVERAGE WIND SPEED     9.1


SKY COVER
  POSSIBLE SUNSHINE  MM
  AVERAGE SKY COVER 0.8


WEATHER CONDITIONS
 THE FOLLOWING WEATHER WAS RECORDED TODAY.
  NO SIGNIFICANT WEATHER WAS OBSERVED.


RELATIVE HUMIDITY (PERCENT)
 HIGHEST    94          1200 AM
 LOWEST     68           100 PM
 AVERAGE    81

..........................................................


THE NEW ORLEANS CLIMATE NORMALS FOR TOMORROW
                         NORMAL    RECORD    YEAR
 MAXIMUM TEMPERATURE (F)   88        96      1953
 MINIMUM TEMPERATURE (F)   71        54      1961


SUNRISE AND SUNSET
MAY 27 2017...........SUNRISE   602 AM CDT   SUNSET   755 PM CDT
MAY 28 2017...........SUNRISE   601 AM CDT   SUNSET   755 PM CDT


-  INDICATES NEGATIVE NUMBERS.
R  INDICATES RECORD WAS SET OR TIED.
MM INDICATES DATA IS MISSING.
T  INDICATES TRACE AMOUNT.




$$
