000
CDUS46 KMTR 200826
CLINUQ


CLIMATE REPORT
NATIONAL WEATHER SERVICE SAN FRANCISCO BAY AREA
1226 AM PST TUE FEB 20 2018


...................................

...THE MOFFETT FIELD CLIMATE SUMMARY FOR FEBRUARY 19 2018...

CLIMATE NORMAL PERIOD 1981 TO 2010
CLIMATE RECORD PERIOD 1945 TO 2018


WEATHER ITEM   OBSERVED TIME   RECORD YEAR NORMAL DEPARTURE LAST
                VALUE   (LST)  VALUE       VALUE  FROM      YEAR
                                                  NORMAL
..................................................................
TEMPERATURE (F)
 YESTERDAY
  MAXIMUM         52    351 PM  76    1991  62    -10       56
  MINIMUM         42   1156 PM  35    1949  46     -4       47
  AVERAGE         47                        54     -7       52

PRECIPITATION (IN)
  YESTERDAY        0.00          0.88 1980   0.12  -0.12     0.01
  MONTH TO DATE    T                         2.04  -2.04     2.95
  SINCE OCT 1      4.70                      9.63  -4.93    12.92
  SINCE JAN 1      2.75                      4.79  -2.04     8.35

DEGREE DAYS
 HEATING
  YESTERDAY       18                                        13
  MONTH TO DATE  154                                       161
  SINCE DEC 1    970                                      1098
  SINCE JUL 1   1252                                      1385

 COOLING
  YESTERDAY        0                                         0
  MONTH TO DATE    0                                         0
  SINCE DEC 1      0                                         0
  SINCE JAN 1      0                                         0
..................................................................


WIND (MPH)
  RESULTANT WIND SPEED   7   RESULTANT WIND DIRECTION  NW (310)
  HIGHEST WIND SPEED    18   HIGHEST WIND DIRECTION     N (350)
  HIGHEST GUST SPEED    25   HIGHEST GUST DIRECTION     N (350)
  AVERAGE WIND SPEED     8.5


SKY COVER
  POSSIBLE SUNSHINE  MM
  AVERAGE SKY COVER 0.2


WEATHER CONDITIONS
 THE FOLLOWING WEATHER WAS RECORDED YESTERDAY.
  NO SIGNIFICANT WEATHER WAS OBSERVED.


RELATIVE HUMIDITY (PERCENT)
 HIGHEST    67           300 AM
 LOWEST     35           100 PM
 AVERAGE    51

..........................................................


THE MOFFETT FIELD CLIMATE NORMALS FOR TODAY
                         NORMAL    RECORD    YEAR
 MAXIMUM TEMPERATURE (F)   63        73      1988
 MINIMUM TEMPERATURE (F)   46        34      2006


SUNRISE AND SUNSET
FEBRUARY 20 2018......SUNRISE   651 AM PST   SUNSET   553 PM PST
FEBRUARY 21 2018......SUNRISE   650 AM PST   SUNSET   554 PM PST


-  INDICATES NEGATIVE NUMBERS.
R  INDICATES RECORD WAS SET OR TIED.
MM INDICATES DATA IS MISSING.
T  INDICATES TRACE AMOUNT.




$$
