000
CDUS46 KMTR 230850
CLINUQ


CLIMATE REPORT
NATIONAL WEATHER SERVICE SAN FRANCISCO BAY AREA
1249 AM PST THU FEB 23 2017


...................................

...THE MOFFETT FIELD CLIMATE SUMMARY FOR FEBRUARY 22 2017...

CLIMATE NORMAL PERIOD 1981 TO 2010
CLIMATE RECORD PERIOD 1945 TO 2017


WEATHER ITEM   OBSERVED TIME   RECORD YEAR NORMAL DEPARTURE LAST
                VALUE   (LST)  VALUE       VALUE  FROM      YEAR
                                                  NORMAL
..................................................................
TEMPERATURE (F)
 YESTERDAY
  MAXIMUM         55    343 PM  77    2012  63     -8       70
                                      1985
  MINIMUM         42    600 AM  33    1951  46     -4       44
  AVERAGE         49                        54     -5       57

PRECIPITATION (IN)
  YESTERDAY        T             1.00 2000   0.12  -0.12     0.00
  MONTH TO DATE    5.19                      2.40   2.79     0.38
  SINCE OCT 1     15.16                      9.99   5.17     8.36
  SINCE JAN 1     10.59                      5.15   5.44     3.96

DEGREE DAYS
 HEATING
  YESTERDAY       16                                         8
  MONTH TO DATE  197                                       179
  SINCE DEC 1   1134                                      1007
  SINCE JUL 1   1421                                      1350

 COOLING
  YESTERDAY        0                                         0
  MONTH TO DATE    0                                         2
  SINCE DEC 1      0                                         2
  SINCE JAN 1      0                                         2
..................................................................


WIND (MPH)
  RESULTANT WIND SPEED   6   RESULTANT WIND DIRECTION  NW (300)
  HIGHEST WIND SPEED    18   HIGHEST WIND DIRECTION    NW (310)
  HIGHEST GUST SPEED    24   HIGHEST GUST DIRECTION    NW (300)
  AVERAGE WIND SPEED     7.5


SKY COVER
  POSSIBLE SUNSHINE  MM
  AVERAGE SKY COVER 0.2


WEATHER CONDITIONS
 THE FOLLOWING WEATHER WAS RECORDED YESTERDAY.
  FOG


RELATIVE HUMIDITY (PERCENT)
 HIGHEST   100           200 AM
 LOWEST     46           400 PM
 AVERAGE    73

..........................................................


THE MOFFETT FIELD CLIMATE NORMALS FOR TODAY
                         NORMAL    RECORD    YEAR
 MAXIMUM TEMPERATURE (F)   63        76      1985
 MINIMUM TEMPERATURE (F)   46        34      1955


SUNRISE AND SUNSET
FEBRUARY 23 2017......SUNRISE   647 AM PST   SUNSET   556 PM PST
FEBRUARY 24 2017......SUNRISE   646 AM PST   SUNSET   557 PM PST


-  INDICATES NEGATIVE NUMBERS.
R  INDICATES RECORD WAS SET OR TIED.
MM INDICATES DATA IS MISSING.
T  INDICATES TRACE AMOUNT.




$$
