000
CDUS41 KOKX 170616
CLINYC


CLIMATE REPORT
NATIONAL WEATHER SERVICE NEW YORK NY
116 AM EST SAT FEB 17 2018


...................................

...THE CENTRAL PARK NY CLIMATE SUMMARY FOR FEBRUARY 16 2018...

CLIMATE NORMAL PERIOD 1981 TO 2010
CLIMATE RECORD PERIOD 1869 TO 2018


WEATHER ITEM   OBSERVED TIME   RECORD YEAR NORMAL DEPARTURE LAST
                VALUE   (LST)  VALUE       VALUE  FROM      YEAR
                                                  NORMAL
..................................................................
TEMPERATURE (F)
 YESTERDAY
  MAXIMUM         58    230 PM  71    1954  42     16       35
  MINIMUM         36   1159 PM   1    1888  29      7       28
  AVERAGE         47                        35     12       32

PRECIPITATION (IN)
  YESTERDAY        0.09          1.40 1885   0.12  -0.03     0.00
  MONTH TO DATE    4.16                      1.72   2.44     1.94
  SINCE DEC 1      8.55                      9.37  -0.82     9.66
  SINCE JAN 1      6.34                      5.37   0.97     6.77

SNOWFALL (IN)
  YESTERDAY        0.0           9.9  1996   0.3   -0.3      0.0
  MONTH TO DATE    0.5                       5.3   -4.8      9.4
  SINCE OCT 1     19.4                      17.4    2.0     20.5
  SINCE JUL 1     19.4                      17.4    2.0     20.5
  SNOW DEPTH       0

DEGREE DAYS
 HEATING
  YESTERDAY       18                        30    -12       33
  MONTH TO DATE  422                       493    -71      459
  SINCE DEC 1   2368                      2349     19     2107
  SINCE JUL 1   3030                      3182   -152     2794

 COOLING
  YESTERDAY        0                         0      0        0
  MONTH TO DATE    0                         0      0        0
  SINCE DEC 1      0                         0      0        0
  SINCE JAN 1      0                         0      0        0
..................................................................


WIND (MPH)
  HIGHEST WIND SPEED    20   HIGHEST WIND DIRECTION    NW (320)
  HIGHEST GUST SPEED    37   HIGHEST GUST DIRECTION    NW (300)
  AVERAGE WIND SPEED     6.9


SKY COVER
  AVERAGE SKY COVER 0.6


WEATHER CONDITIONS
 THE FOLLOWING WEATHER WAS RECORDED YESTERDAY.
  LIGHT RAIN
  FOG


RELATIVE HUMIDITY (PERCENT)
 HIGHEST   100          1200 AM
 LOWEST     44          1000 PM
 AVERAGE    72

..........................................................


THE CENTRAL PARK NY CLIMATE NORMALS FOR TODAY
                         NORMAL    RECORD    YEAR
 MAXIMUM TEMPERATURE (F)   42        67      1976
 MINIMUM TEMPERATURE (F)   29        -5      1896


SUNRISE AND SUNSET
FEBRUARY 17 2018......SUNRISE   647 AM EST   SUNSET   533 PM EST
FEBRUARY 18 2018......SUNRISE   646 AM EST   SUNSET   534 PM EST


-  INDICATES NEGATIVE NUMBERS.
R  INDICATES RECORD WAS SET OR TIED.
MM INDICATES DATA IS MISSING.
T  INDICATES TRACE AMOUNT.




$$
