028
CDUS41 KOKX 110617
CLINYC


CLIMATE REPORT
NATIONAL WEATHER SERVICE NEW YORK NY
117 AM EST SUN DEC 11 2016


...................................

...THE CENTRAL PARK NY CLIMATE SUMMARY FOR DECEMBER 10 2016...

CLIMATE NORMAL PERIOD 1981 TO 2010
CLIMATE RECORD PERIOD 1869 TO 2016


WEATHER ITEM   OBSERVED TIME   RECORD YEAR NORMAL DEPARTURE LAST
                VALUE   (LST)  VALUE       VALUE  FROM      YEAR
                                                  NORMAL
..................................................................
TEMPERATURE (F)
 YESTERDAY
  MAXIMUM         35    353 PM  70    1946  45    -10       60
  MINIMUM         28    616 AM   3    1876  34     -6       51
  AVERAGE         32                        39     -7       56

PRECIPITATION (IN)
  YESTERDAY        0.00          1.62 1878   0.14  -0.14      T
  MONTH TO DATE    0.70                      1.39  -0.69     0.47
  SINCE DEC 1      0.70                      1.39  -0.69     0.47
  SINCE JAN 1     39.98                     47.33  -7.35    36.72

SNOWFALL (IN)
  YESTERDAY        0.0           1.4  2013   0.2   -0.2      0.0
  MONTH TO DATE    0.0                       1.0   -1.0      0.0
  SINCE OCT 1      T                         1.3   -1.3      0.0
  SINCE JUL 1      T                         1.3   -1.3      0.0
  SNOW DEPTH       0

DEGREE DAYS
 HEATING
  YESTERDAY       33                        26      7        9
  MONTH TO DATE  233                       242     -9      164
  SINCE DEC 1    233                       242     -9      164
  SINCE JUL 1    920                      1075   -155      752

 COOLING
  YESTERDAY        0                         0      0        0
  MONTH TO DATE    0                         0      0        0
  SINCE DEC 1      0                         0      0        0
  SINCE JAN 1   1489                      1105    384     1578
..................................................................


WIND (MPH)
  HIGHEST WIND SPEED    14   HIGHEST WIND DIRECTION    NW (300)
  HIGHEST GUST SPEED    20   HIGHEST GUST DIRECTION     W (290)
  AVERAGE WIND SPEED     6.1


SKY COVER
  AVERAGE SKY COVER 0.3


WEATHER CONDITIONS
 THE FOLLOWING WEATHER WAS RECORDED YESTERDAY.
  NO SIGNIFICANT WEATHER WAS OBSERVED.


RELATIVE HUMIDITY (PERCENT)
 HIGHEST    63          1000 AM
 LOWEST     44           200 PM
 AVERAGE    54

..........................................................


THE CENTRAL PARK NY CLIMATE NORMALS FOR TODAY
                         NORMAL    RECORD    YEAR
 MAXIMUM TEMPERATURE (F)   44        64      1879
 MINIMUM TEMPERATURE (F)   33         6      1880


SUNRISE AND SUNSET
DECEMBER 11 2016......SUNRISE   710 AM EST   SUNSET   428 PM EST
DECEMBER 12 2016......SUNRISE   711 AM EST   SUNSET   429 PM EST


-  INDICATES NEGATIVE NUMBERS.
R  INDICATES RECORD WAS SET OR TIED.
MM INDICATES DATA IS MISSING.
T  INDICATES TRACE AMOUNT.




$$
