000
CDUS41 KOKX 192031
CLINYC


CLIMATE REPORT
NATIONAL WEATHER SERVICE NEW YORK NY
430 PM EDT THU OCT 19 2017


...................................

...THE CENTRAL PARK NY CLIMATE SUMMARY FOR OCTOBER 19 2017...
VALID TODAY AS OF 0400 PM LOCAL TIME.

CLIMATE NORMAL PERIOD 1981 TO 2010
CLIMATE RECORD PERIOD 1869 TO 2017


WEATHER ITEM   OBSERVED TIME   RECORD YEAR NORMAL DEPARTURE LAST
                VALUE   (LST)  VALUE       VALUE  FROM      YEAR
                                                  NORMAL
..................................................................
TEMPERATURE (F)
 TODAY
  MAXIMUM         71    220 PM  85    2016  63      8       85
  MINIMUM         56    644 AM  30    1940  49      7       65
  AVERAGE         64                        56      8       75

PRECIPITATION (IN)
  TODAY            0.00          4.35 1996   0.14  -0.14     0.00
  MONTH TO DATE    0.70                      2.73  -2.03     0.78
  SINCE SEP 1      2.70                      7.01  -4.31     3.57
  SINCE JAN 1     37.77                     40.25  -2.48    30.50

SNOWFALL (IN)
  TODAY            0.0           T    1972   0.0    0.0      0.0
  MONTH TO DATE    0.0                       0.0    0.0      0.0
  SINCE OCT 1      0.0                       0.0    0.0      0.0
  SINCE JUL 1      0.0                       0.0    0.0      0.0
  SNOW DEPTH       0

DEGREE DAYS
 HEATING
  TODAY            1                         9     -8        0
  MONTH TO DATE   46                       133    -87       79
  SINCE SEP 1     63                       176   -113       96
  SINCE JUL 1     63                       178   -115       96

 COOLING
  TODAY            0                         0      0       10
  MONTH TO DATE   68                        13     55       28
  SINCE SEP 1    258                       146    112      256
  SINCE JAN 1   1252                      1100    152     1488
..................................................................


WIND (MPH)
  HIGHEST WIND SPEED    13   HIGHEST WIND DIRECTION     W (250)
  HIGHEST GUST SPEED    18   HIGHEST GUST DIRECTION     W (260)
  AVERAGE WIND SPEED     4.1


SKY COVER
  AVERAGE SKY COVER 0.0


WEATHER CONDITIONS
 THE FOLLOWING WEATHER WAS RECORDED TODAY.
  NO SIGNIFICANT WEATHER WAS OBSERVED.


RELATIVE HUMIDITY (PERCENT)
 HIGHEST    72           600 AM
 LOWEST     36           100 PM
 AVERAGE    54

..........................................................


THE CENTRAL PARK NY CLIMATE NORMALS FOR TOMORROW
                         NORMAL    RECORD    YEAR
 MAXIMUM TEMPERATURE (F)   62        80      1969
                                             1947
 MINIMUM TEMPERATURE (F)   49        31      1974


SUNRISE AND SUNSET
OCTOBER 19 2017.......SUNRISE   712 AM EDT   SUNSET   609 PM EDT
OCTOBER 20 2017.......SUNRISE   713 AM EDT   SUNSET   608 PM EDT


-  INDICATES NEGATIVE NUMBERS.
R  INDICATES RECORD WAS SET OR TIED.
MM INDICATES DATA IS MISSING.
T  INDICATES TRACE AMOUNT.




$$
