000
CDUS45 KPSR 230834
CLINYL

CLIMATE REPORT
NATIONAL WEATHER SERVICE PHOENIX AZ
134 AM MST TUE SEP 23 2014


...................................

...THE YUMA AZ CLIMATE SUMMARY FOR SEPTEMBER 22 2014...

CLIMATE NORMAL PERIOD 1981 TO 2010
CLIMATE RECORD PERIOD 1876 TO 2014


WEATHER ITEM   OBSERVED TIME   RECORD YEAR NORMAL DEPARTURE LAST
                VALUE   (LST)  VALUE       VALUE  FROM      YEAR
                                                  NORMAL
..................................................................
TEMPERATURE (F)
 YESTERDAY
  MAXIMUM        103    408 PM 112    1949  99      4       91
  MINIMUM         77    514 AM  55    1941  75      2       70
  AVERAGE         90                        87      3       81

PRECIPITATION (IN)
  YESTERDAY        0.00          0.20 1905   0.01  -0.01     0.00
  MONTH TO DATE    1.44                      0.41   1.03     0.51
  SINCE OCT 1      3.39                      3.44  -0.05     2.94
  SINCE JAN 1      2.28                      2.50  -0.22     2.31

DEGREE DAYS
 HEATING
  YESTERDAY        0                         0      0        0
  MONTH TO DATE    0                         0      0        0
  SINCE SEP 1      0                         0      0        0
  SINCE JUL 1      0                         0      0        0

 COOLING
  YESTERDAY       25                        22      3       16
  MONTH TO DATE  634                       560     74      587
  SINCE SEP 1    634                       560     74      587
  SINCE JAN 1   4470                      4013    457     4285
..................................................................


WIND (MPH)
  HIGHEST WIND SPEED    12   HIGHEST WIND DIRECTION     W (250)
  HIGHEST GUST SPEED    16   HIGHEST GUST DIRECTION    SE (150)
  AVERAGE WIND SPEED     5.5


SKY COVER
  AVERAGE SKY COVER 0.1


WEATHER CONDITIONS
 THE FOLLOWING WEATHER WAS RECORDED YESTERDAY.
  HAZE


RELATIVE HUMIDITY (PERCENT)
 HIGHEST    55
 LOWEST     14
 AVERAGE    35

..........................................................


THE YUMA AZ CLIMATE NORMALS FOR TODAY
                         NORMAL    RECORD    YEAR
 MAXIMUM TEMPERATURE (F)   99       110      2002
                                             1992
                                             1966
 MINIMUM TEMPERATURE (F)   74        56      1968


SUNRISE AND SUNSET
SEPTEMBER 23 2014.....SUNRISE   627 AM MST   SUNSET   634 PM MST
SEPTEMBER 24 2014.....SUNRISE   628 AM MST   SUNSET   632 PM MST


-  INDICATES NEGATIVE NUMBERS.
R  INDICATES RECORD WAS SET OR TIED.
MM INDICATES DATA IS MISSING.
T  INDICATES TRACE AMOUNT.

$$
