000
CDUS45 KPSR 010821
CLINYL

CLIMATE REPORT
NATIONAL WEATHER SERVICE PHOENIX AZ
117 AM MST FRI AUG 1 2014


...................................

...THE YUMA AZ CLIMATE SUMMARY FOR JULY 31 2014...

CLIMATE NORMAL PERIOD 1981 TO 2010
CLIMATE RECORD PERIOD 1876 TO 2014


WEATHER ITEM   OBSERVED TIME   RECORD YEAR NORMAL DEPARTURE LAST
                VALUE   (LST)  VALUE       VALUE  FROM      YEAR
                                                  NORMAL
..................................................................
TEMPERATURE (F)
 YESTERDAY
  MAXIMUM        110    435 PM 119    1957 107      3      110
  MINIMUM         87    651 AM  69    1944  83      4       85
  AVERAGE         99                        95      4       98

PRECIPITATION (IN)
  YESTERDAY        0.00          0.92 1916   0.02  -0.02     0.00
  MONTH TO DATE    0.28                      0.29  -0.01     0.47
  SINCE OCT 1      1.46                      2.56  -1.10     2.21
  SINCE JAN 1      0.35                      1.62  -1.27     1.58

DEGREE DAYS
 HEATING
  YESTERDAY        0                         0      0        0
  MONTH TO DATE    0                         0      0        0
  SINCE JUN 1      0                         0      0        0
  SINCE JUL 1      0                         0      0        0

 COOLING
  YESTERDAY       34                        30      4       33
  MONTH TO DATE  978                       913     65      946
  SINCE JUN 1   1787                      1634    153     1751
  SINCE JAN 1   2949                      2546    403     2812
..................................................................


WIND (MPH)
  HIGHEST WIND SPEED    24   HIGHEST WIND DIRECTION     S (170)
  HIGHEST GUST SPEED    28   HIGHEST GUST DIRECTION     S (170)
  AVERAGE WIND SPEED    11.0


SKY COVER
  AVERAGE SKY COVER 0.6


WEATHER CONDITIONS
 THE FOLLOWING WEATHER WAS RECORDED YESTERDAY.
  NO SIGNIFICANT WEATHER WAS OBSERVED.


RELATIVE HUMIDITY (PERCENT)
 HIGHEST    44
 LOWEST     20
 AVERAGE    32

..........................................................


THE YUMA AZ CLIMATE NORMALS FOR TODAY
                         NORMAL    RECORD    YEAR
 MAXIMUM TEMPERATURE (F)  107       117      1993
 MINIMUM TEMPERATURE (F)   83        67      1915


SUNRISE AND SUNSET
AUGUST  1 2014........SUNRISE   553 AM MST   SUNSET   737 PM MST
AUGUST  2 2014........SUNRISE   553 AM MST   SUNSET   736 PM MST


-  INDICATES NEGATIVE NUMBERS.
R  INDICATES RECORD WAS SET OR TIED.
MM INDICATES DATA IS MISSING.
T  INDICATES TRACE AMOUNT.

$$
