000
CDUS45 KPSR 120827
CLINYL

CLIMATE REPORT
NATIONAL WEATHER SERVICE PHOENIX AZ
126 AM MST TUE DEC 12 2017


...................................

...THE YUMA AZ CLIMATE SUMMARY FOR DECEMBER 11 2017...

CLIMATE NORMAL PERIOD 1981 TO 2010
CLIMATE RECORD PERIOD 1876 TO 2017


WEATHER ITEM   OBSERVED TIME   RECORD YEAR NORMAL DEPARTURE LAST
                VALUE   (LST)  VALUE       VALUE  FROM      YEAR
                                                  NORMAL
..................................................................
TEMPERATURE (F)
 YESTERDAY
  MAXIMUM         79    327 PM  85    1950  68     11       76
  MINIMUM         55    959 PM  32    1898  47      8       53
  AVERAGE         67                        57     10       65

PRECIPITATION (IN)
  YESTERDAY        0.00          0.16 1985   0.02  -0.02     0.00
                                      1940
  MONTH TO DATE    0.00                      0.16  -0.16     0.00
  SINCE OCT 1      0.07                      0.59  -0.52     0.04
  SINCE JAN 1      2.31                      3.21  -0.90     1.91

DEGREE DAYS
 HEATING
  YESTERDAY        0                         8     -8        0
  MONTH TO DATE   24                        72    -48       56
  SINCE DEC 1     24                        72    -48       56
  SINCE JUL 1     25                       140   -115      102

 COOLING
  YESTERDAY        2                         0      2        0
  MONTH TO DATE   13                         0     13        0
  SINCE DEC 1     13                         0     13        0
  SINCE JAN 1   5068                      4649    419     5073
..................................................................


WIND (MPH)
  HIGHEST WIND SPEED    16   HIGHEST WIND DIRECTION    NE (30)
  HIGHEST GUST SPEED    20   HIGHEST GUST DIRECTION     N (20)
  AVERAGE WIND SPEED     7.4


SKY COVER
  AVERAGE SKY COVER 0.2


WEATHER CONDITIONS
 THE FOLLOWING WEATHER WAS RECORDED YESTERDAY.
  NO SIGNIFICANT WEATHER WAS OBSERVED.


RELATIVE HUMIDITY (PERCENT)
 HIGHEST    19
 LOWEST      6
 AVERAGE    13

..........................................................


THE YUMA AZ CLIMATE NORMALS FOR TODAY
                         NORMAL    RECORD    YEAR
 MAXIMUM TEMPERATURE (F)   68        85      1958
                                             1950
 MINIMUM TEMPERATURE (F)   46        30      1972
                                             1949


SUNRISE AND SUNSET
DECEMBER 12 2017......SUNRISE   731 AM MST   SUNSET   533 PM MST
DECEMBER 13 2017......SUNRISE   732 AM MST   SUNSET   534 PM MST


-  INDICATES NEGATIVE NUMBERS.
R  INDICATES RECORD WAS SET OR TIED.
MM INDICATES DATA IS MISSING.
T  INDICATES TRACE AMOUNT.

$$
