000
CDUS45 KPSR 250020
CLINYL

CDUS45 KPSR DDHHMM
CLINYL

CLIMATE REPORT
NATIONAL WEATHER SERVICE PHOENIX AZ
518 PM MST MON APR 24 2017


...................................

...THE YUMA AZ CLIMATE SUMMARY FOR APRIL 24 2017...
VALID TODAY AS OF 0500 PM LOCAL TIME.

CLIMATE NORMAL PERIOD 1981 TO 2010
CLIMATE RECORD PERIOD 1876 TO 2017


WEATHER ITEM   OBSERVED TIME   RECORD YEAR NORMAL DEPARTURE LAST
                VALUE   (LST)  VALUE       VALUE  FROM      YEAR
                                                  NORMAL
..................................................................
TEMPERATURE (F)
 TODAY
  MAXIMUM         92    355 PM 106    1910  89      3       92
  MINIMUM         66    638 AM  46    1923  62      4       59
  AVERAGE         79                        75      4       76

PRECIPITATION (IN)
  TODAY            0.00          T    1924   0.00   0.00     0.00
                                      1888
  MONTH TO DATE    0.00                      0.13  -0.13     0.31
  SINCE OCT 1      2.51                      2.16   0.35     0.94
  SINCE JAN 1      1.56                      1.22   0.34     0.80

DEGREE DAYS
 HEATING
  TODAY            0                         0      0        0
  MONTH TO DATE    0                        12    -12        1
  SINCE MAR 1     13                        62    -49       22
  SINCE JUL 1    526                       685   -159      598

 COOLING
  TODAY           14                        10      4       11
  MONTH TO DATE  262                       184     78      241
  SINCE MAR 1    492                       301    191      421
  SINCE JAN 1    533                       337    196      557
..................................................................


WIND (MPH)
  HIGHEST WIND SPEED    15   HIGHEST WIND DIRECTION     W (250)
  HIGHEST GUST SPEED    20   HIGHEST GUST DIRECTION    SW (240)
  AVERAGE WIND SPEED     9.2


SKY COVER
  AVERAGE SKY COVER 0.4


WEATHER CONDITIONS
 THE FOLLOWING WEATHER WAS RECORDED TODAY.
  NO SIGNIFICANT WEATHER WAS OBSERVED.


RELATIVE HUMIDITY (PERCENT)
 HIGHEST    22
 LOWEST      8
 AVERAGE    15

..........................................................


THE YUMA AZ CLIMATE NORMALS FOR TOMORROW
                         NORMAL    RECORD    YEAR
 MAXIMUM TEMPERATURE (F)   89       107      1898
 MINIMUM TEMPERATURE (F)   62        44      1883


SUNRISE AND SUNSET
APRIL 24 2017.........SUNRISE   558 AM MST   SUNSET   715 PM MST
APRIL 25 2017.........SUNRISE   557 AM MST   SUNSET   716 PM MST


-  INDICATES NEGATIVE NUMBERS.
R  INDICATES RECORD WAS SET OR TIED.
MM INDICATES DATA IS MISSING.
T  INDICATES TRACE AMOUNT.

$$
