000
CDUS45 KPSR 280848 RRA
CLINYL

CLIMATE REPORT
NATIONAL WEATHER SERVICE PHOENIX AZ
146 AM MST SUN MAY 28 2017


...................................

...THE YUMA AZ CLIMATE SUMMARY FOR MAY 27 2017...

CLIMATE NORMAL PERIOD 1981 TO 2010
CLIMATE RECORD PERIOD 1876 TO 2017


WEATHER ITEM   OBSERVED TIME   RECORD YEAR NORMAL DEPARTURE LAST
                VALUE   (LST)  VALUE       VALUE  FROM      YEAR
                                                  NORMAL
..................................................................
TEMPERATURE (F)
 YESTERDAY
  MAXIMUM         96    519 PM 114    1951  99     -3       94
  MINIMUM         65    605 AM  49    1911  70     -5       65
  AVERAGE         81                        84     -3       80

PRECIPITATION (IN)
  YESTERDAY        0.00          0.05 1981   0.00   0.00     0.00
  MONTH TO DATE    0.14                      0.07   0.07     0.18
  SINCE OCT 1      2.65                      2.25   0.40     1.12
  SINCE JAN 1      1.70                      1.31   0.39     0.98

DEGREE DAYS
 HEATING
  YESTERDAY        0                         0      0        0
  MONTH TO DATE    0                         0      0        0
  SINCE MAR 1     13                        63    -50       22
  SINCE JUL 1    526                       686   -160      598

 COOLING
  YESTERDAY       16                        19     -3       15
  MONTH TO DATE  380                       427    -47      345
  SINCE MAR 1    943                       797    146      797
  SINCE JAN 1    984                       833    151      933
..................................................................


WIND (MPH)
  HIGHEST WIND SPEED    13   HIGHEST WIND DIRECTION     W (270)
  HIGHEST GUST SPEED    16   HIGHEST GUST DIRECTION     S (160)
  AVERAGE WIND SPEED     5.3


SKY COVER
  AVERAGE SKY COVER 0.0


WEATHER CONDITIONS
 THE FOLLOWING WEATHER WAS RECORDED YESTERDAY.
  NO SIGNIFICANT WEATHER WAS OBSERVED.


RELATIVE HUMIDITY (PERCENT)
 HIGHEST    56
 LOWEST     14
 AVERAGE    35

..........................................................


THE YUMA AZ CLIMATE NORMALS FOR TODAY
                         NORMAL    RECORD    YEAR
 MAXIMUM TEMPERATURE (F)   99       116      1983
 MINIMUM TEMPERATURE (F)   70        51      1908


SUNRISE AND SUNSET
MAY 28 2017...........SUNRISE   533 AM MST   SUNSET   739 PM MST
MAY 29 2017...........SUNRISE   532 AM MST   SUNSET   740 PM MST


-  INDICATES NEGATIVE NUMBERS.
R  INDICATES RECORD WAS SET OR TIED.
MM INDICATES DATA IS MISSING.
T  INDICATES TRACE AMOUNT.

$$
