000
CDUS45 KPSR 290824
CLINYL

CLIMATE REPORT
NATIONAL WEATHER SERVICE PHOENIX AZ
123 AM MST FRI AUG 29 2014


...................................

...THE YUMA AZ CLIMATE SUMMARY FOR AUGUST 28 2014...

CLIMATE NORMAL PERIOD 1981 TO 2010
CLIMATE RECORD PERIOD 1876 TO 2014


WEATHER ITEM   OBSERVED TIME   RECORD YEAR NORMAL DEPARTURE LAST
                VALUE   (LST)  VALUE       VALUE  FROM      YEAR
                                                  NORMAL
..................................................................
TEMPERATURE (F)
 YESTERDAY
  MAXIMUM        112    431 PM 118    1981 106      6      107
  MINIMUM         84    627 AM  60    1920  81      3       82
  AVERAGE         98                        94      4       95

PRECIPITATION (IN)
  YESTERDAY        0.00          0.68 1951   0.02  -0.02      T
  MONTH TO DATE    0.49                      0.43   0.06     0.02
  SINCE OCT 1      1.95                      2.99  -1.04     2.23
  SINCE JAN 1      0.84                      2.05  -1.21     1.60

DEGREE DAYS
 HEATING
  YESTERDAY        0                         0      0        0
  MONTH TO DATE    0                         0      0        0
  SINCE JUN 1      0                         0      0        0
  SINCE JUL 1      0                         0      0        0

 COOLING
  YESTERDAY       33                        29      4       30
  MONTH TO DATE  788                       824    -36      810
  SINCE JUN 1   2575                      2458    117     2561
  SINCE JAN 1   3737                      3370    367     3622
..................................................................


WIND (MPH)
  HIGHEST WIND SPEED    13   HIGHEST WIND DIRECTION    NW (330)
  HIGHEST GUST SPEED    18   HIGHEST GUST DIRECTION    NE (40)
  AVERAGE WIND SPEED     4.6


SKY COVER
  AVERAGE SKY COVER 0.0


WEATHER CONDITIONS
 THE FOLLOWING WEATHER WAS RECORDED YESTERDAY.
  NO SIGNIFICANT WEATHER WAS OBSERVED.


RELATIVE HUMIDITY (PERCENT)
 HIGHEST    55
 LOWEST      6
 AVERAGE    31

..........................................................


THE YUMA AZ CLIMATE NORMALS FOR TODAY
                         NORMAL    RECORD    YEAR
 MAXIMUM TEMPERATURE (F)  106       117      1954
 MINIMUM TEMPERATURE (F)   81        64      1947


SUNRISE AND SUNSET
AUGUST 29 2014........SUNRISE   611 AM MST   SUNSET   707 PM MST
AUGUST 30 2014........SUNRISE   612 AM MST   SUNSET   706 PM MST


-  INDICATES NEGATIVE NUMBERS.
R  INDICATES RECORD WAS SET OR TIED.
MM INDICATES DATA IS MISSING.
T  INDICATES TRACE AMOUNT.

$$
