000
CDUS45 KPSR 030900 RRA
CLINYL

CLIMATE REPORT
NATIONAL WEATHER SERVICE PHOENIX AZ
155 AM MST WED JUN 3 2015


...................................

...THE YUMA AZ CLIMATE SUMMARY FOR JUNE 2 2015...

CLIMATE NORMAL PERIOD 1981 TO 2010
CLIMATE RECORD PERIOD 1876 TO 2015


WEATHER ITEM   OBSERVED TIME   RECORD YEAR NORMAL DEPARTURE LAST
                VALUE   (LST)  VALUE       VALUE  FROM      YEAR
                                                  NORMAL
..................................................................
TEMPERATURE (F)
 YESTERDAY
  MAXIMUM        102    436 PM 115    1957 100      2      108
  MINIMUM         72    603 AM  52    1891  71      1       77
  AVERAGE         87                        86      1       93

PRECIPITATION (IN)
  YESTERDAY        0.00          0.07 1948   0.00   0.00     0.00
  MONTH TO DATE    0.00                      0.00   0.00     0.00
  SINCE OCT 1      1.26                      2.26  -1.00     1.18
  SINCE JAN 1      0.82                      1.32  -0.50     0.07

DEGREE DAYS
 HEATING
  YESTERDAY        0                         0      0        0
  MONTH TO DATE    0                         0      0        0
  SINCE JUN 1      0                         0      0        0
  SINCE JUL 1     86                       686   -600      370

 COOLING
  YESTERDAY       22                        21      1       28
  MONTH TO DATE   47                        41      6       53
  SINCE JUN 1     47                        41      6       53
  SINCE JAN 1   1126                       953    173     1215
..................................................................


WIND (MPH)
  HIGHEST WIND SPEED    15   HIGHEST WIND DIRECTION    NW (310)
  HIGHEST GUST SPEED    20   HIGHEST GUST DIRECTION     W (260)
  AVERAGE WIND SPEED     6.4


SKY COVER
  AVERAGE SKY COVER 0.0


WEATHER CONDITIONS
 THE FOLLOWING WEATHER WAS RECORDED YESTERDAY.
  NO SIGNIFICANT WEATHER WAS OBSERVED.


RELATIVE HUMIDITY (PERCENT)
 HIGHEST    21
 LOWEST      6
 AVERAGE    14

..........................................................


THE YUMA AZ CLIMATE NORMALS FOR TODAY
                         NORMAL    RECORD    YEAR
 MAXIMUM TEMPERATURE (F)  101       113      2006
                                             1957
                                             1912
 MINIMUM TEMPERATURE (F)   71        54      1908


SUNRISE AND SUNSET
JUNE  3 2015..........SUNRISE   531 AM MST   SUNSET   742 PM MST
JUNE  4 2015..........SUNRISE   531 AM MST   SUNSET   743 PM MST


-  INDICATES NEGATIVE NUMBERS.
R  INDICATES RECORD WAS SET OR TIED.
MM INDICATES DATA IS MISSING.
T  INDICATES TRACE AMOUNT.

$$
