000
CDUS45 KPSR 280838
CLINYL

CDUS45 KPSR DDHHMM
CLINYL

CLIMATE REPORT
NATIONAL WEATHER SERVICE PHOENIX AZ
136 AM MST TUE FEB 28 2017


...................................

...THE YUMA AZ CLIMATE SUMMARY FOR FEBRUARY 27 2017...

CLIMATE NORMAL PERIOD 1981 TO 2010
CLIMATE RECORD PERIOD 1876 TO 2017


WEATHER ITEM   OBSERVED TIME   RECORD YEAR NORMAL DEPARTURE LAST
                VALUE   (LST)  VALUE       VALUE  FROM      YEAR
                                                  NORMAL
..................................................................
TEMPERATURE (F)
 YESTERDAY
  MAXIMUM         67        MM  95    1986  76     -9       87
  MINIMUM         51        MM  33    1964  52     -1       53
  AVERAGE         59                        64     -5       70

PRECIPITATION (IN)
  YESTERDAY        0.20          0.64 1905   0.02   0.18     0.00
  MONTH TO DATE    1.06                      0.38   0.68     0.00
  SINCE OCT 1      2.32                      1.69   0.63     0.63
  SINCE JAN 1      1.37                      0.75   0.62     0.49

DEGREE DAYS
 HEATING
  YESTERDAY        6                         3      3        0
  MONTH TO DATE   58                       111    -53       54
  SINCE DEC 1    463                       551    -88      506
  SINCE JUL 1    509                       619   -110      576

 COOLING
  YESTERDAY        0                         2     -2        5
  MONTH TO DATE   41                        32      9      117
  SINCE DEC 1     50                        40     10      121
  SINCE JAN 1     41                        38      3      119
..................................................................


WIND (MPH)
  HIGHEST WIND SPEED    21   HIGHEST WIND DIRECTION     S (170)
  HIGHEST GUST SPEED    30   HIGHEST GUST DIRECTION    SE (150)
  AVERAGE WIND SPEED     9.7


SKY COVER
  AVERAGE SKY COVER 0.8


WEATHER CONDITIONS
 THE FOLLOWING WEATHER WAS RECORDED YESTERDAY.
  RAIN
  LIGHT RAIN


RELATIVE HUMIDITY (PERCENT)
 HIGHEST    84
 LOWEST     51
 AVERAGE    68

..........................................................


THE YUMA AZ CLIMATE NORMALS FOR TODAY
                         NORMAL    RECORD    YEAR
 MAXIMUM TEMPERATURE (F)   77        97      1986
 MINIMUM TEMPERATURE (F)   52        31      1962


SUNRISE AND SUNSET
FEBRUARY 28 2017......SUNRISE   707 AM MST   SUNSET   635 PM MST
MARCH  1 2017.........SUNRISE   706 AM MST   SUNSET   636 PM MST


-  INDICATES NEGATIVE NUMBERS.
R  INDICATES RECORD WAS SET OR TIED.
MM INDICATES DATA IS MISSING.
T  INDICATES TRACE AMOUNT.

$$
