673
CDUS45 KPSR 240802
CLINYL

CLIMATE REPORT
NATIONAL WEATHER SERVICE PHOENIX AZ
102 AM MST TUE JAN 24 2017

...................................

...THE YUMA AZ CLIMATE SUMMARY FOR JANUARY 23 2017...

CLIMATE NORMAL PERIOD 1981 TO 2010
CLIMATE RECORD PERIOD 1876 TO 2017


WEATHER ITEM   OBSERVED TIME   RECORD YEAR NORMAL DEPARTURE LAST
                VALUE   (LST)  VALUE       VALUE  FROM      YEAR
                                                  NORMAL
..................................................................
TEMPERATURE (F)
 YESTERDAY
  MAXIMUM         66    119 PM  83    1950  70     -4       70
  MINIMUM         49   1145 PM  25    1937  48      1       49
  AVERAGE         58                        59     -1       60

PRECIPITATION (IN)
  YESTERDAY        T             0.25 1967   0.01  -0.01     0.00
  MONTH TO DATE    0.31                      0.29   0.02     0.49
  SINCE OCT 1      1.26                      1.23   0.03     0.63
  SINCE JAN 1      0.31                      0.29   0.02     0.49

DEGREE DAYS
 HEATING
  YESTERDAY        7                         6      1        5
  MONTH TO DATE  151                       158     -7      169
  SINCE DEC 1    336                       394    -58      426
  SINCE JUL 1    382                       462    -80      496

 COOLING
  YESTERDAY        0                         0      0        0
  MONTH TO DATE    0                         0      0        0
  SINCE DEC 1      9                         2      7        2
  SINCE JAN 1      0                         0      0        0
..................................................................


WIND (MPH)
  HIGHEST WIND SPEED    26   HIGHEST WIND DIRECTION    SE (150)
  HIGHEST GUST SPEED    33   HIGHEST GUST DIRECTION    NW (310)
  AVERAGE WIND SPEED    12.8


SKY COVER
  AVERAGE SKY COVER 0.5


WEATHER CONDITIONS
 THE FOLLOWING WEATHER WAS RECORDED YESTERDAY.
  LIGHT RAIN


RELATIVE HUMIDITY (PERCENT)
 HIGHEST    86
 LOWEST     37
 AVERAGE    62

..........................................................


THE YUMA AZ CLIMATE NORMALS FOR TODAY
                         NORMAL    RECORD    YEAR
 MAXIMUM TEMPERATURE (F)   71        84      1953
 MINIMUM TEMPERATURE (F)   48        22      1937


SUNRISE AND SUNSET
JANUARY 24 2017.......SUNRISE   737 AM MST   SUNSET   604 PM MST
JANUARY 25 2017.......SUNRISE   737 AM MST   SUNSET   605 PM MST


-  INDICATES NEGATIVE NUMBERS.
R  INDICATES RECORD WAS SET OR TIED.
MM INDICATES DATA IS MISSING.
T  INDICATES TRACE AMOUNT.

$$
