049
CDUS45 KPSR 240021 RRA
CLINYL

CLIMATE REPORT
NATIONAL WEATHER SERVICE PHOENIX AZ
512 PM MST SAT SEP 23 2017


...................................

...THE YUMA AZ CLIMATE SUMMARY FOR SEPTEMBER 23 2017...
VALID TODAY AS OF 0500 PM LOCAL TIME.

CLIMATE NORMAL PERIOD 1981 TO 2010
CLIMATE RECORD PERIOD 1876 TO 2017


WEATHER ITEM   OBSERVED TIME   RECORD YEAR NORMAL DEPARTURE LAST
                VALUE   (LST)  VALUE       VALUE  FROM      YEAR
                                                  NORMAL
..................................................................
TEMPERATURE (F)
 TODAY
  MAXIMUM         86    337 PM 110    2002  99    -13       90
                                      1992
                                      1966
  MINIMUM         65    706 AM  56    1968  74     -9       66
  AVERAGE         76                        87    -11       78

PRECIPITATION (IN)
  TODAY            0.00          0.24 1999   0.02  -0.02     0.00
  MONTH TO DATE    0.45                      0.43   0.02     0.12
  SINCE OCT 1      3.19                      3.46  -0.27     2.01
  SINCE JAN 1      2.24                      2.52  -0.28     1.87

DEGREE DAYS
 HEATING
  TODAY            0                         0      0        0
  MONTH TO DATE    0                         0      0        0
  SINCE SEP 1      0                         0      0        0
  SINCE JUL 1      0                         0      0        0

 COOLING
  TODAY           11                        22    -11       13
  MONTH TO DATE  527                       582    -55      522
  SINCE SEP 1    527                       582    -55      522
  SINCE JAN 1   4295                      4035    260     4269
..................................................................


WIND (MPH)
  HIGHEST WIND SPEED    16   HIGHEST WIND DIRECTION     W (290)
  HIGHEST GUST SPEED    22   HIGHEST GUST DIRECTION     W (290)
  AVERAGE WIND SPEED     8.0


SKY COVER
  AVERAGE SKY COVER 0.0


WEATHER CONDITIONS
 THE FOLLOWING WEATHER WAS RECORDED TODAY.
  NO SIGNIFICANT WEATHER WAS OBSERVED.


RELATIVE HUMIDITY (PERCENT)
 HIGHEST    48
 LOWEST     16
 AVERAGE    32

..........................................................


THE YUMA AZ CLIMATE NORMALS FOR TOMORROW
                         NORMAL    RECORD    YEAR
 MAXIMUM TEMPERATURE (F)   99       110      1956
                                             1947
 MINIMUM TEMPERATURE (F)   74        53      1901


SUNRISE AND SUNSET
SEPTEMBER 23 2017.....SUNRISE   627 AM MST   SUNSET   633 PM MST
SEPTEMBER 24 2017.....SUNRISE   628 AM MST   SUNSET   632 PM MST


-  INDICATES NEGATIVE NUMBERS.
R  INDICATES RECORD WAS SET OR TIED.
MM INDICATES DATA IS MISSING.
T  INDICATES TRACE AMOUNT.

$$
