000
CDUS45 KPSR 250816
CLINYL

CLIMATE REPORT
NATIONAL WEATHER SERVICE PHOENIX AZ
114 AM MST SUN FEB 25 2018


...................................

...THE YUMA AZ CLIMATE SUMMARY FOR FEBRUARY 24 2018...

CLIMATE NORMAL PERIOD 1981 TO 2010
CLIMATE RECORD PERIOD 1876 TO 2018


WEATHER ITEM   OBSERVED TIME   RECORD YEAR NORMAL DEPARTURE LAST
                VALUE   (LST)  VALUE       VALUE  FROM      YEAR
                                                  NORMAL
..................................................................
TEMPERATURE (F)
 YESTERDAY
  MAXIMUM         63    501 PM  93    1986  76    -13       66
  MINIMUM         39    644 AM  32    1894  52    -13       45
  AVERAGE         51                        64    -13       56

PRECIPITATION (IN)
  YESTERDAY        0.00          0.23 1944   0.01  -0.01     0.00
  MONTH TO DATE    T                         0.33  -0.33     0.86
  SINCE OCT 1      0.24                      1.64  -1.40     2.12
  SINCE JAN 1      0.17                      0.70  -0.53     1.17

DEGREE DAYS
 HEATING
  YESTERDAY       14                         3     11        9
  MONTH TO DATE   90                       102    -12       41
  SINCE DEC 1    313                       542   -229      446
  SINCE JUL 1    314                       610   -296      492

 COOLING
  YESTERDAY        0                         2     -2        0
  MONTH TO DATE   21                        26     -5       41
  SINCE DEC 1     65                        34     31       50
  SINCE JAN 1     52                        32     20       41
..................................................................


WIND (MPH)
  HIGHEST WIND SPEED    16   HIGHEST WIND DIRECTION     N (340)
  HIGHEST GUST SPEED    22   HIGHEST GUST DIRECTION     N (10)
  AVERAGE WIND SPEED     6.0


SKY COVER
  AVERAGE SKY COVER 0.0


WEATHER CONDITIONS
 THE FOLLOWING WEATHER WAS RECORDED YESTERDAY.
  NO SIGNIFICANT WEATHER WAS OBSERVED.


RELATIVE HUMIDITY (PERCENT)
 HIGHEST    44
 LOWEST      8
 AVERAGE    26

..........................................................


THE YUMA AZ CLIMATE NORMALS FOR TODAY
                         NORMAL    RECORD    YEAR
 MAXIMUM TEMPERATURE (F)   76        95      1986
 MINIMUM TEMPERATURE (F)   52        32      1960


SUNRISE AND SUNSET
FEBRUARY 25 2018......SUNRISE   711 AM MST   SUNSET   633 PM MST
FEBRUARY 26 2018......SUNRISE   710 AM MST   SUNSET   633 PM MST


-  INDICATES NEGATIVE NUMBERS.
R  INDICATES RECORD WAS SET OR TIED.
MM INDICATES DATA IS MISSING.
T  INDICATES TRACE AMOUNT.

$$
