000
CDUS46 KMTR 050831
CLIOAK


CLIMATE REPORT
NATIONAL WEATHER SERVICE SAN FRANCISCO BAY AREA
131 AM PDT SAT SEP 5 2015


...................................

...THE OAKLAND AIRPORT CLIMATE SUMMARY FOR SEPTEMBER 4 2015...

CLIMATE NORMAL PERIOD 1981 TO 2010
CLIMATE RECORD PERIOD 1948 TO 2015


WEATHER ITEM   OBSERVED TIME   RECORD YEAR NORMAL DEPARTURE LAST
                VALUE   (LST)  VALUE       VALUE  FROM      YEAR
                                                  NORMAL
..................................................................
TEMPERATURE (F)
 YESTERDAY
  MAXIMUM         72    257 PM  97    1961  75     -3       74
  MINIMUM         55   1031 PM  49    2000  55      0       61
  AVERAGE         64                        65     -1       68

PRECIPITATION (IN)
  YESTERDAY        0.00          0.01 2001   0.00   0.00     0.00
  MONTH TO DATE    0.00                      0.01  -0.01     0.00
  SINCE OCT 1     14.58                     20.60  -6.02     9.45
  SINCE JAN 1      3.36                     13.29  -9.93     7.99

SNOWFALL (IN)
  YESTERDAY        0.0                                       0.0
  MONTH TO DATE    0.0                                       0.0
  SINCE SEP 1      0.0                                       0.0
  SINCE JUL 1      0.0                                       0.0

DEGREE DAYS
 HEATING
  YESTERDAY        1                         2     -1        0
  MONTH TO DATE    1                         6     -5        0
  SINCE SEP 1      1                         6     -5        0
  SINCE JUL 1      3                       146   -143       25

 COOLING
  YESTERDAY        0                         2     -2        3
  MONTH TO DATE    5                         8     -3       13
  SINCE SEP 1      5                         8     -3       13
  SINCE JAN 1    227                        88    139      209
..................................................................


WIND (MPH)
  RESULTANT WIND SPEED   9   RESULTANT WIND DIRECTION  SW (240)
  HIGHEST WIND SPEED    20   HIGHEST WIND DIRECTION     W (270)
  HIGHEST GUST SPEED    24   HIGHEST GUST DIRECTION     W (260)
  AVERAGE WIND SPEED    10.0


SKY COVER
  POSSIBLE SUNSHINE  MM
  AVERAGE SKY COVER 0.3


WEATHER CONDITIONS
 THE FOLLOWING WEATHER WAS RECORDED YESTERDAY.
  NO SIGNIFICANT WEATHER WAS OBSERVED.


RELATIVE HUMIDITY (PERCENT)
 HIGHEST    77          1100 PM
 LOWEST     44           100 PM
 AVERAGE    61

..........................................................


THE OAKLAND AIRPORT CLIMATE NORMALS FOR TODAY
                         NORMAL    RECORD    YEAR
 MAXIMUM TEMPERATURE (F)   75        93      2008
                                             2004
 MINIMUM TEMPERATURE (F)   55        49      2000


SUNRISE AND SUNSET
SEPTEMBER  5 2015.....SUNRISE   642 AM PDT   SUNSET   732 PM PDT
SEPTEMBER  6 2015.....SUNRISE   643 AM PDT   SUNSET   731 PM PDT


-  INDICATES NEGATIVE NUMBERS.
R  INDICATES RECORD WAS SET OR TIED.
MM INDICATES DATA IS MISSING.
T  INDICATES TRACE AMOUNT.




$$
