484
CDUS46 KMTR 270826
CLIOAK


CLIMATE REPORT
NATIONAL WEATHER SERVICE SAN FRANCISCO BAY AREA
125 AM PDT SAT AUG 27 2016


...................................

...THE OAKLAND AIRPORT CLIMATE SUMMARY FOR AUGUST 26 2016...

CLIMATE NORMAL PERIOD 1981 TO 2010
CLIMATE RECORD PERIOD 1948 TO 2016


WEATHER ITEM   OBSERVED TIME   RECORD YEAR NORMAL DEPARTURE LAST
                VALUE   (LST)  VALUE       VALUE  FROM      YEAR
                                                  NORMAL
..................................................................
TEMPERATURE (F)
 YESTERDAY
  MAXIMUM         73    312 PM  84    1963  74     -1       79
  MINIMUM         62    424 AM  49    2002  56      6       58
  AVERAGE         68                        65      3       69

PRECIPITATION (IN)
  YESTERDAY        0.00          0.03 1954   0.00   0.00     0.00
  MONTH TO DATE    T                         0.03  -0.03      T
  SINCE OCT 1     16.56                     20.57  -4.01    14.58
  SINCE JAN 1     11.34                     13.26  -1.92     3.36

SNOWFALL (IN)
  YESTERDAY        0.0                                       0.0
  MONTH TO DATE    0.0                                       0.0
  SINCE JUN 1      0.0                                       0.0
  SINCE JUL 1      0.0                                       0.0

DEGREE DAYS
 HEATING
  YESTERDAY        0                         2     -2        0
  MONTH TO DATE   20                        52    -32        0
  SINCE JUN 1     87                       238   -151       64
  SINCE JUL 1     56                       135    -79        2

 COOLING
  YESTERDAY        3                         1      2        4
  MONTH TO DATE    7                        18    -11       89
  SINCE JUN 1     56                        54      2      184
  SINCE JAN 1     90                        70     20      188
..................................................................


WIND (MPH)
  RESULTANT WIND SPEED   6   RESULTANT WIND DIRECTION   W (260)
  HIGHEST WIND SPEED    17   HIGHEST WIND DIRECTION     W (280)
  HIGHEST GUST SPEED    19   HIGHEST GUST DIRECTION     W (270)
  AVERAGE WIND SPEED     8.5


SKY COVER
  POSSIBLE SUNSHINE  MM
  AVERAGE SKY COVER 0.6


WEATHER CONDITIONS
 THE FOLLOWING WEATHER WAS RECORDED YESTERDAY.
  NO SIGNIFICANT WEATHER WAS OBSERVED.


RELATIVE HUMIDITY (PERCENT)
 HIGHEST    84           100 AM
 LOWEST     57          1200 PM
 AVERAGE    71

..........................................................


THE OAKLAND AIRPORT CLIMATE NORMALS FOR TODAY
                         NORMAL    RECORD    YEAR
 MAXIMUM TEMPERATURE (F)   75        95      1962
 MINIMUM TEMPERATURE (F)   56        51      2005


SUNRISE AND SUNSET
AUGUST 27 2016........SUNRISE   635 AM PDT   SUNSET   744 PM PDT
AUGUST 28 2016........SUNRISE   636 AM PDT   SUNSET   743 PM PDT


-  INDICATES NEGATIVE NUMBERS.
R  INDICATES RECORD WAS SET OR TIED.
MM INDICATES DATA IS MISSING.
T  INDICATES TRACE AMOUNT.




$$
