000
CDUS46 KMTR 260027
CLIOAK


CLIMATE REPORT
NATIONAL WEATHER SERVICE SAN FRANCISCO BAY AREA
527 PM PDT SUN JUN 25 2017


...................................

...THE OAKLAND AIRPORT CLIMATE SUMMARY FOR JUNE 25 2017...
VALID TODAY AS OF 0500 PM LOCAL TIME.

CLIMATE NORMAL PERIOD 1981 TO 2010
CLIMATE RECORD PERIOD 1948 TO 2017


WEATHER ITEM   OBSERVED TIME   RECORD YEAR NORMAL DEPARTURE LAST
                VALUE   (LST)  VALUE       VALUE  FROM      YEAR
                                                  NORMAL
..................................................................
TEMPERATURE (F)
 TODAY
  MAXIMUM         70    256 PM  94    2003  71     -1       79
  MINIMUM         59    314 AM  47    1950  55      4       55
  AVERAGE         65                        63      2       67

PRECIPITATION (IN)
  TODAY            0.00          0.15 2013   0.00   0.00     0.00
  MONTH TO DATE    0.03                      0.17  -0.14      T
  SINCE OCT 1     28.48                     20.52   7.96    16.56
  SINCE JAN 1     20.05                     13.21   6.84    11.34

SNOWFALL (IN)
  TODAY            0.0           0.0  1985
  MONTH TO DATE    0.0
  SINCE JUN 1      0.0
  SINCE JUL 1      0.0

DEGREE DAYS
 HEATING
  TODAY            0                         3     -3        0
  MONTH TO DATE   32                        91    -59       24
  SINCE JUN 1     32                        91    -59       24
  SINCE JUL 1   2021                      2861   -840     1916

 COOLING
  TODAY            0                         1     -1        2
  MONTH TO DATE   51                        14     37       30
  SINCE JUN 1     51                        14     37       30
  SINCE JAN 1     87                        30     57       64
..................................................................


WIND (MPH)
  RESULTANT WIND SPEED  13   RESULTANT WIND DIRECTION   W (270)
  HIGHEST WIND SPEED    18   HIGHEST WIND DIRECTION     W (270)
  HIGHEST GUST SPEED    22   HIGHEST GUST DIRECTION     W (260)
  AVERAGE WIND SPEED    12.8


SKY COVER
  POSSIBLE SUNSHINE  MM
  AVERAGE SKY COVER 0.8


WEATHER CONDITIONS
 THE FOLLOWING WEATHER WAS RECORDED TODAY.
  NO SIGNIFICANT WEATHER WAS OBSERVED.


RELATIVE HUMIDITY (PERCENT)
 HIGHEST    84          1200 AM
 LOWEST     61           200 PM
 AVERAGE    73

..........................................................


THE OAKLAND AIRPORT CLIMATE NORMALS FOR TOMORROW
                         NORMAL    RECORD    YEAR
 MAXIMUM TEMPERATURE (F)   71        99      2003
 MINIMUM TEMPERATURE (F)   55        47      1950


SUNRISE AND SUNSET
JUNE 25 2017..........SUNRISE   549 AM PDT   SUNSET   835 PM PDT
JUNE 26 2017..........SUNRISE   549 AM PDT   SUNSET   835 PM PDT


-  INDICATES NEGATIVE NUMBERS.
R  INDICATES RECORD WAS SET OR TIED.
MM INDICATES DATA IS MISSING.
T  INDICATES TRACE AMOUNT.




$$
