000
CDUS43 KOAX 252202
CLIOAX


CLIMATE REPORT
NATIONAL WEATHER SERVICE OMAHA NEBRASKA
451 PM CDT MON SEP 25 2017


...................................

...THE VALLEY  NWS, NEBRASKA CLIMATE SUMMARY FOR SEPTEMBER 25 2017...
VALID TODAY AS OF 400 PM LOCAL TIME.

CLIMATE NORMAL PERIOD 1981 TO 2010
CLIMATE RECORD PERIOD 1997 TO 2017


WEATHER ITEM   OBSERVED TIME   NORMAL DEPARTURE LAST
                VALUE   (LST)  VALUE  FROM      YEAR
                                      NORMAL
......................................................
TEMPERATURE (F)
 TODAY
  MAXIMUM         63    148 PM  74    -11       72
  MINIMUM         57    602 AM  50      7       52
  AVERAGE         60            62     -2       62

PRECIPITATION (IN)
  TODAY            1.79          0.08   1.71     0.33
  MONTH TO DATE    4.64          2.42   2.22     2.62
  SINCE SEP 1      4.64          2.42   2.22     2.62
  SINCE JAN 1     29.86         27.34   2.52    40.06

SNOWFALL (IN)
  TODAY            0.0                           0.0
  MONTH TO DATE    0.0                           0.0
  SINCE JUL 1      0.0                           0.0
  SNOW DEPTH       0

DEGREE DAYS
 HEATING
  TODAY            5             5      0        3
  MONTH TO DATE   22            61    -39       13
  SINCE SEP 1     22            61    -39       13
  SINCE JUL 1     22            67    -45       15

 COOLING
  TODAY            0             2     -2        0
  MONTH TO DATE  184           100     84      174
  SINCE SEP 1    184           100     84      174
  SINCE JAN 1   1189          1051    138     1271
......................................................


WIND (MPH)
  HIGHEST WIND SPEED    MM   HIGHEST WIND DIRECTION    MM
  HIGHEST GUST SPEED    24   HIGHEST GUST DIRECTION    MM



WEATHER CONDITIONS
 THE FOLLOWING WEATHER WAS RECORDED TODAY.
  THUNDERSTORM
  HEAVY RAIN
  RAIN
  LIGHT RAIN
  FOG


..........................................................


THE VALLEY  NWS, NEBRASKA CLIMATE NORMALS FOR TOMORROW
                         NORMAL
 MAXIMUM TEMPERATURE (F)   73
 MINIMUM TEMPERATURE (F)   50


SUNRISE AND SUNSET
SEPTEMBER 25 2017.....SUNRISE   716 AM CDT   SUNSET   717 PM CDT
SEPTEMBER 26 2017.....SUNRISE   717 AM CDT   SUNSET   715 PM CDT


-  INDICATES NEGATIVE NUMBERS.
R  INDICATES RECORD WAS SET OR TIED.
MM INDICATES DATA IS MISSING.
T  INDICATES TRACE AMOUNT.




$$

Klish
