000
CDUS43 KOAX 250625
CLIOAX


CLIMATE REPORT
NATIONAL WEATHER SERVICE OMAHA NEBRASKA
123 AM CDT TUE APR 25 2017


...................................

...THE VALLEY  NWS, NEBRASKA CLIMATE SUMMARY FOR APRIL 24 2017...

CLIMATE NORMAL PERIOD 1981 TO 2010
CLIMATE RECORD PERIOD 1997 TO 2017


WEATHER ITEM   OBSERVED TIME   NORMAL DEPARTURE LAST
                VALUE   (LST)  VALUE  FROM      YEAR
                                      NORMAL
......................................................
TEMPERATURE (F)
 YESTERDAY
  MAXIMUM         74    337 PM  65      9       77
  MINIMUM         52    610 AM  43      9       52
  AVERAGE         63            54      9       65

PRECIPITATION (IN)
  YESTERDAY        0.00          0.12  -0.12     0.87
  MONTH TO DATE    1.95          2.29  -0.34     3.41
  SINCE MAR 1      4.48          4.29   0.19     4.59
  SINCE JAN 1      6.19          6.00   0.19     6.33

SNOWFALL (IN)
  YESTERDAY        0.0                           0.0
  MONTH TO DATE    0.0                           0.0
  SINCE JUL 1     11.8                          28.7
  SNOW DEPTH       0

DEGREE DAYS
 HEATING
  YESTERDAY        2            12    -10        0
  MONTH TO DATE  228           378   -150      257
  SINCE MAR 1    908          1206   -298      810
  SINCE JUL 1   4785          6037  -1252     4798

 COOLING
  YESTERDAY        0             0      0        0
  MONTH TO DATE    3             0      3        0
  SINCE MAR 1      3             0      3        0
  SINCE JAN 1      3             0      3        0
......................................................


WIND (MPH)
  HIGHEST WIND SPEED    MM   HIGHEST WIND DIRECTION    MM
  HIGHEST GUST SPEED    37   HIGHEST GUST DIRECTION    MM


SKY COVER
  POSSIBLE SUNSHINE  MM


WEATHER CONDITIONS
 THE FOLLOWING WEATHER WAS RECORDED YESTERDAY.
  NO SIGNIFICANT WEATHER WAS OBSERVED.


..........................................................


THE VALLEY  NWS, NEBRASKA CLIMATE NORMALS FOR TODAY
                         NORMAL
 MAXIMUM TEMPERATURE (F)   65
 MINIMUM TEMPERATURE (F)   44


SUNRISE AND SUNSET
APRIL 25 2017.........SUNRISE   631 AM CDT   SUNSET   817 PM CDT
APRIL 26 2017.........SUNRISE   629 AM CDT   SUNSET   818 PM CDT


-  INDICATES NEGATIVE NUMBERS.
R  INDICATES RECORD WAS SET OR TIED.
MM INDICATES DATA IS MISSING.
T  INDICATES TRACE AMOUNT.


$$

BCM
