000
CDUS43 KOAX 222236
CLIOAX


CLIMATE REPORT
NATIONAL WEATHER SERVICE OMAHA NEBRASKA
432 PM CST WED FEB 22 2017


...................................

...THE VALLEY  NWS, NEBRASKA CLIMATE SUMMARY FOR FEBRUARY 22 2017...
VALID TODAY AS OF 400 PM LOCAL TIME.

CLIMATE NORMAL PERIOD 1981 TO 2010
CLIMATE RECORD PERIOD 1997 TO 2017


WEATHER ITEM   OBSERVED TIME   NORMAL DEPARTURE LAST
                VALUE   (LST)  VALUE  FROM      YEAR
                                      NORMAL
......................................................
TEMPERATURE (F)
 TODAY
  MAXIMUM         73    203 PM  39     34       42
  MINIMUM         41    712 AM  20     21       35
  AVERAGE         57            29     28       39

PRECIPITATION (IN)
  TODAY            0.00          0.04  -0.04      T
  MONTH TO DATE    0.30          0.71  -0.41     0.94
  SINCE DEC 1      2.56          2.61  -0.05     6.80
  SINCE JAN 1      1.25          1.50  -0.25     1.69

SNOWFALL (IN)
  TODAY            0.0                           0.0
  MONTH TO DATE    4.0                           9.1
  SINCE JUL 1      9.0                          27.9
  SNOW DEPTH       0

DEGREE DAYS
 HEATING
  TODAY            8            36    -28       26
  MONTH TO DATE  573           849   -276      729
  SINCE DEC 1   2907          3353   -446     2935
  SINCE JUL 1   3696          4623   -927     3820

 COOLING
  TODAY            0             0      0        0
  MONTH TO DATE    0             0      0        0
  SINCE DEC 1      0             0      0        0
  SINCE JAN 1      0             0      0        0
......................................................


WIND (MPH)
  HIGHEST WIND SPEED    MM   HIGHEST WIND DIRECTION    MM
  HIGHEST GUST SPEED    25   HIGHEST GUST DIRECTION    MM



WEATHER CONDITIONS
 THE FOLLOWING WEATHER WAS RECORDED TODAY.
  NO SIGNIFICANT WEATHER WAS OBSERVED.


..........................................................


THE VALLEY  NWS, NEBRASKA CLIMATE NORMALS FOR TOMORROW
                         NORMAL
 MAXIMUM TEMPERATURE (F)   39
 MINIMUM TEMPERATURE (F)   20


SUNRISE AND SUNSET
FEBRUARY 22 2017......SUNRISE   710 AM CST   SUNSET   608 PM CST
FEBRUARY 23 2017......SUNRISE   709 AM CST   SUNSET   610 PM CST


-  INDICATES NEGATIVE NUMBERS.
R  INDICATES RECORD WAS SET OR TIED.
MM INDICATES DATA IS MISSING.
T  INDICATES TRACE AMOUNT.




$$


KLISH
