000
CDUS43 KOAX 062230
CLIOAX


CLIMATE REPORT
NATIONAL WEATHER SERVICE OMAHA NEBRASKA
429 PM CST FRI MAR 6 2015


...................................

...THE VALLEY  NWS, NEBRASKA CLIMATE SUMMARY FOR MARCH 6 2015...
VALID TODAY AS OF 0400 PM LOCAL TIME.

CLIMATE NORMAL PERIOD 1981 TO 2010
CLIMATE RECORD PERIOD 1997 TO 2015


WEATHER ITEM   OBSERVED TIME   NORMAL DEPARTURE LAST
                VALUE   (LST)  VALUE  FROM      YEAR
                                      NORMAL
......................................................
TEMPERATURE (F)
 TODAY
  MAXIMUM         62    229 PM  44     18       39
  MINIMUM         20    650 AM  24     -4       23
  AVERAGE         41            34      7       31

PRECIPITATION (IN)
  TODAY            0.00          0.05  -0.05      T
  MONTH TO DATE    0.02          0.29  -0.27     0.06
  SINCE MAR 1      0.02          0.29  -0.27     0.06
  SINCE JAN 1      1.59          2.00  -0.41     1.10

SNOWFALL (IN)
  TODAY            0.0                            T
  MONTH TO DATE    0.2                           1.2
  SINCE JUL 1     19.1                          16.6
  SNOW DEPTH       0

DEGREE DAYS
 HEATING
  TODAY           24            31     -7       34
  MONTH TO DATE  226           193     33      294
  SINCE MAR 1    226           193     33      294
  SINCE JUL 1   4955          5024    -69     5354

 COOLING
  TODAY            0             0      0        0
  MONTH TO DATE    0             0      0        0
  SINCE MAR 1      0             0      0        0
  SINCE JAN 1      0             0      0        0
......................................................


WIND (MPH)
  HIGHEST WIND SPEED    MM   HIGHEST WIND DIRECTION    MM
  HIGHEST GUST SPEED    28   HIGHEST GUST DIRECTION    MM



WEATHER CONDITIONS
 THE FOLLOWING WEATHER WAS RECORDED TODAY.
  NO SIGNIFICANT WEATHER WAS OBSERVED.


..........................................................


THE VALLEY  NWS, NEBRASKA CLIMATE NORMALS FOR TOMORROW
                         NORMAL
 MAXIMUM TEMPERATURE (F)   44
 MINIMUM TEMPERATURE (F)   25


SUNRISE AND SUNSET
MARCH  6 2015.........SUNRISE   652 AM CST   SUNSET   622 PM CST
MARCH  7 2015.........SUNRISE   651 AM CST   SUNSET   623 PM CST


-  INDICATES NEGATIVE NUMBERS.
R  INDICATES RECORD WAS SET OR TIED.
MM INDICATES DATA IS MISSING.
T  INDICATES TRACE AMOUNT.




$$
