000
CDUS43 KOAX 230634
CLIOAX


CLIMATE REPORT
NATIONAL WEATHER SERVICE OMAHA NEBRASKA
1231 AM CST SUN NOV 23 2014


...................................

...THE VALLEY  NWS, NEBRASKA CLIMATE SUMMARY FOR NOVEMBER 22 2014...

CLIMATE NORMAL PERIOD 1981 TO 2010
CLIMATE RECORD PERIOD 1997 TO 2014


WEATHER ITEM   OBSERVED TIME   NORMAL DEPARTURE LAST
                VALUE   (LST)  VALUE  FROM      YEAR
                                      NORMAL
......................................................
TEMPERATURE (F)
 YESTERDAY
  MAXIMUM         56    910 PM  45     11       30
  MINIMUM         35   1200 AM  26      9       13
  AVERAGE         46            35     11       22

PRECIPITATION (IN)
  YESTERDAY        0.00          0.04  -0.04     0.00
  MONTH TO DATE    0.27          1.10  -0.83     1.51
  SINCE SEP 1      6.37          6.24   0.13     7.87
  SINCE JAN 1     36.42         31.16   5.26    28.91

SNOWFALL (IN)
  YESTERDAY        0.0                           0.0
  MONTH TO DATE    3.0                           0.7
  SINCE JUL 1      3.0                           0.7
  SNOW DEPTH       0

DEGREE DAYS
 HEATING
  YESTERDAY       19            30    -11       43
  MONTH TO DATE  681           532    149      512
  SINCE SEP 1   1058          1007     51      918
  SINCE JUL 1   1059          1013     46      923

 COOLING
  YESTERDAY        0             0      0        0
  MONTH TO DATE    0             0      0        0
  SINCE SEP 1    114           124    -10      225
  SINCE JAN 1   1039          1075    -36     1237
......................................................


WIND (MPH)
  HIGHEST WIND SPEED    MM   HIGHEST WIND DIRECTION    MM
  HIGHEST GUST SPEED    23   HIGHEST GUST DIRECTION    MM


SKY COVER
  POSSIBLE SUNSHINE  MM


WEATHER CONDITIONS
 THE FOLLOWING WEATHER WAS RECORDED YESTERDAY.
  FOG


..........................................................


THE VALLEY  NWS, NEBRASKA CLIMATE NORMALS FOR TODAY
                         NORMAL
 MAXIMUM TEMPERATURE (F)   44
 MINIMUM TEMPERATURE (F)   25


SUNRISE AND SUNSET
NOVEMBER 23 2014......SUNRISE   723 AM CST   SUNSET   500 PM CST
NOVEMBER 24 2014......SUNRISE   724 AM CST   SUNSET   500 PM CST


-  INDICATES NEGATIVE NUMBERS.
R  INDICATES RECORD WAS SET OR TIED.
MM INDICATES DATA IS MISSING.
T  INDICATES TRACE AMOUNT.




$$
