000
CDUS43 KOAX 010634
CLIOAX


CLIMATE REPORT
NATIONAL WEATHER SERVICE OMAHA NEBRASKA
124 AM CDT MON SEP 1 2014


...................................

...THE VALLEY  NWS, NEBRASKA CLIMATE SUMMARY FOR AUGUST 31 2014...

CLIMATE NORMAL PERIOD 1981 TO 2010
CLIMATE RECORD PERIOD 1997 TO 2014


WEATHER ITEM   OBSERVED TIME   NORMAL DEPARTURE LAST
                VALUE   (LST)  VALUE  FROM      YEAR
                                      NORMAL
......................................................
TEMPERATURE (F)
 YESTERDAY
  MAXIMUM         83         MM  82      1       93
  MINIMUM         67   1157 PM  60      7       73
  AVERAGE         75            71      4       83

PRECIPITATION (IN)
  YESTERDAY        1.35          0.12   1.23     0.00
  MONTH TO DATE    8.57          4.06   4.51     2.13
  SINCE JUN 1     21.14         13.60   7.54     6.88
  SINCE JAN 1     30.05         24.92   5.13    21.04

SNOWFALL (IN)
  YESTERDAY        0.0                           0.0
  MONTH TO DATE    0.0                           0.0
  SINCE JUL 1      0.0                           0.0
  SNOW DEPTH       0

DEGREE DAYS
 HEATING
  YESTERDAY        0             1     -1        0
  MONTH TO DATE    0             1     -1        1
  SINCE JUN 1      5            22    -17       22
  SINCE JUL 1      1             6     -5        5

 COOLING
  YESTERDAY       10             7      3       18
  MONTH TO DATE  308           286     22      352
  SINCE JUN 1    795           879    -84      926
  SINCE JAN 1    925           951    -26     1012
......................................................


WIND (MPH)
  HIGHEST WIND SPEED    MM   HIGHEST WIND DIRECTION    MM
  HIGHEST GUST SPEED    44   HIGHEST GUST DIRECTION    MM


SKY COVER
  POSSIBLE SUNSHINE  MM


WEATHER CONDITIONS
 THE FOLLOWING WEATHER WAS RECORDED YESTERDAY.
  THUNDERSTORM
  HEAVY RAIN
  RAIN
  LIGHT RAIN


..........................................................


THE VALLEY  NWS, NEBRASKA CLIMATE NORMALS FOR TODAY
                         NORMAL
 MAXIMUM TEMPERATURE (F)   81
 MINIMUM TEMPERATURE (F)   60


SUNRISE AND SUNSET
SEPTEMBER  1 2014.....SUNRISE   652 AM CDT   SUNSET   758 PM CDT
SEPTEMBER  2 2014.....SUNRISE   653 AM CDT   SUNSET   757 PM CDT


-  INDICATES NEGATIVE NUMBERS.
R  INDICATES RECORD WAS SET OR TIED.
MM INDICATES DATA IS MISSING.
T  INDICATES TRACE AMOUNT.


$$

BCM
