000
CDUS43 KOAX 281027 CCA
CLIOAX

CLIMATE REPORT...CORRECTION
NATIONAL WEATHER SERVICE OMAHA NEBRASKA
148 AM CDT SAT MAR 28 2015

...CORRECTED TIME OF LOW FROM 712 AM TO 721 AM...


...................................

...THE VALLEY  NWS, NEBRASKA CLIMATE SUMMARY FOR MARCH 27 2015...

CLIMATE NORMAL PERIOD 1981 TO 2010
CLIMATE RECORD PERIOD 1997 TO 2015


WEATHER ITEM   OBSERVED TIME   NORMAL DEPARTURE LAST
                VALUE   (LST)  VALUE  FROM      YEAR
                                      NORMAL
......................................................
TEMPERATURE (F)
 YESTERDAY
  MAXIMUM         38    120 PM  54    -16       50
  MINIMUM         23    721 AM  32     -9       33
  AVERAGE         31            43    -12       42

PRECIPITATION (IN)
  YESTERDAY        T             0.08  -0.08     0.18
  MONTH TO DATE    0.66          1.63  -0.97     0.36
  SINCE MAR 1      0.66          1.63  -0.97     0.36
  SINCE JAN 1      2.23          3.34  -1.11     1.40

SNOWFALL (IN)
  YESTERDAY        T                              T
  MONTH TO DATE    0.2                           1.9
  SINCE JUL 1     19.1                          17.3
  SNOW DEPTH       0

DEGREE DAYS
 HEATING
  YESTERDAY       34            22     12       23
  MONTH TO DATE  599           744   -145      816
  SINCE MAR 1    599           744   -145      816
  SINCE JUL 1   5328          5575   -247     5876

 COOLING
  YESTERDAY        0             0      0        0
  MONTH TO DATE    0             0      0        0
  SINCE MAR 1      0             0      0        0
  SINCE JAN 1      0             0      0        0
......................................................


WIND (MPH)
  HIGHEST WIND SPEED    MM   HIGHEST WIND DIRECTION    MM
  HIGHEST GUST SPEED    17   HIGHEST GUST DIRECTION    MM


SKY COVER
  POSSIBLE SUNSHINE  MM


WEATHER CONDITIONS
 THE FOLLOWING WEATHER WAS RECORDED YESTERDAY.
  LIGHT RAIN
  LIGHT SNOW


..........................................................


THE VALLEY  NWS, NEBRASKA CLIMATE NORMALS FOR TODAY
                         NORMAL
 MAXIMUM TEMPERATURE (F)   54
 MINIMUM TEMPERATURE (F)   33


SUNRISE AND SUNSET
MARCH 28 2015.........SUNRISE   716 AM CDT   SUNSET   746 PM CDT
MARCH 29 2015.........SUNRISE   714 AM CDT   SUNSET   747 PM CDT


-  INDICATES NEGATIVE NUMBERS.
R  INDICATES RECORD WAS SET OR TIED.
MM INDICATES DATA IS MISSING.
T  INDICATES TRACE AMOUNT.




$$

COR BY KLISH
