000
CDUS43 KOAX 240633
CLIOAX


CLIMATE REPORT
NATIONAL WEATHER SERVICE OMAHA NEBRASKA
131 AM CDT FRI MAR 24 2017


...................................

...THE VALLEY  NWS, NEBRASKA CLIMATE SUMMARY FOR MARCH 23 2017...

CLIMATE NORMAL PERIOD 1981 TO 2010
CLIMATE RECORD PERIOD 1997 TO 2017


WEATHER ITEM   OBSERVED TIME   NORMAL DEPARTURE LAST
                VALUE   (LST)  VALUE  FROM      YEAR
                                      NORMAL
......................................................
TEMPERATURE (F)
 YESTERDAY
  MAXIMUM         73    404 PM  52     21       55
  MINIMUM         44    354 AM  31     13       33
  AVERAGE         59            41     18       44

PRECIPITATION (IN)
  YESTERDAY        T             0.08  -0.08     0.06
  MONTH TO DATE    0.13          1.32  -1.19     0.46
  SINCE MAR 1      0.13          1.32  -1.19     0.46
  SINCE JAN 1      1.84          3.03  -1.19     2.20

SNOWFALL (IN)
  YESTERDAY        0.0                            T
  MONTH TO DATE    0.5                           0.2
  SINCE JUL 1     11.8                          28.7
  SNOW DEPTH       0

DEGREE DAYS
 HEATING
  YESTERDAY        6            24    -18       21
  MONTH TO DATE  526           654   -128      404
  SINCE MAR 1    526           654   -128      404
  SINCE JUL 1   4403          5485  -1082     4392

 COOLING
  YESTERDAY        0             0      0        0
  MONTH TO DATE    0             0      0        0
  SINCE MAR 1      0             0      0        0
  SINCE JAN 1      0             0      0        0
......................................................


WIND (MPH)
  HIGHEST WIND SPEED    MM   HIGHEST WIND DIRECTION    MM
  HIGHEST GUST SPEED    40   HIGHEST GUST DIRECTION    MM


SKY COVER
  POSSIBLE SUNSHINE  MM


WEATHER CONDITIONS
 THE FOLLOWING WEATHER WAS RECORDED YESTERDAY.
  LIGHT RAIN


..........................................................


THE VALLEY  NWS, NEBRASKA CLIMATE NORMALS FOR TODAY
                         NORMAL
 MAXIMUM TEMPERATURE (F)   53
 MINIMUM TEMPERATURE (F)   31


SUNRISE AND SUNSET
MARCH 24 2017.........SUNRISE   722 AM CDT   SUNSET   742 PM CDT
MARCH 25 2017.........SUNRISE   720 AM CDT   SUNSET   743 PM CDT


-  INDICATES NEGATIVE NUMBERS.
R  INDICATES RECORD WAS SET OR TIED.
MM INDICATES DATA IS MISSING.
T  INDICATES TRACE AMOUNT.




$$
