000
CDUS43 KGID 240647
CLIODX


CLIMATE REPORT
NATIONAL WEATHER SERVICE HASTINGS NE
1245 AM CST TUE JAN 24 2017


...................................

...THE ORD NE CLIMATE SUMMARY FOR JANUARY 23 2017...

CLIMATE NORMAL PERIOD 1981 TO 2010
CLIMATE RECORD PERIOD 1895 TO 2017


WEATHER ITEM   OBSERVED TIME   NORMAL DEPARTURE LAST
                VALUE   (LST)  VALUE  FROM      YEAR
                                      NORMAL
......................................................
TEMPERATURE (F)
 YESTERDAY
  MAXIMUM         40    228 PM  38      2       36
  MINIMUM         19    535 AM  13      6       20
  AVERAGE         30            25      5       28

PRECIPITATION (IN)
  YESTERDAY        0.00          0.01  -0.01      T
  MONTH TO DATE    0.67          0.25   0.42     0.24
  SINCE DEC 1      1.08          0.84   0.24     0.93
  SINCE JAN 1      0.67          0.25   0.42     0.24

DEGREE DAYS
 HEATING
  YESTERDAY       35            40     -5       37
  MONTH TO DATE  983           933     50      957
  SINCE DEC 1   2263          2176     87     2068
  SINCE JUL 1   3379          3657   -278     3207

 COOLING
  YESTERDAY        0             0      0        0
  MONTH TO DATE    0             0      0        0
  SINCE DEC 1      0             0      0        0
  SINCE JAN 1      0             0      0        0
......................................................


WIND (MPH)
  HIGHEST WIND SPEED    16   HIGHEST WIND DIRECTION    SE (120)
  HIGHEST GUST SPEED    MM   HIGHEST GUST DIRECTION    MM
  AVERAGE WIND SPEED     6.7


SKY COVER
  AVERAGE SKY COVER 0.5


WEATHER CONDITIONS
 THE FOLLOWING WEATHER WAS RECORDED YESTERDAY.
  FOG


RELATIVE HUMIDITY (PERCENT)
 HIGHEST    92           100 AM
 LOWEST     70           300 PM
 AVERAGE    81

..........................................................


THE ORD NE CLIMATE NORMALS FOR TODAY
                         NORMAL
 MAXIMUM TEMPERATURE (F)   38
 MINIMUM TEMPERATURE (F)   13


SUNRISE AND SUNSET
JANUARY 24 2017.......SUNRISE   755 AM CST   SUNSET   542 PM CST
JANUARY 25 2017.......SUNRISE   754 AM CST   SUNSET   543 PM CST


-  INDICATES NEGATIVE NUMBERS.
R  INDICATES RECORD WAS SET OR TIED.
MM INDICATES DATA IS MISSING.
T  INDICATES TRACE AMOUNT.




$$
