000
CDUS43 KGID 010629
CLIODX


CLIMATE REPORT
NATIONAL WEATHER SERVICE HASTINGS NE
126 AM CDT SAT OCT 1 2016


...................................

...THE ORD NE CLIMATE SUMMARY FOR SEPTEMBER 30 2016...

CLIMATE NORMAL PERIOD 1981 TO 2010
CLIMATE RECORD PERIOD 1895 TO 2016


WEATHER ITEM   OBSERVED TIME   NORMAL DEPARTURE LAST
                VALUE   (LST)  VALUE  FROM      YEAR
                                      NORMAL
......................................................
TEMPERATURE (F)
 YESTERDAY
  MAXIMUM         70    322 PM  71     -1       70
  MINIMUM         35    700 AM  42     -7       46
  AVERAGE         53            57     -4       58

PRECIPITATION (IN)
  YESTERDAY        0.00          0.05  -0.05     0.00
  MONTH TO DATE    1.70          2.44  -0.74     3.90
  SINCE SEP 1      1.70          2.44  -0.74     3.90
  SINCE JAN 1     28.86         21.35   7.51    18.44

DEGREE DAYS
 HEATING
  YESTERDAY       12             9      3        7
  MONTH TO DATE   92           123    -31       38
  SINCE SEP 1     92           123    -31       38
  SINCE JUL 1    106           137    -31       61

 COOLING
  YESTERDAY        0             1     -1        0
  MONTH TO DATE   77            81     -4      150
  SINCE SEP 1     77            81     -4      150
  SINCE JAN 1    883           838     45      813
......................................................


WIND (MPH)
  HIGHEST WIND SPEED    14   HIGHEST WIND DIRECTION    SE (140)
  HIGHEST GUST SPEED    18   HIGHEST GUST DIRECTION     S (170)
  AVERAGE WIND SPEED     3.3


SKY COVER
  AVERAGE SKY COVER 0.2


WEATHER CONDITIONS
 THE FOLLOWING WEATHER WAS RECORDED YESTERDAY.
  FOG

RELATIVE HUMIDITY (PERCENT)
 HIGHEST   100           500 AM
 LOWEST     37           500 PM
 AVERAGE    69

..........................................................


THE ORD NE CLIMATE NORMALS FOR TODAY
                         NORMAL
 MAXIMUM TEMPERATURE (F)   71
 MINIMUM TEMPERATURE (F)   42


SUNRISE AND SUNSET
OCTOBER  1 2016.......SUNRISE   733 AM CDT   SUNSET   717 PM CDT
OCTOBER  2 2016.......SUNRISE   734 AM CDT   SUNSET   715 PM CDT


-  INDICATES NEGATIVE NUMBERS.
R  INDICATES RECORD WAS SET OR TIED.
MM INDICATES DATA IS MISSING.
T  INDICATES TRACE AMOUNT.




$$
