000
CDUS43 KGID 070626
CLIODX


CLIMATE REPORT
NATIONAL WEATHER SERVICE HASTINGS NE
1225 AM CST SUN FEB 7 2016


...................................

...THE ORD NE CLIMATE SUMMARY FOR FEBRUARY 6 2016...

CLIMATE NORMAL PERIOD 1981 TO 2010
CLIMATE RECORD PERIOD 1895 TO 2016


WEATHER ITEM   OBSERVED TIME   NORMAL DEPARTURE LAST
                VALUE   (LST)  VALUE  FROM      YEAR
                                      NORMAL
......................................................
TEMPERATURE (F)
 YESTERDAY
  MAXIMUM         40   1025 PM  39      1       56
  MINIMUM         10    657 AM  14     -4       19
  AVERAGE         25            26     -1       38

PRECIPITATION (IN)
  YESTERDAY        0.00          0.02  -0.02     0.00
  MONTH TO DATE    0.85          0.11   0.74     0.49
  SINCE DEC 1      1.84          1.07   0.77     2.22
  SINCE JAN 1      1.15          0.48   0.67     0.66

DEGREE DAYS
 HEATING
  YESTERDAY       40            39      1       27
  MONTH TO DATE  244           234     10      279
  SINCE DEC 1   2558          2729   -171     2666
  SINCE JUL 1   3697          4210   -513     4252

 COOLING
  YESTERDAY        0             0      0        0
  MONTH TO DATE    0             0      0        0
  SINCE DEC 1      0             0      0        0
  SINCE JAN 1      0             0      0        0
......................................................


WIND (MPH)
  HIGHEST WIND SPEED    21   HIGHEST WIND DIRECTION    NW (310)
  HIGHEST GUST SPEED    26   HIGHEST GUST DIRECTION    NW (320)
  AVERAGE WIND SPEED     8.4


SKY COVER
  AVERAGE SKY COVER 0.1


WEATHER CONDITIONS
 THE FOLLOWING WEATHER WAS RECORDED YESTERDAY.
  FOG
  FOG W/VISIBILITY <= 1/4 MILE
  HAZE


RELATIVE HUMIDITY (PERCENT)
 HIGHEST    96           500 AM
 LOWEST     59           300 PM
 AVERAGE    78

..........................................................


THE ORD NE CLIMATE NORMALS FOR TODAY
                         NORMAL
 MAXIMUM TEMPERATURE (F)   39
 MINIMUM TEMPERATURE (F)   14


SUNRISE AND SUNSET
FEBRUARY  7 2016......SUNRISE   742 AM CST   SUNSET   559 PM CST
FEBRUARY  8 2016......SUNRISE   741 AM CST   SUNSET   600 PM CST


-  INDICATES NEGATIVE NUMBERS.
R  INDICATES RECORD WAS SET OR TIED.
MM INDICATES DATA IS MISSING.
T  INDICATES TRACE AMOUNT.




$$
