000
CDUS43 KGID 300641
CLIODX


CLIMATE REPORT
NATIONAL WEATHER SERVICE HASTINGS NE
138 AM CDT SAT AUG 30 2014


...................................

...THE ORD NE CLIMATE SUMMARY FOR AUGUST 29 2014...

CLIMATE NORMAL PERIOD 1981 TO 2010
CLIMATE RECORD PERIOD 1895 TO 2014


WEATHER ITEM   OBSERVED TIME   NORMAL DEPARTURE LAST
                VALUE   (LST)  VALUE  FROM      YEAR
                                      NORMAL
......................................................
TEMPERATURE (F)
 YESTERDAY
  MAXIMUM         80    433 PM  84     -4       96
  MINIMUM         59    544 AM  57      2       63
  AVERAGE         70            71     -1       80

PRECIPITATION (IN)
  YESTERDAY        0.02          0.08  -0.06     0.00
  MONTH TO DATE    5.27          2.99   2.28     3.75
  SINCE JUN 1     15.42         10.08   5.34     9.27
  SINCE JAN 1     17.64         18.74  -1.10    19.41

DEGREE DAYS
 HEATING
  YESTERDAY        0             1     -1        0
  MONTH TO DATE    0             2     -2        0
  SINCE JUN 1     51            44      7       54
  SINCE JUL 1     19             7     12        7

 COOLING
  YESTERDAY        5             6     -1       15
  MONTH TO DATE  227           246    -19      246
  SINCE JUN 1    558           705   -147      687
  SINCE JAN 1    627           746   -119      734
......................................................


WIND (MPH)
  HIGHEST WIND SPEED    18   HIGHEST WIND DIRECTION     N (350)
  HIGHEST GUST SPEED    23   HIGHEST GUST DIRECTION     N (360)
  AVERAGE WIND SPEED     6.8


SKY COVER
  AVERAGE SKY COVER 0.2


WEATHER CONDITIONS
 THE FOLLOWING WEATHER WAS RECORDED YESTERDAY.
  THUNDERSTORM
  LIGHT RAIN


RELATIVE HUMIDITY (PERCENT)
 HIGHEST   100          1200 AM
 LOWEST     58           400 PM
 AVERAGE    79

..........................................................


THE ORD NE CLIMATE NORMALS FOR TODAY
                         NORMAL
 MAXIMUM TEMPERATURE (F)   84
 MINIMUM TEMPERATURE (F)   57


SUNRISE AND SUNSET
AUGUST 30 2014........SUNRISE   700 AM CDT   SUNSET   812 PM CDT
AUGUST 31 2014........SUNRISE   701 AM CDT   SUNSET   811 PM CDT


-  INDICATES NEGATIVE NUMBERS.
R  INDICATES RECORD WAS SET OR TIED.
MM INDICATES DATA IS MISSING.
T  INDICATES TRACE AMOUNT.




$$
