000
CDUS43 KGID 220738
CLIODX


CLIMATE REPORT
NATIONAL WEATHER SERVICE HASTINGS NE
237 AM CDT THU JUN 22 2017


...................................

...THE ORD NE CLIMATE SUMMARY FOR JUNE 21 2017...

CLIMATE NORMAL PERIOD 1981 TO 2010
CLIMATE RECORD PERIOD 1895 TO 2017


WEATHER ITEM   OBSERVED TIME   NORMAL DEPARTURE LAST
                VALUE   (LST)  VALUE  FROM      YEAR
                                      NORMAL
......................................................
TEMPERATURE (F)
 YESTERDAY
  MAXIMUM         98    401 PM  83     15       94
  MINIMUM         64    514 AM  59      5       65
  AVERAGE         81            71     10       80

PRECIPITATION (IN)
  YESTERDAY        T             0.12  -0.12     0.00
  MONTH TO DATE    0.41          3.29  -2.88     3.26
  SINCE JUN 1      0.41          3.29  -2.88     3.26
  SINCE JAN 1     11.53         11.95  -0.42    19.80

DEGREE DAYS
 HEATING
  YESTERDAY        0             1     -1        0
  MONTH TO DATE    0            33    -33        2
  SINCE JUN 1      0            33    -33        2
  SINCE JUL 1   5948          6603   -655     5689

 COOLING
  YESTERDAY       16             7      9       15
  MONTH TO DATE  182            94     88      197
  SINCE JUN 1    182            94     88      197
  SINCE JAN 1    196           135     61      219
......................................................


WIND (MPH)
  HIGHEST WIND SPEED    16   HIGHEST WIND DIRECTION    SW (210)
  HIGHEST GUST SPEED    23   HIGHEST GUST DIRECTION     W (250)
  AVERAGE WIND SPEED     7.3


SKY COVER
  AVERAGE SKY COVER 0.0


WEATHER CONDITIONS
 THE FOLLOWING WEATHER WAS RECORDED YESTERDAY.
  THUNDERSTORM
  LIGHT RAIN


RELATIVE HUMIDITY (PERCENT)
 HIGHEST    82          1100 PM
 LOWEST     30           300 PM
 AVERAGE    56

..........................................................


THE ORD NE CLIMATE NORMALS FOR TODAY
                         NORMAL
 MAXIMUM TEMPERATURE (F)   83
 MINIMUM TEMPERATURE (F)   59


SUNRISE AND SUNSET
JUNE 22 2017..........SUNRISE   602 AM CDT   SUNSET   914 PM CDT
JUNE 23 2017..........SUNRISE   602 AM CDT   SUNSET   914 PM CDT


-  INDICATES NEGATIVE NUMBERS.
R  INDICATES RECORD WAS SET OR TIED.
MM INDICATES DATA IS MISSING.
T  INDICATES TRACE AMOUNT.




$$
