000
CDUS43 KGID 010729
CLIODX


CLIMATE REPORT
NATIONAL WEATHER SERVICE HASTINGS NE
127 AM CST WED MAR 1 2017


...................................

...THE ORD NE CLIMATE SUMMARY FOR FEBRUARY 28 2017...

CLIMATE NORMAL PERIOD 1981 TO 2010
CLIMATE RECORD PERIOD 1895 TO 2017


WEATHER ITEM   OBSERVED TIME   NORMAL DEPARTURE LAST
                VALUE   (LST)  VALUE  FROM      YEAR
                                      NORMAL
......................................................
TEMPERATURE (F)
 YESTERDAY
  MAXIMUM         43    410 PM  44     -1       58
  MINIMUM         30    742 AM  19     11       29
  AVERAGE         37            31      6       44

PRECIPITATION (IN)
  YESTERDAY        0.00          0.01  -0.01     0.00
  MONTH TO DATE    0.79          0.44   0.35     0.85
  SINCE DEC 1      2.35          1.40   0.95     1.84
  SINCE JAN 1      1.94          0.81   1.13     1.15

DEGREE DAYS
 HEATING
  YESTERDAY       28            34     -6       21
  MONTH TO DATE  857          1041   -184      865
  SINCE DEC 1   3395          3536   -141     3179
  SINCE JUL 1   4511          5017   -506     4318

 COOLING
  YESTERDAY        0             0      0        0
  MONTH TO DATE    0             0      0        0
  SINCE DEC 1      0             0      0        0
  SINCE JAN 1      0             0      0        0
......................................................


WIND (MPH)
  HIGHEST WIND SPEED    21   HIGHEST WIND DIRECTION    NW (330)
  HIGHEST GUST SPEED    24   HIGHEST GUST DIRECTION    NW (320)
  AVERAGE WIND SPEED    11.6


SKY COVER
  AVERAGE SKY COVER 0.6


WEATHER CONDITIONS
 THE FOLLOWING WEATHER WAS RECORDED YESTERDAY.
  FOG
  FOG W/VISIBILITY <= 1/4 MILE


RELATIVE HUMIDITY (PERCENT)
 HIGHEST    92          1200 AM
 LOWEST     54           700 PM
 AVERAGE    73

..........................................................


THE ORD NE CLIMATE NORMALS FOR TODAY
                         NORMAL
 MAXIMUM TEMPERATURE (F)   44
 MINIMUM TEMPERATURE (F)   19


SUNRISE AND SUNSET
MARCH  1 2017.........SUNRISE   710 AM CST   SUNSET   627 PM CST
MARCH  2 2017.........SUNRISE   708 AM CST   SUNSET   628 PM CST


-  INDICATES NEGATIVE NUMBERS.
R  INDICATES RECORD WAS SET OR TIED.
MM INDICATES DATA IS MISSING.
T  INDICATES TRACE AMOUNT.




$$
