528
CDUS43 KGID 160624
CLIODX


CLIMATE REPORT
NATIONAL WEATHER SERVICE HASTINGS NE
1223 AM CST SAT DEC 16 2017


...................................

...THE ORD NE CLIMATE SUMMARY FOR DECEMBER 15 2017...

CLIMATE NORMAL PERIOD 1981 TO 2010
CLIMATE RECORD PERIOD 1895 TO 2017


WEATHER ITEM   OBSERVED TIME   NORMAL DEPARTURE LAST
                VALUE   (LST)  VALUE  FROM      YEAR
                                      NORMAL
......................................................
TEMPERATURE (F)
 YESTERDAY
  MAXIMUM         49    403 PM  36     13       28
  MINIMUM         21    841 AM  13      8        8
  AVERAGE         35            24     11       18

PRECIPITATION (IN)
  YESTERDAY        0.00          0.01  -0.01      T
  MONTH TO DATE    0.06          0.44  -0.38     0.01
  SINCE DEC 1      0.06          0.44  -0.38     0.01
  SINCE JAN 1     28.70         24.79   3.91    30.22

DEGREE DAYS
 HEATING
  YESTERDAY       30            41    -11       47
  MONTH TO DATE  442           580   -138      644
  SINCE DEC 1    442           580   -138      644
  SINCE JUL 1   1787          2061   -274     1760

 COOLING
  YESTERDAY        0             0      0        0
  MONTH TO DATE    0             0      0        0
  SINCE DEC 1      0             0      0        0
  SINCE JAN 1    840           845     -5      887
......................................................


WIND (MPH)
  HIGHEST WIND SPEED    14   HIGHEST WIND DIRECTION    SW (210)
  HIGHEST GUST SPEED    18   HIGHEST GUST DIRECTION    SW (230)
  AVERAGE WIND SPEED     8.0


SKY COVER
  AVERAGE SKY COVER 0.1


WEATHER CONDITIONS
 THE FOLLOWING WEATHER WAS RECORDED YESTERDAY.
  NO SIGNIFICANT WEATHER WAS OBSERVED.


RELATIVE HUMIDITY (PERCENT)
 HIGHEST    88           600 AM
 LOWEST     42           300 PM
 AVERAGE    65

..........................................................


THE ORD NE CLIMATE NORMALS FOR TODAY
                         NORMAL
 MAXIMUM TEMPERATURE (F)   36
 MINIMUM TEMPERATURE (F)   13


SUNRISE AND SUNSET
DECEMBER 16 2017......SUNRISE   756 AM CST   SUNSET   507 PM CST
DECEMBER 17 2017......SUNRISE   757 AM CST   SUNSET   507 PM CST


-  INDICATES NEGATIVE NUMBERS.
R  INDICATES RECORD WAS SET OR TIED.
MM INDICATES DATA IS MISSING.
T  INDICATES TRACE AMOUNT.




$$
