244
CDUS43 KGID 170725
CLIODX


CLIMATE REPORT
NATIONAL WEATHER SERVICE HASTINGS NE
224 AM CDT THU AUG 17 2017


...................................

...THE ORD NE CLIMATE SUMMARY FOR AUGUST 16 2017...

CLIMATE NORMAL PERIOD 1981 TO 2010
CLIMATE RECORD PERIOD 1895 TO 2017


WEATHER ITEM   OBSERVED TIME   NORMAL DEPARTURE LAST
                VALUE   (LST)  VALUE  FROM      YEAR
                                      NORMAL
......................................................
TEMPERATURE (F)
 YESTERDAY
  MAXIMUM         76    241 PM  86    -10       88
  MINIMUM         57   1159 PM  61     -4       66
  AVERAGE         67            73     -6       77

PRECIPITATION (IN)
  YESTERDAY        1.33          0.12   1.21      T
  MONTH TO DATE    4.70          1.68   3.02     0.38
  SINCE JUN 1      7.82          8.77  -0.95    10.56
  SINCE JAN 1     18.94         17.43   1.51    27.10

DEGREE DAYS
 HEATING
  YESTERDAY        0             0      0        0
  MONTH TO DATE    8             0      8        0
  SINCE JUN 1     18            42    -24       10
  SINCE JUL 1      8             5      3        8

 COOLING
  YESTERDAY        2             9     -7       12
  MONTH TO DATE   56           151    -95      145
  SINCE JUN 1    653           610     43      699
  SINCE JAN 1    667           651     16      721
......................................................


WIND (MPH)
  HIGHEST WIND SPEED    21   HIGHEST WIND DIRECTION    NW (310)
  HIGHEST GUST SPEED    27   HIGHEST GUST DIRECTION    NW (320)
  AVERAGE WIND SPEED     8.1


SKY COVER
  AVERAGE SKY COVER 0.7


WEATHER CONDITIONS
 THE FOLLOWING WEATHER WAS RECORDED YESTERDAY.
  THUNDERSTORM
  HEAVY RAIN
  RAIN
  LIGHT RAIN
  FOG


RELATIVE HUMIDITY (PERCENT)
 HIGHEST    93          1200 AM
 LOWEST     64           100 PM
 AVERAGE    79

..........................................................


THE ORD NE CLIMATE NORMALS FOR TODAY
                         NORMAL
 MAXIMUM TEMPERATURE (F)   86
 MINIMUM TEMPERATURE (F)   61


SUNRISE AND SUNSET
AUGUST 17 2017........SUNRISE   647 AM CDT   SUNSET   832 PM CDT
AUGUST 18 2017........SUNRISE   648 AM CDT   SUNSET   831 PM CDT


-  INDICATES NEGATIVE NUMBERS.
R  INDICATES RECORD WAS SET OR TIED.
MM INDICATES DATA IS MISSING.
T  INDICATES TRACE AMOUNT.




$$
