000
CDUS43 KGID 300636
CLIODX


CLIMATE REPORT
NATIONAL WEATHER SERVICE HASTINGS NE
134 AM CDT TUE JUN 30 2015


...................................

...THE ORD NE CLIMATE SUMMARY FOR JUNE 29 2015...

CLIMATE NORMAL PERIOD 1981 TO 2010
CLIMATE RECORD PERIOD 1895 TO 2015


WEATHER ITEM   OBSERVED TIME   NORMAL DEPARTURE LAST
                VALUE   (LST)  VALUE  FROM      YEAR
                                      NORMAL
......................................................
TEMPERATURE (F)
 YESTERDAY
  MAXIMUM         91    441 PM  85      6       87
  MINIMUM         53    459 AM  60     -7       62
  AVERAGE         72            73     -1       75

PRECIPITATION (IN)
  YESTERDAY        0.00          0.09  -0.09     0.00
  MONTH TO DATE    3.27          4.04  -0.77     8.06
  SINCE JUN 1      3.27          4.04  -0.77     8.06
  SINCE JAN 1      9.73         12.70  -2.97    10.28

DEGREE DAYS
 HEATING
  YESTERDAY        0             0      0        0
  MONTH TO DATE    6            39    -33       32
  SINCE JUN 1      6            39    -33       32
  SINCE JUL 1   6537          6609    -72     6887

 COOLING
  YESTERDAY        7             8     -1       10
  MONTH TO DATE  151           154     -3      142
  SINCE JUN 1    151           154     -3      142
  SINCE JAN 1    160           195    -35      211
......................................................


WIND (MPH)
  HIGHEST WIND SPEED    14   HIGHEST WIND DIRECTION    NW (330)
  HIGHEST GUST SPEED    18   HIGHEST GUST DIRECTION    NW (310)
  AVERAGE WIND SPEED     5.4


SKY COVER
  AVERAGE SKY COVER 0.0


WEATHER CONDITIONS
 THE FOLLOWING WEATHER WAS RECORDED YESTERDAY.
  NO SIGNIFICANT WEATHER WAS OBSERVED.


RELATIVE HUMIDITY (PERCENT)
 HIGHEST    93           200 AM
 LOWEST     29           500 PM
 AVERAGE    61

..........................................................


THE ORD NE CLIMATE NORMALS FOR TODAY
                         NORMAL
 MAXIMUM TEMPERATURE (F)   85
 MINIMUM TEMPERATURE (F)   60


SUNRISE AND SUNSET
JUNE 30 2015..........SUNRISE   605 AM CDT   SUNSET   914 PM CDT
JULY  1 2015..........SUNRISE   605 AM CDT   SUNSET   914 PM CDT


-  INDICATES NEGATIVE NUMBERS.
R  INDICATES RECORD WAS SET OR TIED.
MM INDICATES DATA IS MISSING.
T  INDICATES TRACE AMOUNT.




$$
