000
CDUS43 KOAX 280710
CLIOFK


CLIMATE REPORT
NATIONAL WEATHER SERVICE OMAHA NEBRASKA
209 AM CDT MON JUL 28 2014


...................................

...THE NORFOLK, NEBRASKA CLIMATE SUMMARY FOR JULY 27 2014...

CLIMATE NORMAL PERIOD 1981 TO 2010
CLIMATE RECORD PERIOD 1888 TO 2014


WEATHER ITEM   OBSERVED TIME   RECORD YEAR NORMAL DEPARTURE LAST
                VALUE   (LST)  VALUE       VALUE  FROM      YEAR
                                                  NORMAL
..................................................................
TEMPERATURE (F)
 YESTERDAY
  MAXIMUM         82    304 PM 108    1935  86     -4       73
                                      1930
  MINIMUM         60   1159 PM  47    2005  64     -4       49
  AVERAGE         71                        75     -4       61

PRECIPITATION (IN)
  YESTERDAY        0.00          1.55 1961   0.10  -0.10     0.00
  MONTH TO DATE    1.13                      2.91  -1.78     1.06
  SINCE JUN 1     12.52                      7.17   5.35     3.24
  SINCE JAN 1     18.01                     16.87   1.14    14.66

SNOWFALL (IN)
  YESTERDAY        0.0                       0.0    0.0      0.0
  MONTH TO DATE    0.0                       0.0    0.0      0.0
  SINCE JUL 1      0.0                       0.0    0.0      0.0
  SNOW DEPTH       0

DEGREE DAYS
 HEATING
  YESTERDAY        0                         0      0        4
  MONTH TO DATE   12                         0     12        5
  SINCE JUN 1     37                        30      7       47
  SINCE JUL 1     12                         0     12        5

 COOLING
  YESTERDAY        6                        10     -4        0
  MONTH TO DATE  186                       268    -82      279
  SINCE JUN 1    380                       454    -74      462
  SINCE JAN 1    477                       515    -38      526
..................................................................


WIND (MPH)
  HIGHEST WIND SPEED    26   HIGHEST WIND DIRECTION    NW (330)
  HIGHEST GUST SPEED    33   HIGHEST GUST DIRECTION    NW (330)
  AVERAGE WIND SPEED    12.6


SKY COVER
  POSSIBLE SUNSHINE  MM
  AVERAGE SKY COVER 0.0


WEATHER CONDITIONS
 THE FOLLOWING WEATHER WAS RECORDED YESTERDAY.
  FOG


RELATIVE HUMIDITY (PERCENT)
 HIGHEST    90          1200 AM
 LOWEST     42           100 PM
 AVERAGE    66

..........................................................


THE NORFOLK, NEBRASKA CLIMATE NORMALS FOR TODAY
                         NORMAL    RECORD    YEAR
 MAXIMUM TEMPERATURE (F)   86       105      1935
 MINIMUM TEMPERATURE (F)   64        44      2013


SUNRISE AND SUNSET
JULY 28 2014..........SUNRISE   619 AM CDT   SUNSET   853 PM CDT
JULY 29 2014..........SUNRISE   620 AM CDT   SUNSET   851 PM CDT


-  INDICATES NEGATIVE NUMBERS.
R  INDICATES RECORD WAS SET OR TIED.
MM INDICATES DATA IS MISSING.
T  INDICATES TRACE AMOUNT.




$$
