000
CDUS43 KOAX 260638
CLIOFK


CLIMATE REPORT
NATIONAL WEATHER SERVICE OMAHA NEBRASKA
136 AM CDT SUN OCT 26 2014


...................................

...THE NORFOLK, NEBRASKA CLIMATE SUMMARY FOR OCTOBER 25 2014...

CLIMATE NORMAL PERIOD 1981 TO 2010
CLIMATE RECORD PERIOD 1888 TO 2014


WEATHER ITEM   OBSERVED TIME   RECORD YEAR NORMAL DEPARTURE LAST
                VALUE   (LST)  VALUE       VALUE  FROM      YEAR
                                                  NORMAL
..................................................................
TEMPERATURE (F)
 YESTERDAY
  MAXIMUM         71    356 PM  90    1927  59     12       60
  MINIMUM         42    655 AM  17    1942  35      7       26
  AVERAGE         57                        47     10       43

PRECIPITATION (IN)
  YESTERDAY        0.00          1.00 1921   0.05  -0.05     0.00
  MONTH TO DATE    0.97                      1.77  -0.80     4.34
  SINCE SEP 1      2.97                      4.46  -1.49     5.19
  SINCE JAN 1     28.19                     24.99   3.20    23.60

SNOWFALL (IN)
  YESTERDAY        0.0                       0.1   -0.1      0.0
  MONTH TO DATE    0.0                       0.5   -0.5      0.0
  SINCE JUL 1      0.0                       0.5   -0.5      0.0
  SNOW DEPTH       0

DEGREE DAYS
 HEATING
  YESTERDAY        8                        18    -10       22
  MONTH TO DATE  266                       328    -62      345
  SINCE SEP 1    383                       454    -71      374
  SINCE JUL 1    395                       470    -75      390

 COOLING
  YESTERDAY        0                         0      0        0
  MONTH TO DATE    4                         8     -4        9
  SINCE SEP 1     85                        98    -13      181
  SINCE JAN 1    812                       914   -102     1005
..................................................................


WIND (MPH)
  HIGHEST WIND SPEED    12   HIGHEST WIND DIRECTION     E (100)
  HIGHEST GUST SPEED    16   HIGHEST GUST DIRECTION     E (080)
  AVERAGE WIND SPEED     5.0


SKY COVER
  POSSIBLE SUNSHINE  MM
  AVERAGE SKY COVER 0.0


WEATHER CONDITIONS
 THE FOLLOWING WEATHER WAS RECORDED YESTERDAY.
  NO SIGNIFICANT WEATHER WAS OBSERVED.


RELATIVE HUMIDITY (PERCENT)
 HIGHEST    92          1200 AM
 LOWEST     27           300 PM
 AVERAGE    60

..........................................................


THE NORFOLK, NEBRASKA CLIMATE NORMALS FOR TODAY
                         NORMAL    RECORD    YEAR
 MAXIMUM TEMPERATURE (F)   59        89      1922
 MINIMUM TEMPERATURE (F)   35        14      1942


SUNRISE AND SUNSET
OCTOBER 26 2014.......SUNRISE   755 AM CDT   SUNSET   632 PM CDT
OCTOBER 27 2014.......SUNRISE   756 AM CDT   SUNSET   630 PM CDT


-  INDICATES NEGATIVE NUMBERS.
R  INDICATES RECORD WAS SET OR TIED.
MM INDICATES DATA IS MISSING.
T  INDICATES TRACE AMOUNT.




$$
