000
CDUS43 KOAX 270638
CLIOFK


CLIMATE REPORT
NATIONAL WEATHER SERVICE OMAHA NEBRASKA
137 AM CDT WED MAY 27 2015


...................................

...THE NORFOLK, NEBRASKA CLIMATE SUMMARY FOR MAY 26 2015...

CLIMATE NORMAL PERIOD 1981 TO 2010
CLIMATE RECORD PERIOD 1888 TO 2015


WEATHER ITEM   OBSERVED TIME   RECORD YEAR NORMAL DEPARTURE LAST
                VALUE   (LST)  VALUE       VALUE  FROM      YEAR
                                                  NORMAL
..................................................................
TEMPERATURE (F)
 YESTERDAY
  MAXIMUM         72    539 PM  95    1914  75     -3       84
                                      1912
  MINIMUM         55   1149 PM  33    1992  52      3       66
  AVERAGE         64                        64      0       75

PRECIPITATION (IN)
  YESTERDAY        0.01          3.41 1973   0.13  -0.12     0.45
  MONTH TO DATE    3.30                      3.22   0.08     0.88
  SINCE MAR 1      6.06                      7.64  -1.58     4.56
  SINCE JAN 1      6.94                      8.99  -2.05     5.12

SNOWFALL (IN)
  YESTERDAY        0.0                       0.0    0.0      0.0
  MONTH TO DATE    0.0                       0.3   -0.3      0.0
  SINCE JUL 1     20.7                      30.8  -10.1     19.9
  SNOW DEPTH       0

DEGREE DAYS
 HEATING
  YESTERDAY        1                         4     -3        0
  MONTH TO DATE  169                       174     -5      202
  SINCE MAR 1   1223                      1504   -281     1582
  SINCE JUL 1   6269                      6597   -328     6932

 COOLING
  YESTERDAY        0                         2     -2       10
  MONTH TO DATE   20                        36    -16       49
  SINCE MAR 1     25                        48    -23       51
  SINCE JAN 1     25                        48    -23       51
..................................................................


WIND (MPH)
  HIGHEST WIND SPEED    22   HIGHEST WIND DIRECTION     N (350)
  HIGHEST GUST SPEED    28   HIGHEST GUST DIRECTION     N (340)
  AVERAGE WIND SPEED     8.8


SKY COVER
  POSSIBLE SUNSHINE  MM
  AVERAGE SKY COVER 0.7


WEATHER CONDITIONS
 THE FOLLOWING WEATHER WAS RECORDED YESTERDAY.
  LIGHT RAIN
  FOG


RELATIVE HUMIDITY (PERCENT)
 HIGHEST   100           300 AM
 LOWEST     53           500 PM
 AVERAGE    77

..........................................................


THE NORFOLK, NEBRASKA CLIMATE NORMALS FOR TODAY
                         NORMAL    RECORD    YEAR
 MAXIMUM TEMPERATURE (F)   76        93      2006
 MINIMUM TEMPERATURE (F)   52        33      1992


SUNRISE AND SUNSET
MAY 27 2015...........SUNRISE   600 AM CDT   SUNSET   855 PM CDT
MAY 28 2015...........SUNRISE   559 AM CDT   SUNSET   855 PM CDT


-  INDICATES NEGATIVE NUMBERS.
R  INDICATES RECORD WAS SET OR TIED.
MM INDICATES DATA IS MISSING.
T  INDICATES TRACE AMOUNT.




$$
