000
CDUS43 KOAX 270629
CLIOFK


CLIMATE REPORT
NATIONAL WEATHER SERVICE OMAHA NEBRASKA
1226 AM CST THU NOV 27 2014


...................................

...THE NORFOLK, NEBRASKA CLIMATE SUMMARY FOR NOVEMBER 26 2014...

CLIMATE NORMAL PERIOD 1981 TO 2010
CLIMATE RECORD PERIOD 1888 TO 2014


WEATHER ITEM   OBSERVED TIME   RECORD YEAR NORMAL DEPARTURE LAST
                VALUE   (LST)  VALUE       VALUE  FROM      YEAR
                                                  NORMAL
..................................................................
TEMPERATURE (F)
 YESTERDAY
  MAXIMUM         38    406 AM  70    1914  41     -3       29
  MINIMUM         13   1149 PM  -7    1898  20     -7       11
  AVERAGE         26                        31     -5       20

PRECIPITATION (IN)
  YESTERDAY        T             0.50 1931   0.04  -0.04     0.00
  MONTH TO DATE    0.32                      1.21  -0.89     0.83
  SINCE SEP 1      3.29                      5.97  -2.68     6.38
  SINCE JAN 1     28.51                     26.50   2.01    24.79

SNOWFALL (IN)
  YESTERDAY        T                         0.2   -0.2      0.0
  MONTH TO DATE    3.7                       3.3    0.4      0.9
  SINCE JUL 1      3.7                       4.1   -0.4      0.9
  SNOW DEPTH       0

DEGREE DAYS
 HEATING
  YESTERDAY       39                        34      5       45
  MONTH TO DATE  863                       716    147      718
  SINCE SEP 1   1354                      1285     69     1224
  SINCE JUL 1   1366                      1301     65     1240

 COOLING
  YESTERDAY        0                         0      0        0
  MONTH TO DATE    0                         0      0        0
  SINCE SEP 1     85                        99    -14      181
  SINCE JAN 1    812                       915   -103     1005
..................................................................


WIND (MPH)
  HIGHEST WIND SPEED    36   HIGHEST WIND DIRECTION    NW (330)
  HIGHEST GUST SPEED    45   HIGHEST GUST DIRECTION    NW (330)
  AVERAGE WIND SPEED    19.0


SKY COVER
  POSSIBLE SUNSHINE  MM
  AVERAGE SKY COVER 0.7


WEATHER CONDITIONS
 THE FOLLOWING WEATHER WAS RECORDED YESTERDAY.
  LIGHT RAIN
  LIGHT SNOW
  FOG


RELATIVE HUMIDITY (PERCENT)
 HIGHEST    89           700 AM
 LOWEST     73           700 PM
 AVERAGE    81

..........................................................


THE NORFOLK, NEBRASKA CLIMATE NORMALS FOR TODAY
                         NORMAL    RECORD    YEAR
 MAXIMUM TEMPERATURE (F)   40        73      1998
 MINIMUM TEMPERATURE (F)   20        -3      1985


SUNRISE AND SUNSET
NOVEMBER 27 2014......SUNRISE   734 AM CST   SUNSET   501 PM CST
NOVEMBER 28 2014......SUNRISE   735 AM CST   SUNSET   500 PM CST


-  INDICATES NEGATIVE NUMBERS.
R  INDICATES RECORD WAS SET OR TIED.
MM INDICATES DATA IS MISSING.
T  INDICATES TRACE AMOUNT.


$$

BCM
