000
CDUS43 KOAX 230633
CLIOFK


CLIMATE REPORT
NATIONAL WEATHER SERVICE OMAHA NEBRASKA
132 AM CDT SAT AUG 23 2014


...................................

...THE NORFOLK, NEBRASKA CLIMATE SUMMARY FOR AUGUST 22 2014...

CLIMATE NORMAL PERIOD 1981 TO 2010
CLIMATE RECORD PERIOD 1888 TO 2014


WEATHER ITEM   OBSERVED TIME   RECORD YEAR NORMAL DEPARTURE LAST
                VALUE   (LST)  VALUE       VALUE  FROM      YEAR
                                                  NORMAL
..................................................................
TEMPERATURE (F)
 YESTERDAY
  MAXIMUM         89    407 PM 106    1938  84      5       82
  MINIMUM         68   1153 PM  40    1923  61      7       67
  AVERAGE         79                        72      7       75

PRECIPITATION (IN)
  YESTERDAY        2.03          5.06 1995   0.09   1.94     0.44
  MONTH TO DATE    3.83                      2.41   1.42     3.57
  SINCE JUN 1     16.35                      9.99   6.36     6.98
  SINCE JAN 1     21.84                     19.69   2.15    18.40

SNOWFALL (IN)
  YESTERDAY        0.0                       0.0    0.0      0.0
  MONTH TO DATE    0.0                       0.0    0.0      0.0
  SINCE JUL 1      0.0                       0.0    0.0      0.0
  SNOW DEPTH       0

DEGREE DAYS
 HEATING
  YESTERDAY        0                         0      0        0
  MONTH TO DATE    0                         0      0        3
  SINCE JUN 1     37                        34      3       58
  SINCE JUL 1     12                         4      8       16

 COOLING
  YESTERDAY       14                         8      6       10
  MONTH TO DATE  184                       196    -12      144
  SINCE JUN 1    574                       696   -122      618
  SINCE JAN 1    671                       757    -86      682
..................................................................


WIND (MPH)
  HIGHEST WIND SPEED    39   HIGHEST WIND DIRECTION    SW (230)
  HIGHEST GUST SPEED    53   HIGHEST GUST DIRECTION    NE (030)
  AVERAGE WIND SPEED     7.5


SKY COVER
  POSSIBLE SUNSHINE  MM
  AVERAGE SKY COVER 0.1


WEATHER CONDITIONS
 THE FOLLOWING WEATHER WAS RECORDED YESTERDAY.
  THUNDERSTORM
  HEAVY RAIN
  RAIN
  LIGHT RAIN
  FOG


RELATIVE HUMIDITY (PERCENT)
 HIGHEST    97           500 AM
 LOWEST     55           300 PM
 AVERAGE    76

..........................................................


THE NORFOLK, NEBRASKA CLIMATE NORMALS FOR TODAY
                         NORMAL    RECORD    YEAR
 MAXIMUM TEMPERATURE (F)   83       104      1938
 MINIMUM TEMPERATURE (F)   61        43      1942


SUNRISE AND SUNSET
AUGUST 23 2014........SUNRISE   646 AM CDT   SUNSET   818 PM CDT
AUGUST 24 2014........SUNRISE   647 AM CDT   SUNSET   816 PM CDT


-  INDICATES NEGATIVE NUMBERS.
R  INDICATES RECORD WAS SET OR TIED.
MM INDICATES DATA IS MISSING.
T  INDICATES TRACE AMOUNT.




$$
