000
CDUS43 KOAX 180630
CLIOFK


CLIMATE REPORT
NATIONAL WEATHER SERVICE OMAHA NEBRASKA
1228 AM CST SUN FEB 18 2018


...................................

...THE NORFOLK, NEBRASKA CLIMATE SUMMARY FOR FEBRUARY 17 2018...

CLIMATE NORMAL PERIOD 1981 TO 2010
CLIMATE RECORD PERIOD 1888 TO 2018


WEATHER ITEM   OBSERVED TIME   RECORD YEAR NORMAL DEPARTURE LAST
                VALUE   (LST)  VALUE       VALUE  FROM      YEAR
                                                  NORMAL
..................................................................
TEMPERATURE (F)
 YESTERDAY
  MAXIMUM         41    236 PM  72    1981  37      4       67
  MINIMUM         25    817 AM -18    1903  17      8       30
  AVERAGE         33                        27      6       49

PRECIPITATION (IN)
  YESTERDAY        T             0.51 1992   0.03  -0.03     0.00
  MONTH TO DATE    0.41                      0.43  -0.02     0.45
  SINCE DEC 1      1.80                      1.77   0.03     2.54
  SINCE JAN 1      1.48                      1.02   0.46     1.70

SNOWFALL (IN)
  YESTERDAY        T                         0.2   -0.2      0.0
  MONTH TO DATE    4.4                       3.5    0.9      5.0
  SINCE JUL 1     25.8                      20.8    5.0     22.1
  SNOW DEPTH       0

DEGREE DAYS
 HEATING
  YESTERDAY       32                        38     -6       16
  MONTH TO DATE  838                       676    162      565
  SINCE DEC 1   3446                      3253    193     3118
  SINCE JUL 1   4752                      4698     54     4163

 COOLING
  YESTERDAY        0                         0      0        0
  MONTH TO DATE    0                         0      0        0
  SINCE DEC 1      0                         0      0        0
  SINCE JAN 1      0                         0      0        0
..................................................................


WIND (MPH)
  HIGHEST WIND SPEED    23   HIGHEST WIND DIRECTION    NW (310)
  HIGHEST GUST SPEED    29   HIGHEST GUST DIRECTION    NW (320)
  AVERAGE WIND SPEED    10.5


SKY COVER
  POSSIBLE SUNSHINE  MM
  AVERAGE SKY COVER 0.3


WEATHER CONDITIONS
 THE FOLLOWING WEATHER WAS RECORDED YESTERDAY.
  LIGHT SNOW


RELATIVE HUMIDITY (PERCENT)
 HIGHEST    85           800 PM
 LOWEST     50          1200 PM
 AVERAGE    68

..........................................................


THE NORFOLK, NEBRASKA CLIMATE NORMALS FOR TODAY
                         NORMAL    RECORD    YEAR
 MAXIMUM TEMPERATURE (F)   38        71      1930
 MINIMUM TEMPERATURE (F)   17       -20      1903


SUNRISE AND SUNSET
FEBRUARY 18 2018......SUNRISE   721 AM CST   SUNSET   607 PM CST
FEBRUARY 19 2018......SUNRISE   720 AM CST   SUNSET   608 PM CST


-  INDICATES NEGATIVE NUMBERS.
R  INDICATES RECORD WAS SET OR TIED.
MM INDICATES DATA IS MISSING.
T  INDICATES TRACE AMOUNT.




$$
