000
CDUS43 KOAX 282124
CLIOFK


CLIMATE REPORT
NATIONAL WEATHER SERVICE OMAHA NEBRASKA
423 PM CDT SUN MAY 28 2017


...................................

...THE NORFOLK, NEBRASKA CLIMATE SUMMARY FOR MAY 28 2017...
VALID TODAY AS OF 0400 PM LOCAL TIME.

CLIMATE NORMAL PERIOD 1981 TO 2010
CLIMATE RECORD PERIOD 1888 TO 2017


WEATHER ITEM   OBSERVED TIME   RECORD YEAR NORMAL DEPARTURE LAST
                VALUE   (LST)  VALUE       VALUE  FROM      YEAR
                                                  NORMAL
..................................................................
TEMPERATURE (F)
 TODAY
  MAXIMUM         77    235 PM 100    1934  76      1       69
  MINIMUM         47    238 AM  30    1947  53     -6       53
  AVERAGE         62                        64     -2       61

PRECIPITATION (IN)
  TODAY            0.00          2.73 1929   0.14  -0.14     0.24
  MONTH TO DATE    4.33                      3.50   0.83     6.04
  SINCE MAR 1      9.37                      7.92   1.45    13.66
  SINCE JAN 1     11.61                      9.27   2.34    15.81

SNOWFALL (IN)
  TODAY            0.0                       0.0    0.0      0.0
  MONTH TO DATE    1.5                       0.3    1.2      0.0
  SINCE JUL 1     32.2                      30.8    1.4     53.0
  SNOW DEPTH       0

DEGREE DAYS
 HEATING
  TODAY            3                         3      0        4
  MONTH TO DATE  198                       180     18      193
  SINCE MAR 1   1422                      1510    -88     1275
  SINCE JUL 1   5877                      6603   -726     5576

 COOLING
  TODAY            0                         3     -3        0
  MONTH TO DATE   28                        41    -13       28
  SINCE MAR 1     28                        53    -25       28
  SINCE JAN 1     28                        53    -25       28
..................................................................


WIND (MPH)
  HIGHEST WIND SPEED    29   HIGHEST WIND DIRECTION    NW (320)
  HIGHEST GUST SPEED    35   HIGHEST GUST DIRECTION    NW (320)
  AVERAGE WIND SPEED    11.1


SKY COVER
  POSSIBLE SUNSHINE  MM
  AVERAGE SKY COVER 0.0


WEATHER CONDITIONS
 THE FOLLOWING WEATHER WAS RECORDED TODAY.
  NO SIGNIFICANT WEATHER WAS OBSERVED.


RELATIVE HUMIDITY (PERCENT)
 HIGHEST    89          1200 AM
 LOWEST     25           300 PM
 AVERAGE    57

..........................................................


THE NORFOLK, NEBRASKA CLIMATE NORMALS FOR TOMORROW
                         NORMAL    RECORD    YEAR
 MAXIMUM TEMPERATURE (F)   76       106      1934
 MINIMUM TEMPERATURE (F)   53        25      1947


SUNRISE AND SUNSET
MAY 28 2017...........SUNRISE   559 AM CDT   SUNSET   856 PM CDT
MAY 29 2017...........SUNRISE   558 AM CDT   SUNSET   857 PM CDT


-  INDICATES NEGATIVE NUMBERS.
R  INDICATES RECORD WAS SET OR TIED.
MM INDICATES DATA IS MISSING.
T  INDICATES TRACE AMOUNT.




$$
