000
CDUS43 KOAX 030624
CLIOFK


CLIMATE REPORT
NATIONAL WEATHER SERVICE OMAHA NEBRASKA
121 AM CDT THU SEP 3 2015


...................................

...THE NORFOLK, NEBRASKA CLIMATE SUMMARY FOR SEPTEMBER 2 2015...

CLIMATE NORMAL PERIOD 1981 TO 2010
CLIMATE RECORD PERIOD 1888 TO 2015


WEATHER ITEM   OBSERVED TIME   RECORD YEAR NORMAL DEPARTURE LAST
                VALUE   (LST)  VALUE       VALUE  FROM      YEAR
                                                  NORMAL
..................................................................
TEMPERATURE (F)
 YESTERDAY
  MAXIMUM         89    452 PM 101    1956  81      8       78
  MINIMUM         63    612 AM  40    1974  57      6       54
  AVERAGE         76                        69      7       66

PRECIPITATION (IN)
  YESTERDAY        0.00          3.88 1970   0.09  -0.09     0.00
  MONTH TO DATE    0.00                      0.19  -0.19     0.37
  SINCE SEP 1      0.00                      0.19  -0.19     0.37
  SINCE JAN 1     19.39                     20.72  -1.33    25.59

SNOWFALL (IN)
  YESTERDAY        0.0                       0.0    0.0      0.0
  MONTH TO DATE    0.0                       0.0    0.0      0.0
  SINCE JUL 1      0.0                       0.0    0.0      0.0
  SNOW DEPTH       0

DEGREE DAYS
 HEATING
  YESTERDAY        0                         1     -1        0
  MONTH TO DATE    0                         2     -2        0
  SINCE SEP 1      0                         2     -2        0
  SINCE JUL 1     24                        18      6       12

 COOLING
  YESTERDAY       11                         6      5        1
  MONTH TO DATE   24                        12     12        6
  SINCE SEP 1     24                        12     12        6
  SINCE JAN 1    750                       828    -78      733
..................................................................


WIND (MPH)
  HIGHEST WIND SPEED    20   HIGHEST WIND DIRECTION     S (170)
  HIGHEST GUST SPEED    23   HIGHEST GUST DIRECTION     S (160)
  AVERAGE WIND SPEED     8.3


SKY COVER
  POSSIBLE SUNSHINE  MM
  AVERAGE SKY COVER 0.0


WEATHER CONDITIONS
 THE FOLLOWING WEATHER WAS RECORDED YESTERDAY.
  FOG


RELATIVE HUMIDITY (PERCENT)
 HIGHEST   100           300 AM
 LOWEST     52           300 PM
 AVERAGE    76

..........................................................


THE NORFOLK, NEBRASKA CLIMATE NORMALS FOR TODAY
                         NORMAL    RECORD    YEAR
 MAXIMUM TEMPERATURE (F)   81        98      1925
                                             1913
 MINIMUM TEMPERATURE (F)   57        34      1974


SUNRISE AND SUNSET
SEPTEMBER  3 2015.....SUNRISE   657 AM CDT   SUNSET   800 PM CDT
SEPTEMBER  4 2015.....SUNRISE   658 AM CDT   SUNSET   759 PM CDT


-  INDICATES NEGATIVE NUMBERS.
R  INDICATES RECORD WAS SET OR TIED.
MM INDICATES DATA IS MISSING.
T  INDICATES TRACE AMOUNT.


$$

BCM
