000
CDUS43 KOAX 300629
CLIOFK


CLIMATE REPORT
NATIONAL WEATHER SERVICE OMAHA NEBRASKA
128 AM CDT TUE SEP 30 2014


...................................

...THE NORFOLK, NEBRASKA CLIMATE SUMMARY FOR SEPTEMBER 29 2014...

CLIMATE NORMAL PERIOD 1981 TO 2010
CLIMATE RECORD PERIOD 1888 TO 2014


WEATHER ITEM   OBSERVED TIME   RECORD YEAR NORMAL DEPARTURE LAST
                VALUE   (LST)  VALUE       VALUE  FROM      YEAR
                                                  NORMAL
..................................................................
TEMPERATURE (F)
 YESTERDAY
  MAXIMUM         83    407 PM  92    1991  71     12       80
  MINIMUM         58    546 AM  20    1899  45     13       50
  AVERAGE         71                        58     13       65

PRECIPITATION (IN)
  YESTERDAY        0.00          2.16 1965   0.09  -0.09     0.00
  MONTH TO DATE    1.85                      2.61  -0.76     0.85
  SINCE SEP 1      1.85                      2.61  -0.76     0.85
  SINCE JAN 1     27.07                     23.14   3.93    19.26

SNOWFALL (IN)
  YESTERDAY        0.0                       0.0    0.0      0.0
  MONTH TO DATE    0.0                       0.0    0.0      0.0
  SINCE JUL 1      0.0                       0.0    0.0      0.0
  SNOW DEPTH       0

DEGREE DAYS
 HEATING
  YESTERDAY        0                         8     -8        0
  MONTH TO DATE  117                       118     -1       29
  SINCE SEP 1    117                       118     -1       29
  SINCE JUL 1    129                       134     -5       45

 COOLING
  YESTERDAY        6                         1      5        0
  MONTH TO DATE   81                        90     -9      167
  SINCE SEP 1     81                        90     -9      167
  SINCE JAN 1    808                       906    -98      991
..................................................................


WIND (MPH)
  HIGHEST WIND SPEED    14   HIGHEST WIND DIRECTION     S (160)
  HIGHEST GUST SPEED    19   HIGHEST GUST DIRECTION    SE (150)
  AVERAGE WIND SPEED     6.4


SKY COVER
  POSSIBLE SUNSHINE  MM
  AVERAGE SKY COVER 0.2


WEATHER CONDITIONS
 THE FOLLOWING WEATHER WAS RECORDED YESTERDAY.
  FOG


RELATIVE HUMIDITY (PERCENT)
 HIGHEST    93           700 AM
 LOWEST     40           200 PM
 AVERAGE    67

..........................................................


THE NORFOLK, NEBRASKA CLIMATE NORMALS FOR TODAY
                         NORMAL    RECORD    YEAR
 MAXIMUM TEMPERATURE (F)   71        91      2000
 MINIMUM TEMPERATURE (F)   44        25      1920


SUNRISE AND SUNSET
SEPTEMBER 30 2014.....SUNRISE   726 AM CDT   SUNSET   713 PM CDT
OCTOBER  1 2014.......SUNRISE   727 AM CDT   SUNSET   711 PM CDT


-  INDICATES NEGATIVE NUMBERS.
R  INDICATES RECORD WAS SET OR TIED.
MM INDICATES DATA IS MISSING.
T  INDICATES TRACE AMOUNT.




$$
