000
CDUS43 KOAX 200657
CLIOFK


CLIMATE REPORT
NATIONAL WEATHER SERVICE OMAHA NEBRASKA
1256 AM CST SAT DEC 20 2014


...................................

...THE NORFOLK, NEBRASKA CLIMATE SUMMARY FOR DECEMBER 19 2014...

CLIMATE NORMAL PERIOD 1981 TO 2010
CLIMATE RECORD PERIOD 1888 TO 2014


WEATHER ITEM   OBSERVED TIME   RECORD YEAR NORMAL DEPARTURE LAST
                VALUE   (LST)  VALUE       VALUE  FROM      YEAR
                                                  NORMAL
..................................................................
TEMPERATURE (F)
 YESTERDAY
  MAXIMUM         34   1159 PM  55    1966  33      1       36
                                      1943
                                      1941
  MINIMUM         29   1014 AM -24    1989  14     15       11
  AVERAGE         32                        23      9       24

PRECIPITATION (IN)
  YESTERDAY        0.00          0.62 1988   0.02  -0.02      T
  MONTH TO DATE    0.65                      0.50   0.15     0.13
  SINCE DEC 1      0.65                      0.50   0.15     0.13
  SINCE JAN 1     29.16                     27.16   2.00    24.92

SNOWFALL (IN)
  YESTERDAY        0.0                       0.2   -0.2       T
  MONTH TO DATE    0.4                       3.8   -3.4      2.1
  SINCE JUL 1      4.1                       8.7   -4.6      3.0
  SNOW DEPTH       0

DEGREE DAYS
 HEATING
  YESTERDAY       33                        42     -9       41
  MONTH TO DATE  627                       754   -127      841
  SINCE DEC 1    627                       754   -127      841
  SINCE JUL 1   2120                      2199    -79     2227

 COOLING
  YESTERDAY        0                         0      0        0
  MONTH TO DATE    0                         0      0        0
  SINCE DEC 1      0                         0      0        0
  SINCE JAN 1    812                       915   -103     1005
..................................................................


WIND (MPH)
  HIGHEST WIND SPEED    16   HIGHEST WIND DIRECTION     S (190)
  HIGHEST GUST SPEED    20   HIGHEST GUST DIRECTION     S (180)
  AVERAGE WIND SPEED     9.9


SKY COVER
  POSSIBLE SUNSHINE  MM
  AVERAGE SKY COVER 1.0


WEATHER CONDITIONS
 THE FOLLOWING WEATHER WAS RECORDED YESTERDAY.
  FOG
  HAZE


RELATIVE HUMIDITY (PERCENT)
 HIGHEST    92           800 AM
 LOWEST     78           500 AM
 AVERAGE    85

..........................................................


THE NORFOLK, NEBRASKA CLIMATE NORMALS FOR TODAY
                         NORMAL    RECORD    YEAR
 MAXIMUM TEMPERATURE (F)   33        56      1941
 MINIMUM TEMPERATURE (F)   13       -18      1924


SUNRISE AND SUNSET
DECEMBER 20 2014......SUNRISE   754 AM CST   SUNSET   501 PM CST
DECEMBER 21 2014......SUNRISE   754 AM CST   SUNSET   501 PM CST


-  INDICATES NEGATIVE NUMBERS.
R  INDICATES RECORD WAS SET OR TIED.
MM INDICATES DATA IS MISSING.
T  INDICATES TRACE AMOUNT.




$$
