000
CDUS43 KOAX 240634
CLIOFK


CLIMATE REPORT
NATIONAL WEATHER SERVICE OMAHA NEBRASKA
1232 AM CST FRI NOV 24 2017


...................................

...THE NORFOLK, NEBRASKA CLIMATE SUMMARY FOR NOVEMBER 23 2017...

CLIMATE NORMAL PERIOD 1981 TO 2010
CLIMATE RECORD PERIOD 1888 TO 2017


WEATHER ITEM   OBSERVED TIME   RECORD YEAR NORMAL DEPARTURE LAST
                VALUE   (LST)  VALUE       VALUE  FROM      YEAR
                                                  NORMAL
..................................................................
TEMPERATURE (F)
 YESTERDAY
  MAXIMUM         72R   249 PM  66    1902  43     29       37
  MINIMUM         30    740 AM -10    1898  22      8       33
  AVERAGE         51                        32     19       35

PRECIPITATION (IN)
  YESTERDAY        0.00          0.95 2001   0.04  -0.04     0.01
  MONTH TO DATE    0.09                      1.09  -1.00     0.92
  SINCE SEP 1      5.69                      5.85  -0.16     5.30
  SINCE JAN 1     27.47                     26.38   1.09    30.17

SNOWFALL (IN)
  YESTERDAY        0.0                       0.1   -0.1      0.0
  MONTH TO DATE    T                         2.7   -2.7      2.5
  SINCE JUL 1      T                         3.5   -3.5      2.5
  SNOW DEPTH       0

DEGREE DAYS
 HEATING
  YESTERDAY       14                        33    -19       30
  MONTH TO DATE  647                       615     32      438
  SINCE SEP 1   1149                      1184    -35      836
  SINCE JUL 1   1160                      1200    -40      849

 COOLING
  YESTERDAY        0                         0      0        0
  MONTH TO DATE    0                         0      0        0
  SINCE SEP 1    121                        99     22      120
  SINCE JAN 1    879                       915    -36      963
..................................................................


WIND (MPH)
  HIGHEST WIND SPEED    20   HIGHEST WIND DIRECTION    SW (230)
  HIGHEST GUST SPEED    24   HIGHEST GUST DIRECTION    SW (220)
  AVERAGE WIND SPEED     9.1


SKY COVER
  POSSIBLE SUNSHINE  MM
  AVERAGE SKY COVER 0.0


WEATHER CONDITIONS
 THE FOLLOWING WEATHER WAS RECORDED YESTERDAY.
  NO SIGNIFICANT WEATHER WAS OBSERVED.


RELATIVE HUMIDITY (PERCENT)
 HIGHEST   100           800 AM
 LOWEST     34           300 PM
 AVERAGE    67

..........................................................


THE NORFOLK, NEBRASKA CLIMATE NORMALS FOR TODAY
                         NORMAL    RECORD    YEAR
 MAXIMUM TEMPERATURE (F)   42        74      1942
 MINIMUM TEMPERATURE (F)   21        -2      1975


SUNRISE AND SUNSET
NOVEMBER 24 2017......SUNRISE   731 AM CST   SUNSET   502 PM CST
NOVEMBER 25 2017......SUNRISE   732 AM CST   SUNSET   502 PM CST


-  INDICATES NEGATIVE NUMBERS.
R  INDICATES RECORD WAS SET OR TIED.
MM INDICATES DATA IS MISSING.
T  INDICATES TRACE AMOUNT.




$$
