000
CDHW42 PHFO 231245
CLIOGG


CLIMATE REPORT
NATIONAL WEATHER SERVICE HONOLULU HI
245 AM HST TUE AUG 23 2016


...................................

...THE KAHULUI HI CLIMATE SUMMARY FOR AUGUST 22 2016...

CLIMATE NORMAL PERIOD 1981 TO 2010
CLIMATE RECORD PERIOD 1946 TO 2016


WEATHER ITEM   OBSERVED TIME   RECORD YEAR NORMAL DEPARTURE LAST
                VALUE   (LST)  VALUE       VALUE  FROM      YEAR
                                                  NORMAL
..................................................................
TEMPERATURE (F)
 YESTERDAY
  MAXIMUM         87    235 PM  97    2015  88     -1       97
  MINIMUM         73    541 AM  61    1976  71      2       75
  AVERAGE         80                        80      0       86

PRECIPITATION (IN)
  YESTERDAY        0.04          0.46 1984   0.02   0.02     0.00
  MONTH TO DATE    0.34                      0.38  -0.04     0.63
  SINCE JUN 1      1.86                      1.08   0.78     1.59
  SINCE JAN 1      9.59                     10.58  -0.99    20.55

SNOWFALL (IN)
  YESTERDAY        0.0
  MONTH TO DATE    0.0
  SINCE JUN 1      0.0
  SINCE JUL 1      0.0
  SNOW DEPTH       0

DEGREE DAYS
 HEATING
  YESTERDAY        0                         0      0        0
  MONTH TO DATE    0                         0      0        0
  SINCE JUN 1      0                         0      0        0
  SINCE JUL 1      0                         0      0        0

 COOLING
  YESTERDAY       15                        15      0       21
  MONTH TO DATE  343                       330     13      364
  SINCE JUN 1   1256                      1157     99     1274
  SINCE JAN 1   2745                      2416    329     2596
..................................................................


WIND (MPH)
  HIGHEST WIND SPEED    24   HIGHEST WIND DIRECTION    NE (50)
  HIGHEST GUST SPEED    31   HIGHEST GUST DIRECTION    NE (60)
  AVERAGE WIND SPEED     8.9


SKY COVER
  POSSIBLE SUNSHINE  MM
  AVERAGE SKY COVER 0.6


WEATHER CONDITIONS
 THE FOLLOWING WEATHER WAS RECORDED YESTERDAY.
  LIGHT RAIN
  FOG
  HAZE


RELATIVE HUMIDITY (PERCENT)
 HIGHEST    93           400 AM
 LOWEST     65           200 PM
 AVERAGE    79

..........................................................


THE KAHULUI HI CLIMATE NORMALS FOR TODAY
                         NORMAL    RECORD    YEAR
 MAXIMUM TEMPERATURE (F)   88        96      1983
 MINIMUM TEMPERATURE (F)   71        62      1976
                                             1951


SUNRISE AND SUNSET
AUGUST 23 2016........SUNRISE   607 AM HST   SUNSET   649 PM HST
AUGUST 24 2016........SUNRISE   608 AM HST   SUNSET   648 PM HST


-  INDICATES NEGATIVE NUMBERS.
R  INDICATES RECORD WAS SET OR TIED.
MM INDICATES DATA IS MISSING.
T  INDICATES TRACE AMOUNT.




$$
