000
CDHW42 PHFO 250237
CLIOGG


CLIMATE REPORT
NATIONAL WEATHER SERVICE HONOLULU HI
427 PM HST SAT SEP 24 2016


...................................

...THE KAHULUI HI CLIMATE SUMMARY FOR SEPTEMBER 24 2016...
VALID TODAY AS OF 0400 PM LOCAL TIME.

CLIMATE NORMAL PERIOD 1981 TO 2010
CLIMATE RECORD PERIOD 1946 TO 2016


WEATHER ITEM   OBSERVED TIME   RECORD YEAR NORMAL DEPARTURE LAST
                VALUE   (LST)  VALUE       VALUE  FROM      YEAR
                                                  NORMAL
..................................................................
TEMPERATURE (F)
 TODAY
  MAXIMUM         91    127 PM  95    1953  88      3       91
  MINIMUM         76    128 AM  60    1952  70      6       75
  AVERAGE         84                        79      5       83

PRECIPITATION (IN)
  TODAY            0.00          0.14 2006   0.02  -0.02     0.01
  MONTH TO DATE    1.21                      0.28   0.93     0.28
  SINCE SEP 1      1.21                      0.28   0.93     0.28
  SINCE JAN 1     11.02                     10.98   0.04    20.84

SNOWFALL (IN)
  TODAY            0.0
  MONTH TO DATE    0.0
  SINCE SEP 1      0.0
  SINCE JUL 1      0.0
  SNOW DEPTH       0

DEGREE DAYS
 HEATING
  TODAY            0                         0      0        0
  MONTH TO DATE    0                         0      0        0
  SINCE SEP 1      0                         0      0        0
  SINCE JUL 1      0                         0      0        0

 COOLING
  TODAY           19                        14      5       18
  MONTH TO DATE  388                       338     50      425
  SINCE SEP 1    388                       338     50      425
  SINCE JAN 1   3289                      2880    409     3060
..................................................................


WIND (MPH)
  HIGHEST WIND SPEED    23   HIGHEST WIND DIRECTION    NE (40)
  HIGHEST GUST SPEED    28   HIGHEST GUST DIRECTION    NE (60)
  AVERAGE WIND SPEED    11.5


SKY COVER
  POSSIBLE SUNSHINE  MM
  AVERAGE SKY COVER 0.5


WEATHER CONDITIONS
 THE FOLLOWING WEATHER WAS RECORDED TODAY.
  NO SIGNIFICANT WEATHER WAS OBSERVED.


RELATIVE HUMIDITY (PERCENT)
 HIGHEST    82           400 AM
 LOWEST     55          1100 AM
 AVERAGE    69

..........................................................


THE KAHULUI HI CLIMATE NORMALS FOR TOMORROW
                         NORMAL    RECORD    YEAR
 MAXIMUM TEMPERATURE (F)   88        94      1953
 MINIMUM TEMPERATURE (F)   70        60      2011


SUNRISE AND SUNSET
SEPTEMBER 24 2016.....SUNRISE   615 AM HST   SUNSET   619 PM HST
SEPTEMBER 25 2016.....SUNRISE   615 AM HST   SUNSET   618 PM HST


-  INDICATES NEGATIVE NUMBERS.
R  INDICATES RECORD WAS SET OR TIED.
MM INDICATES DATA IS MISSING.
T  INDICATES TRACE AMOUNT.




$$
