000
CDHW42 PHFO 130235
CLIOGG


CLIMATE REPORT
NATIONAL WEATHER SERVICE HONOLULU HI
425 PM HST SAT JUL 12 2014


...................................

...THE KAHULUI HI CLIMATE SUMMARY FOR JULY 12 2014...
VALID TODAY AS OF 0400 PM LOCAL TIME.

CLIMATE NORMAL PERIOD 1981 TO 2010
CLIMATE RECORD PERIOD 1946 TO 2014


WEATHER ITEM   OBSERVED TIME   RECORD YEAR NORMAL DEPARTURE LAST
                VALUE   (LST)  VALUE       VALUE  FROM      YEAR
                                                  NORMAL
..................................................................
TEMPERATURE (F)
 TODAY
  MAXIMUM         89   1220 PM  91    1984  87      2       88
                                      1965
  MINIMUM         73    629 AM  64    1985  71      2       67
  AVERAGE         81                        79      2       78

PRECIPITATION (IN)
  TODAY            0.00          0.16 2005   0.02  -0.02     0.01
  MONTH TO DATE    0.08                      0.16  -0.08     0.04
  SINCE JUN 1      0.37                      0.36   0.01     0.31
  SINCE JAN 1     14.33                      9.86   4.47     7.30

SNOWFALL (IN)
  TODAY            0.0
  MONTH TO DATE    0.0
  SINCE JUN 1      0.0
  SINCE JUL 1      0.0
  SNOW DEPTH       0

DEGREE DAYS
 HEATING
  TODAY            0                         0      0        0
  MONTH TO DATE    0                         0      0        0
  SINCE JUN 1      0                         0      0        0
  SINCE JUL 1      0                         0      0        0

 COOLING
  TODAY           16                        14      2       13
  MONTH TO DATE  194                       168     26      170
  SINCE JUN 1    613                       556     57      612
  SINCE JAN 1   2109                      1815    294     1996
..................................................................


WIND (MPH)
  HIGHEST WIND SPEED    30   HIGHEST WIND DIRECTION    NE (40)
  HIGHEST GUST SPEED    37   HIGHEST GUST DIRECTION    NE (40)
  AVERAGE WIND SPEED    15.0


SKY COVER
  POSSIBLE SUNSHINE  MM
  AVERAGE SKY COVER 0.3


WEATHER CONDITIONS
 THE FOLLOWING WEATHER WAS RECORDED TODAY.
  NO SIGNIFICANT WEATHER WAS OBSERVED.


RELATIVE HUMIDITY (PERCENT)
 HIGHEST    79           100 AM
 LOWEST     50          1200 PM
 AVERAGE    65

..........................................................


THE KAHULUI HI CLIMATE NORMALS FOR TOMORROW
                         NORMAL    RECORD    YEAR
 MAXIMUM TEMPERATURE (F)   87        91      1993
                                             1984
 MINIMUM TEMPERATURE (F)   71        63      2010


SUNRISE AND SUNSET
JULY 12 2014..........SUNRISE   552 AM HST   SUNSET   711 PM HST
JULY 13 2014..........SUNRISE   553 AM HST   SUNSET   710 PM HST


-  INDICATES NEGATIVE NUMBERS.
R  INDICATES RECORD WAS SET OR TIED.
MM INDICATES DATA IS MISSING.
T  INDICATES TRACE AMOUNT.




$$
