000
CDHW42 PHFO 210230
CLIOGG


CLIMATE REPORT
NATIONAL WEATHER SERVICE HONOLULU HI
429 PM HST FRI OCT 20 2017


...................................

...THE KAHULUI HI CLIMATE SUMMARY FOR OCTOBER 20 2017...
VALID TODAY AS OF 0400 PM LOCAL TIME.

CLIMATE NORMAL PERIOD 1981 TO 2010
CLIMATE RECORD PERIOD 1946 TO 2017


WEATHER ITEM   OBSERVED TIME   RECORD YEAR NORMAL DEPARTURE LAST
                VALUE   (LST)  VALUE       VALUE  FROM      YEAR
                                                  NORMAL
..................................................................
TEMPERATURE (F)
 TODAY
  MAXIMUM         87    239 PM  93    1996  87      0       86
                                      1984
  MINIMUM         76    706 AM  61    2011  69      7       73
                                      1950
  AVERAGE         82                        78      4       80

PRECIPITATION (IN)
  TODAY            T             0.88 2006   0.04  -0.04     0.01
  MONTH TO DATE    0.37                      0.66  -0.29     0.18
  SINCE SEP 1      0.43                      1.04  -0.61     1.42
  SINCE JAN 1     15.53                     11.74   3.79    11.23

SNOWFALL (IN)
  TODAY            0.0
  MONTH TO DATE    0.0
  SINCE SEP 1      0.0
  SINCE JUL 1      0.0
  SNOW DEPTH      MM

DEGREE DAYS
 HEATING
  TODAY            0                         0      0        0
  MONTH TO DATE    0                         0      0        0
  SINCE SEP 1      0                         0      0        0
  SINCE JUL 1      0                         0      0        0

 COOLING
  TODAY           17                        13      4       15
  MONTH TO DATE  266                       269     -3      306
  SINCE SEP 1    730                       695     35      794
  SINCE JAN 1   3494                      3237    257     3695
..................................................................


WIND (MPH)
  HIGHEST WIND SPEED    26   HIGHEST WIND DIRECTION    NE (50)
  HIGHEST GUST SPEED    35   HIGHEST GUST DIRECTION    NE (40)
  AVERAGE WIND SPEED    MM


SKY COVER
  POSSIBLE SUNSHINE  MM
  AVERAGE SKY COVER  MM


WEATHER CONDITIONS
 THE FOLLOWING WEATHER WAS RECORDED TODAY.
  NO SIGNIFICANT WEATHER WAS OBSERVED.


RELATIVE HUMIDITY (PERCENT)
 HIGHEST    MM
 LOWEST     MM
 AVERAGE    MM

..........................................................


THE KAHULUI HI CLIMATE NORMALS FOR TOMORROW
                         NORMAL    RECORD    YEAR
 MAXIMUM TEMPERATURE (F)   87        92      2009
 MINIMUM TEMPERATURE (F)   69        58      1953


SUNRISE AND SUNSET
OCTOBER 20 2017.......SUNRISE   623 AM HST   SUNSET   557 PM HST
OCTOBER 21 2017.......SUNRISE   624 AM HST   SUNSET   557 PM HST


-  INDICATES NEGATIVE NUMBERS.
R  INDICATES RECORD WAS SET OR TIED.
MM INDICATES DATA IS MISSING.
T  INDICATES TRACE AMOUNT.




$$
