000
CDHW42 PHFO 210233
CLIOGG


CLIMATE REPORT
NATIONAL WEATHER SERVICE HONOLULU HI
433 PM HST SUN AUG 20 2017


...................................

...THE KAHULUI HI CLIMATE SUMMARY FOR AUGUST 20 2017...
VALID TODAY AS OF 0400 PM LOCAL TIME.

CLIMATE NORMAL PERIOD 1981 TO 2010
CLIMATE RECORD PERIOD 1946 TO 2017


WEATHER ITEM   OBSERVED TIME   RECORD YEAR NORMAL DEPARTURE LAST
                VALUE   (LST)  VALUE       VALUE  FROM      YEAR
                                                  NORMAL
..................................................................
TEMPERATURE (F)
 TODAY
  MAXIMUM         91   1254 PM  94    2015  88      3       89
  MINIMUM         68    625 AM  62    1964  71     -3       75
  AVERAGE         80                        80      0       82

PRECIPITATION (IN)
  TODAY            0.00          0.27 1989   0.02  -0.02     0.04
  MONTH TO DATE    0.24                      0.35  -0.11     0.30
  SINCE JUN 1      0.61                      1.05  -0.44     1.82
  SINCE JAN 1     15.08                     10.55   4.53     9.55

SNOWFALL (IN)
  TODAY            0.0
  MONTH TO DATE    0.0
  SINCE JUN 1      0.0
  SINCE JUL 1      0.0
  SNOW DEPTH      MM

DEGREE DAYS
 HEATING
  TODAY            0                         0      0        0
  MONTH TO DATE    0                         0      0        0
  SINCE JUN 1      0                         0      0        0
  SINCE JUL 1      0                         0      0        0

 COOLING
  TODAY           15                        15      0       17
  MONTH TO DATE  320                       300     20      314
  SINCE JUN 1   1223                      1127     96     1227
  SINCE JAN 1   2586                      2386    200     2716
..................................................................


WIND (MPH)
  HIGHEST WIND SPEED    29   HIGHEST WIND DIRECTION    NE (40)
  HIGHEST GUST SPEED    36   HIGHEST GUST DIRECTION    NE (40)
  AVERAGE WIND SPEED    MM


SKY COVER
  POSSIBLE SUNSHINE  MM
  AVERAGE SKY COVER  MM


WEATHER CONDITIONS
 THE FOLLOWING WEATHER WAS RECORDED TODAY.
  NO SIGNIFICANT WEATHER WAS OBSERVED.


RELATIVE HUMIDITY (PERCENT)
 HIGHEST    MM
 LOWEST     MM
 AVERAGE    MM

..........................................................


THE KAHULUI HI CLIMATE NORMALS FOR TOMORROW
                         NORMAL    RECORD    YEAR
 MAXIMUM TEMPERATURE (F)   88        94      1951
 MINIMUM TEMPERATURE (F)   71        61      2005


SUNRISE AND SUNSET
AUGUST 20 2017........SUNRISE   606 AM HST   SUNSET   651 PM HST
AUGUST 21 2017........SUNRISE   607 AM HST   SUNSET   650 PM HST


-  INDICATES NEGATIVE NUMBERS.
R  INDICATES RECORD WAS SET OR TIED.
MM INDICATES DATA IS MISSING.
T  INDICATES TRACE AMOUNT.




$$
