000
CDHW42 PHFO 040242
CLIOGG


CLIMATE REPORT
NATIONAL WEATHER SERVICE HONOLULU HI
436 PM HST SAT DEC 3 2016


...................................

...THE KAHULUI HI CLIMATE SUMMARY FOR DECEMBER 3 2016...
VALID TODAY AS OF 0400 PM LOCAL TIME.

CLIMATE NORMAL PERIOD 1981 TO 2010
CLIMATE RECORD PERIOD 1946 TO 2016


WEATHER ITEM   OBSERVED TIME   RECORD YEAR NORMAL DEPARTURE LAST
                VALUE   (LST)  VALUE       VALUE  FROM      YEAR
                                                  NORMAL
..................................................................
TEMPERATURE (F)
 TODAY
  MAXIMUM         87    215 PM  89    1955  82      5       84
  MINIMUM         68    427 AM  58    2009  66      2       68
                                      1962
  AVERAGE         78                        74      4       76

PRECIPITATION (IN)
  TODAY            T             0.96 2007   0.10  -0.10      T
  MONTH TO DATE    0.15                      0.31  -0.16     0.01
  SINCE DEC 1      0.15                      0.31  -0.16     0.01
  SINCE JAN 1     12.41                     14.79  -2.38    26.71

SNOWFALL (IN)
  TODAY            0.0
  MONTH TO DATE    0.0
  SINCE DEC 1      0.0
  SINCE JUL 1      0.0
  SNOW DEPTH       0

DEGREE DAYS
 HEATING
  TODAY            0                         0      0        0
  MONTH TO DATE    0                         0      0        0
  SINCE DEC 1      0                         0      0        0
  SINCE JUL 1      0                         0      0        0

 COOLING
  TODAY           13                         9      4       11
  MONTH TO DATE   29                        29      0       36
  SINCE DEC 1     29                        29      0       36
  SINCE JAN 1   4237                      3736    501     4037
..................................................................


WIND (MPH)
  HIGHEST WIND SPEED    15   HIGHEST WIND DIRECTION     S (200)
  HIGHEST GUST SPEED    18   HIGHEST GUST DIRECTION    SW (210)
  AVERAGE WIND SPEED     4.1


SKY COVER
  POSSIBLE SUNSHINE  MM
  AVERAGE SKY COVER 0.5


WEATHER CONDITIONS
 THE FOLLOWING WEATHER WAS RECORDED TODAY.
  NO SIGNIFICANT WEATHER WAS OBSERVED.


RELATIVE HUMIDITY (PERCENT)
 HIGHEST    90           100 AM
 LOWEST     55           100 PM
 AVERAGE    73

..........................................................


THE KAHULUI HI CLIMATE NORMALS FOR TOMORROW
                         NORMAL    RECORD    YEAR
 MAXIMUM TEMPERATURE (F)   82        89      1955
 MINIMUM TEMPERATURE (F)   66        58      1958


SUNRISE AND SUNSET
DECEMBER  3 2016......SUNRISE   648 AM HST   SUNSET   544 PM HST
DECEMBER  4 2016......SUNRISE   648 AM HST   SUNSET   544 PM HST


-  INDICATES NEGATIVE NUMBERS.
R  INDICATES RECORD WAS SET OR TIED.
MM INDICATES DATA IS MISSING.
T  INDICATES TRACE AMOUNT.




$$
