000
CDUS43 KEAX 270645
CLIOJC


CLIMATE REPORT
NATIONAL WEATHER SERVICE KANSAS CITY/PLEASANT HILL MO
136 AM CDT THU JUL 27 2017


...................................

...THE JOHNSON COUNTY EXECUTIVE KS CLIMATE SUMMARY FOR JULY 26 2017...

CLIMATE NORMAL PERIOD 1981 TO 2010
CLIMATE RECORD PERIOD 9999 TO 9999


WEATHER ITEM   OBSERVED TIME   NORMAL DEPARTURE LAST
                VALUE   (LST)  VALUE  FROM      YEAR
                                      NORMAL
......................................................
TEMPERATURE (F)
 YESTERDAY
  MAXIMUM         81    320 PM  89     -8       87
  MINIMUM         74   1154 PM  70      4       69
  AVERAGE         78            79     -1       78

PRECIPITATION (IN)
  YESTERDAY        0.75          0.10   0.65     0.00
  MONTH TO DATE    5.57          3.15   2.42     4.18
  SINCE JUN 1     11.36          8.93   2.43     5.79
  SINCE JAN 1     24.72         23.67   1.05    21.19

DEGREE DAYS
 HEATING
  YESTERDAY        0             0      0        0
  MONTH TO DATE    0             0      0        0
  SINCE JUN 1      5             8     -3        0
  SINCE JUL 1      0             0      0        0

 COOLING
  YESTERDAY       13            14     -1       13
  MONTH TO DATE  370           341     29      349
  SINCE JUN 1    638           598     40      739
  SINCE JAN 1    734           702     32      793
......................................................


WIND (MPH)
  HIGHEST WIND SPEED    14   HIGHEST WIND DIRECTION    SE (150)
  HIGHEST GUST SPEED    18   HIGHEST GUST DIRECTION     E (110)
  AVERAGE WIND SPEED     6.2


SKY COVER
  AVERAGE SKY COVER 0.4


WEATHER CONDITIONS
 THE FOLLOWING WEATHER WAS RECORDED YESTERDAY.
  THUNDERSTORM
  HEAVY RAIN
  RAIN
  LIGHT RAIN
  FOG


RELATIVE HUMIDITY (PERCENT)
 HIGHEST   100           500 PM
 LOWEST     85          1200 AM
 AVERAGE    93

..........................................................


THE JOHNSON COUNTY EXECUTIVE KS CLIMATE NORMALS FOR TODAY
                         NORMAL
 MAXIMUM TEMPERATURE (F)   89
 MINIMUM TEMPERATURE (F)   70


SUNRISE AND SUNSET
JULY 27 2017..........SUNRISE   616 AM CDT   SUNSET   834 PM CDT
JULY 28 2017..........SUNRISE   617 AM CDT   SUNSET   834 PM CDT


-  INDICATES NEGATIVE NUMBERS.
R  INDICATES RECORD WAS SET OR TIED.
MM INDICATES DATA IS MISSING.
T  INDICATES TRACE AMOUNT.




$$
