000
CDUS43 KEAX 202123
CLIOJC


CLIMATE REPORT
NATIONAL WEATHER SERVICE KANSAS CITY/PLEASANT HILL MO
423 PM CDT SAT SEP 20 2014


...................................

...THE JOHNSON COUNTY EXECUTIVE KS CLIMATE SUMMARY FOR SEPTEMBER 20 2014...
VALID AS OF 0400 PM LOCAL TIME.

CLIMATE NORMAL PERIOD 1981 TO 2010
CLIMATE RECORD PERIOD 9999 TO 9999


WEATHER ITEM   OBSERVED TIME   NORMAL DEPARTURE LAST
                VALUE   (LST)  VALUE  FROM      YEAR
                                      NORMAL
......................................................
TEMPERATURE (F)
 TODAY
  MAXIMUM         83    241 PM  77      6       70
  MINIMUM         66    453 AM  57      9       55
  AVERAGE         75            67      8       63

PRECIPITATION (IN)
  TODAY            0.00          0.12  -0.12     0.00
  MONTH TO DATE    2.60          3.26  -0.66     2.69
  SINCE SEP 1      2.60          3.26  -0.66     2.69
  SINCE JAN 1     24.55         31.22  -6.67    29.20

DEGREE DAYS
 HEATING
  TODAY            0             2     -2        2
  MONTH TO DATE   52            14     38        6
  SINCE SEP 1     52            14     38        6
  SINCE JUL 1     53            15     38        6

 COOLING
  TODAY           10             4      6        0
  MONTH TO DATE   94           127    -33      198
  SINCE SEP 1     94           127    -33      198
  SINCE JAN 1   1183          1292   -109     1311
......................................................


WIND (MPH)
  HIGHEST WIND SPEED    18   HIGHEST WIND DIRECTION    SW (210)
  HIGHEST GUST SPEED    26   HIGHEST GUST DIRECTION    SW (210)
  AVERAGE WIND SPEED     8.6


SKY COVER
  AVERAGE SKY COVER 0.1


WEATHER CONDITIONS
 THE FOLLOWING WEATHER WAS RECORDED TODAY.
  FOG
  HAZE


RELATIVE HUMIDITY (PERCENT)
 HIGHEST   100           200 AM
 LOWEST     65          1200 PM
 AVERAGE    83

..........................................................


THE JOHNSON COUNTY EXECUTIVE KS CLIMATE NORMALS FOR TOMORROW
                         NORMAL
 MAXIMUM TEMPERATURE (F)   77
 MINIMUM TEMPERATURE (F)   56


SUNRISE AND SUNSET
SEPTEMBER 20 2014.....SUNRISE   705 AM CDT   SUNSET   719 PM CDT
SEPTEMBER 21 2014.....SUNRISE   706 AM CDT   SUNSET   717 PM CDT


-  INDICATES NEGATIVE NUMBERS.
R  INDICATES RECORD WAS SET OR TIED.
MM INDICATES DATA IS MISSING.
T  INDICATES TRACE AMOUNT.




$$
