892
CDUS43 KEAX 300035
CLIOJC


CLIMATE REPORT
NATIONAL WEATHER SERVICE KANSAS CITY/PLEASANT HILL MO
734 PM CDT WED MAR 29 2017


...................................

...THE JOHNSON COUNTY EXECUTIVE KS CLIMATE SUMMARY FOR MARCH 29 2017...
VALID TODAY AS OF 0700 PM LOCAL TIME.

CLIMATE NORMAL PERIOD 1981 TO 2010
CLIMATE RECORD PERIOD 9999 TO 9999


WEATHER ITEM   OBSERVED TIME   NORMAL DEPARTURE LAST
                VALUE   (LST)  VALUE  FROM      YEAR
                                      NORMAL
......................................................
TEMPERATURE (F)
 TODAY
  MAXIMUM         65    332 PM  60      5       66
  MINIMUM         48    829 AM  39      9       43
  AVERAGE         57            50      7       55

PRECIPITATION (IN)
  TODAY            1.19          0.09   1.10     0.00
  MONTH TO DATE    2.08          2.47  -0.39     2.09
  SINCE MAR 1      2.08          2.47  -0.39     2.09
  SINCE JAN 1      3.00          5.16  -2.16     3.34

DEGREE DAYS
 HEATING
  TODAY            8            16     -8       10
  MONTH TO DATE  481           595   -114      418
  SINCE MAR 1    481           595   -114      418
  SINCE JUL 1   3621          4488   -867     3763

 COOLING
  TODAY            0             0      0        0
  MONTH TO DATE    9             0      9        0
  SINCE MAR 1      9             0      9        0
  SINCE JAN 1      9             0      9        0
......................................................


WIND (MPH)
  HIGHEST WIND SPEED    24   HIGHEST WIND DIRECTION     E (70)
  HIGHEST GUST SPEED    35   HIGHEST GUST DIRECTION     E (80)
  AVERAGE WIND SPEED    12.7


SKY COVER
  AVERAGE SKY COVER 0.9


WEATHER CONDITIONS
 THE FOLLOWING WEATHER WAS RECORDED TODAY.
  THUNDERSTORM
  HEAVY RAIN
  RAIN
  LIGHT RAIN
  FOG


RELATIVE HUMIDITY (PERCENT)
 HIGHEST   100           500 AM
 LOWEST     84           300 PM
 AVERAGE    92

..........................................................


THE JOHNSON COUNTY EXECUTIVE KS CLIMATE NORMALS FOR TOMORROW
                         NORMAL
 MAXIMUM TEMPERATURE (F)   60
 MINIMUM TEMPERATURE (F)   39


SUNRISE AND SUNSET
MARCH 29 2017.........SUNRISE   708 AM CDT   SUNSET   740 PM CDT
MARCH 30 2017.........SUNRISE   706 AM CDT   SUNSET   741 PM CDT


-  INDICATES NEGATIVE NUMBERS.
R  INDICATES RECORD WAS SET OR TIED.
MM INDICATES DATA IS MISSING.
T  INDICATES TRACE AMOUNT.




$$
