000
CDUS46 KSGX 031427
CLIOKB


CLIMATE REPORT
NATIONAL WEATHER SERVICE SAN DIEGO, CA
726 AM PDT FRI JUL 3 2015


...................................

...THE OCEANSIDE AIRPORT CA CLIMATE SUMMARY FOR JULY 2 2015...

CLIMATE NORMAL PERIOD 1981 TO 2010
CLIMATE RECORD PERIOD 1999 TO 2015


WEATHER ITEM   OBSERVED TIME   RECORD YEAR NORMAL DEPARTURE LAST
                VALUE   (LST)  VALUE       VALUE  FROM      YEAR
                                                  NORMAL
..................................................................
TEMPERATURE (F)
 YESTERDAY
  MAXIMUM         81   1140 AM  83    2006  75      6       73
  MINIMUM         67   1154 PM  54    2004  60      7       61
  AVERAGE         74                        68      6       67

PRECIPITATION (IN)
  YESTERDAY        0.00          0.00 2006   0.01  -0.01     0.00
                                      2005
                                      2004
  MONTH TO DATE    T                         0.02  -0.02     0.00
  SINCE OCT 1      7.40                     13.17  -5.77     4.19
  SINCE JAN 1      3.00                      9.29  -6.29     2.60

SNOWFALL (IN)
  YESTERDAY        0.0
  MONTH TO DATE    0.0
  SINCE JUN 1      0.0
  SINCE JUL 1      0.0
  SNOW DEPTH       0

DEGREE DAYS
 HEATING
  YESTERDAY        0                         0      0        0
  MONTH TO DATE    0                         0      0        0
  SINCE JUN 1      4                        27    -23        4
  SINCE JUL 1      0                         0      0        0

 COOLING
  YESTERDAY        9                         3      6        2
  MONTH TO DATE   18                         6     12        3
  SINCE JUN 1    117                        44     73       40
  SINCE JAN 1    156                        54    102      132
..................................................................


WIND (MPH)
  RESULTANT WIND SPEED   4   RESULTANT WIND DIRECTION  SW (240)
  HIGHEST WIND SPEED    15   HIGHEST WIND DIRECTION    SW (240)
  HIGHEST GUST SPEED    20   HIGHEST GUST DIRECTION    SW (240)
  AVERAGE WIND SPEED     5.3


SKY COVER
  POSSIBLE SUNSHINE  MM
  AVERAGE SKY COVER 0.5


WEATHER CONDITIONS
 THE FOLLOWING WEATHER WAS RECORDED YESTERDAY.
  FOG
  HAZE


RELATIVE HUMIDITY (PERCENT)
 HIGHEST    93          1000 PM
 LOWEST     62           100 PM
 AVERAGE    78

..........................................................


THE OCEANSIDE AIRPORT CA CLIMATE NORMALS FOR TODAY
                         NORMAL    RECORD    YEAR
 MAXIMUM TEMPERATURE (F)   75        83      2001
 MINIMUM TEMPERATURE (F)   60        58      2004


SUNRISE AND SUNSET
JULY  3 2015..........SUNRISE   545 AM PDT   SUNSET   802 PM PDT
JULY  4 2015..........SUNRISE   545 AM PDT   SUNSET   802 PM PDT


-  INDICATES NEGATIVE NUMBERS.
R  INDICATES RECORD WAS SET OR TIED.
MM INDICATES DATA IS MISSING.
T  INDICATES TRACE AMOUNT.




$$
