437
CDUS46 KSGX 130118
CLIOKB


CLIMATE REPORT
NATIONAL WEATHER SERVICE SAN DIEGO, CA
517 PM PST FRI FEB 12 2016


...................................

...THE OCEANSIDE AIRPORT CA CLIMATE SUMMARY FOR FEBRUARY 12 2016...
VALID TODAY AS OF 0500 PM LOCAL TIME.

CLIMATE NORMAL PERIOD 1981 TO 2010
CLIMATE RECORD PERIOD 1999 TO 2016


WEATHER ITEM   OBSERVED TIME   RECORD YEAR NORMAL DEPARTURE LAST
                VALUE   (LST)  VALUE       VALUE  FROM      YEAR
                                                  NORMAL
..................................................................
TEMPERATURE (F)
 TODAY
  MAXIMUM         78   1046 AM  87    2015  65     13       87
  MINIMUM         43    651 AM  32    2013  43      0       41
                                      2002
  AVERAGE         61                        54      7       64

PRECIPITATION (IN)
  TODAY            0.00          1.20 2003   0.13  -0.13     0.00
  MONTH TO DATE    0.02                      0.98  -0.96     0.00
  SINCE OCT 1      4.80                      7.51  -2.71     4.89
  SINCE JAN 1      2.63                      3.63  -1.00     0.49

DEGREE DAYS
 HEATING
  TODAY            4                        11     -7        1
  MONTH TO DATE   88                       132    -44       80
  SINCE DEC 1    828                       887    -59      632
  SINCE JUL 1   1059                      1237   -178      766

 COOLING
  TODAY            0                         0      0        0
  MONTH TO DATE    0                         0      0        0
  SINCE DEC 1      0                         0      0        0
  SINCE JAN 1      0                         0      0        0
..................................................................


WIND (MPH)
  RESULTANT WIND SPEED   2   RESULTANT WIND DIRECTION   W (250)
  HIGHEST WIND SPEED    12   HIGHEST WIND DIRECTION    SW (240)
  HIGHEST GUST SPEED    13   HIGHEST GUST DIRECTION    SW (240)
  AVERAGE WIND SPEED     3.9


SKY COVER
  POSSIBLE SUNSHINE  MM
  AVERAGE SKY COVER 0.0


WEATHER CONDITIONS
 THE FOLLOWING WEATHER WAS RECORDED TODAY.
  HAZE


RELATIVE HUMIDITY (PERCENT)
 HIGHEST    65           400 AM
 LOWEST     24          1100 AM
 AVERAGE    45

..........................................................


THE OCEANSIDE AIRPORT CA CLIMATE NORMALS FOR TOMORROW
                         NORMAL    RECORD    YEAR
 MAXIMUM TEMPERATURE (F)   65        84      2015
 MINIMUM TEMPERATURE (F)   43        31      2013
                                             2004


SUNRISE AND SUNSET
FEBRUARY 12 2016......SUNRISE   636 AM PST   SUNSET   531 PM PST
FEBRUARY 13 2016......SUNRISE   635 AM PST   SUNSET   532 PM PST


-  INDICATES NEGATIVE NUMBERS.
R  INDICATES RECORD WAS SET OR TIED.
MM INDICATES DATA IS MISSING.
T  INDICATES TRACE AMOUNT.




$$
