000
CDUS46 KSGX 181250
CLIOKB


CLIMATE REPORT
NATIONAL WEATHER SERVICE SAN DIEGO, CA
450 AM PST SAT NOV 18 2017


...................................

...THE OCEANSIDE AIRPORT CA CLIMATE SUMMARY FOR NOVEMBER 17 2017...

CLIMATE NORMAL PERIOD 1981 TO 2010
CLIMATE RECORD PERIOD 1999 TO 2017


WEATHER ITEM   OBSERVED TIME   RECORD YEAR NORMAL DEPARTURE LAST
                VALUE   (LST)  VALUE       VALUE  FROM      YEAR
                                                  NORMAL
..................................................................
TEMPERATURE (F)
 YESTERDAY
  MAXIMUM         73    114 PM  88    2008  70      3       72
  MINIMUM         55    311 AM  34    2009  43     12       46
  AVERAGE         64                        56      8       59

PRECIPITATION (IN)
  YESTERDAY        T             0.02 2012   0.02  -0.02     0.00
  MONTH TO DATE    0.01                      0.66  -0.65     0.00
  SINCE OCT 1      0.01                      1.36  -1.35     0.33
  SINCE JAN 1      9.85                     11.14  -1.29     5.52

DEGREE DAYS
 HEATING
  YESTERDAY        1                         9     -8        6
  MONTH TO DATE   67                       120    -53       40
  SINCE SEP 1     96                       217   -121       82
  SINCE JUL 1     96                       222   -126       82

 COOLING
  YESTERDAY        0                         0      0        0
  MONTH TO DATE    1                         0      1       28
  SINCE SEP 1    229                       116    113      199
  SINCE JAN 1    748                       416    332      656
..................................................................


WIND (MPH)
  RESULTANT WIND SPEED   3   RESULTANT WIND DIRECTION   W (270)
  HIGHEST WIND SPEED    14   HIGHEST WIND DIRECTION     W (260)
  HIGHEST GUST SPEED    17   HIGHEST GUST DIRECTION     W (250)
  AVERAGE WIND SPEED     3.6


SKY COVER
  POSSIBLE SUNSHINE  MM
  AVERAGE SKY COVER 0.5


WEATHER CONDITIONS
 THE FOLLOWING WEATHER WAS RECORDED YESTERDAY.
  LIGHT RAIN


RELATIVE HUMIDITY (PERCENT)
 HIGHEST    93           500 PM
 LOWEST     57          1100 AM
 AVERAGE    75

..........................................................


THE OCEANSIDE AIRPORT CA CLIMATE NORMALS FOR TODAY
                         NORMAL    RECORD    YEAR
 MAXIMUM TEMPERATURE (F)   69        89      2005
 MINIMUM TEMPERATURE (F)   43        32      2000


SUNRISE AND SUNSET
NOVEMBER 18 2017......SUNRISE   623 AM PST   SUNSET   446 PM PST
NOVEMBER 19 2017......SUNRISE   624 AM PST   SUNSET   445 PM PST


-  INDICATES NEGATIVE NUMBERS.
R  INDICATES RECORD WAS SET OR TIED.
MM INDICATES DATA IS MISSING.
T  INDICATES TRACE AMOUNT.




$$
