000
CDUS46 KSGX 250017
CLIOKB


CLIMATE REPORT
NATIONAL WEATHER SERVICE SAN DIEGO, CA
517 PM PDT SUN MAY 24 2015


...................................

...THE OCEANSIDE AIRPORT CA CLIMATE SUMMARY FOR MAY 24 2015...
VALID TODAY AS OF 0500 PM LOCAL TIME.

CLIMATE NORMAL PERIOD 1981 TO 2010
CLIMATE RECORD PERIOD 1999 TO 2015


WEATHER ITEM   OBSERVED TIME   RECORD YEAR NORMAL DEPARTURE LAST
                VALUE   (LST)  VALUE       VALUE  FROM      YEAR
                                                  NORMAL
..................................................................
TEMPERATURE (F)
 TODAY
  MAXIMUM         69    336 PM  75    2006  70     -1       69
  MINIMUM         60    714 AM  46    2010  55      5       62
  AVERAGE         65                        62      3       66

PRECIPITATION (IN)
  TODAY            0.09R         T    2008   0.00   0.09     0.00
  MONTH TO DATE    1.46                      0.25   1.21      T
  SINCE OCT 1      7.38                     13.03  -5.65     4.19
  SINCE JAN 1      2.98                      9.15  -6.17     2.60

SNOWFALL (IN)
  TODAY            0.0
  MONTH TO DATE    0.0
  SINCE MAR 1      0.0
  SINCE JUL 1      0.0
  SNOW DEPTH       0

DEGREE DAYS
 HEATING
  TODAY            0                         3     -3        0
  MONTH TO DATE   77                        92    -15       34
  SINCE MAR 1    327                       578   -251      363
  SINCE JUL 1   1201                      1986   -785     1535

 COOLING
  TODAY            0                         0      0        1
  MONTH TO DATE    0                         0      0       67
  SINCE MAR 1     34                         3     31       83
  SINCE JAN 1     34                         3     31       83
..................................................................


WIND (MPH)
  RESULTANT WIND SPEED   6   RESULTANT WIND DIRECTION  SW (240)
  HIGHEST WIND SPEED    14   HIGHEST WIND DIRECTION    SW (240)
  HIGHEST GUST SPEED    20   HIGHEST GUST DIRECTION     W (290)
  AVERAGE WIND SPEED     6.5


SKY COVER
  POSSIBLE SUNSHINE  MM
  AVERAGE SKY COVER 0.9


WEATHER CONDITIONS
 THE FOLLOWING WEATHER WAS RECORDED TODAY.
  RAIN
  LIGHT RAIN
  FOG


RELATIVE HUMIDITY (PERCENT)
 HIGHEST    84           700 AM
 LOWEST     55          1200 PM
 AVERAGE    70

..........................................................


THE OCEANSIDE AIRPORT CA CLIMATE NORMALS FOR TOMORROW
                         NORMAL    RECORD    YEAR
 MAXIMUM TEMPERATURE (F)   70        73      2014
                                             2013
                                             2005
 MINIMUM TEMPERATURE (F)   55        43      2010


SUNRISE AND SUNSET
MAY 24 2015...........SUNRISE   544 AM PDT   SUNSET   748 PM PDT
MAY 25 2015...........SUNRISE   544 AM PDT   SUNSET   749 PM PDT


-  INDICATES NEGATIVE NUMBERS.
R  INDICATES RECORD WAS SET OR TIED.
MM INDICATES DATA IS MISSING.
T  INDICATES TRACE AMOUNT.




$$
