000
CDUS46 KSGX 310021
CLIOKB


CLIMATE REPORT
NATIONAL WEATHER SERVICE SAN DIEGO, CA
521 PM PDT THU OCT 30 2014


...................................

...THE OCEANSIDE AIRPORT CA CLIMATE SUMMARY FOR OCTOBER 30 2014...
VALID TODAY AS OF 0500 PM LOCAL TIME.

CLIMATE NORMAL PERIOD 1981 TO 2010
CLIMATE RECORD PERIOD 1999 TO 2014


WEATHER ITEM   OBSERVED TIME   RECORD YEAR NORMAL DEPARTURE LAST
                VALUE   (LST)  VALUE       VALUE  FROM      YEAR
                                                  NORMAL
..................................................................
TEMPERATURE (F)
 TODAY
  MAXIMUM         79   1224 PM  89    1999  72      7       68
  MINIMUM         53    324 AM  38    2011  48      5       44
  AVERAGE         66                        60      6       56

PRECIPITATION (IN)
  TODAY            0.00          0.20 2010   0.04  -0.04     0.00
  MONTH TO DATE    T                         0.67  -0.67     0.43
  SINCE JUL 1      0.14                      1.18  -1.04     0.44
  SINCE JAN 1      2.74                     10.45  -7.71     2.76

SNOWFALL (IN)
  TODAY            0.0
  MONTH TO DATE    0.0
  SINCE JAN 1      0.0
  SINCE JUL 1      0.0
  SNOW DEPTH       0

DEGREE DAYS
 HEATING
  TODAY            0                         5     -5        9
  MONTH TO DATE    7                        83    -76      101
  SINCE SEP 1      7                        93    -86      109
  SINCE JUL 1      7                        98    -91      109

 COOLING
  TODAY            1                         0      1        0
  MONTH TO DATE   87                        18     69       15
  SINCE SEP 1    341                       112    229      129
  SINCE JAN 1    848                       412    436      530
..................................................................


WIND (MPH)
  RESULTANT WIND SPEED   1   RESULTANT WIND DIRECTION   W (270)
  HIGHEST WIND SPEED    15   HIGHEST WIND DIRECTION    SW (230)
  HIGHEST GUST SPEED    17   HIGHEST GUST DIRECTION    SW (240)
  AVERAGE WIND SPEED     4.1


SKY COVER
  POSSIBLE SUNSHINE  MM
  AVERAGE SKY COVER 0.2


WEATHER CONDITIONS
 THE FOLLOWING WEATHER WAS RECORDED TODAY.
  FOG


RELATIVE HUMIDITY (PERCENT)
 HIGHEST    93           100 AM
 LOWEST     43          1200 PM
 AVERAGE    68

..........................................................


THE OCEANSIDE AIRPORT CA CLIMATE NORMALS FOR TOMORROW
                         NORMAL    RECORD    YEAR
 MAXIMUM TEMPERATURE (F)   72        86      2008
                                             1999
 MINIMUM TEMPERATURE (F)   48        38      2009


SUNRISE AND SUNSET
OCTOBER 30 2014.......SUNRISE   706 AM PDT   SUNSET   600 PM PDT
OCTOBER 31 2014.......SUNRISE   707 AM PDT   SUNSET   559 PM PDT


-  INDICATES NEGATIVE NUMBERS.
R  INDICATES RECORD WAS SET OR TIED.
MM INDICATES DATA IS MISSING.
T  INDICATES TRACE AMOUNT.




$$
