000
CDUS46 KSGX 241132
CLIOKB


CLIMATE REPORT
NATIONAL WEATHER SERVICE SAN DIEGO, CA
431 AM PDT SUN SEP 24 2017


...................................

...THE OCEANSIDE AIRPORT CA CLIMATE SUMMARY FOR SEPTEMBER 23 2017...

CLIMATE NORMAL PERIOD 1981 TO 2010
CLIMATE RECORD PERIOD 1999 TO 2017


WEATHER ITEM   OBSERVED TIME   RECORD YEAR NORMAL DEPARTURE LAST
                VALUE   (LST)  VALUE       VALUE  FROM      YEAR
                                                  NORMAL
..................................................................
TEMPERATURE (F)
 YESTERDAY
  MAXIMUM         73    111 PM  93    2009  76     -3       74
  MINIMUM         49R   519 AM  49    2004  58     -9       53
  AVERAGE         61                        67     -6       64

PRECIPITATION (IN)
  YESTERDAY        0.00          0.01 2007   0.00   0.00     0.00
  MONTH TO DATE    T                         0.19  -0.19     0.24
  SINCE OCT 1     14.99                     13.61   1.38     7.36
  SINCE JAN 1      9.84                      9.73   0.11     5.19

DEGREE DAYS
 HEATING
  YESTERDAY        4                         0      4        1
  MONTH TO DATE    7                         0      7       12
  SINCE SEP 1      7                         0      7       12
  SINCE JUL 1      7                         5      2       12

 COOLING
  YESTERDAY        0                         2     -2        0
  MONTH TO DATE  142                        80     62       70
  SINCE SEP 1    142                        80     62       70
  SINCE JAN 1    661                       380    281      527
..................................................................


WIND (MPH)
  RESULTANT WIND SPEED   3   RESULTANT WIND DIRECTION   W (250)
  HIGHEST WIND SPEED    14   HIGHEST WIND DIRECTION     W (260)
  HIGHEST GUST SPEED    19   HIGHEST GUST DIRECTION    SW (230)
  AVERAGE WIND SPEED     4.3


SKY COVER
  POSSIBLE SUNSHINE  MM
  AVERAGE SKY COVER 0.1


WEATHER CONDITIONS
 THE FOLLOWING WEATHER WAS RECORDED YESTERDAY.
  NO SIGNIFICANT WEATHER WAS OBSERVED.


RELATIVE HUMIDITY (PERCENT)
 HIGHEST    96           200 AM
 LOWEST     53          1100 AM
 AVERAGE    75

..........................................................


THE OCEANSIDE AIRPORT CA CLIMATE NORMALS FOR TODAY
                         NORMAL    RECORD    YEAR
 MAXIMUM TEMPERATURE (F)   76        88      2009
 MINIMUM TEMPERATURE (F)   58        48      2004


SUNRISE AND SUNSET
SEPTEMBER 24 2017.....SUNRISE   639 AM PDT   SUNSET   643 PM PDT
SEPTEMBER 25 2017.....SUNRISE   640 AM PDT   SUNSET   642 PM PDT


-  INDICATES NEGATIVE NUMBERS.
R  INDICATES RECORD WAS SET OR TIED.
MM INDICATES DATA IS MISSING.
T  INDICATES TRACE AMOUNT.




$$
