000
CDUS46 KSGX 290019
CLIOKB


CLIMATE REPORT
NATIONAL WEATHER SERVICE SAN DIEGO, CA
518 PM PDT TUE MAR 28 2017


...................................

...THE OCEANSIDE AIRPORT CA CLIMATE SUMMARY FOR MARCH 28 2017...
VALID TODAY AS OF 0500 PM LOCAL TIME.

CLIMATE NORMAL PERIOD 1981 TO 2010
CLIMATE RECORD PERIOD 1999 TO 2017


WEATHER ITEM   OBSERVED TIME   RECORD YEAR NORMAL DEPARTURE LAST
                VALUE   (LST)  VALUE       VALUE  FROM      YEAR
                                                  NORMAL
..................................................................
TEMPERATURE (F)
 TODAY
  MAXIMUM         71    100 PM  83    2004  66      5       65
  MINIMUM         45        MM  37    2012  47     -2       55
  AVERAGE         58                        57      1       60

PRECIPITATION (IN)
  TODAY            0.00          0.47 2006   0.04  -0.04     0.02
  MONTH TO DATE    0.06                      2.10  -2.04     1.21
  SINCE OCT 1     13.63                     11.70   1.93     6.12
  SINCE JAN 1      8.48                      7.82   0.66     3.95

DEGREE DAYS
 HEATING
  TODAY            7                         8     -1        5
  MONTH TO DATE  190                       266    -76      187
  SINCE MAR 1    190                       266    -76      187
  SINCE JUL 1   1205                      1674   -469     1355

 COOLING
  TODAY            0                         0      0        0
  MONTH TO DATE    0                         0      0        0
  SINCE MAR 1      0                         0      0        0
  SINCE JAN 1      0                         0      0        6
..................................................................


WIND (MPH)
  RESULTANT WIND SPEED   4   RESULTANT WIND DIRECTION   W (280)
  HIGHEST WIND SPEED    13   HIGHEST WIND DIRECTION     W (260)
  HIGHEST GUST SPEED    20   HIGHEST GUST DIRECTION     W (260)
  AVERAGE WIND SPEED     6.1


SKY COVER
  POSSIBLE SUNSHINE  MM
  AVERAGE SKY COVER 0.0


WEATHER CONDITIONS
 THE FOLLOWING WEATHER WAS RECORDED TODAY.
  NO SIGNIFICANT WEATHER WAS OBSERVED.


RELATIVE HUMIDITY (PERCENT)
 HIGHEST   100           400 AM
 LOWEST     53           100 PM
 AVERAGE    77

..........................................................


THE OCEANSIDE AIRPORT CA CLIMATE NORMALS FOR TOMORROW
                         NORMAL    RECORD    YEAR
 MAXIMUM TEMPERATURE (F)   66        88      2004
 MINIMUM TEMPERATURE (F)   47        40      2007


SUNRISE AND SUNSET
MARCH 28 2017.........SUNRISE   642 AM PDT   SUNSET   707 PM PDT
MARCH 29 2017.........SUNRISE   641 AM PDT   SUNSET   708 PM PDT


-  INDICATES NEGATIVE NUMBERS.
R  INDICATES RECORD WAS SET OR TIED.
MM INDICATES DATA IS MISSING.
T  INDICATES TRACE AMOUNT.




$$
