000
CDUS44 KOUN 280646
CLIOKC

CLIMATE REPORT
NATIONAL WEATHER SERVICE NORMAN OK
145 AM CDT WED SEP 28 2016


...................................

...THE OKLAHOMA CITY CLIMATE SUMMARY FOR SEPTEMBER 27 2016...

CLIMATE NORMAL PERIOD 1981 TO 2010
CLIMATE RECORD PERIOD 1890 TO 2016


WEATHER ITEM   OBSERVED TIME   RECORD YEAR NORMAL DEPARTURE LAST
                VALUE   (LST)  VALUE       VALUE  FROM      YEAR
                                                  NORMAL
..................................................................
TEMPERATURE (F)
 YESTERDAY
  MAXIMUM         81    247 PM  96    1953  80      1       86
  MINIMUM         48    557 AM  38    1942  59    -11       61
  AVERAGE         65                        69     -4       74

PRECIPITATION (IN)
  YESTERDAY        0.00          1.75 1936   0.13  -0.13     0.00
  MONTH TO DATE    4.25                      3.69   0.56     1.06
  SINCE JAN 1     24.16                     28.58  -4.42    43.97

DEGREE DAYS
 HEATING
  YESTERDAY        0                         2     -2        0
  MONTH TO DATE    0                        13    -13        0
  SINCE JUL 1      0                        13    -13        0

 COOLING
  YESTERDAY        0                         6     -6        9
  MONTH TO DATE  324                       270     54      357
  SINCE JAN 1   2050                      2007     43     1937
..................................................................


WIND (MPH)
  HIGHEST WIND SPEED    13   HIGHEST WIND DIRECTION    SW (210)
  HIGHEST GUST SPEED    16   HIGHEST GUST DIRECTION    SW (210)
  AVERAGE WIND SPEED     4.6


SKY COVER
  AVERAGE SKY COVER 0.4


WEATHER CONDITIONS
 THE FOLLOWING WEATHER WAS RECORDED YESTERDAY.
  FOG
  HAZE


RELATIVE HUMIDITY (PERCENT)
 HIGHEST    89           300 AM
 LOWEST     30           300 PM
 AVERAGE    60

..........................................................


THE OKLAHOMA CITY CLIMATE NORMALS FOR TODAY
                         NORMAL    RECORD    YEAR
 MAXIMUM TEMPERATURE (F)   80       104      1953
 MINIMUM TEMPERATURE (F)   58        37      1896


SUNRISE AND SUNSET
SEPTEMBER 28 2016.....SUNRISE   723 AM CDT   SUNSET   718 PM CDT
SEPTEMBER 29 2016.....SUNRISE   724 AM CDT   SUNSET   716 PM CDT


-  INDICATES NEGATIVE NUMBERS.
R  INDICATES RECORD WAS SET OR TIED.
MM INDICATES DATA IS MISSING.
T  INDICATES TRACE AMOUNT.




$$
