000
CDUS44 KOUN 030643
CLIOKC

CLIMATE REPORT
NATIONAL WEATHER SERVICE NORMAN OK
142 AM CDT WED JUN 3 2015


...................................

...THE OKLAHOMA CITY CLIMATE SUMMARY FOR JUNE 2 2015...

CLIMATE NORMAL PERIOD 1981 TO 2010
CLIMATE RECORD PERIOD 1890 TO 2015


WEATHER ITEM   OBSERVED TIME   RECORD YEAR NORMAL DEPARTURE LAST
                VALUE   (LST)  VALUE       VALUE  FROM      YEAR
                                                  NORMAL
..................................................................
TEMPERATURE (F)
 YESTERDAY
  MAXIMUM         88    324 PM 105    1998  84      4       90
  MINIMUM         64    436 AM  46    1917  65     -1       66
  AVERAGE         76                        74      2       78

PRECIPITATION (IN)
  YESTERDAY        0.00          1.66 1973   0.19  -0.19     0.19
                                      1957
  MONTH TO DATE    0.00                      0.37  -0.37     0.19
  SINCE JAN 1     28.66                     14.12  14.54     7.32

DEGREE DAYS
 COOLING
  YESTERDAY       11                        10      1       13
  MONTH TO DATE   15                        19     -4       26
  SINCE JAN 1    192                       269    -77      316
..................................................................


WIND (MPH)
  HIGHEST WIND SPEED    21   HIGHEST WIND DIRECTION     S (180)
  HIGHEST GUST SPEED    26   HIGHEST GUST DIRECTION     S (180)
  AVERAGE WIND SPEED    12.4


SKY COVER
  AVERAGE SKY COVER 0.6


WEATHER CONDITIONS
 THE FOLLOWING WEATHER WAS RECORDED YESTERDAY.
  NO SIGNIFICANT WEATHER WAS OBSERVED.


RELATIVE HUMIDITY (PERCENT)
 HIGHEST    93           100 AM
 LOWEST     46           300 PM
 AVERAGE    70

..........................................................


THE OKLAHOMA CITY CLIMATE NORMALS FOR TODAY
                         NORMAL    RECORD    YEAR
 MAXIMUM TEMPERATURE (F)   85        98      1998
 MINIMUM TEMPERATURE (F)   65        49      1919


SUNRISE AND SUNSET
JUNE  3 2015..........SUNRISE   616 AM CDT   SUNSET   841 PM CDT
JUNE  4 2015..........SUNRISE   616 AM CDT   SUNSET   842 PM CDT


-  INDICATES NEGATIVE NUMBERS.
R  INDICATES RECORD WAS SET OR TIED.
MM INDICATES DATA IS MISSING.
T  INDICATES TRACE AMOUNT.




$$
