000
CDUS44 KOUN 210638
CLIOKC

CLIMATE REPORT
NATIONAL WEATHER SERVICE NORMAN OK
138 AM CDT TUE OCT 21 2014

...................................

...THE OKLAHOMA CITY CLIMATE SUMMARY FOR OCTOBER 20 2014...

CLIMATE NORMAL PERIOD 1981 TO 2010
CLIMATE RECORD PERIOD 1890 TO 2014


WEATHER ITEM   OBSERVED TIME   RECORD YEAR NORMAL DEPARTURE LAST
                VALUE   (LST)  VALUE       VALUE  FROM      YEAR
                                                  NORMAL
..................................................................
TEMPERATURE (F)
 YESTERDAY
  MAXIMUM         83    344 PM  93    1979  72     11       73
  MINIMUM         55    636 AM  26    1976  50      5       40
  AVERAGE         69                        61      8       57

PRECIPITATION (IN)
  YESTERDAY        0.00          5.45 1983   0.12  -0.12     0.00
  MONTH TO DATE    2.23                      2.45  -0.22     2.88
  SINCE JAN 1     25.09                     31.40  -6.31    50.02

SNOWFALL (IN)
  YESTERDAY        0.0           0.0    MM   0.0    0.0      0.0
  MONTH TO DATE    0.0                       0.0    0.0      0.0
  SINCE JUL 1      0.0                       0.0    0.0      0.0
  SNOW DEPTH       0

DEGREE DAYS
 HEATING
  YESTERDAY        0                         5     -5        8
  MONTH TO DATE   44                        69    -25       90
  SINCE JUL 1     55                        88    -33       93

 COOLING
  YESTERDAY        4                         1      3        0
  MONTH TO DATE   84                        56     28       71
  SINCE JAN 1   2075                      2081     -6     2056
..................................................................


WIND (MPH)
  HIGHEST WIND SPEED    14   HIGHEST WIND DIRECTION    SW (240)
  HIGHEST GUST SPEED    17   HIGHEST GUST DIRECTION    SW (240)
  AVERAGE WIND SPEED     5.6


SKY COVER
  AVERAGE SKY COVER 0.4


WEATHER CONDITIONS
 THE FOLLOWING WEATHER WAS RECORDED YESTERDAY.
  NO SIGNIFICANT WEATHER WAS OBSERVED.


RELATIVE HUMIDITY (PERCENT)
 HIGHEST    93           600 AM
 LOWEST     47           200 PM
 AVERAGE    70

..........................................................


THE OKLAHOMA CITY CLIMATE NORMALS FOR TODAY
                         NORMAL    RECORD    YEAR
 MAXIMUM TEMPERATURE (F)   72        90      2004
                                             1978
 MINIMUM TEMPERATURE (F)   50        30      1917


SUNRISE AND SUNSET
OCTOBER 21 2014.......SUNRISE   742 AM CDT   SUNSET   648 PM CDT
OCTOBER 22 2014.......SUNRISE   743 AM CDT   SUNSET   646 PM CDT


-  INDICATES NEGATIVE NUMBERS.
R  INDICATES RECORD WAS SET OR TIED.
MM INDICATES DATA IS MISSING.
T  INDICATES TRACE AMOUNT.




$$
