000
CDUS44 KOUN 302218
CLIOKC

CLIMATE REPORT
NATIONAL WEATHER SERVICE NORMAN OK
514 PM CDT WED JUL 30 2014


...................................

...THE OKLAHOMA CITY CLIMATE SUMMARY FOR JULY 30 2014...
VALID TODAY AS OF 0500 PM LOCAL TIME.

CLIMATE NORMAL PERIOD 1981 TO 2010
CLIMATE RECORD PERIOD 1890 TO 2014


WEATHER ITEM   OBSERVED TIME   RECORD YEAR NORMAL DEPARTURE LAST
                VALUE   (LST)  VALUE       VALUE  FROM      YEAR
                                                  NORMAL
..................................................................
TEMPERATURE (F)
 TODAY
  MAXIMUM         73    224 PM 108    1986  95    -22       93
  MINIMUM         67    815 AM  57    1971  73     -6       71
  AVERAGE         70                        84    -14       82

PRECIPITATION (IN)
  TODAY            1.05          1.16 2013   0.09   0.96     1.16
  MONTH TO DATE    3.50                      2.84   0.66     9.84
  SINCE JAN 1     19.23                     21.52  -2.29    41.69

DEGREE DAYS
 COOLING
  TODAY            5                        19    -14       17
  MONTH TO DATE  440                       543   -103      506
  SINCE JAN 1   1130                      1183    -53     1085
..................................................................


WIND (MPH)
  HIGHEST WIND SPEED    17   HIGHEST WIND DIRECTION    NW (330)
  HIGHEST GUST SPEED    25   HIGHEST GUST DIRECTION     S (170)
  AVERAGE WIND SPEED     9.6


SKY COVER
  AVERAGE SKY COVER 0.8


WEATHER CONDITIONS
 THE FOLLOWING WEATHER WAS RECORDED TODAY.
  HEAVY RAIN
  RAIN
  LIGHT RAIN
  FOG


RELATIVE HUMIDITY (PERCENT)
 HIGHEST    93           700 AM
 LOWEST     84           300 AM
 AVERAGE    89

..........................................................


THE OKLAHOMA CITY CLIMATE NORMALS FOR TOMORROW
                         NORMAL    RECORD    YEAR
 MAXIMUM TEMPERATURE (F)   95       108      2012
 MINIMUM TEMPERATURE (F)   73        53      1971


SUNRISE AND SUNSET
JULY 30 2014..........SUNRISE   638 AM CDT   SUNSET   836 PM CDT
JULY 31 2014..........SUNRISE   638 AM CDT   SUNSET   835 PM CDT


-  INDICATES NEGATIVE NUMBERS.
R  INDICATES RECORD WAS SET OR TIED.
MM INDICATES DATA IS MISSING.
T  INDICATES TRACE AMOUNT.




$$
