000
CDUS44 KOUN 180642
CLIOKC

OUNCLIOKC 000
TTAA00 KOUN 180635


CLIMATE REPORT
NATIONAL WEATHER SERVICE NORMAN OK
1235 AM CST SUN FEB 18 2018


...................................

...THE OKLAHOMA CITY CLIMATE SUMMARY FOR FEBRUARY 17 2018...

CLIMATE NORMAL PERIOD 1981 TO 2010
CLIMATE RECORD PERIOD 1890 TO 2018


WEATHER ITEM   OBSERVED TIME   RECORD YEAR NORMAL DEPARTURE LAST
                VALUE   (LST)  VALUE       VALUE  FROM      YEAR
                                                  NORMAL
..................................................................
TEMPERATURE (F)
 YESTERDAY
  MAXIMUM         59    503 PM  80    2011  55      4       72
  MINIMUM         35    745 AM   5    1900  33      2       38
  AVERAGE         47                        44      3       55

PRECIPITATION (IN)
  YESTERDAY        0.35          0.88 1961   0.06   0.29     0.00
  MONTH TO DATE    0.38                      0.90  -0.52     1.45
  SINCE DEC 1      1.26                      4.17  -2.91     3.81
  SINCE JAN 1      0.58                      2.29  -1.71     3.02

SNOWFALL (IN)
  YESTERDAY        0.0           3.8  1940   0.1    0.0      0.0
  MONTH TO DATE    0.0                       1.0   -1.0      0.0
  SINCE DEC 1      0.1                       5.9   -5.8      2.1
  SINCE JUL 1      0.1                       6.3   -6.2      2.1
  SNOW DEPTH       0

DEGREE DAYS
 HEATING
  YESTERDAY       18                        21     -3       10
  MONTH TO DATE  457                       386     71      283
  SINCE DEC 1   2087                      1940    147     1787
  SINCE JUL 1   2637                      2539     98     2110

 COOLING
  YESTERDAY        0                         0      0        0
  MONTH TO DATE    4                         0      4        7
  SINCE DEC 1      4                         0      4        7
  SINCE JAN 1      4                         0      4        7
..................................................................


WIND (MPH)
  HIGHEST WIND SPEED    25   HIGHEST WIND DIRECTION    NW (300)
  HIGHEST GUST SPEED    29   HIGHEST GUST DIRECTION    NW (300)
  AVERAGE WIND SPEED     8.5


SKY COVER
  AVERAGE SKY COVER 0.8


WEATHER CONDITIONS
 THE FOLLOWING WEATHER WAS RECORDED YESTERDAY.
  RAIN
  LIGHT RAIN
  FOG


RELATIVE HUMIDITY (PERCENT)
 HIGHEST   100           200 AM
 LOWEST     26           600 PM
 AVERAGE    63

..........................................................


THE OKLAHOMA CITY CLIMATE NORMALS FOR TODAY
                         NORMAL    RECORD    YEAR
 MAXIMUM TEMPERATURE (F)   55        78      2016
                                             1986
 MINIMUM TEMPERATURE (F)   34        -1      1978


SUNRISE AND SUNSET
FEBRUARY 18 2018......SUNRISE   713 AM CST   SUNSET   616 PM CST
FEBRUARY 19 2018......SUNRISE   712 AM CST   SUNSET   617 PM CST


-  INDICATES NEGATIVE NUMBERS.
R  INDICATES RECORD WAS SET OR TIED.
MM INDICATES DATA IS MISSING.
T  INDICATES TRACE AMOUNT.




$$
