000
CDUS44 KOUN 210641
CLIOKC

CLIMATE REPORT
NATIONAL WEATHER SERVICE NORMAN OK
131 AM CDT FRI JUL 21 2017


...................................

...THE OKLAHOMA CITY CLIMATE SUMMARY FOR JULY 20 2017...

CLIMATE NORMAL PERIOD 1981 TO 2010
CLIMATE RECORD PERIOD 1890 TO 2017


WEATHER ITEM   OBSERVED TIME   RECORD YEAR NORMAL DEPARTURE LAST
                VALUE   (LST)  VALUE       VALUE  FROM      YEAR
                                                  NORMAL
..................................................................
TEMPERATURE (F)
 YESTERDAY
  MAXIMUM        101    311 PM 109    2012  95      6       96
  MINIMUM         73    500 AM  60    1970  73      0       73
  AVERAGE         87                        84      3       85

PRECIPITATION (IN)
  YESTERDAY        0.00          1.48 1897   0.09  -0.09     0.00
  MONTH TO DATE    1.31                      1.95  -0.64     1.44
  SINCE JUN 1      1.42                      6.88  -5.46     4.74
  SINCE JAN 1     16.08                     20.63  -4.55    17.15

SNOWFALL (IN)
  YESTERDAY        0.0

DEGREE DAYS
 HEATING
  YESTERDAY        0                         0      0        0
  MONTH TO DATE    0                         0      0        0
  SINCE JUN 1      0                         1     -1        0
  SINCE JUL 1      0                         0      0        0

 COOLING
  YESTERDAY       22                        19      3       20
  MONTH TO DATE  347                       353     -6      370
  SINCE JUN 1    737                       743     -6      806
  SINCE JAN 1    962                       993    -31      992
..................................................................


WIND (MPH)
  HIGHEST WIND SPEED    18   HIGHEST WIND DIRECTION     S (190)
  HIGHEST GUST SPEED    24   HIGHEST GUST DIRECTION     S (160)
  AVERAGE WIND SPEED    10.8


SKY COVER
  AVERAGE SKY COVER 0.2


WEATHER CONDITIONS
 THE FOLLOWING WEATHER WAS RECORDED YESTERDAY.
  NO SIGNIFICANT WEATHER WAS OBSERVED.


RELATIVE HUMIDITY (PERCENT)
 HIGHEST    87           500 AM
 LOWEST     27           300 PM
 AVERAGE    57

..........................................................


THE OKLAHOMA CITY CLIMATE NORMALS FOR TODAY
                         NORMAL    RECORD    YEAR
 MAXIMUM TEMPERATURE (F)   95       107      1939
 MINIMUM TEMPERATURE (F)   73        54      1970


SUNRISE AND SUNSET
JULY 21 2017..........SUNRISE   631 AM CDT   SUNSET   842 PM CDT
JULY 22 2017..........SUNRISE   632 AM CDT   SUNSET   842 PM CDT


-  INDICATES NEGATIVE NUMBERS.
R  INDICATES RECORD WAS SET OR TIED.
MM INDICATES DATA IS MISSING.
T  INDICATES TRACE AMOUNT.




$$
