000
CDUS44 KOUN 290630
CLIOKC

CLIMATE REPORT
NATIONAL WEATHER SERVICE NORMAN OK
128 AM CDT SUN MAR 29 2015


...................................

...THE OKLAHOMA CITY CLIMATE SUMMARY FOR MARCH 28 2015...

CLIMATE NORMAL PERIOD 1981 TO 2010
CLIMATE RECORD PERIOD 1890 TO 2015


WEATHER ITEM   OBSERVED TIME   RECORD YEAR NORMAL DEPARTURE LAST
                VALUE   (LST)  VALUE       VALUE  FROM      YEAR
                                                  NORMAL
..................................................................
TEMPERATURE (F)
 YESTERDAY
  MAXIMUM         78    441 PM  88    1928  67     11       60
  MINIMUM         42   1208 AM  16    1931  44     -2       44
  AVERAGE         60                        56      4       52

PRECIPITATION (IN)
  YESTERDAY        0.00          2.84 1988   0.11  -0.11     0.00
  MONTH TO DATE    1.97                      2.75  -0.78     1.26
  SINCE JAN 1      4.18                      5.72  -1.54     1.69

SNOWFALL (IN)
  YESTERDAY        0.0           1.7  1970   0.1   -0.1      0.0
  MONTH TO DATE    3.0                       0.9    2.1      1.5
  SINCE JUL 1     13.6                       7.6    6.0     10.2
  SNOW DEPTH       0

DEGREE DAYS
 HEATING
  YESTERDAY        5                        10     -5       13
  MONTH TO DATE  352                       381    -29      502
  SINCE JUL 1   3127                      3131     -4     3590

 COOLING
  YESTERDAY        0                         1     -1        0
  MONTH TO DATE    5                         7     -2        4
  SINCE JAN 1      5                         8     -3        4
..................................................................


WIND (MPH)
  HIGHEST WIND SPEED    21   HIGHEST WIND DIRECTION     S (200)
  HIGHEST GUST SPEED    24   HIGHEST GUST DIRECTION     S (200)
  AVERAGE WIND SPEED     8.6


SKY COVER
  AVERAGE SKY COVER 0.3


WEATHER CONDITIONS
 THE FOLLOWING WEATHER WAS RECORDED YESTERDAY.
  NO SIGNIFICANT WEATHER WAS OBSERVED.


RELATIVE HUMIDITY (PERCENT)
 HIGHEST    82          1200 AM
 LOWEST     29           500 PM
 AVERAGE    56

..........................................................


THE OKLAHOMA CITY CLIMATE NORMALS FOR TODAY
                         NORMAL    RECORD    YEAR
 MAXIMUM TEMPERATURE (F)   67        87      1895
 MINIMUM TEMPERATURE (F)   44        19      1894


SUNRISE AND SUNSET
MARCH 29 2015.........SUNRISE   722 AM CDT   SUNSET   749 PM CDT
MARCH 30 2015.........SUNRISE   720 AM CDT   SUNSET   750 PM CDT


-  INDICATES NEGATIVE NUMBERS.
R  INDICATES RECORD WAS SET OR TIED.
MM INDICATES DATA IS MISSING.
T  INDICATES TRACE AMOUNT.




$$
