000
CDUS44 KOUN 260626
CLIOKC

CLIMATE REPORT
NATIONAL WEATHER SERVICE NORMAN OK
126 AM CDT FRI MAY 26 2017


...................................

...THE OKLAHOMA CITY CLIMATE SUMMARY FOR MAY 25 2017...

CLIMATE NORMAL PERIOD 1981 TO 2010
CLIMATE RECORD PERIOD 1890 TO 2017


WEATHER ITEM   OBSERVED TIME   RECORD YEAR NORMAL DEPARTURE LAST
                VALUE   (LST)  VALUE       VALUE  FROM      YEAR
                                                  NORMAL
..................................................................
TEMPERATURE (F)
 YESTERDAY
  MAXIMUM         87    438 PM  96    2006  82      5       89
  MINIMUM         52    242 AM  45    2001  62    -10       74
  AVERAGE         70                        72     -2       82

PRECIPITATION (IN)
  YESTERDAY        0.00          1.49 1968   0.14  -0.14     0.00
  MONTH TO DATE    1.10                      3.67  -2.57     1.98
  SINCE MAR 1      9.97                      9.80   0.17    10.31
  SINCE JAN 1     14.66                     12.77   1.89    11.77

SNOWFALL (IN)
  YESTERDAY        0.0           0.0    MM   0.0    0.0      0.0
  MONTH TO DATE    0.0                       0.0    0.0      0.0
  SINCE MAR 1      T                         0.9   -0.9       T
  SINCE JUL 1      2.1                       7.6   -5.5      1.2
  SNOW DEPTH       0

DEGREE DAYS
 HEATING
  YESTERDAY        0                         0      0        0
  MONTH TO DATE   49                        31     18       60
  SINCE MAR 1    481                       613   -132      460
  SINCE JUL 1   2701                      3363   -662     2817

 COOLING
  YESTERDAY        5                         8     -3       17
  MONTH TO DATE   65                       132    -67       86
  SINCE MAR 1    156                       197    -41      124
  SINCE JAN 1    165                       198    -33      128
..................................................................


WIND (MPH)
  HIGHEST WIND SPEED    26   HIGHEST WIND DIRECTION     S (180)
  HIGHEST GUST SPEED    34   HIGHEST GUST DIRECTION     S (180)
  AVERAGE WIND SPEED    16.0


SKY COVER
  AVERAGE SKY COVER 0.5


WEATHER CONDITIONS
 THE FOLLOWING WEATHER WAS RECORDED YESTERDAY.
  NO SIGNIFICANT WEATHER WAS OBSERVED.


RELATIVE HUMIDITY (PERCENT)
 HIGHEST    77           200 AM
 LOWEST     40           300 PM
 AVERAGE    59

..........................................................


THE OKLAHOMA CITY CLIMATE NORMALS FOR TODAY
                         NORMAL    RECORD    YEAR
 MAXIMUM TEMPERATURE (F)   83        96      1953
 MINIMUM TEMPERATURE (F)   63        45      1901


SUNRISE AND SUNSET
MAY 26 2017...........SUNRISE   619 AM CDT   SUNSET   836 PM CDT
MAY 27 2017...........SUNRISE   618 AM CDT   SUNSET   837 PM CDT


-  INDICATES NEGATIVE NUMBERS.
R  INDICATES RECORD WAS SET OR TIED.
MM INDICATES DATA IS MISSING.
T  INDICATES TRACE AMOUNT.




$$
