000
CDUS44 KOUN 270629
CLIOKC

OUNCLIOKC 000
TTAA00 KOUN 270627


CLIMATE REPORT
NATIONAL WEATHER SERVICE NORMAN OK
126 AM CDT SAT AUG 27 2016


...................................

...THE OKLAHOMA CITY CLIMATE SUMMARY FOR AUGUST 26 2016...

CLIMATE NORMAL PERIOD 1981 TO 2010
CLIMATE RECORD PERIOD 1890 TO 2016


WEATHER ITEM   OBSERVED TIME   RECORD YEAR NORMAL DEPARTURE LAST
                VALUE   (LST)  VALUE       VALUE  FROM      YEAR
                                                  NORMAL
..................................................................
TEMPERATURE (F)
 YESTERDAY
  MAXIMUM         93    252 PM 105    1999  92      1       92
  MINIMUM         68    626 AM  53    1910  70     -2       69
  AVERAGE         81                        81      0       81

PRECIPITATION (IN)
  YESTERDAY        0.08          1.99 2006   0.10  -0.02     0.00
  MONTH TO DATE    0.24                      2.73  -2.49     1.17
  SINCE JAN 1     19.60                     24.34  -4.74    42.91

DEGREE DAYS
 COOLING
  YESTERDAY       16                        16      0       16
  MONTH TO DATE  451                       462    -11      386
  SINCE JAN 1   1646                      1661    -15     1509
..................................................................


WIND (MPH)
  HIGHEST WIND SPEED    21   HIGHEST WIND DIRECTION    SE (130)
  HIGHEST GUST SPEED    25   HIGHEST GUST DIRECTION    SE (130)
  AVERAGE WIND SPEED     7.1


SKY COVER
  AVERAGE SKY COVER 0.7


WEATHER CONDITIONS
 THE FOLLOWING WEATHER WAS RECORDED YESTERDAY.
  THUNDERSTORM
  LIGHT RAIN
  FOG


RELATIVE HUMIDITY (PERCENT)
 HIGHEST    93           900 PM
 LOWEST     41           300 PM
 AVERAGE    67

..........................................................


THE OKLAHOMA CITY CLIMATE NORMALS FOR TODAY
                         NORMAL    RECORD    YEAR
 MAXIMUM TEMPERATURE (F)   92       105      2011
 MINIMUM TEMPERATURE (F)   70        52      1906


SUNRISE AND SUNSET
AUGUST 27 2016........SUNRISE   659 AM CDT   SUNSET   803 PM CDT
AUGUST 28 2016........SUNRISE   700 AM CDT   SUNSET   802 PM CDT


-  INDICATES NEGATIVE NUMBERS.
R  INDICATES RECORD WAS SET OR TIED.
MM INDICATES DATA IS MISSING.
T  INDICATES TRACE AMOUNT.




$$
