000
CDUS44 KOUN 280628
CLIOKC

CLIMATE REPORT
NATIONAL WEATHER SERVICE NORMAN OK
127 AM CDT TUE MAR 28 2017


...................................

...THE OKLAHOMA CITY CLIMATE SUMMARY FOR MARCH 27 2017...

CLIMATE NORMAL PERIOD 1981 TO 2010
CLIMATE RECORD PERIOD 1890 TO 2017


WEATHER ITEM   OBSERVED TIME   RECORD YEAR NORMAL DEPARTURE LAST
                VALUE   (LST)  VALUE       VALUE  FROM      YEAR
                                                  NORMAL
..................................................................
TEMPERATURE (F)
 YESTERDAY
  MAXIMUM         69    530 PM  90    1895  67      2       57
  MINIMUM         52    912 AM  13    1913  44      8       37
  AVERAGE         61                        55      6       47

PRECIPITATION (IN)
  YESTERDAY        0.00          2.09 1912   0.10  -0.10     0.01
  MONTH TO DATE    0.09                      2.64  -2.55     0.88
  SINCE JAN 1      4.78                      5.61  -0.83     2.34

SNOWFALL (IN)
  YESTERDAY        0.0           2.2  1931   0.0    0.0      0.0
  MONTH TO DATE    0.0                       0.8   -0.8      0.0
  SINCE JUL 1      2.1                       7.5   -5.4      1.2
  SNOW DEPTH       0

DEGREE DAYS
 HEATING
  YESTERDAY        4                        10     -6       18
  MONTH TO DATE  243                       371   -128      265
  SINCE JUL 1   2463                      3121   -658     2622

 COOLING
  YESTERDAY        0                         1     -1        0
  MONTH TO DATE   48                         6     42        0
  SINCE JAN 1     57                         7     50        4
..................................................................


WIND (MPH)
  HIGHEST WIND SPEED    28   HIGHEST WIND DIRECTION    NW (320)
  HIGHEST GUST SPEED    33   HIGHEST GUST DIRECTION    NW (320)
  AVERAGE WIND SPEED    13.6


SKY COVER
  AVERAGE SKY COVER 0.6


WEATHER CONDITIONS
 THE FOLLOWING WEATHER WAS RECORDED YESTERDAY.
  NO SIGNIFICANT WEATHER WAS OBSERVED.


RELATIVE HUMIDITY (PERCENT)
 HIGHEST    89          1200 AM
 LOWEST     42           600 PM
 AVERAGE    66

..........................................................


THE OKLAHOMA CITY CLIMATE NORMALS FOR TODAY
                         NORMAL    RECORD    YEAR
 MAXIMUM TEMPERATURE (F)   67        88      1928
 MINIMUM TEMPERATURE (F)   44        16      1931


SUNRISE AND SUNSET
MARCH 28 2017.........SUNRISE   722 AM CDT   SUNSET   749 PM CDT
MARCH 29 2017.........SUNRISE   721 AM CDT   SUNSET   750 PM CDT


-  INDICATES NEGATIVE NUMBERS.
R  INDICATES RECORD WAS SET OR TIED.
MM INDICATES DATA IS MISSING.
T  INDICATES TRACE AMOUNT.




$$
