000
CDUS45 KGGW 221235
CLIOLF


CLIMATE REPORT
NATIONAL WEATHER SERVICE GLASGOW MT
632 AM MDT FRI SEP 22 2017


...................................

...THE WOLF POINT MT CLIMATE SUMMARY FOR SEPTEMBER 22 2017...
VALID AS OF 0600 AM LOCAL TIME.

CLIMATE NORMAL PERIOD 1981 TO 2010
CLIMATE RECORD PERIOD 9999 TO 9999


WEATHER ITEM   OBSERVED RECORD YEAR NORMAL DEPARTURE
                VALUE   VALUE       VALUE  FROM
                                           NORMAL
........................................................
TEMPERATURE (F)
 TODAY
  MAXIMUM         52     MM      MM  71
  MINIMUM         46     MM      MM  38
  AVERAGE         49

PRECIPITATION (IN)
  TODAY            0.05  MM      MM   0.02   0.03
  MONTH TO DATE    1.06               0.76   0.30
  SINCE OCT 1      5.39              11.93  -6.54
  SINCE JAN 1      3.52              10.43  -6.91

SNOWFALL (IN)
  TODAY           MM     MM      MM  MM
  MONTH TO DATE    0.0               MM
  SINCE SEP 1      0.0               MM
  SINCE JUL 1      0.0               MM

DEGREE DAYS
 HEATING
  TODAY           16

 COOLING
  TODAY            0
........................................................







THE WOLF POINT MT CLIMATE NORMALS FOR TOMORROW
                         NORMAL    RECORD    YEAR
 MAXIMUM TEMPERATURE (F)   70        MM        MM
 MINIMUM TEMPERATURE (F)   37        MM        MM


SUNRISE AND SUNSET
SEPTEMBER 22 2017.....SUNRISE   649 AM MDT   SUNSET   659 PM MDT
SEPTEMBER 23 2017.....SUNRISE   651 AM MDT   SUNSET   657 PM MDT


-  INDICATES NEGATIVE NUMBERS.
R  INDICATES RECORD WAS SET OR TIED.
MM INDICATES DATA IS MISSING.
T  INDICATES TRACE AMOUNT.




$$
