000
CDUS45 KGGW 260020
CLIOLF


CLIMATE REPORT
NATIONAL WEATHER SERVICE GLASGOW MT
619 PM MDT TUE JUL 25 2017


...................................

...THE WOLF POINT MT CLIMATE SUMMARY FOR JULY 25 2017...
VALID TODAY AS OF 0500 PM LOCAL TIME.

CLIMATE NORMAL PERIOD 1981 TO 2010
CLIMATE RECORD PERIOD 9999 TO 9999


WEATHER ITEM   OBSERVED RECORD YEAR NORMAL DEPARTURE
                VALUE   VALUE       VALUE  FROM
                                           NORMAL
........................................................
TEMPERATURE (F)
 TODAY
  MAXIMUM         89     MM      MM  88
  MINIMUM         62     MM      MM  56
  AVERAGE         76

PRECIPITATION (IN)
  TODAY            0.01  MM      MM   0.06  -0.05
  MONTH TO DATE    0.10               1.61  -1.51
  SINCE OCT 1      3.78               9.52  -5.74
  SINCE JAN 1      1.91               8.02  -6.11

SNOWFALL (IN)
  TODAY            0.0   MM      MM  MM
  MONTH TO DATE    0.0               MM
  SINCE JUN 1      0.0               MM
  SINCE JUL 1      0.0               MM

DEGREE DAYS
 HEATING
  TODAY            0

 COOLING
  TODAY           11
........................................................







THE WOLF POINT MT CLIMATE NORMALS FOR TOMORROW
                         NORMAL    RECORD    YEAR
 MAXIMUM TEMPERATURE (F)   88        MM        MM
 MINIMUM TEMPERATURE (F)   56        MM        MM


SUNRISE AND SUNSET
JULY 25 2017..........SUNRISE   530 AM MDT   SUNSET   847 PM MDT
JULY 26 2017..........SUNRISE   531 AM MDT   SUNSET   846 PM MDT


-  INDICATES NEGATIVE NUMBERS.
R  INDICATES RECORD WAS SET OR TIED.
MM INDICATES DATA IS MISSING.
T  INDICATES TRACE AMOUNT.




$$
