000
CDUS45 KGGW 010018
CLIOLF


CLIMATE REPORT
NATIONAL WEATHER SERVICE GLASGOW MT
617 PM MDT TUE MAY 31 2016


...................................

...THE WOLF POINT MT CLIMATE SUMMARY FOR MAY 31 2016...
VALID TODAY AS OF 0500 PM LOCAL TIME.

CLIMATE NORMAL PERIOD 1981 TO 2010
CLIMATE RECORD PERIOD 9999 TO 9999


WEATHER ITEM   OBSERVED RECORD YEAR NORMAL DEPARTURE
                VALUE   VALUE       VALUE  FROM
                                           NORMAL
........................................................
TEMPERATURE (F)
 TODAY
  MAXIMUM         MM     MM      MM  73
  MINIMUM         MM     MM      MM  45
  AVERAGE         MM

PRECIPITATION (IN)
  TODAY            0.07  MM      MM   0.11  -0.04
  MONTH TO DATE    1.97               1.78   0.19
  SINCE OCT 1      6.92               5.20   1.72
  SINCE JAN 1      5.25               3.70   1.55

SNOWFALL (IN)
  TODAY           MM     MM      MM  MM
  MONTH TO DATE    0.0               MM
  SINCE MAR 1      0.0               MM
  SINCE JUL 1      0.0               MM

DEGREE DAYS
 HEATING
  TODAY           MM

 COOLING
  TODAY           MM
........................................................







THE WOLF POINT MT CLIMATE NORMALS FOR TOMORROW
                         NORMAL    RECORD    YEAR
 MAXIMUM TEMPERATURE (F)   73        MM        MM
 MINIMUM TEMPERATURE (F)   45        MM        MM


SUNRISE AND SUNSET
MAY 31 2016...........SUNRISE   507 AM MDT   SUNSET   854 PM MDT
JUNE  1 2016..........SUNRISE   506 AM MDT   SUNSET   855 PM MDT


-  INDICATES NEGATIVE NUMBERS.
R  INDICATES RECORD WAS SET OR TIED.
MM INDICATES DATA IS MISSING.
T  INDICATES TRACE AMOUNT.




$$
