000
CDUS45 KGGW 190020
CLIOLF


CLIMATE REPORT
NATIONAL WEATHER SERVICE GLASGOW MT
620 PM MDT THU SEP 18 2014


...................................

...THE WOLF POINT MT CLIMATE SUMMARY FOR SEPTEMBER 18 2014...
VALID TODAY AS OF 0500 PM LOCAL TIME.

CLIMATE NORMAL PERIOD 1981 TO 2010
CLIMATE RECORD PERIOD 9999 TO 9999


WEATHER ITEM   OBSERVED RECORD YEAR NORMAL DEPARTURE
                VALUE   VALUE       VALUE  FROM
                                           NORMAL
........................................................
TEMPERATURE (F)
 TODAY
  MAXIMUM         79     MM      MM  73
  MINIMUM         49     MM      MM  39
  AVERAGE         64

PRECIPITATION (IN)
  TODAY            0.00  MM      MM   0.02  -0.02
  MONTH TO DATE    0.14               0.66  -0.52
  SINCE OCT 1     13.13              11.83   1.30
  SINCE JAN 1     12.57              10.33   2.24

SNOWFALL (IN)
  TODAY            0.0   MM      MM  MM
  MONTH TO DATE    0.0               MM
  SINCE SEP 1      0.0               MM
  SINCE JUL 1      0.0               MM

DEGREE DAYS
 HEATING
  TODAY            1

 COOLING
  TODAY            0
........................................................







THE WOLF POINT MT CLIMATE NORMALS FOR TOMORROW
                         NORMAL    RECORD    YEAR
 MAXIMUM TEMPERATURE (F)   72        MM        MM
 MINIMUM TEMPERATURE (F)   39        MM        MM


SUNRISE AND SUNSET
SEPTEMBER 18 2014.....SUNRISE   644 AM MDT   SUNSET   708 PM MDT
SEPTEMBER 19 2014.....SUNRISE   645 AM MDT   SUNSET   706 PM MDT


-  INDICATES NEGATIVE NUMBERS.
R  INDICATES RECORD WAS SET OR TIED.
MM INDICATES DATA IS MISSING.
T  INDICATES TRACE AMOUNT.




$$
