000
CDUS46 KSEW 190119
CLIOLM


CLIMATE REPORT
NATIONAL WEATHER SERVICE SEATTLE WA
618 PM PDT FRI APR 18 2014


...................................

...THE OLYMPIA WA AIRPORT CLIMATE SUMMARY FOR APRIL 18 2014...
VALID TODAY AS OF 0600 PM LOCAL TIME.

CLIMATE NORMAL PERIOD 1981 TO 2010
CLIMATE RECORD PERIOD 1948 TO 2014


WEATHER ITEM   OBSERVED TIME   RECORD YEAR NORMAL DEPARTURE LAST
                VALUE   (LST)  VALUE       VALUE  FROM      YEAR
                                                  NORMAL
..................................................................
TEMPERATURE (F)
 TODAY
  MAXIMUM         60    440 PM  81    1962  59      1       53
  MINIMUM         41    559 AM  24    1964  38      3       43
  AVERAGE         51                        48      3       48

PRECIPITATION (IN)
  TODAY            0.00          0.59 1967   0.11  -0.11     0.02
  MONTH TO DATE    1.57                      2.32  -0.75     4.14
  SINCE OCT 1     32.62                     41.41  -8.79    42.93
  SINCE JAN 1     23.78                     20.72   3.06    15.97

DEGREE DAYS
 HEATING
  TODAY           14                        17     -3       17
  MONTH TO DATE  271                       317    -46      325
  SINCE MAR 1    848                       953   -105      934
  SINCE JUL 1   4631                      4675    -44     4621

 COOLING
  TODAY            0                         0      0        0
  MONTH TO DATE    0                         0      0        0
  SINCE MAR 1      0                         0      0        0
  SINCE JAN 1      0                         0      0        0
..................................................................


WIND (MPH)
  RESULTANT WIND SPEED   7   RESULTANT WIND DIRECTION  SW (210)
  HIGHEST WIND SPEED    15   HIGHEST WIND DIRECTION     S (180)
  HIGHEST GUST SPEED    21   HIGHEST GUST DIRECTION     W (260)
  AVERAGE WIND SPEED     7.5


SKY COVER
  AVERAGE SKY COVER 0.7


WEATHER CONDITIONS
 THE FOLLOWING WEATHER WAS RECORDED TODAY.
  NO SIGNIFICANT WEATHER WAS OBSERVED.


RELATIVE HUMIDITY (PERCENT)
 HIGHEST    86           600 AM
 LOWEST     40           400 PM
 AVERAGE    63

..........................................................


THE OLYMPIA WA AIRPORT CLIMATE NORMALS FOR TOMORROW
                         NORMAL    RECORD    YEAR
 MAXIMUM TEMPERATURE (F)   59        78      1950
 MINIMUM TEMPERATURE (F)   38        26      1966
                                             1964


SUNRISE AND SUNSET
APRIL 18 2014.........SUNRISE   618 AM PDT   SUNSET   804 PM PDT
APRIL 19 2014.........SUNRISE   616 AM PDT   SUNSET   806 PM PDT


-  INDICATES NEGATIVE NUMBERS.
R  INDICATES RECORD WAS SET OR TIED.
MM INDICATES DATA IS MISSING.
T  INDICATES TRACE AMOUNT.




$$
