000
CDUS46 KSEW 220830
CLIOLM


CLIMATE REPORT
NATIONAL WEATHER SERVICE SEATTLE WA
130 AM PDT MON SEP 22 2014


...................................

...THE OLYMPIA WA AIRPORT CLIMATE SUMMARY FOR SEPTEMBER 21 2014...

CLIMATE NORMAL PERIOD 1981 TO 2010
CLIMATE RECORD PERIOD 1948 TO 2014


WEATHER ITEM   OBSERVED TIME   RECORD YEAR NORMAL DEPARTURE LAST
                VALUE   (LST)  VALUE       VALUE  FROM      YEAR
                                                  NORMAL
..................................................................
TEMPERATURE (F)
 YESTERDAY
  MAXIMUM         80    227 PM  91    1974  70     10       69
  MINIMUM         48    632 AM  32    1993  45      3       50
                                      1971
                                      1955
  AVERAGE         64                        58      6       60

PRECIPITATION (IN)
  YESTERDAY        0.00          1.51 1972   0.06  -0.06      T
  MONTH TO DATE    0.13                      1.09  -0.96     2.37
  SINCE OCT 1     41.38                     49.38  -8.00    52.59
  SINCE JAN 1     32.54                     28.69   3.85    25.63

DEGREE DAYS
 HEATING
  YESTERDAY        1                         8     -7        5
  MONTH TO DATE   69                       110    -41       40
  SINCE SEP 1     69                       110    -41       40
  SINCE JUL 1    122                       260   -138      117

 COOLING
  YESTERDAY        0                         0      0        0
  MONTH TO DATE    6                         4      2       26
  SINCE SEP 1      6                         4      2       26
  SINCE JAN 1    187                       103     84      147
..................................................................


WIND (MPH)
  RESULTANT WIND SPEED   1   RESULTANT WIND DIRECTION   S (190)
  HIGHEST WIND SPEED     9   HIGHEST WIND DIRECTION     S (180)
  HIGHEST GUST SPEED    12   HIGHEST GUST DIRECTION     N (10)
  AVERAGE WIND SPEED     3.3


SKY COVER
  AVERAGE SKY COVER 0.0


WEATHER CONDITIONS
 THE FOLLOWING WEATHER WAS RECORDED YESTERDAY.
  FOG


RELATIVE HUMIDITY (PERCENT)
 HIGHEST   100           100 AM
 LOWEST     45           200 PM
 AVERAGE    73

..........................................................


THE OLYMPIA WA AIRPORT CLIMATE NORMALS FOR TODAY
                         NORMAL    RECORD    YEAR
 MAXIMUM TEMPERATURE (F)   70        91      1990
 MINIMUM TEMPERATURE (F)   45        31      1961


SUNRISE AND SUNSET
SEPTEMBER 22 2014.....SUNRISE   659 AM PDT   SUNSET   709 PM PDT
SEPTEMBER 23 2014.....SUNRISE   700 AM PDT   SUNSET   707 PM PDT


-  INDICATES NEGATIVE NUMBERS.
R  INDICATES RECORD WAS SET OR TIED.
MM INDICATES DATA IS MISSING.
T  INDICATES TRACE AMOUNT.




$$
