000
CDUS46 KSEW 210834
CLIOLM


CLIMATE REPORT
NATIONAL WEATHER SERVICE SEATTLE WA
134 AM PDT THU AUG 21 2014


...................................

...THE OLYMPIA WA AIRPORT CLIMATE SUMMARY FOR AUGUST 20 2014...

CLIMATE NORMAL PERIOD 1981 TO 2010
CLIMATE RECORD PERIOD 1948 TO 2014


WEATHER ITEM   OBSERVED TIME   RECORD YEAR NORMAL DEPARTURE LAST
                VALUE   (LST)  VALUE       VALUE  FROM      YEAR
                                                  NORMAL
..................................................................
TEMPERATURE (F)
 YESTERDAY
  MAXIMUM         71    516 PM  92    1982  78     -7       78
                                      1950
  MINIMUM         53   1154 PM  39    1952  50      3       49
  AVERAGE         62                        64     -2       64

PRECIPITATION (IN)
  YESTERDAY        0.00          0.68 2008   0.03  -0.03     0.00
  MONTH TO DATE    0.85                      0.47   0.38     0.28
  SINCE OCT 1     40.65                     47.82  -7.17    48.66
  SINCE JAN 1     31.81                     27.13   4.68    21.70

DEGREE DAYS
 HEATING
  YESTERDAY        3                         2      1        1
  MONTH TO DATE    7                        40    -33       11
  SINCE JUN 1    195                       308   -113      204
  SINCE JUL 1     40                       120    -80       68

 COOLING
  YESTERDAY        0                         1     -1        0
  MONTH TO DATE   67                        36     31       34
  SINCE JUN 1    164                        90     74       96
  SINCE JAN 1    165                        93     72       98
..................................................................


WIND (MPH)
  RESULTANT WIND SPEED   7   RESULTANT WIND DIRECTION  SW (220)
  HIGHEST WIND SPEED    14   HIGHEST WIND DIRECTION     S (200)
  HIGHEST GUST SPEED    18   HIGHEST GUST DIRECTION    SW (230)
  AVERAGE WIND SPEED     8.1


SKY COVER
  AVERAGE SKY COVER 0.5


WEATHER CONDITIONS
 THE FOLLOWING WEATHER WAS RECORDED YESTERDAY.
  NO SIGNIFICANT WEATHER WAS OBSERVED.


RELATIVE HUMIDITY (PERCENT)
 HIGHEST    83           200 AM
 LOWEST     53           200 PM
 AVERAGE    68

..........................................................


THE OLYMPIA WA AIRPORT CLIMATE NORMALS FOR TODAY
                         NORMAL    RECORD    YEAR
 MAXIMUM TEMPERATURE (F)   77        95      1958
 MINIMUM TEMPERATURE (F)   50        38      1973


SUNRISE AND SUNSET
AUGUST 21 2014........SUNRISE   617 AM PDT   SUNSET   812 PM PDT
AUGUST 22 2014........SUNRISE   618 AM PDT   SUNSET   810 PM PDT


-  INDICATES NEGATIVE NUMBERS.
R  INDICATES RECORD WAS SET OR TIED.
MM INDICATES DATA IS MISSING.
T  INDICATES TRACE AMOUNT.




$$
