000
CDUS46 KSEW 010826
CLIOLM


CLIMATE REPORT
NATIONAL WEATHER SERVICE SEATTLE WA
1226 AM PST SUN MAR 1 2015


...................................

...THE OLYMPIA WA AIRPORT CLIMATE SUMMARY FOR FEBRUARY 28 2015...

CLIMATE NORMAL PERIOD 1981 TO 2010
CLIMATE RECORD PERIOD 1948 TO 2015


WEATHER ITEM   OBSERVED TIME   RECORD YEAR NORMAL DEPARTURE LAST
                VALUE   (LST)  VALUE       VALUE  FROM      YEAR
                                                  NORMAL
..................................................................
TEMPERATURE (F)
 YESTERDAY
  MAXIMUM         56    402 PM  69    1992  51      5       57
  MINIMUM         30   1159 PM  14    1960  33     -3       32
  AVERAGE         43                        42      1       45

PRECIPITATION (IN)
  YESTERDAY        0.00          1.69 1972   0.18  -0.18     0.00
  MONTH TO DATE    5.28                      5.27   0.01     8.35
  SINCE OCT 1     30.99                     33.80  -2.81    21.88
  SINCE JAN 1     11.96                     13.11  -1.15    13.04

DEGREE DAYS
 HEATING
  YESTERDAY       22                        23     -1       20
  MONTH TO DATE  527                       667   -140      738
  SINCE DEC 1   1936                      2277   -341     2387
  SINCE JUL 1   3035                      3722   -687     3783

 COOLING
  YESTERDAY        0                         0      0        0
  MONTH TO DATE    0                         0      0        0
  SINCE DEC 1      0                         0      0        0
  SINCE JAN 1      0                         0      0        0
..................................................................


WIND (MPH)
  RESULTANT WIND SPEED   7   RESULTANT WIND DIRECTION  NE (30)
  HIGHEST WIND SPEED    18   HIGHEST WIND DIRECTION    NE (30)
  HIGHEST GUST SPEED    24   HIGHEST GUST DIRECTION    NE (40)
  AVERAGE WIND SPEED     7.5


SKY COVER
  AVERAGE SKY COVER 0.0


WEATHER CONDITIONS
 THE FOLLOWING WEATHER WAS RECORDED YESTERDAY.
  NO SIGNIFICANT WEATHER WAS OBSERVED.


RELATIVE HUMIDITY (PERCENT)
 HIGHEST    75           800 PM
 LOWEST     24           300 PM
 AVERAGE    50

..........................................................


THE OLYMPIA WA AIRPORT CLIMATE NORMALS FOR TODAY
                         NORMAL    RECORD    YEAR
 MAXIMUM TEMPERATURE (F)   51        62      1990
 MINIMUM TEMPERATURE (F)   33        14      1960


SUNRISE AND SUNSET
MARCH  1 2015.........SUNRISE   652 AM PST   SUNSET   557 PM PST
MARCH  2 2015.........SUNRISE   650 AM PST   SUNSET   558 PM PST


-  INDICATES NEGATIVE NUMBERS.
R  INDICATES RECORD WAS SET OR TIED.
MM INDICATES DATA IS MISSING.
T  INDICATES TRACE AMOUNT.




$$
