000
CDUS46 KSEW 220828
CLIOLM


CLIMATE REPORT
NATIONAL WEATHER SERVICE SEATTLE WA
1227 AM PST WED FEB 22 2017


...................................

...THE OLYMPIA WA AIRPORT CLIMATE SUMMARY FOR FEBRUARY 21 2017...

CLIMATE NORMAL PERIOD 1981 TO 2010
CLIMATE RECORD PERIOD 1948 TO 2017


WEATHER ITEM   OBSERVED TIME   RECORD YEAR NORMAL DEPARTURE LAST
                VALUE   (LST)  VALUE       VALUE  FROM      YEAR
                                                  NORMAL
..................................................................
TEMPERATURE (F)
 YESTERDAY
  MAXIMUM         49    307 PM  63    1978  50     -1       49
                                      1973
                                      1970
  MINIMUM         36   1151 PM  18    1957  33      3       28
  AVERAGE         43                        41      2       39

PRECIPITATION (IN)
  YESTERDAY        0.13          1.30 1961   0.17  -0.04     0.21
  MONTH TO DATE    8.38                      4.02   4.36     5.45
  SINCE OCT 1     40.30                     32.55   7.75    46.92
  SINCE JAN 1     12.20                     11.86   0.34    13.92

DEGREE DAYS
 HEATING
  YESTERDAY       22                        24     -2       26
  MONTH TO DATE  513                       505      8      423
  SINCE DEC 1   2341                      2111    230     1929
  SINCE JUL 1   3538                      3556    -18     3205

 COOLING
  YESTERDAY        0                         0      0        0
  MONTH TO DATE    0                         0      0        0
  SINCE DEC 1      0                         0      0        0
  SINCE JAN 1      0                         0      0        0
..................................................................


WIND (MPH)
  RESULTANT WIND SPEED   1   RESULTANT WIND DIRECTION   W (270)
  HIGHEST WIND SPEED    13   HIGHEST WIND DIRECTION     E (90)
  HIGHEST GUST SPEED    24   HIGHEST GUST DIRECTION     E (100)
  AVERAGE WIND SPEED     4.6


SKY COVER
  AVERAGE SKY COVER 0.7


WEATHER CONDITIONS
 THE FOLLOWING WEATHER WAS RECORDED YESTERDAY.
  LIGHT RAIN
  FOG


RELATIVE HUMIDITY (PERCENT)
 HIGHEST   100          1200 AM
 LOWEST     70           700 PM
 AVERAGE    85

..........................................................


THE OLYMPIA WA AIRPORT CLIMATE NORMALS FOR TODAY
                         NORMAL    RECORD    YEAR
 MAXIMUM TEMPERATURE (F)   50        64      1973
 MINIMUM TEMPERATURE (F)   33        21      2010
                                             2005
                                             1973


SUNRISE AND SUNSET
FEBRUARY 22 2017......SUNRISE   703 AM PST   SUNSET   547 PM PST
FEBRUARY 23 2017......SUNRISE   702 AM PST   SUNSET   549 PM PST


-  INDICATES NEGATIVE NUMBERS.
R  INDICATES RECORD WAS SET OR TIED.
MM INDICATES DATA IS MISSING.
T  INDICATES TRACE AMOUNT.




$$
