000
CDUS46 KSEW 240838
CLIOLM


CLIMATE REPORT
NATIONAL WEATHER SERVICE SEATTLE WA
137 AM PDT WED MAY 24 2017


...................................

...THE OLYMPIA WA AIRPORT CLIMATE SUMMARY FOR MAY 23 2017...

CLIMATE NORMAL PERIOD 1981 TO 2010
CLIMATE RECORD PERIOD 1948 TO 2017


WEATHER ITEM   OBSERVED TIME   RECORD YEAR NORMAL DEPARTURE LAST
                VALUE   (LST)  VALUE       VALUE  FROM      YEAR
                                                  NORMAL
..................................................................
TEMPERATURE (F)
 YESTERDAY
  MAXIMUM         79    143 PM  89    1969  67     12       68
  MINIMUM         47   1109 PM  32    1964  45      2       50
                                      1950
  AVERAGE         63                        56      7       59

PRECIPITATION (IN)
  YESTERDAY        0.00          1.29 1973   0.08  -0.08     0.00
  MONTH TO DATE    2.98                      1.75   1.23     0.11
  SINCE OCT 1     60.95                     44.38  16.57    58.34
  SINCE JAN 1     32.85                     23.69   9.16    25.34

DEGREE DAYS
 HEATING
  YESTERDAY        2                         9     -7        6
  MONTH TO DATE  245                       268    -23      165
  SINCE MAR 1   1393                      1405    -12     1092
  SINCE JUL 1   5121                      5127     -6     4450

 COOLING
  YESTERDAY        0                         0      0        0
  MONTH TO DATE    5                         0      5        0
  SINCE MAR 1      5                         0      5        1
  SINCE JAN 1      5                         0      5        1
..................................................................


WIND (MPH)
  RESULTANT WIND SPEED   7   RESULTANT WIND DIRECTION  SW (230)
  HIGHEST WIND SPEED    22   HIGHEST WIND DIRECTION    SW (240)
  HIGHEST GUST SPEED    30   HIGHEST GUST DIRECTION    SW (240)
  AVERAGE WIND SPEED     8.4


SKY COVER
  AVERAGE SKY COVER 0.0


WEATHER CONDITIONS
 THE FOLLOWING WEATHER WAS RECORDED YESTERDAY.
  NO SIGNIFICANT WEATHER WAS OBSERVED.


RELATIVE HUMIDITY (PERCENT)
 HIGHEST    93           400 AM
 LOWEST     31           100 PM
 AVERAGE    62

..........................................................


THE OLYMPIA WA AIRPORT CLIMATE NORMALS FOR TODAY
                         NORMAL    RECORD    YEAR
 MAXIMUM TEMPERATURE (F)   67        89      1992
 MINIMUM TEMPERATURE (F)   45        33      1980
                                             1964
                                             1950


SUNRISE AND SUNSET
MAY 24 2017...........SUNRISE   526 AM PDT   SUNSET   851 PM PDT
MAY 25 2017...........SUNRISE   525 AM PDT   SUNSET   852 PM PDT


-  INDICATES NEGATIVE NUMBERS.
R  INDICATES RECORD WAS SET OR TIED.
MM INDICATES DATA IS MISSING.
T  INDICATES TRACE AMOUNT.




$$
