000
CDUS46 KSEW 260122
CLIOLM


CLIMATE REPORT
NATIONAL WEATHER SERVICE SEATTLE WA
622 PM PDT SAT OCT 25 2014


...................................

...THE OLYMPIA WA AIRPORT CLIMATE SUMMARY FOR OCTOBER 25 2014...
VALID TODAY AS OF 0600 PM LOCAL TIME.

CLIMATE NORMAL PERIOD 1981 TO 2010
CLIMATE RECORD PERIOD 1948 TO 2014


WEATHER ITEM   OBSERVED TIME   RECORD YEAR NORMAL DEPARTURE LAST
                VALUE   (LST)  VALUE       VALUE  FROM      YEAR
                                                  NORMAL
..................................................................
TEMPERATURE (F)
 TODAY
  MAXIMUM         61    311 PM  68    1965  57      4       56
  MINIMUM         42    423 AM  29    1978  39      3       41
                                      1970
                                      1954
  AVERAGE         52                        48      4       49

PRECIPITATION (IN)
  TODAY            0.15          1.51 1986   0.19  -0.04     0.00
  MONTH TO DATE    4.40                      3.34   1.06     1.93
  SINCE OCT 1      4.40                      3.34   1.06     1.93
  SINCE JAN 1     39.88                     32.65   7.23    34.55

DEGREE DAYS
 HEATING
  TODAY           13                        17     -4       16
  MONTH TO DATE  198                       348   -150      398
  SINCE SEP 1    316                       538   -222      540
  SINCE JUL 1    369                       688   -319      617

 COOLING
  TODAY            0                         0      0        0
  MONTH TO DATE    0                         0      0        0
  SINCE SEP 1      6                         7     -1       26
  SINCE JAN 1    187                       106     81      147
..................................................................


WIND (MPH)
  RESULTANT WIND SPEED   2   RESULTANT WIND DIRECTION   S (180)
  HIGHEST WIND SPEED    31   HIGHEST WIND DIRECTION     S (180)
  HIGHEST GUST SPEED    44   HIGHEST GUST DIRECTION     S (180)
  AVERAGE WIND SPEED     7.3


SKY COVER
  AVERAGE SKY COVER 1.0


WEATHER CONDITIONS
 THE FOLLOWING WEATHER WAS RECORDED TODAY.
  LIGHT RAIN
  FOG
  FOG W/VISIBILITY <= 1/4 MILE


RELATIVE HUMIDITY (PERCENT)
 HIGHEST   100           200 AM
 LOWEST     72           400 PM
 AVERAGE    86

..........................................................


THE OLYMPIA WA AIRPORT CLIMATE NORMALS FOR TOMORROW
                         NORMAL    RECORD    YEAR
 MAXIMUM TEMPERATURE (F)   56        67      1959
                                             1958
 MINIMUM TEMPERATURE (F)   39        25      1970


SUNRISE AND SUNSET
OCTOBER 25 2014.......SUNRISE   744 AM PDT   SUNSET   606 PM PDT
OCTOBER 26 2014.......SUNRISE   746 AM PDT   SUNSET   605 PM PDT


-  INDICATES NEGATIVE NUMBERS.
R  INDICATES RECORD WAS SET OR TIED.
MM INDICATES DATA IS MISSING.
T  INDICATES TRACE AMOUNT.




$$
