000
CDUS46 KSEW 250839
CLIOLM


CLIMATE REPORT
NATIONAL WEATHER SERVICE SEATTLE WA
139 AM PDT WED MAY 25 2016


...................................

...THE OLYMPIA WA AIRPORT CLIMATE SUMMARY FOR MAY 24 2016...

CLIMATE NORMAL PERIOD 1981 TO 2010
CLIMATE RECORD PERIOD 1948 TO 2016


WEATHER ITEM   OBSERVED TIME   RECORD YEAR NORMAL DEPARTURE LAST
                VALUE   (LST)  VALUE       VALUE  FROM      YEAR
                                                  NORMAL
..................................................................
TEMPERATURE (F)
 YESTERDAY
  MAXIMUM         68    141 PM  89    1992  67      1       61
  MINIMUM         45    428 AM  33    1980  45      0       50
                                      1964
                                      1950
  AVERAGE         57                        56      1       56

PRECIPITATION (IN)
  YESTERDAY        0.00          0.48 1953   0.07  -0.07     0.00
  MONTH TO DATE    0.11                      1.82  -1.71     0.67
  SINCE OCT 1     58.34                     44.45  13.89    39.52
  SINCE JAN 1     25.34                     23.76   1.58    20.49

DEGREE DAYS
 HEATING
  YESTERDAY        8                         9     -1        9
  MONTH TO DATE  173                       277   -104      228
  SINCE MAR 1   1100                      1414   -314     1240
  SINCE JUL 1   4458                      5136   -678     4275

 COOLING
  YESTERDAY        0                         0      0        0
  MONTH TO DATE    0                         0      0        0
  SINCE MAR 1      1                         0      1        0
  SINCE JAN 1      1                         0      1        0
..................................................................


WIND (MPH)
  RESULTANT WIND SPEED   1   RESULTANT WIND DIRECTION  NW (310)
  HIGHEST WIND SPEED    10   HIGHEST WIND DIRECTION     N (340)
  HIGHEST GUST SPEED    13   HIGHEST GUST DIRECTION    NW (310)
  AVERAGE WIND SPEED     1.8


SKY COVER
  AVERAGE SKY COVER 0.6


WEATHER CONDITIONS
 THE FOLLOWING WEATHER WAS RECORDED YESTERDAY.
  NO SIGNIFICANT WEATHER WAS OBSERVED.


RELATIVE HUMIDITY (PERCENT)
 HIGHEST    93           300 AM
 LOWEST     48           200 PM
 AVERAGE    71

..........................................................


THE OLYMPIA WA AIRPORT CLIMATE NORMALS FOR TODAY
                         NORMAL    RECORD    YEAR
 MAXIMUM TEMPERATURE (F)   67        83      1958
                                             1950
 MINIMUM TEMPERATURE (F)   45        30      1975


SUNRISE AND SUNSET
MAY 25 2016...........SUNRISE   525 AM PDT   SUNSET   853 PM PDT
MAY 26 2016...........SUNRISE   524 AM PDT   SUNSET   854 PM PDT


-  INDICATES NEGATIVE NUMBERS.
R  INDICATES RECORD WAS SET OR TIED.
MM INDICATES DATA IS MISSING.
T  INDICATES TRACE AMOUNT.




$$
