000
CDUS46 KSEW 260132
CLIOLM


CLIMATE REPORT
NATIONAL WEATHER SERVICE SEATTLE WA
632 PM PDT TUE APR 25 2017


...................................

...THE OLYMPIA WA AIRPORT CLIMATE SUMMARY FOR APRIL 25 2017...
VALID TODAY AS OF 0600 PM LOCAL TIME.

CLIMATE NORMAL PERIOD 1981 TO 2010
CLIMATE RECORD PERIOD 1948 TO 2017


WEATHER ITEM   OBSERVED TIME   RECORD YEAR NORMAL DEPARTURE LAST
                VALUE   (LST)  VALUE       VALUE  FROM      YEAR
                                                  NORMAL
..................................................................
TEMPERATURE (F)
 TODAY
  MAXIMUM         54    247 PM  77    1992  61     -7       61
  MINIMUM         44    531 AM  27    1985  39      5       34
  AVERAGE         49                        50     -1       48

PRECIPITATION (IN)
  TODAY            0.07          0.68 1986   0.11  -0.04     0.02
  MONTH TO DATE    4.90                      3.08   1.82     1.57
  SINCE OCT 1     57.34                     42.17  15.17    58.22
  SINCE JAN 1     29.24                     21.48   7.76    25.22

DEGREE DAYS
 HEATING
  TODAY           16                        15      1       17
  MONTH TO DATE  428                       427      1      278
  SINCE MAR 1   1063                      1063      0      857
  SINCE JUL 1   4791                      4785      6     4215

 COOLING
  TODAY            0                         0      0        0
  MONTH TO DATE    0                         0      0        1
  SINCE MAR 1      0                         0      0        1
  SINCE JAN 1      0                         0      0        1
..................................................................


WIND (MPH)
  RESULTANT WIND SPEED   8   RESULTANT WIND DIRECTION   S (190)
  HIGHEST WIND SPEED    16   HIGHEST WIND DIRECTION     S (180)
  HIGHEST GUST SPEED    20   HIGHEST GUST DIRECTION     S (170)
  AVERAGE WIND SPEED     8.1


SKY COVER
  AVERAGE SKY COVER 0.9


WEATHER CONDITIONS
 THE FOLLOWING WEATHER WAS RECORDED TODAY.
  LIGHT RAIN
  FOG


RELATIVE HUMIDITY (PERCENT)
 HIGHEST   100          1200 AM
 LOWEST     71          1100 AM
 AVERAGE    86

..........................................................


THE OLYMPIA WA AIRPORT CLIMATE NORMALS FOR TOMORROW
                         NORMAL    RECORD    YEAR
 MAXIMUM TEMPERATURE (F)   61        82      2004
 MINIMUM TEMPERATURE (F)   39        27      2008
                                             1984
                                             1976


SUNRISE AND SUNSET
APRIL 25 2017.........SUNRISE   605 AM PDT   SUNSET   814 PM PDT
APRIL 26 2017.........SUNRISE   604 AM PDT   SUNSET   816 PM PDT


-  INDICATES NEGATIVE NUMBERS.
R  INDICATES RECORD WAS SET OR TIED.
MM INDICATES DATA IS MISSING.
T  INDICATES TRACE AMOUNT.




$$
