000
CDAK49 PAOM 231200
CLIOME

CLIMATE REPORT
NATIONAL WEATHER SERVICE NOME, AK
4 AM AKDT WED APR 23 2014

...................................
...THE NOME WSO AP CLIMATE SUMMARY FOR APRIL 22 2014...

CLIMATE NORMAL PERIOD  1981 TO  2010
CLIMATE RECORD PERIOD  1906 TO  2014

WEATHER ITEM   OBSERVED TIME    RECORD YEAR NORMAL DEPARTURE LAST
               VALUE    (LST)   VALUE       VALUE  FROM      YEAR
                                                   NORMAL
...................................................................
TEMPERATURE
YESTERDAY
 MAXIMUM            45  0611 PM    54  1940     31      14     26
 MINIMUM            35  0545 AM   -14  1976     18      17     13
 AVERAGE            40                          24      16     20

PRECIPITATION
(INCHES)
 YESTERDAY        0.01           0.31  1927   0.03   -0.02   0.00
 MONTH TO DATE    0.27                        0.54   -0.27   0.25
 SINCE MAR 1      0.80                        1.19   -0.39   0.89
 SINCE JAN 1      2.97                        3.06   -0.09   2.41

SNOWFALL
(INCHES)
 YESTERDAY         0.0            2.3  1961    0.2    -0.2    0.0
 MONTH TO DATE     2.5                         5.9    -3.4    3.9
 SINCE MAR 1      14.8                        14.8    -0.0   13.0
 SINCE JUL 1      69.1                        71.5    -2.4   54.3
 SNOW DEPTH (IN)     1                                         15

DEGREE DAYS
 HEATING
  YESTERDAY         25                          41     -16     45
  MONTH TO DATE    880                        1030    -150   1145
  SINCE MAR 1     2507                        2726    -219   2893
  SINCE JUL 1    10653                       12008   -1355  12451

 COOLING
  YESTERDAY          0                           0       0      0
  MONTH TO DATE      0                           0       0      0
  SINCE MAR 1        0                           0       0      0
  SINCE JAN 1        0                           0       0      0
...................................................................

WIND (MPH)
 HIGHEST WIND SPEED    20     HIGHEST WIND DIRECTION     90
 HIGHEST GUST SPEED    23     HIGHEST GUST DIRECTION     90
 AVERAGE WIND SPEED   0.0

SKY COVER
  POSSIBLE SUNSHINE    MM          AVERAGE SKY COVER     MM

WEATHER CONDITIONS
 THE FOLLOWING WEATHER WAS RECORDED YESTERDAY.
  LIGHT RAINFALL

RELATIVE HUMIDITY
 HIGHEST RH     MM PERCENT       MM
 LOWEST  RH     MM PERCENT       MM
 AVERAGE RH     MM PERCENT       MM
...................................................................

THE NOME CLIMATE NORMALS FOR TODAY
                           NORMAL    RECORD   YEAR
 MAXIMUM TEMPERATURE (F)     31        57     1940
 MINIMUM TEMPERATURE (F)     18       -20     1976

SUNRISE AND SUNSET
 APR 23 2014..........SUNRISE  6:59 AM      SUNSET 11:04 PM
 APR 24 2014..........SUNRISE  6:56 AM      SUNSET 11:07 PM

-  INDICATES NEGATIVE NUMBERS.
R  INDICATES RECORD HAS BEEN SET OR TIED.
MM INDICATES DATA IS MISSING.
T  INDICATES TRACE OF PRECIPITATION.

&&
-------------------------------------------------------------------

AMOUNT OF DAYLIGHT TODAY  (HOUR:MIN)........16 HOURS 5 MINUTES
GAIN/LOSS SINCE YESTERDAY (HOUR:MIN:SEC)....+0:06:48

NOME TIDAL INFORMATION FOR 23 APRIL 2014
12:11 AM +1.2
06:57 AM -0.1
01:58 PM +1.4
07:48 PM +0.7

$$

CKC APR 14
