000
CDAK49 PAOM 280900
CLIOME

CLIMATE REPORT
NATIONAL WEATHER SERVICE NOME, AK
101 AM AKDT MON JUL 28 2014

...................................
...THE NOME WSO AP CLIMATE SUMMARY FOR JULY 27 2014...

CLIMATE NORMAL PERIOD  1981 TO  2010
CLIMATE RECORD PERIOD  1906 TO  2014

WEATHER ITEM   OBSERVED TIME    RECORD YEAR NORMAL DEPARTURE LAST
               VALUE    (LST)   VALUE       VALUE  FROM      YEAR
                                                   NORMAL
...................................................................
TEMPERATURE
YESTERDAY
 MAXIMUM            50  0130 PM    80  1968     58      -8     61
 MINIMUM            45  0745 AM    32  2008     46      -1     50
 AVERAGE            48                          52      -4     56

PRECIPITATION
(INCHES)
 YESTERDAY        0.11           1.19  1954   0.09    0.02   0.00
 MONTH TO DATE    2.48                        1.73    0.75   2.06
 SINCE JUN 1      2.70                        2.71   -0.01   4.59
 SINCE JAN 1      7.17                        6.85    0.32   8.84

SNOWFALL
(INCHES)
 YESTERDAY         0.0            0.0  2014    0.0     0.0    0.0
 MONTH TO DATE     0.0                         0.0     0.0    0.0
 SINCE JUN 1       0.0                         0.3    -0.3    0.1
 SINCE JUL 1       0.0                         0.0     0.0    0.0
 SNOW DEPTH (IN)     0                                          0

DEGREE DAYS
 HEATING
  YESTERDAY         17                          13       4      9
  MONTH TO DATE    378                         348      30    374
  SINCE JUN 1      946                         864      82    850
  SINCE JUL 1      378                         348      30    374

 COOLING
  YESTERDAY          0                           0       0      0
  MONTH TO DATE      2                           0       2      0
  SINCE JUN 1        2                           0       2      7
  SINCE JAN 1        2                           0       2      7
...................................................................

WIND (MPH)
 HIGHEST WIND SPEED    15     HIGHEST WIND DIRECTION    120
 HIGHEST GUST SPEED    18     HIGHEST GUST DIRECTION    120
 AVERAGE WIND SPEED   5.8

SKY COVER
  POSSIBLE SUNSHINE    MM          AVERAGE SKY COVER     MM

WEATHER CONDITIONS
 THE FOLLOWING WEATHER WAS RECORDED YESTERDAY.
  FOG
  RAIN


RELATIVE HUMIDITY
 HIGHEST RH     MM PERCENT       MM
 LOWEST  RH     MM PERCENT       MM
 AVERAGE RH     MM PERCENT       MM
...................................................................

THE NOME CLIMATE NORMALS FOR TODAY
                           NORMAL    RECORD   YEAR
 MAXIMUM TEMPERATURE (F)     58        75     1953
 MINIMUM TEMPERATURE (F)     46        31     1973

SUNRISE AND SUNSET
 JUL 28 2014..........SUNRISE  5:53 AM      SUNSET 12:22 AM
 JUL 29 2014..........SUNRISE  5:56 AM      SUNSET 12:19 AM

-  INDICATES NEGATIVE NUMBERS.
R  INDICATES RECORD HAS BEEN SET OR TIED.
MM INDICATES DATA IS MISSING.
T  INDICATES TRACE OF PRECIPITATION.

&&
-------------------------------------------------------------------

AMOUNT OF DAYLIGHT TODAY  (HOUR:MIN)........18 HOURS 29 MINUTES
GAIN/LOSS SINCE YESTERDAY (HOUR:MIN:SEC)....-0:06:40

TIDES FOR MONDAY JULY 28 2014

12:54 AM LOW  0.0 FT
 8:31 AM HIGH 1.2 FT
12:52 PM LOW  0.9 FT
 6:31 PM HIGH 1.3 FT

$$
RCT JUL 14
