000
CDAK49 PAFG 240040
CLIOME

CLIMATE REPORT
NATIONAL WEATHER SERVICE FAIRBANKS AK
440 PM AKDT SUN APR 23 2017


...................................

...THE NOME AK CLIMATE SUMMARY FOR APRIL 23 2017...
VALID TODAY AS OF 0400 PM LOCAL TIME.

CLIMATE NORMAL PERIOD 1981 TO 2010
CLIMATE RECORD PERIOD 1906 TO 2017


WEATHER ITEM   OBSERVED TIME   RECORD YEAR NORMAL DEPARTURE LAST
                VALUE   (LST)  VALUE       VALUE  FROM      YEAR
                                                  NORMAL
..................................................................
TEMPERATURE (F)
 TODAY
  MAXIMUM         41    248 PM  57    1940  31     10       44
  MINIMUM         32    708 AM -20    1976  18     14       30
  AVERAGE         37                        25     12       37

PRECIPITATION (IN)
  TODAY            0.00          0.31 1931   0.02  -0.02     0.00
                                      1925
  MONTH TO DATE    0.11                      0.56  -0.45     0.80
  SINCE MAR 1      0.12                      1.21  -1.09     0.84
  SINCE JAN 1      1.87                      3.08  -1.21     1.87

SNOWFALL (IN)
  TODAY            0.0           3.1  1931   0.2   -0.2      0.0
  MONTH TO DATE    1.1                       6.1   -5.0      0.7
  SINCE MAR 1      2.0                      15.0  -13.0      0.7
  SINCE JUL 1     54.2                      71.7  -17.5     16.2
  SNOW DEPTH      14

DEGREE DAYS
 HEATING
  TODAY           28                        40    -12       28
  MONTH TO DATE  843                      1070   -227      704
  SINCE MAR 1   2831                      2766     65     2346
  SINCE JUL 1  11626                     12045   -419     5137

 COOLING
  TODAY            0                         0      0        0
  MONTH TO DATE    0                         0      0        0
  SINCE MAR 1      0                         0      0        0
  SINCE JAN 1      0                         0      0        0
..................................................................


WIND (MPH)
  HIGHEST GUST SPEED    27   HIGHEST GUST DIRECTION    NE (40)


SKY COVER
  AVERAGE SKY COVER 0.5


WEATHER CONDITIONS
 THE FOLLOWING WEATHER WAS RECORDED TODAY.
  HAZE


RELATIVE HUMIDITY (PERCENT)
 HIGHEST    61
 LOWEST     47
 AVERAGE    54

..........................................................


THE NOME AK CLIMATE NORMALS FOR TOMORROW
                         NORMAL    RECORD    YEAR
 MAXIMUM TEMPERATURE (F)   32        47      1940
                                             1938
 MINIMUM TEMPERATURE (F)   19       -10      1966
                                             1924


SUNRISE AND SUNSET
APRIL 23 2017.........SUNRISE   658 AM AKDT  SUNSET  1105 PM AKDT
APRIL 24 2017.........SUNRISE   655 AM AKDT  SUNSET  1108 PM AKDT

-  INDICATES NEGATIVE NUMBERS.
R  INDICATES RECORD WAS SET OR TIED.
MM INDICATES DATA IS MISSING.
T  INDICATES TRACE AMOUNT.

&&

SNOW DEPTH IS MEASURED AT 3AM AKST/4AM AKDT.

----------------------------
AVAILABLE DAYLIGHT

AMOUNT OF DAYLIGHT TODAY  (HOUR:MIN)........16:07
GAIN/LOSS SINCE YESTERDAY (HOUR:MIN:SEC)....+0:06:48

NOME TIDAL INFORMATION FOR 24 APRIL 2017
0232  +0.5
0853  +0.8
2132  +0.1

$$
APR 17
