000
CDAK49 PAOM 022346
CLIOME

CLIMATE REPORT
NATIONAL WEATHER SERVICE NOME, AK
346 PM AKDT TUE SEP 2 2014

...................................
...THE NOME WSO AP CLIMATE SUMMARY FOR SEPTEMBER 2 2014...
VALID TODAY AS OF 2:00 PM LOCAL TIME

CLIMATE NORMAL PERIOD  1981 TO  2010
CLIMATE RECORD PERIOD  1906 TO  2014

WEATHER ITEM   OBSERVED TIME    RECORD YEAR NORMAL DEPARTURE LAST
               VALUE    (LST)   VALUE       VALUE  FROM      YEAR
                                                   NORMAL
...................................................................
TEMPERATURE
TODAY
 MAXIMUM            49  1136 AM    67  1991     54      -5     51
 MINIMUM            31  0704 AM    25  1983     42     -11     45
 AVERAGE            40                          48      -8     48

PRECIPITATION
(INCHES)
 TODAY            0.03           0.77  1999   0.09   -0.06   0.27
 MONTH TO DATE    0.57                        0.18    0.39   0.27
 SINCE SEP 1      0.57                        0.18    0.39   0.27
 SINCE JAN 1      9.59                       10.63   -1.04  13.38

SNOWFALL
(INCHES)
 TODAY             0.0              T  1986    0.0     0.0    0.0
 MONTH TO DATE     0.0                         0.0     0.0    0.0
 SINCE SEP 1       0.0                         0.0     0.0    0.0
 SINCE JUL 1       0.0                         0.0     0.0    0.0
 SNOW DEPTH (IN)     0                                          0

DEGREE DAYS
 HEATING
  TODAY             25                          17       8     17
  MONTH TO DATE     44                          34      10     34
  SINCE SEP 1       44                          34      10     34
  SINCE JUL 1      747                         898    -151    808

 COOLING
  TODAY              0                           0       0      0
  MONTH TO DATE      0                           0       0      0
  SINCE SEP 1        0                           0       0      0
  SINCE JAN 1        3                           0       3      7
...................................................................

WIND (MPH)
 HIGHEST WIND SPEED    18     HIGHEST WIND DIRECTION    320
 HIGHEST GUST SPEED    28     HIGHEST GUST DIRECTION    320
 AVERAGE WIND SPEED    MM

SKY COVER
  POSSIBLE SUNSHINE  MM            AVERAGE SKY COVER MM

WEATHER CONDITIONS
 THE FOLLOWING WEATHER WAS RECORDED TODAY.
FOG
RAIN


RELATIVE HUMIDITY
 HIGHEST RH     MM PERCENT       MM
 LOWEST  RH     MM PERCENT       MM
 AVERAGE RH     MM PERCENT       MM
...................................................................

THE NOME CLIMATE NORMALS FOR TOMORROW
                        NORMAL    RECORD   YEAR
 MAXIMUM TEMPERATURE      53        69     1991
 MINIMUM TEMPERATURE      42        25     1930

SUNRISE AND SUNSET
 SEP 2 2014..........SUNRISE  7:47 AM      SUNSET 10:15 PM
 SEP 3 2014..........SUNRISE  7:50 AM      SUNSET 10:11 PM

-  INDICATES NEGATIVE NUMBERS.
R  INDICATES RECORD HAS BEEN SET OR TIED.
MM INDICATES DATA IS MISSING.
T  INDICATES TRACE OF PRECIPITATION.

&&
-------------------------------------------------------------------

AMOUNT OF DAYLIGHT TODAY  (HOUR:MIN)........14 HOURS 28 MINUTES
GAIN/LOSS SINCE YESTERDAY (HOUR:MIN:SEC)....-0:06:36

$$
*** SEP 14
