000
CDAK49 PAOM 280901
CLIOME

CLIMATE REPORT
NATIONAL WEATHER SERVICE NOME, AK
101 AM AKDT SAT MAY 28 2016

...................................
...THE NOME WSO AP CLIMATE SUMMARY FOR MAY 27 2016...

CLIMATE NORMAL PERIOD  1981 TO  2010
CLIMATE RECORD PERIOD  1906 TO  2016

WEATHER ITEM   OBSERVED TIME    RECORD YEAR NORMAL DEPARTURE LAST
               VALUE    (LST)   VALUE       VALUE  FROM      YEAR
                                                   NORMAL
...................................................................
TEMPERATURE
YESTERDAY
 MAXIMUM            57  0747 PM    71  2011     48       9     50
 MINIMUM            33  0543 AM    20  1907     35      -2     42
 AVERAGE            45                          41       4     46

PRECIPITATION
(INCHES)
 YESTERDAY        0.00           0.63  1948   0.03   -0.03   0.06
 MONTH TO DATE    1.22                        0.75    0.47   1.46
 SINCE MAR 1      2.06                        2.16   -0.10   2.77
 SINCE JAN 1      3.09                        4.03   -0.94   4.41

SNOWFALL
(INCHES)
 YESTERDAY         0.0            1.8  2008    0.1    -0.1    0.0
 MONTH TO DATE       T                         2.2    -2.2      T
 SINCE MAR 1       6.6                        18.6   -12.0   16.4
 SINCE JUL 1      48.9                        75.3   -26.4   59.7
 SNOW DEPTH (IN)     0                                          0

DEGREE DAYS
 HEATING
  YESTERDAY         20                          24      -4     19
  MONTH TO DATE    658                         784    -126    689
  SINCE MAR 1     3215                        3815    -600   3796
  SINCE JUL 1    11452                       13097   -1645  11974

 COOLING
  YESTERDAY          0                           0       0      0
  MONTH TO DATE      0                           0       0      0
  SINCE MAR 1        0                           0       0      0
  SINCE JAN 1        0                           0       0      0
...................................................................

WIND (MPH)
 HIGHEST WIND SPEED    13     HIGHEST WIND DIRECTION    240
 HIGHEST GUST SPEED    16     HIGHEST GUST DIRECTION    170
 AVERAGE WIND SPEED   4.3

SKY COVER
  POSSIBLE SUNSHINE    MM          AVERAGE SKY COVER     MM

WEATHER CONDITIONS
 THE FOLLOWING WEATHER WAS RECORDED YESTERDAY.
  NO SIGNIFICANT WEATHER WAS OBSERVED.

RELATIVE HUMIDITY
 HIGHEST RH     MM PERCENT       MM
 LOWEST  RH     MM PERCENT       MM
 AVERAGE RH     MM PERCENT       MM
...................................................................

THE NOME CLIMATE NORMALS FOR TODAY
                           NORMAL    RECORD   YEAR
 MAXIMUM TEMPERATURE (F)     49        75     2011
 MINIMUM TEMPERATURE (F)     35        17     1934

SUNRISE AND SUNSET
 MAY 28 2016..........SUNRISE  4:59 AM      SUNSET  1:02 AM
 MAY 29 2016..........SUNRISE  4:56 AM      SUNSET  1:06 AM

-  INDICATES NEGATIVE NUMBERS.
R  INDICATES RECORD HAS BEEN SET OR TIED.
MM INDICATES DATA IS MISSING.
T  INDICATES TRACE OF PRECIPITATION.

&&
-------------------------------------------------------------------

AMOUNT OF DAYLIGHT TODAY  (HOUR:MIN)........20 HOURS 3 MINUTES
GAIN/LOSS SINCE YESTERDAY (HOUR:MIN:SEC)....+0:06:09

TIDES FOR SATURDAY MAY 28 2016

 4:13 AM LOW -0.2 FT
11:35 AM HIGH 1.1 FT
 4:50 PM LOW  0.7 FT
 7:42 PM HIGH 0.8 FT

$$
RCT MAY 16
