829
CDAK49 PAOM 250903
CLIOME

CLIMATE REPORT
NATIONAL WEATHER SERVICE NOME, AK
103 AM AKDT MON JUL 25 2016

...................................
...THE NOME WSO AP CLIMATE SUMMARY FOR JULY 24 2016...

CLIMATE NORMAL PERIOD  1981 TO  2010
CLIMATE RECORD PERIOD  1906 TO  2016

WEATHER ITEM   OBSERVED TIME    RECORD YEAR NORMAL DEPARTURE LAST
               VALUE    (LST)   VALUE       VALUE  FROM      YEAR
                                                   NORMAL
...................................................................
TEMPERATURE
YESTERDAY
 MAXIMUM            66  0923 PM    76  2006     58       8     52
 MINIMUM            48  0636 AM    30  1914     46       2     46
 AVERAGE            57                          52       5     49

PRECIPITATION
(INCHES)
 YESTERDAY        0.00           1.64  1942   0.08   -0.08   0.00
 MONTH TO DATE    2.22                        1.48    0.74   1.44
 SINCE JUN 1      2.56                        2.46    0.10   2.10
 SINCE JAN 1      5.65                        6.60   -0.95   6.54

SNOWFALL
(INCHES)
 YESTERDAY         0.0            0.0  2016    0.0     0.0    0.0
 MONTH TO DATE     0.0                         0.0     0.0    0.0
 SINCE JUN 1       0.0                         0.3    -0.3    0.0
 SINCE JUL 1       0.0                         0.0     0.0    0.0
 SNOW DEPTH (IN)     0                                          0

DEGREE DAYS
 HEATING
  YESTERDAY          8                          13      -5     16
  MONTH TO DATE    309                         309       0    224
  SINCE JUN 1      773                         825     -52    749
  SINCE JUL 1      309                         309       0    224

 COOLING
  YESTERDAY          0                           0       0      0
  MONTH TO DATE      0                           0       0      0
  SINCE JUN 1        0                           0       0      5
  SINCE JAN 1        0                           0       0      5
...................................................................

WIND (MPH)
 HIGHEST WIND SPEED    15     HIGHEST WIND DIRECTION    250
 HIGHEST GUST SPEED    18     HIGHEST GUST DIRECTION    320
 AVERAGE WIND SPEED   6.0

SKY COVER
  POSSIBLE SUNSHINE    MM          AVERAGE SKY COVER     MM

WEATHER CONDITIONS
 THE FOLLOWING WEATHER WAS RECORDED YESTERDAY.
  NO SIGNIFICANT WEATHER WAS OBSERVED.

RELATIVE HUMIDITY
 HIGHEST RH     MM PERCENT       MM
 LOWEST  RH     MM PERCENT       MM
 AVERAGE RH     MM PERCENT       MM
...................................................................

THE NOME CLIMATE NORMALS FOR TODAY
                           NORMAL    RECORD   YEAR
 MAXIMUM TEMPERATURE (F)     58        76     1966
 MINIMUM TEMPERATURE (F)     46        32     1931

SUNRISE AND SUNSET
 JUL 25 2016..........SUNRISE  5:44 AM      SUNSET 12:30 AM
 JUL 26 2016..........SUNRISE  5:48 AM      SUNSET 12:27 AM

-  INDICATES NEGATIVE NUMBERS.
R  INDICATES RECORD HAS BEEN SET OR TIED.
MM INDICATES DATA IS MISSING.
T  INDICATES TRACE OF PRECIPITATION.

&&
-------------------------------------------------------------------

AMOUNT OF DAYLIGHT TODAY  (HOUR:MIN)........18 HOURS 46 MINUTES
GAIN/LOSS SINCE YESTERDAY (HOUR:MIN:SEC)....-0:06:37

TIDE INFORMATION FOR MONDAY JULY 25 2016
 3:14 AM LOW  0.0 FT
10:19 AM HIGH 1.4 FT
 3:56 PM LOW  0.6 FT
 9:51 PM HIGH 1.1 FT

$$
RWM JUL 16
