000
CDAK49 PAFG 190950
CLIOME

CLIMATE REPORT
NATIONAL WEATHER SERVICE FAIRBANKS AK
1250 AM AKST THU JAN 19 2017


...................................

...THE NOME AK CLIMATE SUMMARY FOR JANUARY 18 2017...

CLIMATE NORMAL PERIOD 1981 TO 2010
CLIMATE RECORD PERIOD 1906 TO 2017


WEATHER ITEM   OBSERVED TIME   RECORD YEAR NORMAL DEPARTURE LAST
                VALUE   (LST)  VALUE       VALUE  FROM      YEAR
                                                  NORMAL
..................................................................
TEMPERATURE (F)
 YESTERDAY
  MAXIMUM        -17        MM  38    1963  13    -30       19
  MINIMUM        -28        MM -35    1989  -3    -25       12
  AVERAGE        -22                         5    -27       16

PRECIPITATION (IN)
  YESTERDAY        0.00          0.74 1922   0.03  -0.03     0.00
  MONTH TO DATE    0.32                      0.56  -0.24     0.23
  SINCE DEC 1      1.39                      1.64  -0.25     0.23
  SINCE JAN 1      0.32                      0.56  -0.24     0.23

SNOWFALL (IN)
  YESTERDAY        0.0           7.1  2007   0.3   -0.3      0.0
  MONTH TO DATE    3.0                       7.6   -4.6      3.2
  SINCE DEC 1     19.0                      22.1   -3.1      3.2
  SINCE JUL 1     27.6                      39.4  -11.8      3.2
  SNOW DEPTH      17

DEGREE DAYS
 HEATING
  YESTERDAY       87                        60     27       49
  MONTH TO DATE 1060                      1073    -13      738
  SINCE DEC 1   2662                      2793   -131      738
  SINCE JUL 1   6277                      6886   -609      738

 COOLING
  YESTERDAY        0                         0      0        0
  MONTH TO DATE    0                         0      0        0
  SINCE DEC 1      0                         0      0        0
  SINCE JAN 1      0                         0      0        0
..................................................................


WIND (MPH)
  HIGHEST GUST SPEED    MM   HIGHEST GUST DIRECTION    MM


SKY COVER
  AVERAGE SKY COVER 0.6


WEATHER CONDITIONS
 THE FOLLOWING WEATHER WAS RECORDED YESTERDAY.
  FOG


RELATIVE HUMIDITY (PERCENT)
 HIGHEST    89
 LOWEST     70
 AVERAGE    80

..........................................................


THE NOME AK CLIMATE NORMALS FOR TODAY
                         NORMAL    RECORD    YEAR
 MAXIMUM TEMPERATURE (F)   13        42      1940
 MINIMUM TEMPERATURE (F)   -3       -38      1989


SUNRISE AND SUNSET
JANUARY 19 2017.......SUNRISE  1122 AM AKST  SUNSET   505 PM AKST
JANUARY 20 2017.......SUNRISE  1119 AM AKST  SUNSET   508 PM AKST

-  INDICATES NEGATIVE NUMBERS.
R  INDICATES RECORD WAS SET OR TIED.
MM INDICATES DATA IS MISSING.
T  INDICATES TRACE AMOUNT.

&&

SNOW DEPTH IS MEASURED AT 3AM AKST/4AM AKDT.

----------------------------
AVAILABLE DAYLIGHT

AMOUNT OF DAYLIGHT TODAY  (HOUR:MIN)........5:43
GAIN/LOSS SINCE YESTERDAY (HOUR:MIN:SEC)....+0:05:58

NOME TIDAL INFORMATION FOR 19 JANUARY 2017
0407  +0.9
1002  +1.6
1606  +0.6
2243  +1.7

$$
BJB JAN 17
