244
CDAK49 PAFG 250939
CLIOME

CLIMATE REPORT
NATIONAL WEATHER SERVICE FAIRBANKS AK
139 AM AKDT MON SEP 25 2017


...................................

...THE NOME AK CLIMATE SUMMARY FOR SEPTEMBER 24 2017...

CLIMATE NORMAL PERIOD 1981 TO 2010
CLIMATE RECORD PERIOD 1906 TO 2017


WEATHER ITEM   OBSERVED TIME   RECORD YEAR NORMAL DEPARTURE LAST
                VALUE   (LST)  VALUE       VALUE  FROM      YEAR
                                                  NORMAL
..................................................................
TEMPERATURE (F)
 YESTERDAY
  MAXIMUM         54   1154 AM  61    1976  45      9       42
  MINIMUM         37   1159 PM  16    1992  34      3       31
  AVERAGE         46                        39      7       37

PRECIPITATION (IN)
  YESTERDAY        0.00          1.27 1978   0.07  -0.07     0.04
  MONTH TO DATE    2.73                      2.03   0.70     1.20
  SINCE SEP 1      2.73                      2.03   0.70     1.20
  SINCE JAN 1     12.46                     12.48  -0.02    11.46

SNOWFALL (IN)
  YESTERDAY        0.0           2.4  1958   0.0    0.0      0.0
  MONTH TO DATE    T                         0.3   -0.3      0.0
  SINCE SEP 1      T                         0.3   -0.3      0.0
  SINCE JUL 1      T                         0.3   -0.3      0.0
  SNOW DEPTH       0

DEGREE DAYS
 HEATING
  YESTERDAY       19                        26     -7       28
  MONTH TO DATE  515                       501     14      498
  SINCE SEP 1    515                       501     14      498
  SINCE JUL 1   1361                      1361      0     1183

 COOLING
  YESTERDAY        0                         0      0        0
  MONTH TO DATE    0                         0      0        0
  SINCE SEP 1      0                         0      0        0
  SINCE JAN 1      4                         3      1        0
..................................................................


WIND (MPH)
  HIGHEST GUST SPEED    31   HIGHEST GUST DIRECTION     N (350)


SKY COVER
  AVERAGE SKY COVER 0.5


WEATHER CONDITIONS
 THE FOLLOWING WEATHER WAS RECORDED YESTERDAY.
  NO SIGNIFICANT WEATHER WAS OBSERVED.


RELATIVE HUMIDITY (PERCENT)
 HIGHEST    82
 LOWEST     46
 AVERAGE    64

..........................................................


THE NOME AK CLIMATE NORMALS FOR TODAY
                         NORMAL    RECORD    YEAR
 MAXIMUM TEMPERATURE (F)   45        57      1976
 MINIMUM TEMPERATURE (F)   33        16      1970
                                             1968


SUNRISE AND SUNSET
SEPTEMBER 25 2017.....SUNRISE   855 AM AKDT  SUNSET   850 PM AKDT
SEPTEMBER 26 2017.....SUNRISE   858 AM AKDT  SUNSET   847 PM AKDT

-  INDICATES NEGATIVE NUMBERS.
R  INDICATES RECORD WAS SET OR TIED.
MM INDICATES DATA IS MISSING.
T  INDICATES TRACE AMOUNT.

&&

SNOW DEPTH IS MEASURED AT 3AM AKST/4AM AKDT.

----------------------------
AVAILABLE DAYLIGHT

AMOUNT OF DAYLIGHT TODAY  (HOUR:MIN)........11:55
GAIN/LOSS SINCE YESTERDAY (HOUR:MIN:SEC)....-0:06:32

NOME TIDAL INFORMATION FOR 25 SEPTEMBER 2017
0228  +0.8
0902  +1.7
1536  +0.7
2159  +1.5

$$
SDB SEP 17
