000
CDAK49 PAFG 220044
CLIOME

CLIMATE REPORT
NATIONAL WEATHER SERVICE FAIRBANKS AK
344 PM AKST WED FEB 21 2018


...................................

...THE NOME AK CLIMATE SUMMARY FOR FEBRUARY 21 2018...
VALID TODAY AS OF 0300 PM LOCAL TIME.

CLIMATE NORMAL PERIOD 1981 TO 2010
CLIMATE RECORD PERIOD 1906 TO 2018


WEATHER ITEM   OBSERVED TIME   RECORD YEAR NORMAL DEPARTURE LAST
                VALUE   (LST)  VALUE       VALUE  FROM      YEAR
                                                  NORMAL
..................................................................
TEMPERATURE (F)
 TODAY
  MAXIMUM         30    124 PM  40    2015  16     14       -9
  MINIMUM         26    618 AM -35    1990   1     25      -24
                                      1984
  AVERAGE         28                         9     19      -16

PRECIPITATION (IN)
  TODAY            0.09          0.37 1944   0.03   0.06      T
  MONTH TO DATE    1.42                      0.71   0.71      T
  SINCE DEC 1      3.44                      2.73   0.71     1.79
  SINCE JAN 1      1.88                      1.65   0.23     0.72

SNOWFALL (IN)
  TODAY            0.9           3.5  1944   0.4    0.5       T
  MONTH TO DATE   16.6                       9.1    7.5      0.3
  SINCE DEC 1     41.1                      36.3    4.8     26.7
  SINCE JUL 1     72.7                      53.6   19.1     35.3
  SNOW DEPTH      39

DEGREE DAYS
 HEATING
  TODAY           37                        57    -20       81
  MONTH TO DATE  926                      1219   -293     1390
  SINCE DEC 1   4018                      4794   -776     4819
  SINCE JUL 1   7806                      8887  -1081     8434

 COOLING
  TODAY            0                         0      0        0
  MONTH TO DATE    0                         0      0        0
  SINCE DEC 1      0                         0      0        0
  SINCE JAN 1      0                         0      0        0
..................................................................


WIND (MPH)
  HIGHEST GUST SPEED    33   HIGHEST GUST DIRECTION     E (110)


SKY COVER
  AVERAGE SKY COVER 1.0


WEATHER CONDITIONS
 THE FOLLOWING WEATHER WAS RECORDED TODAY.
  LT FREEZING RAIN
  LIGHT SNOW
  FOG
  FOG W/VISIBILITY <= 1/4 MILE


RELATIVE HUMIDITY (PERCENT)
 HIGHEST   100
 LOWEST     92
 AVERAGE    96

..........................................................


THE NOME AK CLIMATE NORMALS FOR TOMORROW
                         NORMAL    RECORD    YEAR
 MAXIMUM TEMPERATURE (F)   17        35      2015
                                             1940
                                             1928
 MINIMUM TEMPERATURE (F)    1       -36      1990
                                             1971


SUNRISE AND SUNSET
FEBRUARY 21 2018......SUNRISE   938 AM AKST  SUNSET   655 PM AKST
FEBRUARY 22 2018......SUNRISE   934 AM AKST  SUNSET   658 PM AKST

-  INDICATES NEGATIVE NUMBERS.
R  INDICATES RECORD WAS SET OR TIED.
MM INDICATES DATA IS MISSING.
T  INDICATES TRACE AMOUNT.

&&

SNOW DEPTH IS MEASURED AT 3AM AKST/4AM AKDT.

----------------------------
AVAILABLE DAYLIGHT

AMOUNT OF DAYLIGHT TODAY  (HOUR:MIN)........9:18
GAIN/LOSS SINCE YESTERDAY (HOUR:MIN:SEC)....+0:06:42

NOME TIDAL INFORMATION FOR 22 FEBRUARY 2018
0225  +0.7
0856  +1.4
1441  +0.6
2105  +1.4

$$
HFL FEB 18
