000
CDAK49 PAOM 280907
CLIOME

CLIMATE REPORT
NATIONAL WEATHER SERVICE NOME, AK
1207 AM AKST WED JAN 28 2015

...................................
...THE NOME WSO AP CLIMATE SUMMARY FOR JANUARY 27 2015...

CLIMATE NORMAL PERIOD  1981 TO  2010
CLIMATE RECORD PERIOD  1906 TO  2015

WEATHER ITEM   OBSERVED TIME    RECORD YEAR NORMAL DEPARTURE LAST
               VALUE    (LST)   VALUE       VALUE  FROM      YEAR
                                                   NORMAL
...................................................................
TEMPERATURE
YESTERDAY
 MAXIMUM             9  0324 PM    51  2014     13      -4     51
 MINIMUM           -21  1255 AM   -54  1989     -3     -18     38
 AVERAGE            -6                           5     -11     45

PRECIPITATION
(INCHES)
 YESTERDAY        0.00           0.42  1916   0.03   -0.03   0.00
 MONTH TO DATE    0.71                        0.82   -0.11   1.21
 SINCE DEC 1      1.25                        1.90   -0.65   3.22
 SINCE JAN 1      0.71                        0.82   -0.11   1.21

SNOWFALL
(INCHES)
 YESTERDAY         0.0            8.6  2008    0.4    -0.4    0.0
 MONTH TO DATE    10.4                        11.1    -0.7   11.8
 SINCE DEC 1      15.5                        25.6   -10.1   30.2
 SINCE JUL 1      33.1                        42.9    -9.8   44.8
 SNOW DEPTH (IN)    12                                         13

DEGREE DAYS
 HEATING
  YESTERDAY         71                          60      11     20
  MONTH TO DATE   1466                        1613    -147   1220
  SINCE DEC 1     2984                        3333    -349   2780
  SINCE JUL 1     6529                        7431    -902   6586

 COOLING
  YESTERDAY          0                           0       0      0
  MONTH TO DATE      0                           0       0      0
  SINCE DEC 1        0                           0       0      0
  SINCE JAN 1        0                           0       0      0
...................................................................

WIND (MPH)
 HIGHEST WIND SPEED    14     HIGHEST WIND DIRECTION    360
 HIGHEST GUST SPEED    16     HIGHEST GUST DIRECTION     10
 AVERAGE WIND SPEED   5.1

SKY COVER
  POSSIBLE SUNSHINE    MM          AVERAGE SKY COVER     MM

WEATHER CONDITIONS
 THE FOLLOWING WEATHER WAS RECORDED YESTERDAY.
  NO SIGNIFICANT WEATHER WAS OBSERVED.

RELATIVE HUMIDITY
 HIGHEST RH     MM PERCENT       MM
 LOWEST  RH     MM PERCENT       MM
 AVERAGE RH     MM PERCENT       MM
...................................................................

THE NOME CLIMATE NORMALS FOR TODAY
                           NORMAL    RECORD   YEAR
 MAXIMUM TEMPERATURE (F)     13        39     1963
 MINIMUM TEMPERATURE (F)     -3       -54     1989

SUNRISE AND SUNSET
 JAN 28 2015..........SUNRISE 10:58 AM      SUNSET  5:34 PM
 JAN 29 2015..........SUNRISE 10:55 AM      SUNSET  5:37 PM

-  INDICATES NEGATIVE NUMBERS.
R  INDICATES RECORD HAS BEEN SET OR TIED.
MM INDICATES DATA IS MISSING.
T  INDICATES TRACE OF PRECIPITATION.

&&
-------------------------------------------------------------------

AMOUNT OF DAYLIGHT TODAY  (HOUR:MIN)........6 HOURS 36 MINUTES
GAIN/LOSS SINCE YESTERDAY (HOUR:MIN:SEC)....+0:06:26

TIDES FOR WEDNESDAY JANUARY 28 2015

 5:13 AM LOW  0.2 FT
11:40 AM HIGH 1.3 FT
 5:15 PM LOW  0.4 FT
11:33 PM HIGH 1.4 FT

$$
RCT JAN 15
