039
CDAK49 PAOM 021200
CLIOME

CLIMATE REPORT
NATIONAL WEATHER SERVICE NOME, AK
4 AM AKDT MON MAY 2 2016

...................................
...THE NOME WSO AP CLIMATE SUMMARY FOR MAY 1 2016...

CLIMATE NORMAL PERIOD  1981 TO  2010
CLIMATE RECORD PERIOD  1906 TO  2016

WEATHER ITEM   OBSERVED TIME    RECORD YEAR NORMAL DEPARTURE LAST
               VALUE    (LST)   VALUE       VALUE  FROM      YEAR
                                                   NORMAL
...................................................................
TEMPERATURE
YESTERDAY
 MAXIMUM            46  0447 PM    56  2004     36      10     30
 MINIMUM            34  1124 PM   -10  1964     24      10     22
 AVERAGE            40                          30      10     26

PRECIPITATION
(INCHES)
 YESTERDAY           T           0.63  1937   0.03   -0.03   0.00
 MONTH TO DATE       T                        0.03   -0.03   0.00
 SINCE MAR 1      0.84                        1.44   -0.60   1.31
 SINCE JAN 1      1.87                        3.31   -1.44   2.95

SNOWFALL
(INCHES)
 YESTERDAY         0.0            5.9  1937    0.1    -0.1    0.0
 MONTH TO DATE     0.0                         0.1    -0.1    0.0
 SINCE MAR 1       6.6                        16.5    -9.9   16.4
 SINCE JUL 1      48.9                        73.2   -24.3   59.7
 SNOW DEPTH (IN)     0                                          2

DEGREE DAYS
 HEATING
  YESTERDAY         25                          35     -10     39
  MONTH TO DATE     25                          35     -10     39
  SINCE MAR 1     2582                        3066    -484   3146
  SINCE JUL 1    10819                       12348   -1529  11324

 COOLING
  YESTERDAY          0                           0       0      0
  MONTH TO DATE      0                           0       0      0
  SINCE MAR 1        0                           0       0      0
  SINCE JAN 1        0                           0       0      0
...................................................................

WIND (MPH)
 HIGHEST WIND SPEED    16     HIGHEST WIND DIRECTION    350
 HIGHEST GUST SPEED    20     HIGHEST GUST DIRECTION    340
 AVERAGE WIND SPEED   6.4

SKY COVER
  POSSIBLE SUNSHINE    MM          AVERAGE SKY COVER     MM

WEATHER CONDITIONS
 THE FOLLOWING WEATHER WAS RECORDED YESTERDAY.
  LIGHT RAINFALL

RELATIVE HUMIDITY
 HIGHEST RH     MM PERCENT       MM
 LOWEST  RH     MM PERCENT       MM
 AVERAGE RH     MM PERCENT       MM
...................................................................

THE NOME CLIMATE NORMALS FOR TODAY
                           NORMAL    RECORD   YEAR
 MAXIMUM TEMPERATURE (F)     36        56     2004
 MINIMUM TEMPERATURE (F)     24       -11     1949

SUNRISE AND SUNSET
 MAY 2 2016..........SUNRISE  6:25 AM      SUNSET 11:35 PM
 MAY 3 2016..........SUNRISE  6:22 AM      SUNSET 11:39 PM

-  INDICATES NEGATIVE NUMBERS.
R  INDICATES RECORD HAS BEEN SET OR TIED.
MM INDICATES DATA IS MISSING.
T  INDICATES TRACE OF PRECIPITATION.

&&
-------------------------------------------------------------------

AMOUNT OF DAYLIGHT TODAY  (HOUR:MIN)........17 HOURS 10 MINUTES
GAIN/LOSS SINCE YESTERDAY (HOUR:MIN:SEC)....+0:06:50

NOME TIDAL INFORMATION FOR 2 MAY 2016
1218  +0.6
0716  -0.2
1414  +0.8
2003  +0.2

$$

CKC MAY 16
