000
CDUS46 KOTX 200829
CLIOMK


CLIMATE REPORT
NATIONAL WEATHER SERVICE SPOKANE, WA
124 AM PDT MON OCT 20 2014


...................................

...THE OMAK WA AIRPORT CLIMATE SUMMARY FOR OCTOBER 19 2014...

CLIMATE NORMAL PERIOD 1981 TO 2010
CLIMATE RECORD PERIOD 9999 TO 9999


WEATHER ITEM   OBSERVED TIME   RECORD YEAR NORMAL DEPARTURE LAST
                VALUE   (LST)  VALUE       VALUE  FROM      YEAR
                                                  NORMAL
..................................................................
TEMPERATURE (F)
 YESTERDAY
  MAXIMUM         69    339 PM  76    1940  60      9       62
  MINIMUM         44   1159 PM  20    1976  35      9       31
  AVERAGE         57                        47     10       47

PRECIPITATION (IN)
  YESTERDAY        0.00        0.54   1958  0.04  -0.04     0.00
  MONTH TO DATE    0.19                     0.55  -0.36     0.05
  SINCE OCT 1      0.19                     0.55  -0.36     0.05
  SINCE JAN 1      7.20                    10.15  -2.95     8.88

SNOWFALL (IN)
  YESTERDAY       MM

DEGREE DAYS
 HEATING
  YESTERDAY        8                        18    -10       18
  MONTH TO DATE  174                       254    -80      313
  SINCE SEP 1    258                       384   -126      446
  SINCE JUL 1    263                       415   -152      446

 COOLING
  YESTERDAY        0                         0      0        0
  MONTH TO DATE    3                         0      3        0
  SINCE SEP 1     49                        58     -9      128
  SINCE JAN 1    873                       664    209      814
..................................................................


WIND (MPH)
  HIGHEST WIND SPEED    10   HIGHEST WIND DIRECTION    SW (210)
  HIGHEST GUST SPEED    12   HIGHEST GUST DIRECTION    SW (220)
  AVERAGE WIND SPEED     3.2


SKY COVER
  POSSIBLE SUNSHINE  MM
  AVERAGE SKY COVER 0.3


WEATHER CONDITIONS
 THE FOLLOWING WEATHER WAS RECORDED YESTERDAY.
  FOG


RELATIVE HUMIDITY (PERCENT)
 HIGHEST   100           700 AM
 LOWEST     47           300 PM
 AVERAGE    74

..........................................................


THE OMAK WA AIRPORT CLIMATE NORMALS FOR TODAY
                         NORMAL    RECORD    YEAR
 MAXIMUM TEMPERATURE (F)   59        73      1942
 MINIMUM TEMPERATURE (F)   35        15      1945


SUNRISE AND SUNSET
OCTOBER 20 2014.......SUNRISE   726 AM PDT   SUNSET   559 PM PDT
OCTOBER 21 2014.......SUNRISE   727 AM PDT   SUNSET   557 PM PDT


-  INDICATES NEGATIVE NUMBERS.
R  INDICATES RECORD WAS SET OR TIED.
MM INDICATES DATA IS MISSING.
T  INDICATES TRACE AMOUNT.

$$
