000
CDUS46 KOTX 200827
CLIOMK


CLIMATE REPORT
NATIONAL WEATHER SERVICE SPOKANE, WA
1226 AM PST MON NOV 20 2017


...................................

...THE OMAK WA AIRPORT CLIMATE SUMMARY FOR NOVEMBER 19 2017...

CLIMATE NORMAL PERIOD 1981 TO 2010
CLIMATE RECORD PERIOD 9999 TO 9999


WEATHER ITEM   OBSERVED TIME   RECORD YEAR NORMAL DEPARTURE LAST
                VALUE   (LST)  VALUE       VALUE  FROM      YEAR
                                                  NORMAL
..................................................................
TEMPERATURE (F)
 YESTERDAY
  MAXIMUM         41    309 PM  67    1932  42     -1       38
  MINIMUM         33    407 AM   5    1955  27      6       29
  AVERAGE         37                        34      3       34

PRECIPITATION (IN)
  YESTERDAY        0.00                      0.06  -0.06     0.10
  MONTH TO DATE    0.69                      0.96  -0.27     0.75
  SINCE OCT 1      1.80                      2.04  -0.24     4.39
  SINCE JAN 1     12.29                     11.90   0.39    13.86

SNOWFALL (IN)
  YESTERDAY       MM

DEGREE DAYS
 HEATING
  YESTERDAY       28                        31     -3       31
  MONTH TO DATE  500                       510    -10      374
  SINCE SEP 1   1173                      1139     34      958
  SINCE JUL 1   1173                      1170      3      966

 COOLING
  YESTERDAY        0                         0      0        0
  MONTH TO DATE    0                         0      0        0
  SINCE SEP 1     93                        59     34       11
  SINCE JAN 1    885                       665    220      637
..................................................................


WIND (MPH)
  HIGHEST WIND SPEED    20   HIGHEST WIND DIRECTION     S (200)
  HIGHEST GUST SPEED    26   HIGHEST GUST DIRECTION     S (190)
  AVERAGE WIND SPEED     9.6


SKY COVER
  POSSIBLE SUNSHINE  MM
  AVERAGE SKY COVER 0.7


WEATHER CONDITIONS
 THE FOLLOWING WEATHER WAS RECORDED YESTERDAY.
  NO SIGNIFICANT WEATHER WAS OBSERVED.


RELATIVE HUMIDITY (PERCENT)
 HIGHEST   100           400 AM
 LOWEST     70           400 PM
 AVERAGE    85

..........................................................


THE OMAK WA AIRPORT CLIMATE NORMALS FOR TODAY
                         NORMAL    RECORD    YEAR
 MAXIMUM TEMPERATURE (F)   41        58      1962
 MINIMUM TEMPERATURE (F)   27         8      2011
                                             1961


SUNRISE AND SUNSET
NOVEMBER 20 2017......SUNRISE   714 AM PST   SUNSET   413 PM PST
NOVEMBER 21 2017......SUNRISE   715 AM PST   SUNSET   412 PM PST


-  INDICATES NEGATIVE NUMBERS.
R  INDICATES RECORD WAS SET OR TIED.
MM INDICATES DATA IS MISSING.
T  INDICATES TRACE AMOUNT.




$$
