000
CDUS46 KOTX 280827
CLIOMK


CLIMATE REPORT
NATIONAL WEATHER SERVICE SPOKANE, WA
1227 AM PST WED JAN 28 2015


...................................

...THE OMAK WA AIRPORT CLIMATE SUMMARY FOR JANUARY 27 2015...

CLIMATE NORMAL PERIOD 1981 TO 2010
CLIMATE RECORD PERIOD 9999 TO 9999


WEATHER ITEM   OBSERVED TIME   RECORD YEAR NORMAL DEPARTURE LAST
                VALUE   (LST)  VALUE       VALUE  FROM      YEAR
                                                  NORMAL
..................................................................
TEMPERATURE (F)
 YESTERDAY
  MAXIMUM         38    425 PM  50    1974  35      3       39
  MINIMUM         31    229 AM -17    1949  22      9       29
  AVERAGE         35                        29      6       34

PRECIPITATION (IN)
  YESTERDAY        0.00          0.65 1995   0.03  -0.03     0.00
  MONTH TO DATE    0.73                      1.56  -0.83     0.16
  SINCE OCT 1      7.30                      7.01   0.29     1.33
  SINCE JAN 1      0.73                      1.56  -0.83     0.16

SNOWFALL (IN)
  YESTERDAY       MM

DEGREE DAYS
 HEATING
  YESTERDAY       30                        36     -6       31
  MONTH TO DATE  934                      1039   -105      918
  SINCE DEC 1   1985                      2255   -270     2221
  SINCE JUL 1   3382                      3788   -406     3818

 COOLING
  YESTERDAY        0                         0      0        0
  MONTH TO DATE    0                         0      0        0
  SINCE DEC 1      0                         0      0        0
  SINCE JAN 1      0                         0      0        0
..................................................................


WIND (MPH)
  HIGHEST WIND SPEED     5   HIGHEST WIND DIRECTION    SW (220)
  HIGHEST GUST SPEED     7   HIGHEST GUST DIRECTION     S (180)
  AVERAGE WIND SPEED     0.1


SKY COVER
  POSSIBLE SUNSHINE  MM
  AVERAGE SKY COVER 1.0


WEATHER CONDITIONS
 THE FOLLOWING WEATHER WAS RECORDED YESTERDAY.
  FOG
  FOG W/VISIBILITY <= 1/4 MILE


RELATIVE HUMIDITY (PERCENT)
 HIGHEST   100           900 AM
 LOWEST     85           200 PM
 AVERAGE    93

..........................................................


THE OMAK WA AIRPORT CLIMATE NORMALS FOR TODAY
                         NORMAL    RECORD    YEAR
 MAXIMUM TEMPERATURE (F)   36        53      1974
 MINIMUM TEMPERATURE (F)   22       -21      1949


SUNRISE AND SUNSET
JANUARY 28 2015.......SUNRISE   732 AM PST   SUNSET   450 PM PST
JANUARY 29 2015.......SUNRISE   731 AM PST   SUNSET   452 PM PST


-  INDICATES NEGATIVE NUMBERS.
R  INDICATES RECORD WAS SET OR TIED.
MM INDICATES DATA IS MISSING.
T  INDICATES TRACE AMOUNT.




$$
