000
CDUS46 KOTX 090827
CLIOMK


CLIMATE REPORT
NATIONAL WEATHER SERVICE SPOKANE, WA
127 AM PDT WED JUL 9 2014


...................................

...THE OMAK WA AIRPORT CLIMATE SUMMARY FOR JULY 8 2014...

CLIMATE NORMAL PERIOD 1981 TO 2010
CLIMATE RECORD PERIOD 9999 TO 9999


WEATHER ITEM   OBSERVED TIME   RECORD YEAR NORMAL DEPARTURE LAST
                VALUE   (LST)  VALUE       VALUE  FROM      YEAR
                                                  NORMAL
..................................................................
TEMPERATURE (F)
 YESTERDAY
  MAXIMUM         99    617 PM 109    2001  86     13       88
  MINIMUM         63    220 AM  40    2011  56      7       57
                                      1948
  AVERAGE         81                        71     10       73

PRECIPITATION (IN)
  YESTERDAY        0.00          0.54 1974   0.03  -0.03     0.00
  MONTH TO DATE    0.00                      0.24  -0.24      T
  SINCE OCT 1      6.39                     13.44  -7.05    12.83
  SINCE JAN 1      5.22                      7.99  -2.77     5.84

SNOWFALL (IN)
  YESTERDAY       MM            MM      MM  MM     MM       MM
  MONTH TO DATE   MM                        MM     MM       MM
  SINCE JUN 1     MM                        MM     MM       MM
  SINCE JUL 1     MM                        MM     MM       MM
  SNOW DEPTH      MM

DEGREE DAYS
 HEATING
  YESTERDAY        0                         1     -1        0
  MONTH TO DATE    0                         8     -8        0
  SINCE JUN 1     38                        77    -39       67
  SINCE JUL 1      0                         8     -8        0

 COOLING
  YESTERDAY       16                         7      9        8
  MONTH TO DATE   97                        47     50       97
  SINCE JUN 1    162                       131     31      162
  SINCE JAN 1    176                       154     22      185
..................................................................


WIND (MPH)
  HIGHEST WIND SPEED    16   HIGHEST WIND DIRECTION     N (10)
  HIGHEST GUST SPEED    22   HIGHEST GUST DIRECTION     N (20)
  AVERAGE WIND SPEED     7.3


SKY COVER
  POSSIBLE SUNSHINE  MM
  AVERAGE SKY COVER 0.0


WEATHER CONDITIONS
 THE FOLLOWING WEATHER WAS RECORDED YESTERDAY.
  NO SIGNIFICANT WEATHER WAS OBSERVED.


RELATIVE HUMIDITY (PERCENT)
 HIGHEST    52           200 AM
 LOWEST     14           600 PM
 AVERAGE    33

..........................................................


THE OMAK WA AIRPORT CLIMATE NORMALS FOR TODAY
                         NORMAL    RECORD    YEAR
 MAXIMUM TEMPERATURE (F)   87       101      2012
                                             1931
 MINIMUM TEMPERATURE (F)   56        41      1963


SUNRISE AND SUNSET
JULY  9 2014..........SUNRISE   507 AM PDT   SUNSET   900 PM PDT
JULY 10 2014..........SUNRISE   508 AM PDT   SUNSET   859 PM PDT


-  INDICATES NEGATIVE NUMBERS.
R  INDICATES RECORD WAS SET OR TIED.
MM INDICATES DATA IS MISSING.
T  INDICATES TRACE AMOUNT.




$$
