000
CDUS46 KOTX 270836
CLIOMK


CLIMATE REPORT
NATIONAL WEATHER SERVICE SPOKANE, WA
136 AM PDT SAT MAY 27 2017


...................................

...THE OMAK WA AIRPORT CLIMATE SUMMARY FOR MAY 26 2017...

CLIMATE NORMAL PERIOD 1981 TO 2010
CLIMATE RECORD PERIOD 9999 TO 9999


WEATHER ITEM   OBSERVED TIME   RECORD YEAR NORMAL DEPARTURE LAST
                VALUE   (LST)  VALUE       VALUE  FROM      YEAR
                                                  NORMAL
..................................................................
TEMPERATURE (F)
 YESTERDAY
  MAXIMUM         80    409 PM  94    1958  75      5       75
  MINIMUM         43    358 AM  29    1967  48     -5       53
  AVERAGE         62                        61      1       64

PRECIPITATION (IN)
  YESTERDAY        0.00                      0.03  -0.03      T
  MONTH TO DATE    1.50                      1.01   0.49     0.69
  SINCE OCT 1     16.58                     11.43   5.15    12.43
  SINCE JAN 1     10.10                      6.54   3.56     7.07

SNOWFALL (IN)
  YESTERDAY       MM

DEGREE DAYS
 HEATING
  YESTERDAY        3                         5     -2        1
  MONTH TO DATE  205                       212     -7       88
  SINCE MAR 1   1468                      1390     78      957
  SINCE JUL 1   6403                      6251    152     5363

 COOLING
  YESTERDAY        0                         1     -1        0
  MONTH TO DATE   13                        16     -3       18
  SINCE MAR 1     13                        17     -4       23
  SINCE JAN 1     13                        17     -4       23
..................................................................


WIND (MPH)
  HIGHEST WIND SPEED    13   HIGHEST WIND DIRECTION     W (290)
  HIGHEST GUST SPEED    14   HIGHEST GUST DIRECTION    NW (300)
  AVERAGE WIND SPEED     4.5


SKY COVER
  POSSIBLE SUNSHINE  MM
  AVERAGE SKY COVER 0.0


WEATHER CONDITIONS
 THE FOLLOWING WEATHER WAS RECORDED YESTERDAY.
  NO SIGNIFICANT WEATHER WAS OBSERVED.


RELATIVE HUMIDITY (PERCENT)
 HIGHEST    89           200 AM
 LOWEST     21           200 PM
 AVERAGE    55

..........................................................


THE OMAK WA AIRPORT CLIMATE NORMALS FOR TODAY
                         NORMAL    RECORD    YEAR
 MAXIMUM TEMPERATURE (F)   75        96      1958
 MINIMUM TEMPERATURE (F)   48        29      1955


SUNRISE AND SUNSET
MAY 27 2017...........SUNRISE   504 AM PDT   SUNSET   847 PM PDT
MAY 28 2017...........SUNRISE   504 AM PDT   SUNSET   848 PM PDT


-  INDICATES NEGATIVE NUMBERS.
R  INDICATES RECORD WAS SET OR TIED.
MM INDICATES DATA IS MISSING.
T  INDICATES TRACE AMOUNT.




$$
