000
CDUS46 KOTX 140831
CLIOMK


CLIMATE REPORT
NATIONAL WEATHER SERVICE SPOKANE, WA
131 AM PDT SUN SEP 14 2014


...................................

...THE OMAK WA AIRPORT CLIMATE SUMMARY FOR SEPTEMBER 13 2014...

CLIMATE NORMAL PERIOD 1981 TO 2010
CLIMATE RECORD PERIOD 9999 TO 9999


WEATHER ITEM   OBSERVED TIME   RECORD YEAR NORMAL DEPARTURE LAST
                VALUE   (LST)  VALUE       VALUE  FROM      YEAR
                                                  NORMAL
..................................................................
TEMPERATURE (F)
 YESTERDAY
  MAXIMUM         80    253 PM  97    2013  79      1       97
  MINIMUM         46   1153 PM  25    1970  49     -3       64
  AVERAGE         63                        64     -1       81

PRECIPITATION (IN)
  YESTERDAY        0.00          1.43 1980   0.02  -0.02     0.00
  MONTH TO DATE    0.40                      0.20   0.20     0.64
  SINCE OCT 1      7.81                     14.67  -6.86    15.05
  SINCE JAN 1      6.64                      9.22  -2.58     8.06

SNOWFALL (IN)
  YESTERDAY       MM            MM      MM  MM     MM       MM
  MONTH TO DATE   MM                        MM     MM       MM
  SINCE SEP 1     MM                        MM     MM       MM
  SINCE JUL 1     MM                        MM     MM       MM
  SNOW DEPTH      MM

DEGREE DAYS
 HEATING
  YESTERDAY        2                         3     -1        0
  MONTH TO DATE   50                        31     19        6
  SINCE SEP 1     50                        31     19        6
  SINCE JUL 1     55                        62     -7        6

 COOLING
  YESTERDAY        0                         2     -2       16
  MONTH TO DATE   15                        42    -27      103
  SINCE SEP 1     15                        42    -27      103
  SINCE JAN 1    839                       648    191      789
..................................................................


WIND (MPH)
  HIGHEST WIND SPEED    16   HIGHEST WIND DIRECTION     N (20)
  HIGHEST GUST SPEED    19   HIGHEST GUST DIRECTION     N (10)
  AVERAGE WIND SPEED     6.9


SKY COVER
  POSSIBLE SUNSHINE  MM
  AVERAGE SKY COVER 0.0


WEATHER CONDITIONS
 THE FOLLOWING WEATHER WAS RECORDED YESTERDAY.
  NO SIGNIFICANT WEATHER WAS OBSERVED.


RELATIVE HUMIDITY (PERCENT)
 HIGHEST    48          1100 PM
 LOWEST     16           300 PM
 AVERAGE    32

..........................................................


THE OMAK WA AIRPORT CLIMATE NORMALS FOR TODAY
                         NORMAL    RECORD    YEAR
 MAXIMUM TEMPERATURE (F)   79        94      2013
 MINIMUM TEMPERATURE (F)   48        30      1947


SUNRISE AND SUNSET
SEPTEMBER 14 2014.....SUNRISE   634 AM PDT   SUNSET   713 PM PDT
SEPTEMBER 15 2014.....SUNRISE   635 AM PDT   SUNSET   710 PM PDT


-  INDICATES NEGATIVE NUMBERS.
R  INDICATES RECORD WAS SET OR TIED.
MM INDICATES DATA IS MISSING.
T  INDICATES TRACE AMOUNT.




$$
