000
CDUS46 KOTX 300824
CLIOMK


CLIMATE REPORT
NATIONAL WEATHER SERVICE SPOKANE, WA
124 AM PDT MON MAY 30 2016


...................................

...THE OMAK WA AIRPORT CLIMATE SUMMARY FOR MAY 29 2016...

CLIMATE NORMAL PERIOD 1981 TO 2010
CLIMATE RECORD PERIOD 9999 TO 9999


WEATHER ITEM   OBSERVED TIME   RECORD YEAR NORMAL DEPARTURE LAST
                VALUE   (LST)  VALUE       VALUE  FROM      YEAR
                                                  NORMAL
..................................................................
TEMPERATURE (F)
 YESTERDAY
  MAXIMUM         74   1227 PM  92    2009  76     -2       87
                                      1934
  MINIMUM         46   1159 PM  32    1977  48     -2       57
  AVERAGE         60                        62     -2       72

PRECIPITATION (IN)
  YESTERDAY        T                         0.04  -0.04     0.52
  MONTH TO DATE    0.69                      1.13  -0.44     1.42
  SINCE OCT 1     12.43                     11.55   0.88    10.74
  SINCE JAN 1      7.07                      6.66   0.41     4.17

SNOWFALL (IN)
  YESTERDAY       MM

DEGREE DAYS
 HEATING
  YESTERDAY        5                         4      1        0
  MONTH TO DATE  109                       225   -116      130
  SINCE MAR 1    978                      1403   -425     1133
  SINCE JUL 1   5384                      6264   -880     5319

 COOLING
  YESTERDAY        0                         1     -1        7
  MONTH TO DATE   18                        19     -1       38
  SINCE MAR 1     23                        20      3       38
  SINCE JAN 1     23                        20      3       38
..................................................................


WIND (MPH)
  HIGHEST WIND SPEED    30   HIGHEST WIND DIRECTION     N (10)
  HIGHEST GUST SPEED    36   HIGHEST GUST DIRECTION     N (20)
  AVERAGE WIND SPEED     9.4


SKY COVER
  POSSIBLE SUNSHINE  MM
  AVERAGE SKY COVER 0.2


WEATHER CONDITIONS
 THE FOLLOWING WEATHER WAS RECORDED YESTERDAY.
  LIGHT RAIN


RELATIVE HUMIDITY (PERCENT)
 HIGHEST    66           600 AM
 LOWEST     24           100 PM
 AVERAGE    45

..........................................................


THE OMAK WA AIRPORT CLIMATE NORMALS FOR TODAY
                         NORMAL    RECORD    YEAR
 MAXIMUM TEMPERATURE (F)   76        94      1936
 MINIMUM TEMPERATURE (F)   49        33      1950


SUNRISE AND SUNSET
MAY 30 2016...........SUNRISE   502 AM PDT   SUNSET   850 PM PDT
MAY 31 2016...........SUNRISE   501 AM PDT   SUNSET   851 PM PDT


-  INDICATES NEGATIVE NUMBERS.
R  INDICATES RECORD WAS SET OR TIED.
MM INDICATES DATA IS MISSING.
T  INDICATES TRACE AMOUNT.




$$
