000
CDUS45 KBOI 010935
CLIONO


CLIMATE REPORT
NATIONAL WEATHER SERVICE BOISE ID
332 AM MDT SAT AUG 1 2015


...................................

...THE ONTARIO OR CLIMATE SUMMARY FOR JULY 31 2015...

CLIMATE NORMAL PERIOD 1981 TO 2010
CLIMATE RECORD PERIOD 1948 TO 2015


WEATHER ITEM   OBSERVED TIME   RECORD YEAR NORMAL DEPARTURE LAST
                VALUE   (LST)  VALUE       VALUE  FROM      YEAR
                                                  NORMAL
..................................................................
TEMPERATURE (F)
 YESTERDAY
  MAXIMUM        102    448 PM 107    1971  96      6       96
  MINIMUM         54    615 AM  45    1963  59     -5       60
  AVERAGE         78                        77      1       78

PRECIPITATION (IN)
  YESTERDAY        0.00          0.12 2001   0.01  -0.01     0.00
  MONTH TO DATE    0.49                      0.30   0.19     0.01
  SINCE OCT 1      9.23                      9.47  -0.24     6.52
  SINCE JAN 1      4.77                      6.06  -1.29     5.01

DEGREE DAYS
 HEATING
  YESTERDAY        0                         0      0        0
  MONTH TO DATE    2                         0      2        0
  SINCE JUN 1      3                        57    -54       28
  SINCE JUL 1      2                         5     -3        0

 COOLING
  YESTERDAY       13                        12      1       13
  MONTH TO DATE  365                       348     17      496
  SINCE JUN 1    730                       487    243      653
  SINCE JAN 1    763                       523    240      701
..................................................................


WIND (MPH)
  HIGHEST WIND SPEED     7   HIGHEST WIND DIRECTION     S (170)
  HIGHEST GUST SPEED    10   HIGHEST GUST DIRECTION     S (170)
  AVERAGE WIND SPEED     3.0


SKY COVER
  AVERAGE SKY COVER 0.0


WEATHER CONDITIONS
 THE FOLLOWING WEATHER WAS RECORDED YESTERDAY.
  NO SIGNIFICANT WEATHER WAS OBSERVED.


RELATIVE HUMIDITY (PERCENT)
 HIGHEST    64           500 AM
 LOWEST     12           400 PM
 AVERAGE    38

..........................................................


THE ONTARIO OR CLIMATE NORMALS FOR TODAY
                         NORMAL    RECORD    YEAR
 MAXIMUM TEMPERATURE (F)   96       108      1971
 MINIMUM TEMPERATURE (F)   59        44      1975


SUNRISE AND SUNSET
AUGUST  1 2015........SUNRISE   636 AM MDT   SUNSET   912 PM MDT
AUGUST  2 2015........SUNRISE   637 AM MDT   SUNSET   911 PM MDT


-  INDICATES NEGATIVE NUMBERS.
R  INDICATES RECORD WAS SET OR TIED.
MM INDICATES DATA IS MISSING.
T  INDICATES TRACE AMOUNT.




$$
