000
CDUS45 KBOI 280932
CLIONO


CLIMATE REPORT
NATIONAL WEATHER SERVICE BOISE ID
232 AM MST TUE FEB 28 2017


...................................

...THE ONTARIO OR CLIMATE SUMMARY FOR FEBRUARY 27 2017...

CLIMATE NORMAL PERIOD 1981 TO 2010
CLIMATE RECORD PERIOD 1948 TO 2017


WEATHER ITEM   OBSERVED TIME   RECORD YEAR NORMAL DEPARTURE LAST
                VALUE   (LST)  VALUE       VALUE  FROM      YEAR
                                                  NORMAL
..................................................................
TEMPERATURE (F)
 YESTERDAY
  MAXIMUM         41    502 PM  65    1968  49     -8       60
  MINIMUM         19    821 AM   0    1993  26     -7       33
  AVERAGE         30                        38     -8       47

PRECIPITATION (IN)
  YESTERDAY        0.02          0.52 2000   0.03  -0.01     0.02
  MONTH TO DATE    1.51                      0.77   0.74     0.29
  SINCE OCT 1      8.14                      5.36   2.78     5.79
  SINCE JAN 1      4.82                      1.95   2.87     1.04

DEGREE DAYS
 HEATING
  YESTERDAY       35                        27      8       18
  MONTH TO DATE  887                       859     28      696
  SINCE DEC 1   3751                      3174    577     2821
  SINCE JUL 1   4842                      4602    240     3946

 COOLING
  YESTERDAY        0                         0      0        0
  MONTH TO DATE    0                         0      0        0
  SINCE DEC 1      0                         0      0        0
  SINCE JAN 1      0                         0      0        0
..................................................................


WIND (MPH)
  HIGHEST WIND SPEED    14   HIGHEST WIND DIRECTION     S (160)
  HIGHEST GUST SPEED    17   HIGHEST GUST DIRECTION     S (170)
  AVERAGE WIND SPEED     5.4


SKY COVER
  AVERAGE SKY COVER 0.6


WEATHER CONDITIONS
 THE FOLLOWING WEATHER WAS RECORDED YESTERDAY.
  LIGHT SNOW
  FOG


RELATIVE HUMIDITY (PERCENT)
 HIGHEST    92           100 AM
 LOWEST     48           500 PM
 AVERAGE    70

..........................................................


THE ONTARIO OR CLIMATE NORMALS FOR TODAY
                         NORMAL    RECORD    YEAR
 MAXIMUM TEMPERATURE (F)   50        65      1959
 MINIMUM TEMPERATURE (F)   26         6      1993


SUNRISE AND SUNSET
FEBRUARY 28 2017......SUNRISE   726 AM MST   SUNSET   636 PM MST
MARCH  1 2017.........SUNRISE   724 AM MST   SUNSET   637 PM MST


-  INDICATES NEGATIVE NUMBERS.
R  INDICATES RECORD WAS SET OR TIED.
MM INDICATES DATA IS MISSING.
T  INDICATES TRACE AMOUNT.




$$
