000
CDUS45 KBOI 300930
CLIONO


CLIMATE REPORT
NATIONAL WEATHER SERVICE BOISE ID
330 AM MDT THU OCT 30 2014


...................................

...THE ONTARIO OR CLIMATE SUMMARY FOR OCTOBER 29 2014...

CLIMATE NORMAL PERIOD 1981 TO 2010
CLIMATE RECORD PERIOD 1948 TO 2014


WEATHER ITEM   OBSERVED TIME   RECORD YEAR NORMAL DEPARTURE LAST
                VALUE   (LST)  VALUE       VALUE  FROM      YEAR
                                                  NORMAL
..................................................................
TEMPERATURE (F)
 YESTERDAY
  MAXIMUM         58    421 PM  77    2003  59     -1       55
  MINIMUM         39    736 AM  20    1993  31      8       34
  AVERAGE         49                        45      4       45

PRECIPITATION (IN)
  YESTERDAY        0.04          0.70 1982   0.03   0.01      T
  MONTH TO DATE    0.53                      0.57  -0.04     0.25
  SINCE OCT 1      0.53                      0.57  -0.04     0.25
  SINCE JAN 1      6.49                      7.22  -0.73     4.02

DEGREE DAYS
 HEATING
  YESTERDAY       16                        20     -4       20
  MONTH TO DATE  287                       416   -129      443
  SINCE SEP 1    323                       534   -211      531
  SINCE JUL 1    324                       550   -226      531

 COOLING
  YESTERDAY        0                         0      0        0
  MONTH TO DATE    1                         0      1        0
  SINCE SEP 1     91                        58     33      127
  SINCE JAN 1   1088                       851    237     1299
..................................................................


WIND (MPH)
  HIGHEST WIND SPEED    10   HIGHEST WIND DIRECTION     W (260)
  HIGHEST GUST SPEED    13   HIGHEST GUST DIRECTION     W (250)
  AVERAGE WIND SPEED     2.5


SKY COVER
  AVERAGE SKY COVER 0.4


WEATHER CONDITIONS
 THE FOLLOWING WEATHER WAS RECORDED YESTERDAY.
  LIGHT RAIN
  FOG


RELATIVE HUMIDITY (PERCENT)
 HIGHEST    92           800 AM
 LOWEST     55           100 PM
 AVERAGE    74

..........................................................


THE ONTARIO OR CLIMATE NORMALS FOR TODAY
                         NORMAL    RECORD    YEAR
 MAXIMUM TEMPERATURE (F)   58        75      1990
 MINIMUM TEMPERATURE (F)   30        19      1993


SUNRISE AND SUNSET
OCTOBER 30 2014.......SUNRISE   822 AM MDT   SUNSET   641 PM MDT
OCTOBER 31 2014.......SUNRISE   823 AM MDT   SUNSET   639 PM MDT


-  INDICATES NEGATIVE NUMBERS.
R  INDICATES RECORD WAS SET OR TIED.
MM INDICATES DATA IS MISSING.
T  INDICATES TRACE AMOUNT.




$$
