000
CDUS45 KBOI 250931
CLIONO


CLIMATE REPORT
NATIONAL WEATHER SERVICE BOISE ID
231 AM MST TUE NOV 25 2014


...................................

...THE ONTARIO OR CLIMATE SUMMARY FOR NOVEMBER 24 2014...

CLIMATE NORMAL PERIOD 1981 TO 2010
CLIMATE RECORD PERIOD 1948 TO 2014


WEATHER ITEM   OBSERVED TIME   RECORD YEAR NORMAL DEPARTURE LAST
                VALUE   (LST)  VALUE       VALUE  FROM      YEAR
                                                  NORMAL
..................................................................
TEMPERATURE (F)
 YESTERDAY
  MAXIMUM         44    329 PM  65    1960  43      1       40
  MINIMUM         22    830 AM  -4    1993  24     -2       15
  AVERAGE         33                        34     -1       28

PRECIPITATION (IN)
  YESTERDAY        T             0.55 1981   0.04  -0.04     0.00
  MONTH TO DATE    1.32                      0.86   0.46     0.80
  SINCE OCT 1      1.85                      1.49   0.36     1.06
  SINCE JAN 1      7.81                      8.14  -0.33     4.83

DEGREE DAYS
 HEATING
  YESTERDAY       32                        31      1       37
  MONTH TO DATE  788                       639    149      624
  SINCE SEP 1   1135                      1216    -81     1202
  SINCE JUL 1   1136                      1232    -96     1202

 COOLING
  YESTERDAY        0                         0      0        0
  MONTH TO DATE    0                         0      0        0
  SINCE SEP 1     91                        59     32      127
  SINCE JAN 1   1088                       852    236     1299
..................................................................


WIND (MPH)
  HIGHEST WIND SPEED    14   HIGHEST WIND DIRECTION     W (250)
  HIGHEST GUST SPEED    16   HIGHEST GUST DIRECTION     W (250)
  AVERAGE WIND SPEED     2.9


SKY COVER
  AVERAGE SKY COVER 0.1


WEATHER CONDITIONS
 THE FOLLOWING WEATHER WAS RECORDED YESTERDAY.
  FOG


RELATIVE HUMIDITY (PERCENT)
 HIGHEST    89          1100 PM
 LOWEST     64          1200 PM
 AVERAGE    77

..........................................................


THE ONTARIO OR CLIMATE NORMALS FOR TODAY
                         NORMAL    RECORD    YEAR
 MAXIMUM TEMPERATURE (F)   43        62      1960
 MINIMUM TEMPERATURE (F)   24        -6      1993


SUNRISE AND SUNSET
NOVEMBER 25 2014......SUNRISE   756 AM MST   SUNSET   514 PM MST
NOVEMBER 26 2014......SUNRISE   757 AM MST   SUNSET   513 PM MST


-  INDICATES NEGATIVE NUMBERS.
R  INDICATES RECORD WAS SET OR TIED.
MM INDICATES DATA IS MISSING.
T  INDICATES TRACE AMOUNT.




$$
