000
CDUS45 KBOI 020934
CLIONO


CLIMATE REPORT
NATIONAL WEATHER SERVICE BOISE ID
333 AM MDT MON MAY 2 2016


...................................

...THE ONTARIO OR CLIMATE SUMMARY FOR MAY 1 2016...

CLIMATE NORMAL PERIOD 1981 TO 2010
CLIMATE RECORD PERIOD 1948 TO 2016


WEATHER ITEM   OBSERVED TIME   RECORD YEAR NORMAL DEPARTURE LAST
                VALUE   (LST)  VALUE       VALUE  FROM      YEAR
                                                  NORMAL
..................................................................
TEMPERATURE (F)
 YESTERDAY
  MAXIMUM         74    518 PM  89    1971  70      4       79
  MINIMUM         42    554 AM  27    2013  40      2       36
  AVERAGE         58                        55      3       58

PRECIPITATION (IN)
  YESTERDAY        0.00          0.58 1950   0.04  -0.04     0.00
  MONTH TO DATE    0.00                      0.04  -0.04     0.00
  SINCE OCT 1      6.68                      7.24  -0.56     6.86
  SINCE JAN 1      1.93                      3.83  -1.90     2.40

DEGREE DAYS
 HEATING
  YESTERDAY        7                        11     -4        7
  MONTH TO DATE    7                        11     -4        7
  SINCE MAR 1    813                      1122   -309      917
  SINCE JUL 1   4803                      5752   -949     4711

 COOLING
  YESTERDAY        0                         0      0        0
  MONTH TO DATE    0                         0      0        0
  SINCE MAR 1      0                         1     -1        0
  SINCE JAN 1      0                         1     -1        0
..................................................................


WIND (MPH)
  HIGHEST WIND SPEED    10   HIGHEST WIND DIRECTION     S (170)
  HIGHEST GUST SPEED    13   HIGHEST GUST DIRECTION     S (180)
  AVERAGE WIND SPEED     1.6


SKY COVER
  AVERAGE SKY COVER 0.0


WEATHER CONDITIONS
 THE FOLLOWING WEATHER WAS RECORDED YESTERDAY.
  NO SIGNIFICANT WEATHER WAS OBSERVED.


RELATIVE HUMIDITY (PERCENT)
 HIGHEST    76           300 AM
 LOWEST     25           600 PM
 AVERAGE    51

..........................................................


THE ONTARIO OR CLIMATE NORMALS FOR TODAY
                         NORMAL    RECORD    YEAR
 MAXIMUM TEMPERATURE (F)   70        91      1966
 MINIMUM TEMPERATURE (F)   40        26      1997


SUNRISE AND SUNSET
MAY  2 2016...........SUNRISE   637 AM MDT   SUNSET   853 PM MDT
MAY  3 2016...........SUNRISE   636 AM MDT   SUNSET   854 PM MDT


-  INDICATES NEGATIVE NUMBERS.
R  INDICATES RECORD WAS SET OR TIED.
MM INDICATES DATA IS MISSING.
T  INDICATES TRACE AMOUNT.




$$
