000
CDUS45 KBOI 250931
CLIONO


CLIMATE REPORT
NATIONAL WEATHER SERVICE BOISE ID
330 AM MDT TUE JUL 25 2017


...................................

...THE ONTARIO OR CLIMATE SUMMARY FOR JULY 24 2017...

CLIMATE NORMAL PERIOD 1981 TO 2010
CLIMATE RECORD PERIOD 1948 TO 2017


WEATHER ITEM   OBSERVED TIME   RECORD YEAR NORMAL DEPARTURE LAST
                VALUE   (LST)  VALUE       VALUE  FROM      YEAR
                                                  NORMAL
..................................................................
TEMPERATURE (F)
 YESTERDAY
  MAXIMUM         99    416 PM 106    1956  96      3       93
  MINIMUM         66    636 AM  45    1970  59      7       61
  AVERAGE         83                        78      5       77

PRECIPITATION (IN)
  YESTERDAY        0.00          0.12 1977   0.00   0.00     0.00
  MONTH TO DATE    0.01                      0.26  -0.25     0.21
  SINCE OCT 1     12.79                      9.43   3.36     7.31
  SINCE JAN 1      9.47                      6.02   3.45     2.56

DEGREE DAYS
 HEATING
  YESTERDAY        0                         0      0        0
  MONTH TO DATE    0                         0      0        9
  SINCE JUN 1     28                        52    -24       35
  SINCE JUL 1      0                         0      0        9

 COOLING
  YESTERDAY       18                        13      5       12
  MONTH TO DATE  409                       260    149      224
  SINCE JUN 1    573                       399    174      455
  SINCE JAN 1    613                       435    178      494
..................................................................


WIND (MPH)
  HIGHEST WIND SPEED    30   HIGHEST WIND DIRECTION    NW (310)
  HIGHEST GUST SPEED    37   HIGHEST GUST DIRECTION    NW (320)
  AVERAGE WIND SPEED     4.4


SKY COVER
  AVERAGE SKY COVER 0.0


WEATHER CONDITIONS
 THE FOLLOWING WEATHER WAS RECORDED YESTERDAY.
  HAZE


RELATIVE HUMIDITY (PERCENT)
 HIGHEST    68           600 AM
 LOWEST     15           700 PM
 AVERAGE    42

..........................................................


THE ONTARIO OR CLIMATE NORMALS FOR TODAY
                         NORMAL    RECORD    YEAR
 MAXIMUM TEMPERATURE (F)   96       106      1978
 MINIMUM TEMPERATURE (F)   59        49      1957


SUNRISE AND SUNSET
JULY 25 2017..........SUNRISE   629 AM MDT   SUNSET   919 PM MDT
JULY 26 2017..........SUNRISE   630 AM MDT   SUNSET   918 PM MDT


-  INDICATES NEGATIVE NUMBERS.
R  INDICATES RECORD WAS SET OR TIED.
MM INDICATES DATA IS MISSING.
T  INDICATES TRACE AMOUNT.




$$
