000
CDUS45 KBOI 290931
CLIONO


CLIMATE REPORT
NATIONAL WEATHER SERVICE BOISE ID
330 AM MDT FRI MAY 29 2015


...................................

...THE ONTARIO OR CLIMATE SUMMARY FOR MAY 28 2015...

CLIMATE NORMAL PERIOD 1981 TO 2010
CLIMATE RECORD PERIOD 1948 TO 2015


WEATHER ITEM   OBSERVED TIME   RECORD YEAR NORMAL DEPARTURE LAST
                VALUE   (LST)  VALUE       VALUE  FROM      YEAR
                                                  NORMAL
..................................................................
TEMPERATURE (F)
 YESTERDAY
  MAXIMUM         83    537 PM  97    1986  78      5       74
  MINIMUM         50    535 AM  30    1954  48      2       49
  AVERAGE         67                        63      4       62

PRECIPITATION (IN)
  YESTERDAY        0.00          0.38 1964   0.05  -0.05     0.00
  MONTH TO DATE    1.66                      1.16   0.50     0.42
  SINCE OCT 1      8.52                      8.36   0.16     6.24
  SINCE JAN 1      4.06                      4.95  -0.89     4.73

DEGREE DAYS
 HEATING
  YESTERDAY        0                         4     -4        3
  MONTH TO DATE   88                       197   -109      120
  SINCE MAR 1    998                      1308   -310     1111
  SINCE JUL 1   4792                      5938  -1146     5867

 COOLING
  YESTERDAY        2                         2      0        0
  MONTH TO DATE   12                        29    -17       47
  SINCE MAR 1     12                        30    -18       47
  SINCE JAN 1     12                        30    -18       47
..................................................................


WIND (MPH)
  HIGHEST WIND SPEED    10   HIGHEST WIND DIRECTION     W (280)
  HIGHEST GUST SPEED    13   HIGHEST GUST DIRECTION     N (350)
  AVERAGE WIND SPEED     4.3


SKY COVER
  AVERAGE SKY COVER 0.0


WEATHER CONDITIONS
 THE FOLLOWING WEATHER WAS RECORDED YESTERDAY.
  NO SIGNIFICANT WEATHER WAS OBSERVED.


RELATIVE HUMIDITY (PERCENT)
 HIGHEST    83           200 AM
 LOWEST     23           300 PM
 AVERAGE    53

..........................................................


THE ONTARIO OR CLIMATE NORMALS FOR TODAY
                         NORMAL    RECORD    YEAR
 MAXIMUM TEMPERATURE (F)   78       103      1986
 MINIMUM TEMPERATURE (F)   48        35      1959


SUNRISE AND SUNSET
MAY 29 2015...........SUNRISE   610 AM MDT   SUNSET   921 PM MDT
MAY 30 2015...........SUNRISE   609 AM MDT   SUNSET   922 PM MDT


-  INDICATES NEGATIVE NUMBERS.
R  INDICATES RECORD WAS SET OR TIED.
MM INDICATES DATA IS MISSING.
T  INDICATES TRACE AMOUNT.




$$
