000
CDUS45 KBOI 180932
CLIONO


CLIMATE REPORT
NATIONAL WEATHER SERVICE BOISE ID
232 AM MST THU DEC 18 2014


...................................

...THE ONTARIO OR CLIMATE SUMMARY FOR DECEMBER 17 2014...

CLIMATE NORMAL PERIOD 1981 TO 2010
CLIMATE RECORD PERIOD 1948 TO 2014


WEATHER ITEM   OBSERVED TIME   RECORD YEAR NORMAL DEPARTURE LAST
                VALUE   (LST)  VALUE       VALUE  FROM      YEAR
                                                  NORMAL
..................................................................
TEMPERATURE (F)
 YESTERDAY
  MAXIMUM         42    357 PM  54    2002  35      7       25
  MINIMUM         31    506 AM -11    1964  19     12       19
  AVERAGE         37                        27     10       22

PRECIPITATION (IN)
  YESTERDAY        0.00          0.50 1972   0.06  -0.06     0.00
  MONTH TO DATE    0.86                      0.88  -0.02     0.24
  SINCE OCT 1      2.78                      2.61   0.17     1.30
  SINCE JAN 1      8.74                      9.26  -0.52     5.07

DEGREE DAYS
 HEATING
  YESTERDAY       28                        38    -10       43
  MONTH TO DATE  432                       616   -184      787
  SINCE DEC 1    432                       616   -184      787
  SINCE JUL 1   1713                      2044   -331     2182

 COOLING
  YESTERDAY        0                         0      0        0
  MONTH TO DATE    0                         0      0        0
  SINCE DEC 1      0                         0      0        0
  SINCE JAN 1   1088                       852    236     1299
..................................................................


WIND (MPH)
  HIGHEST WIND SPEED     8   HIGHEST WIND DIRECTION    SW (240)
  HIGHEST GUST SPEED    10   HIGHEST GUST DIRECTION    SE (150)
  AVERAGE WIND SPEED     2.5


SKY COVER
  AVERAGE SKY COVER 0.8


WEATHER CONDITIONS
 THE FOLLOWING WEATHER WAS RECORDED YESTERDAY.
  FOG


RELATIVE HUMIDITY (PERCENT)
 HIGHEST    96          1000 AM
 LOWEST     73           200 PM
 AVERAGE    85

..........................................................


THE ONTARIO OR CLIMATE NORMALS FOR TODAY
                         NORMAL    RECORD    YEAR
 MAXIMUM TEMPERATURE (F)   35        54      1973
 MINIMUM TEMPERATURE (F)   19        -4      2005


SUNRISE AND SUNSET
DECEMBER 18 2014......SUNRISE   818 AM MST   SUNSET   512 PM MST
DECEMBER 19 2014......SUNRISE   819 AM MST   SUNSET   512 PM MST


-  INDICATES NEGATIVE NUMBERS.
R  INDICATES RECORD WAS SET OR TIED.
MM INDICATES DATA IS MISSING.
T  INDICATES TRACE AMOUNT.




$$
