000
CDUS45 KBOI 270933
CLIONO


CLIMATE REPORT
NATIONAL WEATHER SERVICE BOISE ID
332 AM MDT FRI MAY 27 2016


...................................

...THE ONTARIO OR CLIMATE SUMMARY FOR MAY 26 2016...

CLIMATE NORMAL PERIOD 1981 TO 2010
CLIMATE RECORD PERIOD 1948 TO 2016


WEATHER ITEM   OBSERVED TIME   RECORD YEAR NORMAL DEPARTURE LAST
                VALUE   (LST)  VALUE       VALUE  FROM      YEAR
                                                  NORMAL
..................................................................
TEMPERATURE (F)
 YESTERDAY
  MAXIMUM         79    321 PM 102    1966  78      1       79
  MINIMUM         56    552 AM  30    1975  47      9       47
  AVERAGE         68                        62      6       63

PRECIPITATION (IN)
  YESTERDAY        0.00          0.72 1998   0.04  -0.04     0.03
  MONTH TO DATE    0.30                      1.07  -0.77     1.66
  SINCE OCT 1      6.98                      8.27  -1.29     8.52
  SINCE JAN 1      2.23                      4.86  -2.63     4.06

DEGREE DAYS
 HEATING
  YESTERDAY        0                         4     -4        2
  MONTH TO DATE  102                       189    -87       88
  SINCE MAR 1    908                      1300   -392      998
  SINCE JUL 1   4898                      5930  -1032     4792

 COOLING
  YESTERDAY        3                         2      1        0
  MONTH TO DATE   33                        25      8        9
  SINCE MAR 1     33                        26      7        9
  SINCE JAN 1     33                        26      7        9
..................................................................


WIND (MPH)
  HIGHEST WIND SPEED    21   HIGHEST WIND DIRECTION    NW (320)
  HIGHEST GUST SPEED    29   HIGHEST GUST DIRECTION    NW (330)
  AVERAGE WIND SPEED    10.2


SKY COVER
  AVERAGE SKY COVER 0.2


WEATHER CONDITIONS
 THE FOLLOWING WEATHER WAS RECORDED YESTERDAY.
  NO SIGNIFICANT WEATHER WAS OBSERVED.


RELATIVE HUMIDITY (PERCENT)
 HIGHEST    57           300 AM
 LOWEST     22           400 PM
 AVERAGE    40

..........................................................


THE ONTARIO OR CLIMATE NORMALS FOR TODAY
                         NORMAL    RECORD    YEAR
 MAXIMUM TEMPERATURE (F)   78        96      1958
 MINIMUM TEMPERATURE (F)   48        33      1954


SUNRISE AND SUNSET
MAY 27 2016...........SUNRISE   611 AM MDT   SUNSET   920 PM MDT
MAY 28 2016...........SUNRISE   610 AM MDT   SUNSET   921 PM MDT


-  INDICATES NEGATIVE NUMBERS.
R  INDICATES RECORD WAS SET OR TIED.
MM INDICATES DATA IS MISSING.
T  INDICATES TRACE AMOUNT.




$$
