000
CDUS45 KBOI 160934
CLIONO


CLIMATE REPORT
NATIONAL WEATHER SERVICE BOISE ID
334 AM MDT TUE SEP 16 2014


...................................

...THE ONTARIO OR CLIMATE SUMMARY FOR SEPTEMBER 15 2014...

CLIMATE NORMAL PERIOD 1981 TO 2010
CLIMATE RECORD PERIOD 1948 TO 2014


WEATHER ITEM   OBSERVED TIME   RECORD YEAR NORMAL DEPARTURE LAST
                VALUE   (LST)  VALUE       VALUE  FROM      YEAR
                                                  NORMAL
..................................................................
TEMPERATURE (F)
 YESTERDAY
  MAXIMUM         90    524 PM  95    1956  82      8       89
  MINIMUM         45    659 AM  29    1970  45      0       59
  AVERAGE         68                        63      5       74

PRECIPITATION (IN)
  YESTERDAY        0.01          0.39 1954   0.02  -0.01     0.08
  MONTH TO DATE    0.01                      0.17  -0.16     0.14
  SINCE OCT 1      7.06                      9.82  -2.76     5.69
  SINCE JAN 1      5.55                      6.41  -0.86     2.75

DEGREE DAYS
 HEATING
  YESTERDAY        0                         3     -3        0
  MONTH TO DATE   18                        31    -13        0
  SINCE SEP 1     18                        31    -13        0
  SINCE JUL 1     19                        47    -28        0

 COOLING
  YESTERDAY        3                         2      1        9
  MONTH TO DATE   25                        45    -20      117
  SINCE SEP 1     25                        45    -20      117
  SINCE JAN 1   1022                       838    184     1289
..................................................................


WIND (MPH)
  HIGHEST WIND SPEED    20   HIGHEST WIND DIRECTION     W (250)
  HIGHEST GUST SPEED    26   HIGHEST GUST DIRECTION     W (260)
  AVERAGE WIND SPEED     2.4


SKY COVER
  AVERAGE SKY COVER 0.0


WEATHER CONDITIONS
 THE FOLLOWING WEATHER WAS RECORDED YESTERDAY.
  THUNDERSTORM
  RAIN


RELATIVE HUMIDITY (PERCENT)
 HIGHEST    60           500 AM
 LOWEST     20           400 PM
 AVERAGE    40

..........................................................


THE ONTARIO OR CLIMATE NORMALS FOR TODAY
                         NORMAL    RECORD    YEAR
 MAXIMUM TEMPERATURE (F)   81        95      1957
 MINIMUM TEMPERATURE (F)   45        30      1970


SUNRISE AND SUNSET
SEPTEMBER 16 2014.....SUNRISE   728 AM MDT   SUNSET   756 PM MDT
SEPTEMBER 17 2014.....SUNRISE   730 AM MDT   SUNSET   755 PM MDT


-  INDICATES NEGATIVE NUMBERS.
R  INDICATES RECORD WAS SET OR TIED.
MM INDICATES DATA IS MISSING.
T  INDICATES TRACE AMOUNT.




$$
