000
CDUS45 KBOI 020930
CLIONO


CLIMATE REPORT
NATIONAL WEATHER SERVICE BOISE ID
330 AM MDT THU OCT 2 2014


...................................

...THE ONTARIO OR CLIMATE SUMMARY FOR OCTOBER 1 2014...

CLIMATE NORMAL PERIOD 1981 TO 2010
CLIMATE RECORD PERIOD 1948 TO 2014


WEATHER ITEM   OBSERVED TIME   RECORD YEAR NORMAL DEPARTURE LAST
                VALUE   (LST)  VALUE       VALUE  FROM      YEAR
                                                  NORMAL
..................................................................
TEMPERATURE (F)
 YESTERDAY
  MAXIMUM         67    515 PM  91    1992  75     -8       65
  MINIMUM         44    725 AM  22    1950  39      5       43
  AVERAGE         56                        57     -1       54

PRECIPITATION (IN)
  YESTERDAY        0.00          0.42 2005   0.02  -0.02     0.00
  MONTH TO DATE    0.00                      0.02  -0.02     0.00
  SINCE OCT 1      0.00                      0.02  -0.02     0.00
  SINCE JAN 1      5.96                      6.67  -0.71     3.77

DEGREE DAYS
 HEATING
  YESTERDAY        9                         8      1       11
  MONTH TO DATE    9                         8      1       11
  SINCE SEP 1     45                       126    -81       99
  SINCE JUL 1     46                       142    -96       99

 COOLING
  YESTERDAY        0                         0      0        0
  MONTH TO DATE    0                         0      0        0
  SINCE SEP 1     90                        58     32      127
  SINCE JAN 1   1087                       851    236     1299
..................................................................


WIND (MPH)
  HIGHEST WIND SPEED    15   HIGHEST WIND DIRECTION     W (290)
  HIGHEST GUST SPEED    18   HIGHEST GUST DIRECTION    NW (310)
  AVERAGE WIND SPEED     6.2


SKY COVER
  AVERAGE SKY COVER 0.2


WEATHER CONDITIONS
 THE FOLLOWING WEATHER WAS RECORDED YESTERDAY.
  NO SIGNIFICANT WEATHER WAS OBSERVED.


RELATIVE HUMIDITY (PERCENT)
 HIGHEST    76           600 AM
 LOWEST     26           500 PM
 AVERAGE    51

..........................................................


THE ONTARIO OR CLIMATE NORMALS FOR TODAY
                         NORMAL    RECORD    YEAR
 MAXIMUM TEMPERATURE (F)   74        94      1997
 MINIMUM TEMPERATURE (F)   39        26      1954


SUNRISE AND SUNSET
OCTOBER  2 2014.......SUNRISE   747 AM MDT   SUNSET   727 PM MDT
OCTOBER  3 2014.......SUNRISE   748 AM MDT   SUNSET   725 PM MDT


-  INDICATES NEGATIVE NUMBERS.
R  INDICATES RECORD WAS SET OR TIED.
MM INDICATES DATA IS MISSING.
T  INDICATES TRACE AMOUNT.




$$
