000
CDUS46 KSGX 301419
CLIONT


CLIMATE REPORT
NATIONAL WEATHER SERVICE SAN DIEGO, CA
719 AM PDT SAT JUL 30 2016


...................................

...THE ONTARIO INTL AIRPORT CA CLIMATE SUMMARY FOR JULY 29 2016...

CLIMATE NORMAL PERIOD 1981 TO 2010
CLIMATE RECORD PERIOD 1998 TO 2016


WEATHER ITEM   OBSERVED TIME   RECORD YEAR NORMAL DEPARTURE LAST
                VALUE   (LST)  VALUE       VALUE  FROM      YEAR
                                                  NORMAL
..................................................................
TEMPERATURE (F)
 YESTERDAY
  MAXIMUM        101R   139 PM  97    2015  93      8       97
  MINIMUM         73    516 AM  58    2002  64      9       65
  AVERAGE         87                        79      8       81

PRECIPITATION (IN)
  YESTERDAY        0.00          0.03 2003   0.01  -0.01     0.00
  MONTH TO DATE    0.00                      0.09  -0.09     0.60
  SINCE OCT 1      7.71                     14.64  -6.93    10.48
  SINCE JAN 1      5.59                     10.47  -4.88     4.84

DEGREE DAYS
 HEATING
  YESTERDAY        0                         0      0        0
  MONTH TO DATE    0                         0      0        0
  SINCE JUN 1      2                         5     -3        0
  SINCE JUL 1      0                         0      0        0

 COOLING
  YESTERDAY       22                        14      8       16
  MONTH TO DATE  459                       368     91      359
  SINCE JUN 1    807                       591    216      709
  SINCE JAN 1   1035                       757    278     1004
..................................................................


WIND (MPH)
  RESULTANT WIND SPEED   6   RESULTANT WIND DIRECTION   W (250)
  HIGHEST WIND SPEED    18   HIGHEST WIND DIRECTION     W (250)
  HIGHEST GUST SPEED    23   HIGHEST GUST DIRECTION     W (260)
  AVERAGE WIND SPEED     6.9


SKY COVER
  POSSIBLE SUNSHINE  MM
  AVERAGE SKY COVER 0.1


WEATHER CONDITIONS
 THE FOLLOWING WEATHER WAS RECORDED YESTERDAY.
  HAZE


RELATIVE HUMIDITY (PERCENT)
 HIGHEST    60          1100 PM
 LOWEST     23           100 PM
 AVERAGE    42

..........................................................


THE ONTARIO INTL AIRPORT CA CLIMATE NORMALS FOR TODAY
                         NORMAL    RECORD    YEAR
 MAXIMUM TEMPERATURE (F)   93        98      2014
 MINIMUM TEMPERATURE (F)   64        60      2013
                                             2010


SUNRISE AND SUNSET
JULY 30 2016..........SUNRISE   601 AM PDT   SUNSET   752 PM PDT
JULY 31 2016..........SUNRISE   602 AM PDT   SUNSET   752 PM PDT


-  INDICATES NEGATIVE NUMBERS.
R  INDICATES RECORD WAS SET OR TIED.
MM INDICATES DATA IS MISSING.
T  INDICATES TRACE AMOUNT.




$$
