000
CDUS46 KSGX 270119
CLIONT


CLIMATE REPORT
NATIONAL WEATHER SERVICE SAN DIEGO, CA
519 PM PST WED NOV 26 2014


...................................

...THE ONTARIO INTL AIRPORT CA CLIMATE SUMMARY FOR NOVEMBER 26 2014...
VALID TODAY AS OF 0500 PM LOCAL TIME.

CLIMATE NORMAL PERIOD 1981 TO 2010
CLIMATE RECORD PERIOD 1998 TO 2014


WEATHER ITEM   OBSERVED TIME   RECORD YEAR NORMAL DEPARTURE LAST
                VALUE   (LST)  VALUE       VALUE  FROM      YEAR
                                                  NORMAL
..................................................................
TEMPERATURE (F)
 TODAY
  MAXIMUM         87R   331 PM  83    2009  69     18       77
  MINIMUM         48    418 AM  34    2010  44      4       46
  AVERAGE         68                        57     11       62

PRECIPITATION (IN)
  TODAY            0.00          0.81 2008   0.03  -0.03     0.00
  MONTH TO DATE    0.72                      1.10  -0.38     0.29
  SINCE JUL 1      1.15                      2.23  -1.08     0.53
  SINCE JAN 1      4.64                     12.61  -7.97     3.32

SNOWFALL (IN)
  TODAY            0.0
  MONTH TO DATE    0.0
  SINCE JAN 1      0.0
  SINCE JUL 1      0.0
  SNOW DEPTH       0

DEGREE DAYS
 HEATING
  TODAY            0                         8     -8        3
  MONTH TO DATE   61                       139    -78       98
  SINCE SEP 1     61                       184   -123      141
  SINCE JUL 1     61                       184   -123      141

 COOLING
  TODAY            3                         0      3        0
  MONTH TO DATE   38                        21     17       25
  SINCE SEP 1    773                       481    292      524
  SINCE JAN 1   2392                      1704    688     1997
..................................................................


WIND (MPH)
  RESULTANT WIND SPEED   1   RESULTANT WIND DIRECTION  NW (330)
  HIGHEST WIND SPEED     9   HIGHEST WIND DIRECTION     W (280)
  HIGHEST GUST SPEED    12   HIGHEST GUST DIRECTION     W (280)
  AVERAGE WIND SPEED     3.7


SKY COVER
  POSSIBLE SUNSHINE  MM
  AVERAGE SKY COVER 0.0


WEATHER CONDITIONS
 THE FOLLOWING WEATHER WAS RECORDED TODAY.
  NO SIGNIFICANT WEATHER WAS OBSERVED.


RELATIVE HUMIDITY (PERCENT)
 HIGHEST    38           300 AM
 LOWEST      7           300 PM
 AVERAGE    23

..........................................................


THE ONTARIO INTL AIRPORT CA CLIMATE NORMALS FOR TOMORROW
                         NORMAL    RECORD    YEAR
 MAXIMUM TEMPERATURE (F)   69        81      2011
 MINIMUM TEMPERATURE (F)   44        35      2010


SUNRISE AND SUNSET
NOVEMBER 26 2014......SUNRISE   633 AM PST   SUNSET   442 PM PST
NOVEMBER 27 2014......SUNRISE   634 AM PST   SUNSET   442 PM PST


-  INDICATES NEGATIVE NUMBERS.
R  INDICATES RECORD WAS SET OR TIED.
MM INDICATES DATA IS MISSING.
T  INDICATES TRACE AMOUNT.




$$
