000
CDUS46 KSGX 291150
CLIONT


CLIMATE REPORT
NATIONAL WEATHER SERVICE SAN DIEGO, CA
450 AM PDT SAT JUL 29 2017


...................................

...THE ONTARIO INTL AIRPORT CA CLIMATE SUMMARY FOR JULY 28 2017...

CLIMATE NORMAL PERIOD 1981 TO 2010
CLIMATE RECORD PERIOD 1998 TO 2017


WEATHER ITEM   OBSERVED TIME   RECORD YEAR NORMAL DEPARTURE LAST
                VALUE   (LST)  VALUE       VALUE  FROM      YEAR
                                                  NORMAL
..................................................................
TEMPERATURE (F)
 YESTERDAY
  MAXIMUM         94    106 PM 102    1998  93      1       99
  MINIMUM         65    521 AM  57    2012  64      1       72
  AVERAGE         80                        79      1       86

PRECIPITATION (IN)
  YESTERDAY        0.00          T    2003   0.00   0.00     0.00
  MONTH TO DATE    0.05                      0.08  -0.03     0.00
  SINCE OCT 1     15.67                     14.63   1.04     7.71
  SINCE JAN 1     10.79                     10.46   0.33     5.59

DEGREE DAYS
 HEATING
  YESTERDAY        0                         0      0        0
  MONTH TO DATE    0                         0      0        0
  SINCE JUN 1      0                         5     -5        2
  SINCE JUL 1      0                         0      0        0

 COOLING
  YESTERDAY       15                        14      1       21
  MONTH TO DATE  471                       354    117      437
  SINCE JUN 1    813                       577    236      785
  SINCE JAN 1   1091                       743    348     1013
..................................................................


WIND (MPH)
  RESULTANT WIND SPEED   7   RESULTANT WIND DIRECTION   W (250)
  HIGHEST WIND SPEED    21   HIGHEST WIND DIRECTION     W (260)
  HIGHEST GUST SPEED    26   HIGHEST GUST DIRECTION     W (250)
  AVERAGE WIND SPEED     7.5


SKY COVER
  POSSIBLE SUNSHINE  MM
  AVERAGE SKY COVER 0.1


WEATHER CONDITIONS
 THE FOLLOWING WEATHER WAS RECORDED YESTERDAY.
  FOG


RELATIVE HUMIDITY (PERCENT)
 HIGHEST    87           500 AM
 LOWEST     30          1200 PM
 AVERAGE    59

..........................................................


THE ONTARIO INTL AIRPORT CA CLIMATE NORMALS FOR TODAY
                         NORMAL    RECORD    YEAR
 MAXIMUM TEMPERATURE (F)   93       101      2016
 MINIMUM TEMPERATURE (F)   64        58      2002


SUNRISE AND SUNSET
JULY 29 2017..........SUNRISE   600 AM PDT   SUNSET   753 PM PDT
JULY 30 2017..........SUNRISE   601 AM PDT   SUNSET   753 PM PDT


-  INDICATES NEGATIVE NUMBERS.
R  INDICATES RECORD WAS SET OR TIED.
MM INDICATES DATA IS MISSING.
T  INDICATES TRACE AMOUNT.




$$
