000
CDUS46 KSGX 180016
CLIONT


CLIMATE REPORT
NATIONAL WEATHER SERVICE SAN DIEGO, CA
516 PM PDT THU APR 17 2014


...................................

...THE ONTARIO INTL AIRPORT CA CLIMATE SUMMARY FOR APRIL 17 2014...
VALID TODAY AS OF 0500 PM LOCAL TIME.

CLIMATE NORMAL PERIOD 1981 TO 2010
CLIMATE RECORD PERIOD 1998 TO 2014


WEATHER ITEM   OBSERVED TIME   RECORD YEAR NORMAL DEPARTURE LAST
                VALUE   (LST)  VALUE       VALUE  FROM      YEAR
                                                  NORMAL
..................................................................
TEMPERATURE (F)
 TODAY
  MAXIMUM         77    134 PM  92    1999  74      3       72
  MINIMUM         54    303 AM  43    2013  51      3       43
  AVERAGE         66                        62      4       58

PRECIPITATION (IN)
  TODAY            0.00          0.16 2004   0.04  -0.04     0.00
  MONTH TO DATE    0.28                      0.53  -0.25      T
  SINCE JUL 1      3.87                     14.21 -10.34     5.19
  SINCE JAN 1      2.95                      9.55  -6.60     2.42

SNOWFALL (IN)
  TODAY            0.0
  MONTH TO DATE    0.0
  SINCE JAN 1      0.0
  SINCE JUL 1      0.0
  SNOW DEPTH       0

DEGREE DAYS
 HEATING
  TODAY            0                         4     -4        7
  MONTH TO DATE   44                        81    -37       49
  SINCE MAR 1    117                       293   -176      149
  SINCE JUL 1    803                      1450   -647     1257

 COOLING
  TODAY            1                         1      0        0
  MONTH TO DATE   57                        16     41       12
  SINCE MAR 1     89                        28     61       49
  SINCE JAN 1    119                        34     85       50
..................................................................


WIND (MPH)
  RESULTANT WIND SPEED   6   RESULTANT WIND DIRECTION   W (250)
  HIGHEST WIND SPEED    17   HIGHEST WIND DIRECTION     W (270)
  HIGHEST GUST SPEED    23   HIGHEST GUST DIRECTION    SW (240)
  AVERAGE WIND SPEED     6.0


SKY COVER
  POSSIBLE SUNSHINE  MM
  AVERAGE SKY COVER 0.6


WEATHER CONDITIONS
 THE FOLLOWING WEATHER WAS RECORDED TODAY.
  FOG
  HAZE


RELATIVE HUMIDITY (PERCENT)
 HIGHEST    93           500 AM
 LOWEST     40           100 PM
 AVERAGE    67

..........................................................


THE ONTARIO INTL AIRPORT CA CLIMATE NORMALS FOR TOMORROW
                         NORMAL    RECORD    YEAR
 MAXIMUM TEMPERATURE (F)   74        92      1999
 MINIMUM TEMPERATURE (F)   51        45      2006


SUNRISE AND SUNSET
APRIL 17 2014.........SUNRISE   617 AM PDT   SUNSET   724 PM PDT
APRIL 18 2014.........SUNRISE   616 AM PDT   SUNSET   724 PM PDT


-  INDICATES NEGATIVE NUMBERS.
R  INDICATES RECORD WAS SET OR TIED.
MM INDICATES DATA IS MISSING.
T  INDICATES TRACE AMOUNT.




$$
