000
CDUS46 KSGX 310021
CLIONT


CLIMATE REPORT
NATIONAL WEATHER SERVICE SAN DIEGO, CA
521 PM PDT THU OCT 30 2014


...................................

...THE ONTARIO INTL AIRPORT CA CLIMATE SUMMARY FOR OCTOBER 30 2014...
VALID TODAY AS OF 0500 PM LOCAL TIME.

CLIMATE NORMAL PERIOD 1981 TO 2010
CLIMATE RECORD PERIOD 1998 TO 2014


WEATHER ITEM   OBSERVED TIME   RECORD YEAR NORMAL DEPARTURE LAST
                VALUE   (LST)  VALUE       VALUE  FROM      YEAR
                                                  NORMAL
..................................................................
TEMPERATURE (F)
 TODAY
  MAXIMUM         86    149 PM  91    1999  78      8       71
  MINIMUM         59    642 AM  45    2009  52      7       48
  AVERAGE         73                        65      8       60

PRECIPITATION (IN)
  TODAY            0.00          0.04 2010   0.04  -0.04     0.00
  MONTH TO DATE    0.00                      0.61  -0.61     0.20
  SINCE JUL 1      0.25                      1.10  -0.85     0.24
  SINCE JAN 1      3.74                     11.48  -7.74     3.03

SNOWFALL (IN)
  TODAY            0.0
  MONTH TO DATE    0.0
  SINCE JAN 1      0.0
  SINCE JUL 1      0.0
  SNOW DEPTH       0

DEGREE DAYS
 HEATING
  TODAY            0                         3     -3        5
  MONTH TO DATE    0                        40    -40       42
  SINCE SEP 1      0                        43    -43       42
  SINCE JUL 1      0                        43    -43       42

 COOLING
  TODAY            8                         2      6        0
  MONTH TO DATE  261                       130    131      103
  SINCE SEP 1    735                       458    277      499
  SINCE JAN 1   2354                      1681    673     1972
..................................................................


WIND (MPH)
  RESULTANT WIND SPEED   4   RESULTANT WIND DIRECTION   W (250)
  HIGHEST WIND SPEED    16   HIGHEST WIND DIRECTION     W (250)
  HIGHEST GUST SPEED    22   HIGHEST GUST DIRECTION    SW (240)
  AVERAGE WIND SPEED     4.1


SKY COVER
  POSSIBLE SUNSHINE  MM
  AVERAGE SKY COVER 0.6


WEATHER CONDITIONS
 THE FOLLOWING WEATHER WAS RECORDED TODAY.
  NO SIGNIFICANT WEATHER WAS OBSERVED.


RELATIVE HUMIDITY (PERCENT)
 HIGHEST    72           200 AM
 LOWEST     23           100 PM
 AVERAGE    48

..........................................................


THE ONTARIO INTL AIRPORT CA CLIMATE NORMALS FOR TOMORROW
                         NORMAL    RECORD    YEAR
 MAXIMUM TEMPERATURE (F)   77        91      1999
 MINIMUM TEMPERATURE (F)   51        45      2004


SUNRISE AND SUNSET
OCTOBER 30 2014.......SUNRISE   708 AM PDT   SUNSET   559 PM PDT
OCTOBER 31 2014.......SUNRISE   709 AM PDT   SUNSET   558 PM PDT


-  INDICATES NEGATIVE NUMBERS.
R  INDICATES RECORD WAS SET OR TIED.
MM INDICATES DATA IS MISSING.
T  INDICATES TRACE AMOUNT.




$$
