000
CDUS43 KLOT 190636
CLIORD


CLIMATE REPORT
NATIONAL WEATHER SERVICE CHICAGO IL
136 AM CDT SAT AUG 19 2017


...................................

...THE CHICAGO-OHARE CLIMATE SUMMARY FOR AUGUST 18 2017...

CLIMATE NORMAL PERIOD 1981 TO 2010
CLIMATE RECORD PERIOD 1871 TO 2017


WEATHER ITEM   OBSERVED TIME   RECORD YEAR NORMAL DEPARTURE LAST
                VALUE   (LST)  VALUE       VALUE  FROM      YEAR
                                                  NORMAL
..................................................................
TEMPERATURE (F)
 YESTERDAY
  MAXIMUM         82    410 PM  98    1947  82      0       85
  MINIMUM         67    558 AM  49    1963  63      4       70
  AVERAGE         75                        72      3       78

PRECIPITATION (IN)
  YESTERDAY        0.00          2.85 1990   0.17  -0.17     0.75
  MONTH TO DATE    2.02                      2.98  -0.96     1.80
  SINCE JUN 1     13.14                     10.13   3.01    10.88
  SINCE JAN 1     31.25                     23.21   8.04    24.52

SNOWFALL (IN)
  YESTERDAY        0.0           0.0    MM   0.0    0.0      0.0
  MONTH TO DATE    0.0                       0.0    0.0      0.0
  SINCE JUN 1      T                         0.0    0.0      0.0
  SINCE JUL 1      T                         0.0    0.0      0.0
  SNOW DEPTH       0

DEGREE DAYS
 HEATING
  YESTERDAY        0                         0      0        0
  MONTH TO DATE    3                         0      3        0
  SINCE JUN 1      6                        52    -46       13
  SINCE JUL 1      3                         4     -1        0

 COOLING
  YESTERDAY       10                         8      2       13
  MONTH TO DATE  136                       151    -15      231
  SINCE JUN 1    672                       599     73      779
  SINCE JAN 1    705                       653     52      853
..................................................................


WIND (MPH)
  HIGHEST WIND SPEED    20   HIGHEST WIND DIRECTION    NW (320)
  HIGHEST GUST SPEED    25   HIGHEST GUST DIRECTION    NW (320)
  AVERAGE WIND SPEED    11.0


SKY COVER
  POSSIBLE SUNSHINE  MM
  AVERAGE SKY COVER 0.6


WEATHER CONDITIONS
 THE FOLLOWING WEATHER WAS RECORDED YESTERDAY.
  NO SIGNIFICANT WEATHER WAS OBSERVED.


RELATIVE HUMIDITY (PERCENT)
 HIGHEST    87           500 AM
 LOWEST     43           400 PM
 AVERAGE    65

..........................................................


THE CHICAGO-OHARE CLIMATE NORMALS FOR TODAY
                         NORMAL    RECORD    YEAR
 MAXIMUM TEMPERATURE (F)   82        99      1983
                                             1947
 MINIMUM TEMPERATURE (F)   63        51      1992


SUNRISE AND SUNSET
AUGUST 19 2017........SUNRISE   604 AM CDT   SUNSET   746 PM CDT
AUGUST 20 2017........SUNRISE   605 AM CDT   SUNSET   744 PM CDT


-  INDICATES NEGATIVE NUMBERS.
R  INDICATES RECORD WAS SET OR TIED.
MM INDICATES DATA IS MISSING.
T  INDICATES TRACE AMOUNT.




$$
