000
CDUS41 KAKQ 300533
CLIORF


CLIMATE REPORT
NATIONAL WEATHER SERVICE WAKEFIELD, VA
133 AM EDT SAT MAY 30 2015


...................................

...THE NORFOLK VA CLIMATE SUMMARY FOR MAY 29 2015...

CLIMATE NORMAL PERIOD 1981 TO 2010
CLIMATE RECORD PERIOD 1871 TO 2015


WEATHER ITEM   OBSERVED TIME   RECORD YEAR NORMAL DEPARTURE LAST
                VALUE   (LST)  VALUE       VALUE  FROM      YEAR
                                                  NORMAL
..................................................................
TEMPERATURE (F)
 YESTERDAY
  MAXIMUM         85    302 PM  97    1941  79      6       64
  MINIMUM         70    543 AM  46    2008  62      8       62
  AVERAGE         78                        70      8       63

PRECIPITATION (IN)
  YESTERDAY        0.00          2.65 1929   0.12  -0.12      T
  MONTH TO DATE    1.51                      3.16  -1.65     4.64
  SINCE MAR 1      8.82                     10.25  -1.43    13.33
  SINCE JAN 1     15.00                     16.77  -1.77    19.62

SNOWFALL (IN)
  YESTERDAY        0.0           0.0  2002   0.0    0.0
                                      2001
  MONTH TO DATE    0.0                       0.0    0.0
  SINCE NOV 1     12.7                       5.8    6.9
  SINCE JUL 1     12.7                       5.8    6.9
  SNOW DEPTH       0

DEGREE DAYS
 HEATING
  YESTERDAY        0                         1     -1        2
  MONTH TO DATE   30                        69    -39       26
  SINCE MAR 1    763                       800    -37      831
  SINCE JUL 1   3599                      3369    230     3442

 COOLING
  YESTERDAY       13                         6      7        0
  MONTH TO DATE  186                       109     77      174
  SINCE MAR 1    211                       152     59      201
  SINCE JAN 1    211                       153     58      201
..................................................................


WIND (MPH)
  HIGHEST WIND SPEED    16   HIGHEST WIND DIRECTION    SE (130)
  HIGHEST GUST SPEED    26   HIGHEST GUST DIRECTION    SE (140)
  AVERAGE WIND SPEED     8.4


SKY COVER
  POSSIBLE SUNSHINE  MM
  AVERAGE SKY COVER 0.3


WEATHER CONDITIONS
 THE FOLLOWING WEATHER WAS RECORDED YESTERDAY.
  NO SIGNIFICANT WEATHER WAS OBSERVED.


RELATIVE HUMIDITY (PERCENT)
 HIGHEST    84          1000 PM
 LOWEST     51          1000 AM
 AVERAGE    68

..........................................................


THE NORFOLK VA CLIMATE NORMALS FOR TODAY
                         NORMAL    RECORD    YEAR
 MAXIMUM TEMPERATURE (F)   79        99      1991
 MINIMUM TEMPERATURE (F)   62        48      1961
                                             1884


SUNRISE AND SUNSET
MAY 30 2015...........SUNRISE   548 AM EDT   SUNSET   817 PM EDT
MAY 31 2015...........SUNRISE   547 AM EDT   SUNSET   818 PM EDT


-  INDICATES NEGATIVE NUMBERS.
R  INDICATES RECORD WAS SET OR TIED.
MM INDICATES DATA IS MISSING.
T  INDICATES TRACE AMOUNT.




$$
