000
CDUS41 KAKQ 270642
CLIORF


CLIMATE REPORT
NATIONAL WEATHER SERVICE WAKEFIELD, VA
141 AM EST FRI FEB 27 2015


...................................

...THE NORFOLK VA CLIMATE SUMMARY FOR FEBRUARY 26 2015...

CLIMATE NORMAL PERIOD 1981 TO 2010
CLIMATE RECORD PERIOD 1871 TO 2015


WEATHER ITEM   OBSERVED TIME   RECORD YEAR NORMAL DEPARTURE LAST
                VALUE   (LST)  VALUE       VALUE  FROM      YEAR
                                                  NORMAL
..................................................................
TEMPERATURE (F)
 YESTERDAY
  MAXIMUM         33    531 AM  78    1977  53    -20       41
                                      1930
  MINIMUM         28   1159 PM  19    1990  36     -8       32
                                      1967
                                      1900
  AVERAGE         31                        45    -14       37

PRECIPITATION (IN)
  YESTERDAY        0.55          1.71 1891   0.11   0.44      T
  MONTH TO DATE    2.54                      2.89  -0.35     3.06
  SINCE DEC 1      9.88                      9.55   0.33    11.04
  SINCE JAN 1      6.18                      6.29  -0.11     6.29

SNOWFALL (IN)
  YESTERDAY        5.5           5.7  1963   0.1    5.4
  MONTH TO DATE   11.5                       1.9    9.6
  SINCE NOV 1     12.5                       5.5    7.0
  SINCE JUL 1     12.5                       5.5    7.0
  SNOW DEPTH      MM

DEGREE DAYS
 HEATING
  YESTERDAY       34                        20     14       28
  MONTH TO DATE  830                       586    244      590
  SINCE DEC 1   2201                      1998    203     2018
  SINCE JUL 1   2764                      2528    236     2549

 COOLING
  YESTERDAY        0                         0      0        0
  MONTH TO DATE    0                         0      0        0
  SINCE DEC 1      0                         1     -1        5
  SINCE JAN 1      0                         0      0        0
..................................................................


WIND (MPH)
  HIGHEST WIND SPEED    29   HIGHEST WIND DIRECTION    NE (40)
  HIGHEST GUST SPEED    36   HIGHEST GUST DIRECTION    NE (40)
  AVERAGE WIND SPEED    15.0


SKY COVER
  POSSIBLE SUNSHINE  MM
  AVERAGE SKY COVER 0.9


WEATHER CONDITIONS
 THE FOLLOWING WEATHER WAS RECORDED YESTERDAY.
  SNOW
  LIGHT SNOW
  FOG
  HAZE


RELATIVE HUMIDITY (PERCENT)
 HIGHEST    92           200 AM
 LOWEST     78           800 PM
 AVERAGE    85

..........................................................


THE NORFOLK VA CLIMATE NORMALS FOR TODAY
                         NORMAL    RECORD    YEAR
 MAXIMUM TEMPERATURE (F)   53        82      1997
 MINIMUM TEMPERATURE (F)   36        14      1934


SUNRISE AND SUNSET
FEBRUARY 27 2015......SUNRISE   639 AM EST   SUNSET   557 PM EST
FEBRUARY 28 2015......SUNRISE   637 AM EST   SUNSET   558 PM EST


-  INDICATES NEGATIVE NUMBERS.
R  INDICATES RECORD WAS SET OR TIED.
MM INDICATES DATA IS MISSING.
T  INDICATES TRACE AMOUNT.




$$
