000
CDUS41 KAKQ 222129
CLIORF


CLIMATE REPORT
NATIONAL WEATHER SERVICE WAKEFIELD, VA
529 PM EDT MON MAY 22 2017


...................................

...THE NORFOLK VA CLIMATE SUMMARY FOR MAY 22 2017...
VALID TODAY AS OF 0500 PM LOCAL TIME.

CLIMATE NORMAL PERIOD 1981 TO 2010
CLIMATE RECORD PERIOD 1871 TO 2017


WEATHER ITEM   OBSERVED TIME   RECORD YEAR NORMAL DEPARTURE LAST
                VALUE   (LST)  VALUE       VALUE  FROM      YEAR
                                                  NORMAL
..................................................................
TEMPERATURE (F)
 TODAY
  MAXIMUM         81    126 PM  97    1941  77      4       61
  MINIMUM         66    102 AM  44    1950  60      6       57
  AVERAGE         74

PRECIPITATION (IN)
  TODAY            0.48          1.42 1921   0.12   0.36     0.14
  MONTH TO DATE    4.46                      2.32   2.14     3.10
  SINCE MAR 1     12.65                      9.41   3.24     9.34
  SINCE JAN 1     17.72                     15.93   1.79    20.21

SNOWFALL (IN)
  TODAY            0.0
  MONTH TO DATE    0.0
  SINCE NOV 1      5.4
  SINCE JUL 1      5.4
  SNOW DEPTH       0

DEGREE DAYS
 HEATING
  TODAY            0                         1     -1        6
  MONTH TO DATE   42                        62    -20       67
  SINCE MAR 1    608                       793   -185      603
  SINCE JUL 1   2660                      3362   -702     2519

 COOLING
  TODAY            9                         5      4        0
  MONTH TO DATE  100                        70     30       33
  SINCE MAR 1    260                       113    147       81
  SINCE JAN 1    263                       114    149       81
..................................................................


WIND (MPH)
  RESULTANT WIND SPEED   7   RESULTANT WIND DIRECTION   S (170)
  HIGHEST WIND SPEED    23   HIGHEST WIND DIRECTION    SW (220)
  HIGHEST GUST SPEED    30   HIGHEST GUST DIRECTION    SW (220)


SKY COVER
  POSSIBLE SUNSHINE  MM
  AVERAGE SKY COVER 0.8


WEATHER CONDITIONS
 THE FOLLOWING WEATHER WAS RECORDED TODAY.
  HEAVY RAIN
  LIGHT RAIN
  FOG


RELATIVE HUMIDITY (PERCENT)
 HIGHEST    90
 LOWEST     67
 AVERAGE    79

..........................................................


THE NORFOLK VA CLIMATE NORMALS FOR TOMORROW
                         NORMAL    RECORD    YEAR
 MAXIMUM TEMPERATURE (F)   77        95      1944
                                             1941
 MINIMUM TEMPERATURE (F)   60        45      2002


SUNRISE AND SUNSET
MAY 22 2017...........SUNRISE   552 AM EDT   SUNSET   812 PM EDT
MAY 23 2017...........SUNRISE   551 AM EDT   SUNSET   812 PM EDT


-  INDICATES NEGATIVE NUMBERS.
R  INDICATES RECORD WAS SET OR TIED.
MM INDICATES DATA IS MISSING.
T  INDICATES TRACE AMOUNT.




$$
