000
CDUS41 KAKQ 072145
CLIORF


CLIMATE REPORT
NATIONAL WEATHER SERVICE WAKEFIELD, VA
545 PM EDT TUE JUL 7 2015


...................................

...THE NORFOLK VA CLIMATE SUMMARY FOR JULY 7 2015...
VALID TODAY AS OF 0500 PM LOCAL TIME.

CLIMATE NORMAL PERIOD 1981 TO 2010
CLIMATE RECORD PERIOD 1871 TO 2015


WEATHER ITEM   OBSERVED TIME   RECORD YEAR NORMAL DEPARTURE LAST
                VALUE   (LST)  VALUE       VALUE  FROM      YEAR
                                                  NORMAL
..................................................................
TEMPERATURE (F)
 TODAY
  MAXIMUM         91    328 PM  99    2012  87      4       92
                                      1900
                                      1881
  MINIMUM         74    532 AM  54    1979  72      2       71
  AVERAGE         83

PRECIPITATION (IN)
  TODAY            0.00          2.53 1894   0.14  -0.14     0.00
  MONTH TO DATE    1.06                      1.00   0.06     1.46
  SINCE JUN 1      9.40                      5.26   4.14     3.37
  SINCE JAN 1     24.40                     22.28   2.12    22.99

SNOWFALL (IN)
  TODAY            0.0
  MONTH TO DATE    0.0
  SINCE NOV 1     12.7
  SINCE JUL 1      0.0
  SNOW DEPTH       0

DEGREE DAYS
 HEATING
  TODAY            0                         0      0        0
  MONTH TO DATE    0                         0      0        0
  SINCE JUN 1      0                         6     -6        3
  SINCE JUL 1      0                         0      0        0

 COOLING
  TODAY           18                        15      3       17
  MONTH TO DATE  105                        99      6      111
  SINCE JUN 1    523                       414    109      469
  SINCE JAN 1    759                       580    179      671
..................................................................


WIND (MPH)
  RESULTANT WIND SPEED  10   RESULTANT WIND DIRECTION  SW (210)
  HIGHEST WIND SPEED    17   HIGHEST WIND DIRECTION    SW (210)
  HIGHEST GUST SPEED    24   HIGHEST GUST DIRECTION     S (200)


SKY COVER
  POSSIBLE SUNSHINE  MM
  AVERAGE SKY COVER 0.3


WEATHER CONDITIONS
 THE FOLLOWING WEATHER WAS RECORDED TODAY.
  NO SIGNIFICANT WEATHER WAS OBSERVED.


RELATIVE HUMIDITY (PERCENT)
 HIGHEST    87
 LOWEST     56
 AVERAGE    72

..........................................................


THE NORFOLK VA CLIMATE NORMALS FOR TOMORROW
                         NORMAL    RECORD    YEAR
 MAXIMUM TEMPERATURE (F)   88       102      2012
 MINIMUM TEMPERATURE (F)   72        56      1972


SUNRISE AND SUNSET
JULY  7 2015..........SUNRISE   552 AM EDT   SUNSET   827 PM EDT
JULY  8 2015..........SUNRISE   553 AM EDT   SUNSET   827 PM EDT


-  INDICATES NEGATIVE NUMBERS.
R  INDICATES RECORD WAS SET OR TIED.
MM INDICATES DATA IS MISSING.
T  INDICATES TRACE AMOUNT.




$$
