000
CDUS41 KAKQ 290545
CLIORF


CLIMATE REPORT
NATIONAL WEATHER SERVICE WAKEFIELD, VA
145 AM EDT WED MAR 29 2017


...................................

...THE NORFOLK VA CLIMATE SUMMARY FOR MARCH 28 2017...

CLIMATE NORMAL PERIOD 1981 TO 2010
CLIMATE RECORD PERIOD 1871 TO 2017


WEATHER ITEM   OBSERVED TIME   RECORD YEAR NORMAL DEPARTURE LAST
                VALUE   (LST)  VALUE       VALUE  FROM      YEAR
                                                  NORMAL
..................................................................
TEMPERATURE (F)
 YESTERDAY
  MAXIMUM         77    254 PM  89    1907  62     15       75
  MINIMUM         59   1039 PM  28    1982  44     15       52
                                      1894
  AVERAGE         68                        53     15       64

PRECIPITATION (IN)
  YESTERDAY        0.17          2.00 1984   0.12   0.05     0.55
  MONTH TO DATE    2.97                      3.33  -0.36     3.46
  SINCE MAR 1      2.97                      3.33  -0.36     3.46
  SINCE JAN 1      8.04                      9.85  -1.81    14.33

SNOWFALL (IN)
  YESTERDAY        0.0           0.8  1947   0.0    0.0
  MONTH TO DATE    0.1                       0.2   -0.1
  SINCE NOV 1      5.4                       5.8   -0.4
  SINCE JUL 1      5.4                       5.8   -0.4
  SNOW DEPTH       0

DEGREE DAYS
 HEATING
  YESTERDAY        0                        12    -12        1
  MONTH TO DATE  446                       457    -11      273
  SINCE MAR 1    446                       457    -11      273
  SINCE JUL 1   2498                      3026   -528     2189

 COOLING
  YESTERDAY        3                         0      3        0
  MONTH TO DATE   16                         0     16       18
  SINCE MAR 1     16                         0     16       18
  SINCE JAN 1     19                         1     18       18
..................................................................


WIND (MPH)
  HIGHEST WIND SPEED    23   HIGHEST WIND DIRECTION    SW (210)
  HIGHEST GUST SPEED    28   HIGHEST GUST DIRECTION    SW (210)
  AVERAGE WIND SPEED    10.1


SKY COVER
  POSSIBLE SUNSHINE  MM
  AVERAGE SKY COVER 0.3


WEATHER CONDITIONS
 THE FOLLOWING WEATHER WAS RECORDED YESTERDAY.
  THUNDERSTORM
  RAIN
  LIGHT RAIN
  FOG


RELATIVE HUMIDITY (PERCENT)
 HIGHEST    97          1100 PM
 LOWEST     50           200 PM
 AVERAGE    74

..........................................................


THE NORFOLK VA CLIMATE NORMALS FOR TODAY
                         NORMAL    RECORD    YEAR
 MAXIMUM TEMPERATURE (F)   62        92      1907
 MINIMUM TEMPERATURE (F)   44        25      1982


SUNRISE AND SUNSET
MARCH 29 2017.........SUNRISE   655 AM EDT   SUNSET   725 PM EDT
MARCH 30 2017.........SUNRISE   653 AM EDT   SUNSET   726 PM EDT


-  INDICATES NEGATIVE NUMBERS.
R  INDICATES RECORD WAS SET OR TIED.
MM INDICATES DATA IS MISSING.
T  INDICATES TRACE AMOUNT.




$$
