633
CDUS41 KAKQ 032126
CLIORF


CLIMATE REPORT
NATIONAL WEATHER SERVICE WAKEFIELD, VA
526 PM EDT TUE MAY 3 2016


...................................

...THE NORFOLK VA CLIMATE SUMMARY FOR MAY 3 2016...
VALID TODAY AS OF 0500 PM LOCAL TIME.

CLIMATE NORMAL PERIOD 1981 TO 2010
CLIMATE RECORD PERIOD 1871 TO 2016


WEATHER ITEM   OBSERVED TIME   RECORD YEAR NORMAL DEPARTURE LAST
                VALUE   (LST)  VALUE       VALUE  FROM      YEAR
                                                  NORMAL
..................................................................
TEMPERATURE (F)
 TODAY
  MAXIMUM         73    359 PM  92    1965  72      1       81
  MINIMUM         66    903 AM  39    1963  54     12       50
  AVERAGE         70

PRECIPITATION (IN)
  TODAY            0.17          1.15 1972   0.11   0.06     0.00
  MONTH TO DATE    0.25                      0.31  -0.06     0.50
  SINCE MAR 1      6.49                      7.40  -0.91     7.81
  SINCE JAN 1     17.36                     13.92   3.44    13.99

SNOWFALL (IN)
  TODAY            0.0
  MONTH TO DATE    0.0
  SINCE NOV 1      5.0
  SINCE JUL 1      5.0
  SNOW DEPTH       0

DEGREE DAYS
 HEATING
  TODAY            0                         4     -4        0
  MONTH TO DATE    0                        12    -12       18
  SINCE MAR 1    536                       743   -207      751
  SINCE JUL 1   2452                      3312   -860     3587

 COOLING
  TODAY            5                         2      3        1
  MONTH TO DATE   18                         6     12        1
  SINCE MAR 1     66                        49     17       26
  SINCE JAN 1     66                        50     16       26
..................................................................


WIND (MPH)
  RESULTANT WIND SPEED   9   RESULTANT WIND DIRECTION  SW (220)
  HIGHEST WIND SPEED    16   HIGHEST WIND DIRECTION    SW (230)
  HIGHEST GUST SPEED    20   HIGHEST GUST DIRECTION    SW (230)


SKY COVER
  POSSIBLE SUNSHINE  MM
  AVERAGE SKY COVER 0.9


WEATHER CONDITIONS
 THE FOLLOWING WEATHER WAS RECORDED TODAY.
  RAIN
  LIGHT RAIN
  FOG


RELATIVE HUMIDITY (PERCENT)
 HIGHEST    93
 LOWEST     73
 AVERAGE    83

..........................................................


THE NORFOLK VA CLIMATE NORMALS FOR TOMORROW
                         NORMAL    RECORD    YEAR
 MAXIMUM TEMPERATURE (F)   72        92      1892
                                             1887
 MINIMUM TEMPERATURE (F)   54        42      1957


SUNRISE AND SUNSET
MAY  3 2016...........SUNRISE   608 AM EDT   SUNSET   756 PM EDT
MAY  4 2016...........SUNRISE   607 AM EDT   SUNSET   757 PM EDT


-  INDICATES NEGATIVE NUMBERS.
R  INDICATES RECORD WAS SET OR TIED.
MM INDICATES DATA IS MISSING.
T  INDICATES TRACE AMOUNT.




$$
