457
CDUS46 KMFR 140838
CLIOTH


CLIMATE REPORT
NATIONAL WEATHER SERVICE MEDFORD, OR
1237 AM PST SUN FEB 14 2016


...................................

...THE NORTH BEND OR CLIMATE SUMMARY FOR FEBRUARY 13 2016...

CLIMATE NORMAL PERIOD 1981 TO 2010
CLIMATE RECORD PERIOD 1902 TO 2016


WEATHER ITEM   OBSERVED TIME   RECORD YEAR NORMAL DEPARTURE LAST
                VALUE   (LST)  VALUE       VALUE  FROM      YEAR
                                                  NORMAL
..................................................................
TEMPERATURE (F)
 YESTERDAY
  MAXIMUM         55        MM  78    1943  53      2       57
  MINIMUM         43        MM  22    1903  40      3       43
  AVERAGE         49                        46      3       50

PRECIPITATION (IN)
  YESTERDAY        0.09          3.56 1959   0.26  -0.17     0.00
  MONTH TO DATE    1.46                      3.56  -2.10     7.23
  SINCE OCT 1     39.29                     39.84  -0.55    32.42
  SINCE JAN 1     13.66                     13.75  -0.09     9.12

SNOWFALL (IN)
  YESTERDAY       MM
  SNOW DEPTH      MM

DEGREE DAYS
 HEATING
  YESTERDAY       16                        19     -3       15
  MONTH TO DATE  155                       247    -92      143
  SINCE DEC 1   1095                      1450   -355     1012
  SINCE JUL 1   2102                      2902   -800     1888

 COOLING
  YESTERDAY        0                         0      0        0
  MONTH TO DATE    2                         0      2        0
  SINCE DEC 1      2                         0      2        0
  SINCE JAN 1      2                         0      2        0
..................................................................


WIND (MPH)
  HIGHEST WIND SPEED    14   HIGHEST WIND DIRECTION    SW (210)
  HIGHEST GUST SPEED    18   HIGHEST GUST DIRECTION    SW (210)
  AVERAGE WIND SPEED     7.6


SKY COVER
  POSSIBLE SUNSHINE  MM
  AVERAGE SKY COVER 0.7


WEATHER CONDITIONS
 THE FOLLOWING WEATHER WAS RECORDED YESTERDAY.
  NO SIGNIFICANT WEATHER WAS OBSERVED.


RELATIVE HUMIDITY (PERCENT)
 HIGHEST   100          1200 AM
 LOWEST     66           400 PM

..........................................................


THE NORTH BEND OR CLIMATE NORMALS FOR TODAY
                         NORMAL    RECORD    YEAR
 MAXIMUM TEMPERATURE (F)   53        76      1943
 MINIMUM TEMPERATURE (F)   40        21      1903


SUNRISE AND SUNSET
FEBRUARY 14 2016......SUNRISE   717 AM PST   SUNSET   546 PM PST
FEBRUARY 15 2016......SUNRISE   716 AM PST   SUNSET   547 PM PST


-  INDICATES NEGATIVE NUMBERS.
R  INDICATES RECORD WAS SET OR TIED.
MM INDICATES DATA IS MISSING.
T  INDICATES TRACE AMOUNT.




$$
