000
CDUS46 KMFR 240843
CLIOTH


CLIMATE REPORT
NATIONAL WEATHER SERVICE MEDFORD, OR
142 AM PDT SUN JUL 24 2016


...................................

...THE NORTH BEND OR CLIMATE SUMMARY FOR JULY 23 2016...

CLIMATE NORMAL PERIOD 1981 TO 2010
CLIMATE RECORD PERIOD 1902 TO 2016


WEATHER ITEM   OBSERVED TIME   RECORD YEAR NORMAL DEPARTURE LAST
                VALUE   (LST)  VALUE       VALUE  FROM      YEAR
                                                  NORMAL
..................................................................
TEMPERATURE (F)
 YESTERDAY
  MAXIMUM         70        MM  82    1924  65      5       70
  MINIMUM         54        MM  43    1926  53      1       55
  AVERAGE         62                        59      3       63

PRECIPITATION (IN)
  YESTERDAY        0.00          0.07 1949   0.01  -0.01     0.00
  MONTH TO DATE    0.90                      0.41   0.49     0.00
  SINCE OCT 1     57.85                     62.62  -4.77    42.54
  SINCE JAN 1     32.22                     36.53  -4.31    19.24

SNOWFALL (IN)
  YESTERDAY       MM
  SNOW DEPTH      MM

DEGREE DAYS
 HEATING
  YESTERDAY        3                         6     -3        2
  MONTH TO DATE   83                       149    -66       62
  SINCE JUN 1    273                       416   -143      286
  SINCE JUL 1     83                       149    -66       62

 COOLING
  YESTERDAY        0                         0      0        0
  MONTH TO DATE    1                         0      1        4
  SINCE JUN 1      1                         0      1        4
  SINCE JAN 1      9                         0      9        4
..................................................................


WIND (MPH)
  HIGHEST WIND SPEED    31   HIGHEST WIND DIRECTION     N (360)
  HIGHEST GUST SPEED    40   HIGHEST GUST DIRECTION     N (360)
  AVERAGE WIND SPEED    14.3


SKY COVER
  POSSIBLE SUNSHINE  MM
  AVERAGE SKY COVER 0.0


WEATHER CONDITIONS
 THE FOLLOWING WEATHER WAS RECORDED YESTERDAY.
  NO SIGNIFICANT WEATHER WAS OBSERVED.


RELATIVE HUMIDITY (PERCENT)
 HIGHEST   100           400 AM
 LOWEST     59          1200 PM

..........................................................


THE NORTH BEND OR CLIMATE NORMALS FOR TODAY
                         NORMAL    RECORD    YEAR
 MAXIMUM TEMPERATURE (F)   65        76      1926
 MINIMUM TEMPERATURE (F)   53        41      2010


SUNRISE AND SUNSET
JULY 24 2016..........SUNRISE   559 AM PDT   SUNSET   847 PM PDT
JULY 25 2016..........SUNRISE   600 AM PDT   SUNSET   846 PM PDT


-  INDICATES NEGATIVE NUMBERS.
R  INDICATES RECORD WAS SET OR TIED.
MM INDICATES DATA IS MISSING.
T  INDICATES TRACE AMOUNT.




$$
