000
CDUS46 KMFR 300836
CLIOTH


CLIMATE REPORT
NATIONAL WEATHER SERVICE MEDFORD, OR
1236 AM PST FRI JAN 30 2015


...................................

...THE NORTH BEND OR CLIMATE SUMMARY FOR JANUARY 29 2015...

CLIMATE NORMAL PERIOD 1981 TO 2010
CLIMATE RECORD PERIOD 1902 TO 2015


WEATHER ITEM   OBSERVED TIME   RECORD YEAR NORMAL DEPARTURE LAST
                VALUE   (LST)  VALUE       VALUE  FROM      YEAR
                                                  NORMAL
..................................................................
TEMPERATURE (F)
 YESTERDAY
  MAXIMUM         59        MM  74    1940  52      7       55
  MINIMUM         43        MM  19    1980  40      3       46
  AVERAGE         51                        46      5       51

PRECIPITATION (IN)
  YESTERDAY        0.00          1.55 1958   0.29  -0.29     0.49
  MONTH TO DATE    1.89                      9.61  -7.72     2.52
  SINCE OCT 1     25.19                     35.70 -10.51     8.14
  SINCE JAN 1      1.89                      9.61  -7.72     2.52

SNOWFALL (IN)
  YESTERDAY       MM
  SNOW DEPTH      MM

DEGREE DAYS
 HEATING
  YESTERDAY       14                        19     -5       14
  MONTH TO DATE  407                       553   -146      485
  SINCE DEC 1    836                      1162   -326     1197
  SINCE JUL 1   1712                      2614   -902     2312

 COOLING
  YESTERDAY        0                         0      0        0
  MONTH TO DATE    0                         0      0        0
  SINCE DEC 1      0                         0      0        0
  SINCE JAN 1      0                         0      0        0
..................................................................


WIND (MPH)
  HIGHEST WIND SPEED    15   HIGHEST WIND DIRECTION     N (350)
  HIGHEST GUST SPEED    21   HIGHEST GUST DIRECTION     N (350)
  AVERAGE WIND SPEED     4.6


SKY COVER
  POSSIBLE SUNSHINE  MM
  AVERAGE SKY COVER 0.1


WEATHER CONDITIONS
 THE FOLLOWING WEATHER WAS RECORDED YESTERDAY.
  NO SIGNIFICANT WEATHER WAS OBSERVED.


RELATIVE HUMIDITY (PERCENT)
 HIGHEST   100          1200 AM
 LOWEST     80          1200 PM

..........................................................


THE NORTH BEND OR CLIMATE NORMALS FOR TODAY
                         NORMAL    RECORD    YEAR
 MAXIMUM TEMPERATURE (F)   52        68      1931
 MINIMUM TEMPERATURE (F)   40        21      1950


SUNRISE AND SUNSET
JANUARY 30 2015.......SUNRISE   735 AM PST   SUNSET   526 PM PST
JANUARY 31 2015.......SUNRISE   734 AM PST   SUNSET   527 PM PST


-  INDICATES NEGATIVE NUMBERS.
R  INDICATES RECORD WAS SET OR TIED.
MM INDICATES DATA IS MISSING.
T  INDICATES TRACE AMOUNT.




$$
