000
CDUS46 KMFR 310840
CLIOTH


CLIMATE REPORT
NATIONAL WEATHER SERVICE MEDFORD, OR
139 AM PDT MON AUG 31 2015


...................................

...THE NORTH BEND OR CLIMATE SUMMARY FOR AUGUST 30 2015...

CLIMATE NORMAL PERIOD 1981 TO 2010
CLIMATE RECORD PERIOD 1902 TO 2015


WEATHER ITEM   OBSERVED TIME   RECORD YEAR NORMAL DEPARTURE LAST
                VALUE   (LST)  VALUE       VALUE  FROM      YEAR
                                                  NORMAL
..................................................................
TEMPERATURE (F)
 YESTERDAY
  MAXIMUM         72        MM  91    1968  66      6       70
  MINIMUM         57        MM  32    1906  52      5       55
  AVERAGE         65                        59      6       63

PRECIPITATION (IN)
  YESTERDAY       MM             0.57 1983   0.03  MM        0.01
  MONTH TO DATE    0.20                      0.59  -0.39     0.02
  SINCE OCT 1     42.74                     63.30 -20.56    28.07
  SINCE JAN 1     19.44                     37.21 -17.77    22.45

SNOWFALL (IN)
  YESTERDAY       MM
  SNOW DEPTH      MM

DEGREE DAYS
 HEATING
  YESTERDAY        0                         6     -6        2
  MONTH TO DATE   97                       180    -83      118
  SINCE JUN 1    401                       644   -243      461
  SINCE JUL 1    177                       377   -200      264

 COOLING
  YESTERDAY        0                         0      0        0
  MONTH TO DATE   10                         0     10        0
  SINCE JUN 1     14                         0     14        0
  SINCE JAN 1     14                         0     14       12
..................................................................


WIND (MPH)
  HIGHEST WIND SPEED    13   HIGHEST WIND DIRECTION     W (260)
  HIGHEST GUST SPEED    17   HIGHEST GUST DIRECTION    SW (210)
  AVERAGE WIND SPEED     8.5


SKY COVER
  POSSIBLE SUNSHINE  MM
  AVERAGE SKY COVER 0.7


WEATHER CONDITIONS
 THE FOLLOWING WEATHER WAS RECORDED YESTERDAY.
  LIGHT RAIN


RELATIVE HUMIDITY (PERCENT)
 HIGHEST   100           100 AM
 LOWEST     73           100 PM

..........................................................


THE NORTH BEND OR CLIMATE NORMALS FOR TODAY
                         NORMAL    RECORD    YEAR
 MAXIMUM TEMPERATURE (F)   66        96      1918
 MINIMUM TEMPERATURE (F)   52        41      1920


SUNRISE AND SUNSET
AUGUST 31 2015........SUNRISE   640 AM PDT   SUNSET   754 PM PDT
SEPTEMBER  1 2015.....SUNRISE   641 AM PDT   SUNSET   752 PM PDT


-  INDICATES NEGATIVE NUMBERS.
R  INDICATES RECORD WAS SET OR TIED.
MM INDICATES DATA IS MISSING.
T  INDICATES TRACE AMOUNT.




$$
