000
CDUS46 KMFR 040836
CLIOTH


CLIMATE REPORT
NATIONAL WEATHER SERVICE MEDFORD, OR
1235 AM PST WED MAR 4 2015


...................................

...THE NORTH BEND OR CLIMATE SUMMARY FOR MARCH 3 2015...

CLIMATE NORMAL PERIOD 1981 TO 2010
CLIMATE RECORD PERIOD 1902 TO 2015


WEATHER ITEM   OBSERVED TIME   RECORD YEAR NORMAL DEPARTURE LAST
                VALUE   (LST)  VALUE       VALUE  FROM      YEAR
                                                  NORMAL
..................................................................
TEMPERATURE (F)
 YESTERDAY
  MAXIMUM         54        MM  72    1937  54      0       59
  MINIMUM         36        MM  23    1923  41     -5       52
  AVERAGE         45                        47     -2       56

PRECIPITATION (IN)
  YESTERDAY        0.00          1.70 1991   0.28  -0.28     0.14
  MONTH TO DATE    0.24                      0.85  -0.61     0.29
  SINCE OCT 1     33.75                     44.72 -10.97    16.63
  SINCE JAN 1     10.45                     18.63  -8.18    11.01

SNOWFALL (IN)
  YESTERDAY       MM
  SNOW DEPTH      MM

DEGREE DAYS
 HEATING
  YESTERDAY       20                        18      2        9
  MONTH TO DATE   57                        54      3       31
  SINCE MAR 1     57                        54      3       31
  SINCE JUL 1   2161                      3228  -1067     2828

 COOLING
  YESTERDAY        0                         0      0        0
  MONTH TO DATE    0                         0      0        0
  SINCE MAR 1      0                         0      0        0
  SINCE JAN 1      0                         0      0        0
..................................................................


WIND (MPH)
  HIGHEST WIND SPEED    16   HIGHEST WIND DIRECTION     N (360)
  HIGHEST GUST SPEED    22   HIGHEST GUST DIRECTION     N (350)
  AVERAGE WIND SPEED     6.2


SKY COVER
  POSSIBLE SUNSHINE  MM
  AVERAGE SKY COVER 0.4


WEATHER CONDITIONS
 THE FOLLOWING WEATHER WAS RECORDED YESTERDAY.
  NO SIGNIFICANT WEATHER WAS OBSERVED.


RELATIVE HUMIDITY (PERCENT)
 HIGHEST   100          1200 AM
 LOWEST     54           200 PM

..........................................................


THE NORTH BEND OR CLIMATE NORMALS FOR TODAY
                         NORMAL    RECORD    YEAR
 MAXIMUM TEMPERATURE (F)   54        76      1929
 MINIMUM TEMPERATURE (F)   41        24      1923


SUNRISE AND SUNSET
MARCH  4 2015.........SUNRISE   648 AM PST   SUNSET   610 PM PST
MARCH  5 2015.........SUNRISE   647 AM PST   SUNSET   611 PM PST


-  INDICATES NEGATIVE NUMBERS.
R  INDICATES RECORD WAS SET OR TIED.
MM INDICATES DATA IS MISSING.
T  INDICATES TRACE AMOUNT.




$$
