000
CDUS46 KMFR 210839
CLIOTH


CLIMATE REPORT
NATIONAL WEATHER SERVICE MEDFORD, OR
138 AM PDT MON AUG 21 2017


...................................

...THE NORTH BEND OR CLIMATE SUMMARY FOR AUGUST 20 2017...

CLIMATE NORMAL PERIOD 1981 TO 2010
CLIMATE RECORD PERIOD 1902 TO 2017


WEATHER ITEM   OBSERVED TIME   RECORD YEAR NORMAL DEPARTURE LAST
                VALUE   (LST)  VALUE       VALUE  FROM      YEAR
                                                  NORMAL
..................................................................
TEMPERATURE (F)
 YESTERDAY
  MAXIMUM         64        MM  89    1913  66     -2       61
  MINIMUM         50        MM  36    1913  53     -3       48
  AVERAGE         57                        59     -2       55

PRECIPITATION (IN)
  YESTERDAY        0.00          0.33 2008   0.02  -0.02     0.00
  MONTH TO DATE    0.11                      0.32  -0.21     0.00
  SINCE OCT 1     81.31                     63.03  18.28    57.85
  SINCE JAN 1     47.16                     36.94  10.22    32.22

SNOWFALL (IN)
  YESTERDAY       MM
  SNOW DEPTH      MM

DEGREE DAYS
 HEATING
  YESTERDAY        8                         6      2       10
  MONTH TO DATE   82                       120    -38      108
  SINCE JUN 1    448                       584   -136      414
  SINCE JUL 1    252                       317    -65      224

 COOLING
  YESTERDAY        0                         0      0        0
  MONTH TO DATE    3                         0      3        0
  SINCE JUN 1      3                         0      3        1
  SINCE JAN 1      3                         0      3        9
..................................................................


WIND (MPH)
  HIGHEST WIND SPEED    29   HIGHEST WIND DIRECTION     N (350)
  HIGHEST GUST SPEED    41   HIGHEST GUST DIRECTION     N (360)
  AVERAGE WIND SPEED    15.7


SKY COVER
  POSSIBLE SUNSHINE   0 PERCENT
  AVERAGE SKY COVER 0.0


WEATHER CONDITIONS
 THE FOLLOWING WEATHER WAS RECORDED YESTERDAY.
  NO SIGNIFICANT WEATHER WAS OBSERVED.


RELATIVE HUMIDITY (PERCENT)
 HIGHEST     0          1200 AM
 LOWEST      0          1200 AM

..........................................................


THE NORTH BEND OR CLIMATE NORMALS FOR TODAY
                         NORMAL    RECORD    YEAR
 MAXIMUM TEMPERATURE (F)   66        77      1917
 MINIMUM TEMPERATURE (F)   53        42      1930


SUNRISE AND SUNSET
AUGUST 21 2017........SUNRISE   629 AM PDT   SUNSET   810 PM PDT
AUGUST 22 2017........SUNRISE   630 AM PDT   SUNSET   808 PM PDT


-  INDICATES NEGATIVE NUMBERS.
R  INDICATES RECORD WAS SET OR TIED.
MM INDICATES DATA IS MISSING.
T  INDICATES TRACE AMOUNT.




$$
