000
CDUS46 KMFR 280852
CLIOTH


CLIMATE REPORT
NATIONAL WEATHER SERVICE MEDFORD, OR
1252 AM PST SUN DEC 28 2014


...................................

...THE NORTH BEND OR CLIMATE SUMMARY FOR DECEMBER 27 2014...

CLIMATE NORMAL PERIOD 1981 TO 2010
CLIMATE RECORD PERIOD 1902 TO 2014


WEATHER ITEM   OBSERVED TIME   RECORD YEAR NORMAL DEPARTURE LAST
                VALUE   (LST)  VALUE       VALUE  FROM      YEAR
                                                  NORMAL
..................................................................
TEMPERATURE (F)
 YESTERDAY
  MAXIMUM         52        MM  69    1917  51      1       52
  MINIMUM         37        MM  27    1930  40     -3       39
  AVERAGE         45                        45      0       46

PRECIPITATION (IN)
  YESTERDAY        0.33          2.86 1965   0.36  -0.03     0.00
  MONTH TO DATE   12.62                      9.77   2.85     2.16
  SINCE SEP 1     25.01                     26.31  -1.30    11.57
  SINCE JAN 1     47.46                     63.55 -16.09    29.50

SNOWFALL (IN)
  YESTERDAY       MM
  SNOW DEPTH      MM

DEGREE DAYS
 HEATING
  YESTERDAY       20                        20      0       19
  MONTH TO DATE  336                       533   -197      629
  SINCE DEC 1    336                       533   -197      629
  SINCE JUL 1   1212                      1985   -773     1744

 COOLING
  YESTERDAY        0                         0      0        0
  MONTH TO DATE    0                         0      0        0
  SINCE DEC 1      0                         0      0        0
  SINCE JAN 1     28                         2     26       13
..................................................................


WIND (MPH)
  HIGHEST WIND SPEED    10   HIGHEST WIND DIRECTION     W (270)
  HIGHEST GUST SPEED    MM   HIGHEST GUST DIRECTION    MM
  AVERAGE WIND SPEED     5.7


SKY COVER
  POSSIBLE SUNSHINE  MM
  AVERAGE SKY COVER 0.0


WEATHER CONDITIONS
 THE FOLLOWING WEATHER WAS RECORDED YESTERDAY.
  NO SIGNIFICANT WEATHER WAS OBSERVED.


RELATIVE HUMIDITY (PERCENT)
 HIGHEST    MM
 LOWEST     MM

..........................................................


THE NORTH BEND OR CLIMATE NORMALS FOR TODAY
                         NORMAL    RECORD    YEAR
 MAXIMUM TEMPERATURE (F)   51        65      1917
                                             1937
 MINIMUM TEMPERATURE (F)   40        27      1978


SUNRISE AND SUNSET
DECEMBER 28 2014......SUNRISE   749 AM PST   SUNSET   448 PM PST
DECEMBER 29 2014......SUNRISE   749 AM PST   SUNSET   449 PM PST


-  INDICATES NEGATIVE NUMBERS.
R  INDICATES RECORD WAS SET OR TIED.
MM INDICATES DATA IS MISSING.
T  INDICATES TRACE AMOUNT.




$$
