000
CDUS43 KDMX 030640 RRB
CLIOTM

CLIMATE REPORT
NATIONAL WEATHER SERVICE DES MOINES IA
1240 AM CST SAT DEC 3 2016

...................................

...THE OTTUMWA IA CLIMATE SUMMARY FOR DECEMBER 2 2016...

CLIMATE NORMAL PERIOD 1981 TO 2010
CLIMATE RECORD PERIOD 1920 TO 2016


WEATHER ITEM   OBSERVED TIME   RECORD YEAR NORMAL DEPARTURE LAST
                VALUE   (LST)  VALUE       VALUE  FROM      YEAR
                                                  NORMAL
..................................................................
TEMPERATURE (F)
 YESTERDAY
  MAXIMUM         42    312 PM  67    1973  40      2       38
  MINIMUM         35   1159 PM  -1    1929  22     13       31
  AVERAGE         39                        31      8       35

PRECIPITATION (IN)
  YESTERDAY        0.00          0.80 1897   0.06  -0.06     0.01
  MONTH TO DATE    0.00                      0.12  -0.12     0.01
  SINCE DEC 1      0.00                      0.12  -0.12     0.01
  SINCE JAN 1     23.92                     35.82 -11.90    36.70

DEGREE DAYS
 HEATING
  YESTERDAY       26                        34     -8       30
  MONTH TO DATE   54                        68    -14       61
  SINCE DEC 1     54                        68    -14       61
  SINCE JUL 1    838                      1366   -528     1072

 COOLING
  YESTERDAY        0                         0      0        0
  MONTH TO DATE    0                         0      0        0
  SINCE DEC 1      0                         0      0        0
  SINCE JAN 1   1122                       938    184      933
..................................................................


WIND (MPH)
  HIGHEST WIND SPEED    12   HIGHEST WIND DIRECTION    NW (310)
  HIGHEST GUST SPEED    14   HIGHEST GUST DIRECTION    NW (300)
  AVERAGE WIND SPEED     6.3


SKY COVER
  POSSIBLE SUNSHINE  MM
  AVERAGE SKY COVER 1.0


WEATHER CONDITIONS
 THE FOLLOWING WEATHER WAS RECORDED YESTERDAY.
  NO SIGNIFICANT WEATHER WAS OBSERVED.


RELATIVE HUMIDITY (PERCENT)
 HIGHEST    82           700 AM
 LOWEST     62           200 PM
 AVERAGE    72

..........................................................


THE OTTUMWA IA CLIMATE NORMALS FOR TODAY
                         NORMAL    RECORD    YEAR
 MAXIMUM TEMPERATURE (F)   39        71      2012
 MINIMUM TEMPERATURE (F)   21        -8      1929


SUNRISE AND SUNSET
DECEMBER  3 2016......SUNRISE   718 AM CST   SUNSET   441 PM CST
DECEMBER  4 2016......SUNRISE   719 AM CST   SUNSET   441 PM CST


-  INDICATES NEGATIVE NUMBERS.
R  INDICATES RECORD WAS SET OR TIED.
MM INDICATES DATA IS MISSING.
T  INDICATES TRACE AMOUNT.

$$

SMALL
