000
CDUS43 KDMX 230641 RRA
CLIOTM

CLIMATE REPORT
NATIONAL WEATHER SERVICE DES MOINES IA
1241 AM CST THU FEB 23 2017

...................................

...THE OTTUMWA IA CLIMATE SUMMARY FOR FEBRUARY 22 2017...

CLIMATE NORMAL PERIOD 1981 TO 2010
CLIMATE RECORD PERIOD 1920 TO 2017


WEATHER ITEM   OBSERVED TIME   RECORD YEAR NORMAL DEPARTURE LAST
                VALUE   (LST)  VALUE       VALUE  FROM      YEAR
                                                  NORMAL
..................................................................
TEMPERATURE (F)
 YESTERDAY
  MAXIMUM         79R   153 PM  66    1930  39     40       47
  MINIMUM         43    228 AM  -4    1929  20     23       23
  AVERAGE         61                        30     31       35

PRECIPITATION (IN)
  YESTERDAY        0.00          1.60 1922   0.06  -0.06     0.00
  MONTH TO DATE    0.13                      0.90  -0.77     0.80
  SINCE DEC 1      2.65                      3.17  -0.52     5.33
  SINCE JAN 1      1.28                      1.80  -0.52     1.30

DEGREE DAYS
 HEATING
  YESTERDAY        4                        36    -32       30
  MONTH TO DATE  570                       857   -287      806
  SINCE DEC 1   2865                      3381   -516     2872
  SINCE JUL 1   3658                      4679  -1021     3883

 COOLING
  YESTERDAY        0                         0      0        0
  MONTH TO DATE    0                         0      0        0
  SINCE DEC 1      0                         0      0        0
  SINCE JAN 1      0                         0      0        0
..................................................................


WIND (MPH)
  HIGHEST WIND SPEED    26   HIGHEST WIND DIRECTION    SW (240)
  HIGHEST GUST SPEED    37   HIGHEST GUST DIRECTION    SW (230)
  AVERAGE WIND SPEED    14.3


SKY COVER
  POSSIBLE SUNSHINE  MM
  AVERAGE SKY COVER 0.0


WEATHER CONDITIONS
 THE FOLLOWING WEATHER WAS RECORDED YESTERDAY.
  NO SIGNIFICANT WEATHER WAS OBSERVED.


RELATIVE HUMIDITY (PERCENT)
 HIGHEST    93           500 AM
 LOWEST     21           500 PM
 AVERAGE    57

..........................................................


THE OTTUMWA IA CLIMATE NORMALS FOR TODAY
                         NORMAL    RECORD    YEAR
 MAXIMUM TEMPERATURE (F)   39        66      1930
 MINIMUM TEMPERATURE (F)   21        -8      1989


SUNRISE AND SUNSET
FEBRUARY 23 2017......SUNRISE   653 AM CST   SUNSET   554 PM CST
FEBRUARY 24 2017......SUNRISE   651 AM CST   SUNSET   555 PM CST


-  INDICATES NEGATIVE NUMBERS.
R  INDICATES RECORD WAS SET OR TIED.
MM INDICATES DATA IS MISSING.
T  INDICATES TRACE AMOUNT.

$$

SMALL
