516
CDUS43 KDMX 210632 RRA
CLIOTM

CLIMATE REPORT
NATIONAL WEATHER SERVICE DES MOINES IA
126 AM CDT MON AUG 21 2017


...................................

...THE OTTUMWA IA CLIMATE SUMMARY FOR AUGUST 20 2017...

CLIMATE NORMAL PERIOD 1981 TO 2010
CLIMATE RECORD PERIOD 1920 TO 2017


WEATHER ITEM   OBSERVED TIME   RECORD YEAR NORMAL DEPARTURE LAST
                VALUE   (LST)  VALUE       VALUE  FROM      YEAR
                                                  NORMAL
..................................................................
TEMPERATURE (F)
 YESTERDAY
  MAXIMUM         85   1158 AM 103    1947  83      2       75
  MINIMUM         65    116 AM  41    1950  62      3       59
  AVERAGE         75                        73      2       67

PRECIPITATION (IN)
  YESTERDAY        0.14          4.54 2010   0.15  -0.01     0.10
  MONTH TO DATE    1.30                      2.99  -1.69     2.95
  SINCE JUN 1      2.91                     12.55  -9.64     9.42
  SINCE JAN 1     15.37                     25.08  -9.71    18.33

DEGREE DAYS
 HEATING
  YESTERDAY        0                         0      0        0
  MONTH TO DATE    0                         0      0        0
  SINCE JUN 1     10                        23    -13        8
  SINCE JUL 1      0                         2     -2        7

 COOLING
  YESTERDAY       10                         8      2        2
  MONTH TO DATE  139                       177    -38      200
  SINCE JUN 1    823                       692    131      748
  SINCE JAN 1    884                       756    128      819
..................................................................


WIND (MPH)
  HIGHEST WIND SPEED    24   HIGHEST WIND DIRECTION     W (260)
  HIGHEST GUST SPEED    30   HIGHEST GUST DIRECTION     W (250)
  AVERAGE WIND SPEED     6.1


SKY COVER
  POSSIBLE SUNSHINE  MM
  AVERAGE SKY COVER 0.3


WEATHER CONDITIONS
 THE FOLLOWING WEATHER WAS RECORDED YESTERDAY.
  THUNDERSTORM
  RAIN
  LIGHT RAIN
  FOG


RELATIVE HUMIDITY (PERCENT)
 HIGHEST   100          1200 AM
 LOWEST     51          1200 PM
 AVERAGE    76

..........................................................


THE OTTUMWA IA CLIMATE NORMALS FOR TODAY
                         NORMAL    RECORD    YEAR
 MAXIMUM TEMPERATURE (F)   83       104      1936
 MINIMUM TEMPERATURE (F)   62        48      1950


SUNRISE AND SUNSET
AUGUST 21 2017........SUNRISE   626 AM CDT   SUNSET   759 PM CDT
AUGUST 22 2017........SUNRISE   627 AM CDT   SUNSET   758 PM CDT


-  INDICATES NEGATIVE NUMBERS.
R  INDICATES RECORD WAS SET OR TIED.
MM INDICATES DATA IS MISSING.
T  INDICATES TRACE AMOUNT.




$$
