000
CDUS43 KDMX 220637 RRA
CLIOTM

CLIMATE REPORT
NATIONAL WEATHER SERVICE DES MOINES IA
131 AM CDT THU JUN 22 2017

...................................

...THE OTTUMWA IA CLIMATE SUMMARY FOR JUNE 21 2017...

CLIMATE NORMAL PERIOD 1981 TO 2010
CLIMATE RECORD PERIOD 1920 TO 2017


WEATHER ITEM   OBSERVED TIME   RECORD YEAR NORMAL DEPARTURE LAST
                VALUE   (LST)  VALUE       VALUE  FROM      YEAR
                                                  NORMAL
..................................................................
TEMPERATURE (F)
 YESTERDAY
  MAXIMUM         88    519 PM 101    1988  83      5       88
  MINIMUM         63    750 AM  44    1992  62      1       64
  AVERAGE         76                        73      3       76

PRECIPITATION (IN)
  YESTERDAY        0.06          2.01 1951   0.18  -0.12     1.19
  MONTH TO DATE    0.75                      3.58  -2.83     1.59
  SINCE JUN 1      0.75                      3.58  -2.83     1.59
  SINCE JAN 1     13.21                     16.11  -2.90    10.50

DEGREE DAYS
 HEATING
  YESTERDAY        0                         0      0        0
  MONTH TO DATE    0                        19    -19        1
  SINCE JUN 1      0                        19    -19        1
  SINCE JUL 1   5008                      6315  -1307     5265

 COOLING
  YESTERDAY       11                         8      3       11
  MONTH TO DATE  216                       120     96      193
  SINCE JUN 1    216                       120     96      193
  SINCE JAN 1    277                       184     93      264
..................................................................


WIND (MPH)
  HIGHEST WIND SPEED    20   HIGHEST WIND DIRECTION     S (160)
  HIGHEST GUST SPEED    27   HIGHEST GUST DIRECTION     S (170)
  AVERAGE WIND SPEED     9.2


SKY COVER
  POSSIBLE SUNSHINE  MM
  AVERAGE SKY COVER 0.2


WEATHER CONDITIONS
 THE FOLLOWING WEATHER WAS RECORDED YESTERDAY.
  THUNDERSTORM
  LIGHT RAIN
  FOG


RELATIVE HUMIDITY (PERCENT)
 HIGHEST    93           400 AM
 LOWEST     51           600 PM
 AVERAGE    72

..........................................................


THE OTTUMWA IA CLIMATE NORMALS FOR TODAY
                         NORMAL    RECORD    YEAR
 MAXIMUM TEMPERATURE (F)   83        97      1988
 MINIMUM TEMPERATURE (F)   63        45      1902


SUNRISE AND SUNSET
JUNE 22 2017..........SUNRISE   538 AM CDT   SUNSET   846 PM CDT
JUNE 23 2017..........SUNRISE   538 AM CDT   SUNSET   846 PM CDT


-  INDICATES NEGATIVE NUMBERS.
R  INDICATES RECORD WAS SET OR TIED.
MM INDICATES DATA IS MISSING.
T  INDICATES TRACE AMOUNT.

$$

ANSORGE
