000
CDUS43 KDMX 290640 RRA
CLIOTM

CLIMATE REPORT
NATIONAL WEATHER SERVICE DES MOINES IA
136 AM CDT MON AUG 29 2016


...................................

...THE OTTUMWA IA CLIMATE SUMMARY FOR AUGUST 28 2016...

CLIMATE NORMAL PERIOD 1981 TO 2010
CLIMATE RECORD PERIOD 1920 TO 2016


WEATHER ITEM   OBSERVED TIME   RECORD YEAR NORMAL DEPARTURE LAST
                VALUE   (LST)  VALUE       VALUE  FROM      YEAR
                                                  NORMAL
..................................................................
TEMPERATURE (F)
 YESTERDAY
  MAXIMUM         86    335 PM  98    2013  82      4       74
                                      1984
  MINIMUM         66    552 AM  41    1935  60      6       60
  AVERAGE         76                        71      5       67

PRECIPITATION (IN)
  YESTERDAY        0.03          2.53 1998   0.14  -0.11     0.11
  MONTH TO DATE    4.14                      4.18  -0.04     1.30
  SINCE JUN 1     10.61                     13.74  -3.13    15.84
  SINCE JAN 1     18.65                     26.27  -7.62    25.71

DEGREE DAYS
 HEATING
  YESTERDAY        0                         1     -1        0
  MONTH TO DATE    0                         1     -1       16
  SINCE JUN 1      8                        24    -16       32
  SINCE JUL 1      7                         3      4       22

 COOLING
  YESTERDAY       11                         7      4        2
  MONTH TO DATE  253                       236     17      167
  SINCE JUN 1    801                       751     50      647
  SINCE JAN 1    872                       815     57      708
..................................................................


WIND (MPH)
  HIGHEST WIND SPEED    24   HIGHEST WIND DIRECTION    NW (330)
  HIGHEST GUST SPEED    33   HIGHEST GUST DIRECTION    NW (330)
  AVERAGE WIND SPEED     5.4


SKY COVER
  POSSIBLE SUNSHINE  MM
  AVERAGE SKY COVER 0.2


WEATHER CONDITIONS
 THE FOLLOWING WEATHER WAS RECORDED YESTERDAY.
  THUNDERSTORM
  LIGHT RAIN
  FOG


RELATIVE HUMIDITY (PERCENT)
 HIGHEST   100           400 AM
 LOWEST     61           400 PM
 AVERAGE    81

..........................................................


THE OTTUMWA IA CLIMATE NORMALS FOR TODAY
                         NORMAL    RECORD    YEAR
 MAXIMUM TEMPERATURE (F)   82        98      1984
 MINIMUM TEMPERATURE (F)   60        42      1946


SUNRISE AND SUNSET
AUGUST 29 2016........SUNRISE   634 AM CDT   SUNSET   746 PM CDT
AUGUST 30 2016........SUNRISE   635 AM CDT   SUNSET   745 PM CDT


-  INDICATES NEGATIVE NUMBERS.
R  INDICATES RECORD WAS SET OR TIED.
MM INDICATES DATA IS MISSING.
T  INDICATES TRACE AMOUNT.




$$
