000
CDUS43 KDMX 260629 RRA
CLIOTM

CLIMATE REPORT
NATIONAL WEATHER SERVICE DES MOINES IA
126 AM CDT TUE JUL 26 2016

...................................

...THE OTTUMWA IA CLIMATE SUMMARY FOR JULY 25 2016...

CLIMATE NORMAL PERIOD 1981 TO 2010
CLIMATE RECORD PERIOD 1920 TO 2016


WEATHER ITEM   OBSERVED TIME   RECORD YEAR NORMAL DEPARTURE LAST
                VALUE   (LST)  VALUE       VALUE  FROM      YEAR
                                                  NORMAL
..................................................................
TEMPERATURE (F)
 YESTERDAY
  MAXIMUM         85    341 PM 111    1936  85      0       87
  MINIMUM         61    523 AM  51    1933  65     -4       71
  AVERAGE         73                        75     -2       79

PRECIPITATION (IN)
  YESTERDAY        0.00          1.90 2014   0.13  -0.13     0.16
  MONTH TO DATE    3.89                      3.65   0.24     4.65
  SINCE JUN 1      6.47                      8.74  -2.27    12.43
  SINCE JAN 1     14.51                     21.27  -6.76    22.30

DEGREE DAYS
 HEATING
  YESTERDAY        0                         0      0        0
  MONTH TO DATE    7                         0      7        6
  SINCE JUN 1      8                        21    -13       16
  SINCE JUL 1      7                         0      7        6

 COOLING
  YESTERDAY        8                        10     -2       14
  MONTH TO DATE  233                       250    -17      206
  SINCE JUN 1    507                       451     56      410
  SINCE JAN 1    578                       515     63      471
..................................................................


WIND (MPH)
  HIGHEST WIND SPEED    16   HIGHEST WIND DIRECTION     N (340)
  HIGHEST GUST SPEED    20   HIGHEST GUST DIRECTION     N (340)
  AVERAGE WIND SPEED     6.2


SKY COVER
  POSSIBLE SUNSHINE  MM
  AVERAGE SKY COVER 0.0


WEATHER CONDITIONS
 THE FOLLOWING WEATHER WAS RECORDED YESTERDAY.
  FOG


RELATIVE HUMIDITY (PERCENT)
 HIGHEST    93           400 AM
 LOWEST     48           300 PM
 AVERAGE    71

..........................................................


THE OTTUMWA IA CLIMATE NORMALS FOR TODAY
                         NORMAL    RECORD    YEAR
 MAXIMUM TEMPERATURE (F)   85       107      1936
 MINIMUM TEMPERATURE (F)   64        50      1911


SUNRISE AND SUNSET
JULY 26 2016..........SUNRISE   600 AM CDT   SUNSET   832 PM CDT
JULY 27 2016..........SUNRISE   601 AM CDT   SUNSET   831 PM CDT


-  INDICATES NEGATIVE NUMBERS.
R  INDICATES RECORD WAS SET OR TIED.
MM INDICATES DATA IS MISSING.
T  INDICATES TRACE AMOUNT.

$$

REV
