000
CDUS46 KOTX 050821
CLIOTX


CLIMATE REPORT
NATIONAL WEATHER SERVICE SPOKANE, WA
1221 AM PST FRI FEB 5 2016


...................................

...THE SPOKANE  WA WFO CLIMATE SUMMARY FOR FEBRUARY 4 2016...

CLIMATE NORMAL PERIOD 1981 TO 2010
CLIMATE RECORD PERIOD 1881 TO 2016


WEATHER ITEM   OBSERVED TIME   RECORD YEAR NORMAL DEPARTURE LAST
                VALUE   (LST)  VALUE       VALUE  FROM      YEAR
                                                  NORMAL
..................................................................
TEMPERATURE (F)
 YESTERDAY
  MAXIMUM         33        MM  MM      MM  36     -3       39
  MINIMUM         25        MM  MM      MM  23      2       33
  AVERAGE         29                        30     -1       36

PRECIPITATION (IN)
  YESTERDAY        T            MM      MM   0.06  -0.06     0.02
  MONTH TO DATE    0.11                      0.22  -0.11     0.26
  SINCE OCT 1      9.48                      8.12   1.36     6.87
  SINCE JAN 1      2.73                      2.09   0.64     2.16

SNOWFALL (IN)
  YESTERDAY        0.1          MM      MM   0.3   -0.2      0.0
  MONTH TO DATE    1.1                       1.3   -0.2      1.7
  SINCE DEC 1     31.1                      33.8   -2.7     14.6
  SINCE JUL 1     32.6                      41.7   -9.1     15.1
  SNOW DEPTH       1

DEGREE DAYS
 HEATING
  YESTERDAY       36                        35      1       29
  MONTH TO DATE  156                       140     16      125
  SINCE DEC 1   2357                      2515   -158     2223
  SINCE JUL 1   4017                      4397   -380     3802

 COOLING
  YESTERDAY        0                         0      0        0
  MONTH TO DATE    0                         0      0        0
  SINCE DEC 1      0                         0      0        0
  SINCE JAN 1      0                         0      0        0
..................................................................


WIND (MPH)
  HIGHEST WIND SPEED    20   HIGHEST WIND DIRECTION    MM
  HIGHEST GUST SPEED    26   HIGHEST GUST DIRECTION    MM
  AVERAGE WIND SPEED     6.0


SKY COVER
  POSSIBLE SUNSHINE  MM
  AVERAGE SKY COVER  MM


WEATHER CONDITIONS
 THE FOLLOWING WEATHER WAS RECORDED YESTERDAY.
  NO SIGNIFICANT WEATHER WAS OBSERVED.


RELATIVE HUMIDITY (PERCENT)
 HIGHEST    31          1200 AM
 LOWEST    100          1200 AM
 AVERAGE    66

..........................................................


THE SPOKANE  WA WFO CLIMATE NORMALS FOR TODAY
                         NORMAL    RECORD    YEAR
 MAXIMUM TEMPERATURE (F)   37        MM        MM
 MINIMUM TEMPERATURE (F)   23        MM        MM


SUNRISE AND SUNSET
FEBRUARY  5 2016......SUNRISE   712 AM PST   SUNSET   457 PM PST
FEBRUARY  6 2016......SUNRISE   711 AM PST   SUNSET   459 PM PST


-  INDICATES NEGATIVE NUMBERS.
R  INDICATES RECORD WAS SET OR TIED.
MM INDICATES DATA IS MISSING.
T  INDICATES TRACE AMOUNT.




$$
