000
CDAK49 PAFG 190042
CLIOTZ

CLIMATE REPORT
NATIONAL WEATHER SERVICE FAIRBANKS AK
442 PM AKDT WED OCT 18 2017


...................................

...THE KOTZEBUE AK CLIMATE SUMMARY FOR OCTOBER 18 2017...
VALID TODAY AS OF 0400 PM LOCAL TIME.

CLIMATE NORMAL PERIOD 1981 TO 2010
CLIMATE RECORD PERIOD 1920 TO 2017


WEATHER ITEM   OBSERVED TIME   RECORD YEAR NORMAL DEPARTURE LAST
                VALUE   (LST)  VALUE       VALUE  FROM      YEAR
                                                  NORMAL
..................................................................
TEMPERATURE (F)
 TODAY
  MAXIMUM         30    256 AM  41    2013  27      3       30
  MINIMUM         24   1017 AM  -2    1997  19      5       19
                                      1955
  AVERAGE         27                        23      4       25

PRECIPITATION (IN)
  TODAY            0.00          0.22 1944   0.03  -0.03     0.00
  MONTH TO DATE    1.33                      0.69   0.64     0.04
  SINCE SEP 1      2.95                      2.27   0.68     2.06
  SINCE JAN 1      9.41                      9.15   0.26     7.80

SNOWFALL (IN)
  TODAY            0.0           6.0  1944   0.3   -0.3      0.0
  MONTH TO DATE    0.7                       3.0   -2.3      0.0
  SINCE SEP 1      0.7                       3.8   -3.1      0.2
  SINCE JUL 1      0.7                       3.8   -3.1      0.2
  SNOW DEPTH       0

DEGREE DAYS
 HEATING
  TODAY           38                        42     -4       40
  MONTH TO DATE  492                       660   -168      467
  SINCE SEP 1   1138                      1341   -203     1086
  SINCE JUL 1   1825                      2079   -254     1578

 COOLING
  TODAY            0                         0      0        0
  MONTH TO DATE    0                         0      0        0
  SINCE SEP 1      0                         0      0        0
  SINCE JAN 1      1                         5     -4        5
..................................................................


WIND (MPH)
  HIGHEST GUST SPEED    23   HIGHEST GUST DIRECTION     N (360)


SKY COVER
  AVERAGE SKY COVER 0.2


WEATHER CONDITIONS
 THE FOLLOWING WEATHER WAS RECORDED TODAY.
  NO SIGNIFICANT WEATHER WAS OBSERVED.


RELATIVE HUMIDITY (PERCENT)
 HIGHEST    85
 LOWEST     57
 AVERAGE    71

..........................................................


THE KOTZEBUE AK CLIMATE NORMALS FOR TOMORROW
                         NORMAL    RECORD    YEAR
 MAXIMUM TEMPERATURE (F)   26        46      1938
 MINIMUM TEMPERATURE (F)   18        -1      1997
                                             1996


SUNRISE AND SUNSET
OCTOBER 18 2017.......SUNRISE  1003 AM AKDT  SUNSET   708 PM AKDT
OCTOBER 19 2017.......SUNRISE  1006 AM AKDT  SUNSET   704 PM AKDT

-  INDICATES NEGATIVE NUMBERS.
R  INDICATES RECORD WAS SET OR TIED.
MM INDICATES DATA IS MISSING.
T  INDICATES TRACE AMOUNT.

&&

SNOW DEPTH IS MEASURED AT 3AM AKST/4AM AKDT.

----------------------------
AVAILABLE DAYLIGHT

AMOUNT OF DAYLIGHT TODAY  (HOUR:MIN)........9:05
GAIN/LOSS SINCE YESTERDAY (HOUR:MIN:SEC)....-0:07:29

$$
HFL OCT 17
