000
CDAK49 PAOT 291200
CLIOTZ

CLIMATE REPORT
NATIONAL WEATHER SERVICE KOTZEBUE, AK
400 AM AKDT SAT AUG 29 2015

...................................
...THE KOTZEBUE WSO AP CLIMATE SUMMARY FOR AUGUST 28 2015...

CLIMATE NORMAL PERIOD  1981 TO  2010
CLIMATE RECORD PERIOD  1897 TO  2015

WEATHER ITEM   OBSERVED TIME    RECORD YEAR NORMAL DEPARTURE LAST
               VALUE    (LST)   VALUE       VALUE  FROM      YEAR
                                                   NORMAL
...................................................................
TEMPERATURE
YESTERDAY
 MAXIMUM            48  1106 AM    67  2001     54      -6     52
 MINIMUM            43  1159 PM    29  1994     45      -2     43
 AVERAGE            46                          49      -3     48

PRECIPITATION
(INCHES)
 YESTERDAY        0.09           0.61  1985   0.07    0.02      T
 MONTH TO DATE    3.97                        2.00    1.97   0.92
 SINCE JUN 1      4.53                        4.03    0.50   3.89
 SINCE JAN 1      7.04                        6.70    0.34   6.15

SNOWFALL
(INCHES)
 YESTERDAY         0.0              T  1955    0.0     0.0    0.0
 MONTH TO DATE     0.0                         0.0     0.0    0.0
 SINCE JUN 1       0.0                         0.0     0.0    0.0
 SINCE JUL 1       0.0                         0.0     0.0    0.0
 SNOW DEPTH (IN)     0                                          0

DEGREE DAYS
 HEATING
  YESTERDAY         19                          16       3     17
  MONTH TO DATE    357                         364      -7    143
  SINCE JUN 1      962                        1271    -309   1114
  SINCE JUL 1      553                         690    -137    497

 COOLING
  YESTERDAY          0                           0       0      0
  MONTH TO DATE      0                           0       0     11
  SINCE JUN 1       14                           0      14     19
  SINCE JAN 1       14                           0      14     19
...................................................................

WIND (MPH)
 HIGHEST WIND SPEED    28     HIGHEST WIND DIRECTION    300
 HIGHEST GUST SPEED    33     HIGHEST GUST DIRECTION    310
 AVERAGE WIND SPEED  17.8

SKY COVER
  POSSIBLE SUNSHINE    MM          AVERAGE SKY COVER     MM

WEATHER CONDITIONS
 THE FOLLOWING WEATHER WAS RECORDED YESTERDAY.
  RAIN


RELATIVE HUMIDITY
 HIGHEST RH     MM PERCENT       MM
 LOWEST  RH     MM PERCENT       MM
 AVERAGE RH     MM PERCENT       MM
...................................................................

THE KOTZEBUE CLIMATE NORMALS FOR TODAY
                           NORMAL    RECORD   YEAR
 MAXIMUM TEMPERATURE (F)     54        72     1941
 MINIMUM TEMPERATURE (F)     45        32     1980

SUNRISE AND SUNSET
 AUG 29 2015..........SUNRISE  7:12 AM      SUNSET 10:29 PM
 AUG 30 2015..........SUNRISE  7:16 AM      SUNSET 10:25 PM

-  INDICATES NEGATIVE NUMBERS.
R  INDICATES RECORD HAS BEEN SET OR TIED.
MM INDICATES DATA IS MISSING.
T  INDICATES TRACE OF PRECIPITATION.

&&
-------------------------------------------------------------------

AMOUNT OF DAYLIGHT TODAY  (HOUR:MIN)........15 HOURS 17 MINUTES
LOSS SINCE YESTERDAY (HOUR:MIN:SEC).........-0:07:34

$$

DT AUG 15
