000
CDAK49 PAFG 160943
CLIOTZ

CLIMATE REPORT
NATIONAL WEATHER SERVICE FAIRBANKS AK
1243 AM AKST SAT DEC 16 2017


...................................

...THE KOTZEBUE AK CLIMATE SUMMARY FOR DECEMBER 15 2017...

CLIMATE NORMAL PERIOD 1981 TO 2010
CLIMATE RECORD PERIOD 1920 TO 2017


WEATHER ITEM   OBSERVED TIME   RECORD YEAR NORMAL DEPARTURE LAST
                VALUE   (LST)  VALUE       VALUE  FROM      YEAR
                                                  NORMAL
..................................................................
TEMPERATURE (F)
 YESTERDAY
  MAXIMUM         22   1159 PM  35    1989   9     13       20
  MINIMUM          7    223 PM -48    1935  -4     11       18
  AVERAGE         15                         3     12       19

PRECIPITATION (IN)
  YESTERDAY        0.00          0.16 1984   0.03  -0.03     0.01
  MONTH TO DATE    0.47                      0.38   0.09     0.04
  SINCE DEC 1      0.47                      0.38   0.09     0.04
  SINCE JAN 1     13.05                     10.62   2.43     8.20

SNOWFALL (IN)
  YESTERDAY        0.0           2.8  1971   0.3   -0.3      0.1
  MONTH TO DATE    2.6                       5.8   -3.2      0.6
  SINCE DEC 1      2.6                       5.8   -3.2      0.6
  SINCE JUL 1     43.6                      23.2   20.4      6.2
  SNOW DEPTH      44

DEGREE DAYS
 HEATING
  YESTERDAY       50                        62    -12       46
  MONTH TO DATE  681                       916   -235      991
  SINCE DEC 1    681                       916   -235      991
  SINCE JUL 1   4498                      5274   -776     4604

 COOLING
  YESTERDAY        0                         0      0        0
  MONTH TO DATE    0                         0      0        0
  SINCE DEC 1      0                         0      0        0
  SINCE JAN 1      1                         5     -4        5
..................................................................


WIND (MPH)
  HIGHEST GUST SPEED    17   HIGHEST GUST DIRECTION    NE (30)


SKY COVER
  AVERAGE SKY COVER 0.7


WEATHER CONDITIONS
 THE FOLLOWING WEATHER WAS RECORDED YESTERDAY.
  FOG


RELATIVE HUMIDITY (PERCENT)
 HIGHEST   100
 LOWEST     80
 AVERAGE    90

..........................................................


THE KOTZEBUE AK CLIMATE NORMALS FOR TODAY
                         NORMAL    RECORD    YEAR
 MAXIMUM TEMPERATURE (F)    9        34      1989
                                             1944
 MINIMUM TEMPERATURE (F)   -4       -43      1935


SUNRISE AND SUNSET
DECEMBER 16 2017......SUNRISE  1251 PM AKST  SUNSET   242 PM AKST
DECEMBER 17 2017......SUNRISE  1253 PM AKST  SUNSET   241 PM AKST

-  INDICATES NEGATIVE NUMBERS.
R  INDICATES RECORD WAS SET OR TIED.
MM INDICATES DATA IS MISSING.
T  INDICATES TRACE AMOUNT.

&&

SNOW DEPTH IS MEASURED AT 3AM AKST/4AM AKDT.

----------------------------
AVAILABLE DAYLIGHT

AMOUNT OF DAYLIGHT TODAY  (HOUR:MIN)........1:51
GAIN/LOSS SINCE YESTERDAY (HOUR:MIN:SEC)....-0:03:42

$$
SDB DEC 17
