000
CDAK49 PAFG 010050
CLIOTZ

CLIMATE REPORT
NATIONAL WEATHER SERVICE FAIRBANKS AK
450 PM AKDT SUN APR 30 2017


...................................

...THE KOTZEBUE AK CLIMATE SUMMARY FOR APRIL 30 2017...
VALID TODAY AS OF 0400 PM LOCAL TIME.

CLIMATE NORMAL PERIOD 1981 TO 2010
CLIMATE RECORD PERIOD 1920 TO 2017


WEATHER ITEM   OBSERVED TIME   RECORD YEAR NORMAL DEPARTURE LAST
                VALUE   (LST)  VALUE       VALUE  FROM      YEAR
                                                  NORMAL
..................................................................
TEMPERATURE (F)
 TODAY
  MAXIMUM         49R   259 PM  46    1960  30     19       36
  MINIMUM         32    513 AM -18    1973  16     16       22
  AVERAGE         41                        23     18       29

PRECIPITATION (IN)
  TODAY            0.00          0.27 2002   0.02  -0.02     0.00
  MONTH TO DATE    0.05                      0.54  -0.49     0.60
  SINCE MAR 1      0.08                      0.98  -0.90     0.77
  SINCE JAN 1      1.67                      2.26  -0.59     1.48

SNOWFALL (IN)
  TODAY            0.0           3.0  1952   0.1   -0.1      0.0
  MONTH TO DATE    1.5                       5.1   -3.6      4.6
  SINCE MAR 1      2.2                      11.0   -8.8      6.0
  SINCE JUL 1     52.4                      58.6   -6.2     26.0
  SNOW DEPTH       6

DEGREE DAYS
 HEATING
  TODAY           24                        42    -18       36
  MONTH TO DATE 1212                      1551   -339     1175
  SINCE MAR 1   3381                      3533   -152     3079
  SINCE JUL 1  12240                     13778  -1538    11857

 COOLING
  TODAY            0                         0      0        0
  MONTH TO DATE    0                         0      0        0
  SINCE MAR 1      0                         0      0        0
  SINCE JAN 1      0                         0      0        0
..................................................................


WIND (MPH)
  HIGHEST GUST SPEED    15   HIGHEST GUST DIRECTION     E (100)


SKY COVER
  AVERAGE SKY COVER 0.5


WEATHER CONDITIONS
 THE FOLLOWING WEATHER WAS RECORDED TODAY.
  NO SIGNIFICANT WEATHER WAS OBSERVED.


RELATIVE HUMIDITY (PERCENT)
 HIGHEST    85
 LOWEST     46
 AVERAGE    66

..........................................................


THE KOTZEBUE AK CLIMATE NORMALS FOR TOMORROW
                         NORMAL    RECORD    YEAR
 MAXIMUM TEMPERATURE (F)   31        50      1960
 MINIMUM TEMPERATURE (F)   17       -18      1945


SUNRISE AND SUNSET
APRIL 30 2017.........SUNRISE   602 AM AKDT  SUNSET  1137 PM AKDT
MAY 01 2017...........SUNRISE   558 AM AKDT  SUNSET  1141 PM AKDT

-  INDICATES NEGATIVE NUMBERS.
R  INDICATES RECORD WAS SET OR TIED.
MM INDICATES DATA IS MISSING.
T  INDICATES TRACE AMOUNT.

&&

SNOW DEPTH IS MEASURED AT 3AM AKST/4AM AKDT.

----------------------------
AVAILABLE DAYLIGHT

AMOUNT OF DAYLIGHT TODAY  (HOUR:MIN)........17:36
GAIN/LOSS SINCE YESTERDAY (HOUR:MIN:SEC)....+0:08:11

$$
APR 17
