000
CDAK49 PAOT 302313
CLIOTZ

CLIMATE REPORT
NATIONAL WEATHER SERVICE KOTZEBUE, AK
313 PM AKDT SAT APR 30 2016

...................................
...THE KOTZEBUE WSO AP CLIMATE SUMMARY FOR APRIL 30 2016...
VALID TODAY AS OF 2:00 PM LOCAL TIME

CLIMATE NORMAL PERIOD  1981 TO  2010
CLIMATE RECORD PERIOD  1897 TO  2016

WEATHER ITEM   OBSERVED TIME    RECORD YEAR NORMAL DEPARTURE LAST
               VALUE    (LST)   VALUE       VALUE  FROM      YEAR
                                                   NORMAL
...................................................................
TEMPERATURE
TODAY
 MAXIMUM            33  0159 PM    46  1960     30       3     23
 MINIMUM            22  0853 AM   -18  1973     16       6     10
 AVERAGE            28                          23       5     17

PRECIPITATION
(INCHES)
 TODAY            0.00           0.27  2002   0.02   -0.02   0.00
 MONTH TO DATE    0.60                        0.54    0.06   0.55
 SINCE MAR 1      0.74                        0.98   -0.24   1.08
 SINCE JAN 1      1.46                        2.26   -0.80   1.93

SNOWFALL
(INCHES)
 TODAY             0.0            2.8  1952    0.1    -0.1    0.0
 MONTH TO DATE    10.6                         5.1     5.5    3.9
 SINCE MAR 1      14.3                        11.0     3.3    9.4
 SINCE JUL 1      59.7                        58.6     1.1   24.7
 SNOW DEPTH (IN)     0                                          3

DEGREE DAYS
 HEATING
  TODAY             37                          42      -5     48
  MONTH TO DATE   1176                        1551    -375   1450
  SINCE MAR 1     3080                        3538    -458   3527
  SINCE JUL 1    12078                       13780   -1702  12405

 COOLING
  TODAY              0                           0       0      0
  MONTH TO DATE      0                           0       0      0
  SINCE MAR 1        0                           0       0      0
  SINCE JAN 1        0                           0       0      0
...................................................................

WIND (MPH)
 HIGHEST WIND SPEED    12     HIGHEST WIND DIRECTION    200
 HIGHEST GUST SPEED    15     HIGHEST GUST DIRECTION    200
 AVERAGE WIND SPEED    MM

WEATHER CONDITIONS
 THE FOLLOWING WEATHER WAS RECORDED TODAY.
 NO SIGNIFICANT WEATHER WAS OBSERVED.
...................................................................

THE KOTZEBUE CLIMATE NORMALS FOR TOMORROW
                        NORMAL    RECORD   YEAR
 MAXIMUM TEMPERATURE      31        50     1960
 MINIMUM TEMPERATURE      17       -15     1898

SUNRISE AND SUNSET
 APR 30 2016..........SUNRISE  6:01 AM      SUNSET 11:38 PM
 MAY 1 2016..........SUNRISE  5:57 AM      SUNSET 11:42 PM

-  INDICATES NEGATIVE NUMBERS.
R  INDICATES RECORD HAS BEEN SET OR TIED.
MM INDICATES DATA IS MISSING.
T  INDICATES TRACE OF PRECIPITATION.

&&
-------------------------------------------------------------------

AMOUNT OF DAYLIGHT TODAY  (HOUR:MIN)........17 HOURS 37 MINUTES
GAIN SINCE YESTERDAY (HOUR:MIN:SEC).........+0:08:12

$$
CRG APR 16
