000
CDAK49 PAOT 051207
CLIOTZ

CLIMATE REPORT
NATIONAL WEATHER SERVICE KOTZEBUE, AK
307 AM AKST THU MAR 5 2015

...................................
...THE KOTZEBUE WSO AP CLIMATE SUMMARY FOR MARCH 4 2015...

CLIMATE NORMAL PERIOD  1981 TO  2010
CLIMATE RECORD PERIOD  1897 TO  2015

WEATHER ITEM   OBSERVED TIME    RECORD YEAR NORMAL DEPARTURE LAST
               VALUE    (LST)   VALUE       VALUE  FROM      YEAR
                                                   NORMAL
...................................................................
TEMPERATURE
YESTERDAY
 MAXIMUM             9  1159 PM    32  1957      8       1     10
 MINIMUM             0  1208 AM   -48  1929     -7       7     -1
 AVERAGE             5                           0       5      5

PRECIPITATION
(INCHES)
 YESTERDAY           T           0.14  1955   0.02   -0.02   0.00
 MONTH TO DATE    0.08                        0.08    0.00      T
 SINCE MAR 1      0.08                        0.08    0.00   0.00
 SINCE JAN 1      0.93                        1.36   -0.43   0.72

SNOWFALL
(INCHES)
 YESTERDAY           T            2.8  1955    0.3    -0.3    0.0
 MONTH TO DATE     0.8                         1.1    -0.3      T
 SINCE MAR 1       0.8                         1.1    -0.3    0.0
 SINCE JUL 1      15.2                        48.7   -33.5   25.0
 SNOW DEPTH (IN)     6                                          7

DEGREE DAYS
 HEATING
  YESTERDAY         60                          65      -5     60
  MONTH TO DATE    233                         260     -27    212
  SINCE MAR 1      233                         260     -27    212
  SINCE JUL 1     9084                       10502   -1418   9160

 COOLING
  YESTERDAY          0                           0       0      0
  MONTH TO DATE      0                           0       0      0
  SINCE MAR 1        0                           0       0      0
  SINCE JAN 1        0                           0       0      0
...................................................................

WIND (MPH)
 HIGHEST WIND SPEED    16     HIGHEST WIND DIRECTION    290
 HIGHEST GUST SPEED    19     HIGHEST GUST DIRECTION    300
 AVERAGE WIND SPEED   5.0

SKY COVER
  POSSIBLE SUNSHINE    MM          AVERAGE SKY COVER     MM

WEATHER CONDITIONS
 THE FOLLOWING WEATHER WAS RECORDED YESTERDAY.
 FOG
 SNOW


RELATIVE HUMIDITY
 HIGHEST RH     MM PERCENT       MM
 LOWEST  RH     MM PERCENT       MM
 AVERAGE RH     MM PERCENT       MM
...................................................................

THE KOTZEBUE CLIMATE NORMALS FOR TODAY
                           NORMAL    RECORD   YEAR
 MAXIMUM TEMPERATURE (F)      8        30     2000
 MINIMUM TEMPERATURE (F)     -7       -46     1929

SUNRISE AND SUNSET
 MAR 5 2015..........SUNRISE  8:50 AM      SUNSET  7:16 PM
 MAR 6 2015..........SUNRISE  8:46 AM      SUNSET  7:19 PM

-  INDICATES NEGATIVE NUMBERS.
R  INDICATES RECORD HAS BEEN SET OR TIED.
MM INDICATES DATA IS MISSING.
T  INDICATES TRACE OF PRECIPITATION.

&&
-------------------------------------------------------------------

AMOUNT OF DAYLIGHT TODAY  (HOUR:MIN)........10 HOURS 26 MINUTES
GAIN/LOSS SINCE YESTERDAY (HOUR:MIN:SEC)....+0:07:28

$$


MAR 15
