855
CDAK49 PAFG 260958
CLIOTZ

CLIMATE REPORT
NATIONAL WEATHER SERVICE FAIRBANKS AK
158 AM AKDT MON JUN 26 2017


...................................

...THE KOTZEBUE AK CLIMATE SUMMARY FOR JUNE 25 2017...

CLIMATE NORMAL PERIOD 1981 TO 2010
CLIMATE RECORD PERIOD 1920 TO 2017


WEATHER ITEM   OBSERVED TIME   RECORD YEAR NORMAL DEPARTURE LAST
                VALUE   (LST)  VALUE       VALUE  FROM      YEAR
                                                  NORMAL
..................................................................
TEMPERATURE (F)
 YESTERDAY
  MAXIMUM         64    703 PM  80    1971  56      8       57
  MINIMUM         49    540 AM  31    1949  44      5       50
  AVERAGE         57                        50      7       54

PRECIPITATION (IN)
  YESTERDAY        0.00          0.38 1995   0.02  -0.02     0.00
  MONTH TO DATE    0.19                      0.45  -0.26     0.17
  SINCE JUN 1      0.19                      0.45  -0.26     0.17
  SINCE JAN 1      2.27                      3.12  -0.85     2.30

SNOWFALL (IN)
  YESTERDAY        0.0           T    1995   0.0    0.0      0.0
                                      1975
                                      1949
  MONTH TO DATE    0.0                       0.0    0.0      0.0
  SINCE JUN 1      0.0                       0.0    0.0      0.0
  SINCE JUL 1     52.6                      59.8   -7.2     26.0
  SNOW DEPTH       0

DEGREE DAYS
 HEATING
  YESTERDAY        8                        15     -7       11
  MONTH TO DATE  387                       512   -125      367
  SINCE JUN 1    387                       512   -125      367
  SINCE JUL 1  13555                     15316  -1761    12974

 COOLING
  YESTERDAY        0                         0      0        0
  MONTH TO DATE    0                         0      0        0
  SINCE JUN 1      0                         0      0        0
  SINCE JAN 1      0                         0      0        0
..................................................................


WIND (MPH)
  HIGHEST GUST SPEED    18   HIGHEST GUST DIRECTION    NE (30)


SKY COVER
  AVERAGE SKY COVER 0.5


WEATHER CONDITIONS
 THE FOLLOWING WEATHER WAS RECORDED YESTERDAY.
  NO SIGNIFICANT WEATHER WAS OBSERVED.


RELATIVE HUMIDITY (PERCENT)
 HIGHEST    71
 LOWEST     48
 AVERAGE    60

..........................................................


THE KOTZEBUE AK CLIMATE NORMALS FOR TODAY
                         NORMAL    RECORD    YEAR
 MAXIMUM TEMPERATURE (F)   56        83      1971
 MINIMUM TEMPERATURE (F)   45        31      1949


SUNRISE AND SUNSET
JUNE 26 2017..........SUN ABOVE VISIBLE HORIZON.
JUNE 27 2017..........SUN ABOVE VISIBLE HORIZON.

-  INDICATES NEGATIVE NUMBERS.
R  INDICATES RECORD WAS SET OR TIED.
MM INDICATES DATA IS MISSING.
T  INDICATES TRACE AMOUNT.

&&

SNOW DEPTH IS MEASURED AT 3AM AKST/4AM AKDT.

----------------------------
AVAILABLE DAYLIGHT

AMOUNT OF DAYLIGHT TODAY  (HOUR:MIN)........24:00
GAIN/LOSS SINCE YESTERDAY (HOUR:MIN:SEC)....+0:00:00

$$
NTS JUN 17
