798
CDAK49 PAOT 241208
CLIOTZ

CLIMATE REPORT
NATIONAL WEATHER SERVICE KOTZEBUE, AK
408 AM AKDT TUE MAY 24 2016

...................................
...THE KOTZEBUE WSO AP CLIMATE SUMMARY FOR MAY 23 2016...

CLIMATE NORMAL PERIOD  1981 TO  2010
CLIMATE RECORD PERIOD  1897 TO  2016

WEATHER ITEM   OBSERVED TIME    RECORD YEAR NORMAL DEPARTURE LAST
               VALUE    (LST)   VALUE       VALUE  FROM      YEAR
                                                   NORMAL
...................................................................
TEMPERATURE
YESTERDAY
 MAXIMUM            45  0726 PM    68  2002     41       4     60
 MINIMUM            35  0836 AM     5  1901     30       5     48
 AVERAGE            40                          35       5     54

PRECIPITATION
(INCHES)
 YESTERDAY        0.03           0.38  1959   0.01    0.02      T
 MONTH TO DATE    0.49                        0.32    0.17   0.58
 SINCE MAR 1      1.23                        1.30   -0.07   1.66
 SINCE JAN 1      1.95                        2.58   -0.63   2.51

SNOWFALL
(INCHES)
 YESTERDAY         0.0            1.1  1964    0.0     0.0    0.0
 MONTH TO DATE       T                         1.1    -1.1      T
 SINCE MAR 1      14.3                        12.1     2.2    9.4
 SINCE JUL 1      59.7                        59.7     0.0   24.7
 SNOW DEPTH (IN)     0            21   1964                     0

DEGREE DAYS
 HEATING
  YESTERDAY         25                          30      -5     11
  MONTH TO DATE    632                         803    -171    636
  SINCE MAR 1     3711                        4341    -630   4163
  SINCE JUL 1    12709                       14583   -1874  13041

 COOLING
  YESTERDAY          0                           0       0      0
  MONTH TO DATE      0                           0       0      0
  SINCE MAR 1        0                           0       0      0
  SINCE JAN 1        0                           0       0      0
...................................................................

WIND (MPH)
 HIGHEST WIND SPEED    28     HIGHEST WIND DIRECTION    150
 HIGHEST GUST SPEED    32     HIGHEST GUST DIRECTION    160
 AVERAGE WIND SPEED  12.4

SKY COVER
  POSSIBLE SUNSHINE    MM          AVERAGE SKY COVER     MM

WEATHER CONDITIONS
 THE FOLLOWING WEATHER WAS RECORDED YESTERDAY.
  FOG
RAIN


RELATIVE HUMIDITY
 HIGHEST RH     MM PERCENT       MM
 LOWEST  RH     MM PERCENT       MM
 AVERAGE RH     MM PERCENT       MM
...................................................................

THE KOTZEBUE CLIMATE NORMALS FOR TODAY
                           NORMAL    RECORD   YEAR
 MAXIMUM TEMPERATURE (F)     41        61     2011
 MINIMUM TEMPERATURE (F)     30         4     1901

SUNRISE AND SUNSET
 MAY 24 2016..........SUNRISE  4:11 AM      SUNSET  1:29 AM
 MAY 25 2016..........SUNRISE  4:06 AM      SUNSET  1:35 AM

-  INDICATES NEGATIVE NUMBERS.
R  INDICATES RECORD HAS BEEN SET OR TIED.
MM INDICATES DATA IS MISSING.
T  INDICATES TRACE OF PRECIPITATION.

&&
-------------------------------------------------------------------

AMOUNT OF DAYLIGHT TODAY  (HOUR:MIN)........21 HOURS 18 MINUTES
GAIN/LOSS SINCE YESTERDAY (HOUR:MIN:SEC)....+0:10:45

$$
LEHL MAY 16
