000
CDAK49 PAFG 250047
CLIOTZ

CLIMATE REPORT
NATIONAL WEATHER SERVICE FAIRBANKS AK
447 PM AKDT SAT SEP 24 2016


...................................

...THE KOTZEBUE AK CLIMATE SUMMARY FOR SEPTEMBER 24 2016...
VALID TODAY AS OF 0400 PM LOCAL TIME.

CLIMATE NORMAL PERIOD 1981 TO 2010
CLIMATE RECORD PERIOD 1920 TO 2016


WEATHER ITEM   OBSERVED TIME   RECORD YEAR NORMAL DEPARTURE LAST
                VALUE   (LST)  VALUE       VALUE  FROM      YEAR
                                                  NORMAL
..................................................................
TEMPERATURE (F)
 TODAY
  MAXIMUM         40    211 PM  56    1995  43     -3       45
  MINIMUM         34    510 AM  15    1992  34      0       33
  AVERAGE         37                        38     -1       39

PRECIPITATION (IN)
  TODAY            0.01          1.64 1978   0.05  -0.04     0.23
  MONTH TO DATE    1.32                      1.29   0.03     0.41
  SINCE SEP 1      1.32                      1.29   0.03     0.41
  SINCE JAN 1      7.06                      8.17  -1.11     7.45

SNOWFALL (IN)
  TODAY            0.0           0.8  1956   0.0    0.0     MM
  MONTH TO DATE    0.0                       0.4   -0.4       T
  SINCE SEP 1      0.0                       0.4   -0.4       T
  SINCE JUL 1      0.0                       0.4   -0.4       T
  SNOW DEPTH       0

DEGREE DAYS
 HEATING
  TODAY           28                        27      1       26
  MONTH TO DATE  474                       508    -34      543
  SINCE SEP 1    474                       508    -34      543
  SINCE JUL 1    966                      1246   -280     1163

 COOLING
  TODAY            0                         0      0        0
  MONTH TO DATE    0                         0      0        0
  SINCE SEP 1      0                         0      0        0
  SINCE JAN 1      5                         5      0       16
..................................................................


WIND (MPH)
  HIGHEST GUST SPEED    14   HIGHEST GUST DIRECTION    NW (310)


SKY COVER
  AVERAGE SKY COVER 0.4


WEATHER CONDITIONS
 THE FOLLOWING WEATHER WAS RECORDED TODAY.
  LIGHT RAIN
  LIGHT SNOW
  FOG


RELATIVE HUMIDITY (PERCENT)
 HIGHEST    85
 LOWEST     70
 AVERAGE    78

..........................................................


THE KOTZEBUE AK CLIMATE NORMALS FOR TOMORROW
                         NORMAL    RECORD    YEAR
 MAXIMUM TEMPERATURE (F)   42        54      1984
                                             1929
 MINIMUM TEMPERATURE (F)   34        18      1992


SUNRISE AND SUNSET
SEPTEMBER 24 2016.....SUNRISE   842 AM AKDT  SUNSET   841 PM AKDT
SEPTEMBER 25 2016.....SUNRISE   845 AM AKDT  SUNSET   837 PM AKDT

-  INDICATES NEGATIVE NUMBERS.
R  INDICATES RECORD WAS SET OR TIED.
MM INDICATES DATA IS MISSING.
T  INDICATES TRACE AMOUNT.

&&

SNOW DEPTH IS MEASURED AT 3AM AKST/4AM AKDT.

----------------------------
AVAILABLE DAYLIGHT

AMOUNT OF DAYLIGHT TODAY  (HOUR:MIN)........12:00
GAIN/LOSS SINCE YESTERDAY (HOUR:MIN:SEC)....-0:07:17

$$
SEP 16
