000
CDUS43 KDDC 200706
CLIP28


CLIMATE REPORT
NATIONAL WEATHER SERVICE DODGE CITY KS
105 AM CST MON FEB 20 2017


...................................

...THE MEDICINE LODGE KS CLIMATE SUMMARY FOR FEBRUARY 19 2017...

CLIMATE NORMAL PERIOD 1981 TO 2010
CLIMATE RECORD PERIOD 1893 TO 2017


WEATHER ITEM   OBSERVED TIME   RECORD YEAR NORMAL DEPARTURE LAST
                VALUE   (LST)  VALUE       VALUE  FROM      YEAR
                                                  NORMAL
..................................................................
TEMPERATURE (F)
 YESTERDAY
  MAXIMUM         64    527 PM  80    1907  52     12       73
  MINIMUM         44    619 AM  -2    1978  27     17       49
  AVERAGE         54                        39     15       61

PRECIPITATION (IN)
  YESTERDAY        0.09          0.23 1954   0.04   0.05     0.00
  MONTH TO DATE    0.22                      0.63  -0.41     0.38
  SINCE DEC 1      4.62                      2.26   2.36     3.26
  SINCE JAN 1      3.92                      1.34   2.58     0.89

SNOWFALL (IN)
  YESTERDAY        0.0          MM      MM   0.1             0.0
  MONTH TO DATE    0.0                       1.8             0.0
  SINCE DEC 1      1.4                       7.8             1.0
  SINCE JUL 1      1.4                       8.0             1.0
  SNOW DEPTH       0

DEGREE DAYS
 HEATING
  YESTERDAY       11                        26    -15        4
  MONTH TO DATE  398                       533   -135      426
  SINCE DEC 1   2322                      2452   -130     2114
  SINCE JUL 1   2858                      3310   -452     2709

 COOLING
  YESTERDAY        0                         0      0        0
  MONTH TO DATE    0                         0      0        0
  SINCE DEC 1      0                         0      0        0
  SINCE JAN 1      0                         0      0        0
..................................................................


WIND (MPH)
  HIGHEST WIND SPEED    18   HIGHEST WIND DIRECTION     S (160)
  HIGHEST GUST SPEED    27   HIGHEST GUST DIRECTION     S (170)
  AVERAGE WIND SPEED     8.7




RELATIVE HUMIDITY (PERCENT)
 HIGHEST   100           500 AM
 LOWEST     72           400 PM
 AVERAGE    86

..........................................................


THE MEDICINE LODGE KS CLIMATE NORMALS FOR TODAY
                         NORMAL    RECORD    YEAR
 MAXIMUM TEMPERATURE (F)   52        86      1981
 MINIMUM TEMPERATURE (F)   27         4      1918


SUNRISE AND SUNSET
FEBRUARY 20 2017......SUNRISE   717 AM CST   SUNSET   620 PM CST
FEBRUARY 21 2017......SUNRISE   716 AM CST   SUNSET   621 PM CST


-  INDICATES NEGATIVE NUMBERS.
R  INDICATES RECORD WAS SET OR TIED.
MM INDICATES DATA IS MISSING.
T  INDICATES TRACE AMOUNT.




$$
