446
CDUS43 KDDC 172325
CLIP28


CLIMATE REPORT
NATIONAL WEATHER SERVICE DODGE CITY KS
525 PM CST SAT FEB 17 2018


...................................

...THE MEDICINE LODGE KS CLIMATE SUMMARY FOR FEBRUARY 17 2018...
VALID TODAY AS OF 0500 PM LOCAL TIME.

CLIMATE NORMAL PERIOD 1981 TO 2010
CLIMATE RECORD PERIOD 1893 TO 2018


WEATHER ITEM   OBSERVED TIME   RECORD YEAR NORMAL DEPARTURE LAST
                VALUE   (LST)  VALUE       VALUE  FROM      YEAR
                                                  NORMAL
..................................................................
TEMPERATURE (F)
 TODAY
  MAXIMUM         61    353 PM  82    1970  51     10       73
  MINIMUM         24    745 AM  -5    1903  26     -2       35
  AVERAGE         43                        39      4       54

PRECIPITATION (IN)
  TODAY            0.00          1.51 1911   0.03  -0.03     0.00
  MONTH TO DATE    0.01                      0.54  -0.53     0.13
  SINCE DEC 1      0.09                      2.17  -2.08     4.53
  SINCE JAN 1      0.09                      1.25  -1.16     3.83

DEGREE DAYS
 HEATING
  TODAY           22                        26     -4       11
  MONTH TO DATE  528                       481     47      374
  SINCE DEC 1   2329                      2400    -71     2298
  SINCE JUL 1   3089                      3258   -169     2834

 COOLING
  TODAY            0                         0      0        0
  MONTH TO DATE    0                         0      0        0
  SINCE DEC 1      0                         0      0        0
  SINCE JAN 1      0                         0      0        0
..................................................................


WIND (MPH)
  HIGHEST WIND SPEED    29   HIGHEST WIND DIRECTION     N (360)
  HIGHEST GUST SPEED    41   HIGHEST GUST DIRECTION     N (360)
  AVERAGE WIND SPEED    12.9




RELATIVE HUMIDITY (PERCENT)
 HIGHEST    92           800 AM
 LOWEST     14           300 PM
 AVERAGE    53

..........................................................


THE MEDICINE LODGE KS CLIMATE NORMALS FOR TOMORROW
                         NORMAL    RECORD    YEAR
 MAXIMUM TEMPERATURE (F)   51        81      2016
 MINIMUM TEMPERATURE (F)   27        -8      1978


SUNRISE AND SUNSET
FEBRUARY 17 2018......SUNRISE   721 AM CST   SUNSET   616 PM CST
FEBRUARY 18 2018......SUNRISE   720 AM CST   SUNSET   617 PM CST


-  INDICATES NEGATIVE NUMBERS.
R  INDICATES RECORD WAS SET OR TIED.
MM INDICATES DATA IS MISSING.
T  INDICATES TRACE AMOUNT.




$$
