000
CDUS43 KDDC 250707
CLIP28


CLIMATE REPORT
NATIONAL WEATHER SERVICE DODGE CITY KS
105 AM CST SAT NOV 25 2017


...................................

...THE MEDICINE LODGE KS CLIMATE SUMMARY FOR NOVEMBER 24 2017...

CLIMATE NORMAL PERIOD 1981 TO 2010
CLIMATE RECORD PERIOD 1893 TO 2017


WEATHER ITEM   OBSERVED TIME   RECORD YEAR NORMAL DEPARTURE LAST
                VALUE   (LST)  VALUE       VALUE  FROM      YEAR
                                                  NORMAL
..................................................................
TEMPERATURE (F)
 YESTERDAY
  MAXIMUM         74    355 PM  82    1990  54     20       64
  MINIMUM         38    557 AM   5    1938  29      9       33
  AVERAGE         56                        41     15       49

PRECIPITATION (IN)
  YESTERDAY        0.00          0.65 1944   0.02  -0.02     0.00
  MONTH TO DATE    0.12                      0.80  -0.68     0.65
  SINCE SEP 1      7.16                      5.74   1.42     9.17
  SINCE JAN 1     29.29                     26.09   3.20    29.60

SNOWFALL (IN)
  YESTERDAY        0.0          MM      MM   0.0             0.0
  MONTH TO DATE    0.0                       0.1             0.0
  SINCE SEP 1      0.0                       0.1             0.0
  SINCE JUL 1      0.0                       0.1             0.0
  SNOW DEPTH       0

DEGREE DAYS
 HEATING
  YESTERDAY        9                        24    -15       16
  MONTH TO DATE  424                       437    -13      295
  SINCE SEP 1    667                       706    -39      421
  SINCE JUL 1    667                       706    -39      421

 COOLING
  YESTERDAY        0                         0      0        0
  MONTH TO DATE    1                         0      1        5
  SINCE SEP 1    297                       258     39      337
  SINCE JAN 1   1656                      1769   -113     1937
..................................................................


WIND (MPH)
  HIGHEST WIND SPEED    22   HIGHEST WIND DIRECTION    NE (30)
  HIGHEST GUST SPEED    32   HIGHEST GUST DIRECTION     N (20)
  AVERAGE WIND SPEED     6.6




RELATIVE HUMIDITY (PERCENT)
 HIGHEST    85           600 AM
 LOWEST     29           100 PM
 AVERAGE    57

..........................................................


THE MEDICINE LODGE KS CLIMATE NORMALS FOR TODAY
                         NORMAL    RECORD    YEAR
 MAXIMUM TEMPERATURE (F)   53        83      1910
 MINIMUM TEMPERATURE (F)   29        11      1993


SUNRISE AND SUNSET
NOVEMBER 25 2017......SUNRISE   724 AM CST   SUNSET   518 PM CST
NOVEMBER 26 2017......SUNRISE   725 AM CST   SUNSET   518 PM CST


-  INDICATES NEGATIVE NUMBERS.
R  INDICATES RECORD WAS SET OR TIED.
MM INDICATES DATA IS MISSING.
T  INDICATES TRACE AMOUNT.




$$
