000
CDUS43 KDDC 010707
CLIP28


CLIMATE REPORT
NATIONAL WEATHER SERVICE DODGE CITY KS
206 AM CDT WED JUN 1 2016


...................................

...THE MEDICINE LODGE KS CLIMATE SUMMARY FOR MAY 31 2016...

CLIMATE NORMAL PERIOD 1981 TO 2010
CLIMATE RECORD PERIOD 1893 TO 2016


WEATHER ITEM   OBSERVED TIME   RECORD YEAR NORMAL DEPARTURE LAST
                VALUE   (LST)  VALUE       VALUE  FROM      YEAR
                                                  NORMAL
..................................................................
TEMPERATURE (F)
 YESTERDAY
  MAXIMUM         80    418 PM 106    1953  84     -4       76
  MINIMUM         60    604 AM  41    1975  60      0       51
  AVERAGE         70                        72     -2       64

PRECIPITATION (IN)
  YESTERDAY        0.44          2.44 1908   0.14   0.30     0.00
  MONTH TO DATE    2.28                      3.30  -1.02     6.79
  SINCE MAR 1      7.89                      7.99  -0.10    10.65
  SINCE JAN 1      8.78                      9.74  -0.96    11.96

SNOWFALL (IN)
  YESTERDAY        0.0          MM      MM   0.0             0.0
  MONTH TO DATE    0.0                       0.0             0.0
  SINCE MAR 1      1.0                       0.1             0.3
  SINCE JUL 1      2.0                       8.5            13.2
  SNOW DEPTH       0

DEGREE DAYS
 HEATING
  YESTERDAY        0                         0      0        1
  MONTH TO DATE  109                        72     37      106
  SINCE MAR 1    712                       926   -214      749
  SINCE JUL 1   3601                      4455   -854     4323

 COOLING
  YESTERDAY        5                         8     -3        0
  MONTH TO DATE  101                       132    -31       75
  SINCE MAR 1    137                       156    -19      107
  SINCE JAN 1    137                       156    -19      107
..................................................................


WIND (MPH)
  HIGHEST WIND SPEED    24   HIGHEST WIND DIRECTION     N (340)
  HIGHEST GUST SPEED    37   HIGHEST GUST DIRECTION    NW (330)
  AVERAGE WIND SPEED     7.9




RELATIVE HUMIDITY (PERCENT)
 HIGHEST    93          1100 PM
 LOWEST     45           100 PM
 AVERAGE    69

..........................................................


THE MEDICINE LODGE KS CLIMATE NORMALS FOR TODAY
                         NORMAL    RECORD    YEAR
 MAXIMUM TEMPERATURE (F)   84       103      1953
 MINIMUM TEMPERATURE (F)   61        44      1964


SUNRISE AND SUNSET
JUNE  1 2016..........SUNRISE   615 AM CDT   SUNSET   850 PM CDT
JUNE  2 2016..........SUNRISE   615 AM CDT   SUNSET   850 PM CDT


-  INDICATES NEGATIVE NUMBERS.
R  INDICATES RECORD WAS SET OR TIED.
MM INDICATES DATA IS MISSING.
T  INDICATES TRACE AMOUNT.




$$
