000
CDUS43 KDDC 191443
CLIP28


CLIMATE REPORT
NATIONAL WEATHER SERVICE DODGE CITY KS
937 AM CDT FRI SEP 19 2014


...................................

...THE MEDICINE LODGE KS CLIMATE SUMMARY FOR SEPTEMBER 19 2014...
VALID AS OF 0800 AM LOCAL TIME.

CLIMATE NORMAL PERIOD 1981 TO 2010
CLIMATE RECORD PERIOD 1893 TO 2014


WEATHER ITEM   OBSERVED TIME   RECORD YEAR NORMAL DEPARTURE LAST
                VALUE   (LST)  VALUE       VALUE  FROM      YEAR
                                                  NORMAL
..................................................................
TEMPERATURE (F)
 TODAY
  MAXIMUM         68    759 AM 101    1910  83    -15       91
  MINIMUM         63    658 AM  34    1991  57      6       64
  AVERAGE         66                        70     -4       78

PRECIPITATION (IN)
  TODAY            0.00          0.90 1924   0.07  -0.07     0.10
  MONTH TO DATE    0.54                      1.35  -0.81     0.17
  SINCE SEP 1      0.54                      1.35  -0.81     0.17
  SINCE JAN 1     18.05                     21.70  -3.65    21.81

..................................................................


WIND (MPH)
  HIGHEST WIND SPEED     7   HIGHEST WIND DIRECTION    SE (130)
  HIGHEST GUST SPEED    11   HIGHEST GUST DIRECTION     E (110)



WEATHER CONDITIONS
 THE FOLLOWING WEATHER WAS RECORDED TODAY.
  NO SIGNIFICANT WEATHER WAS OBSERVED.


RELATIVE HUMIDITY (PERCENT)
 HIGHEST   100

..........................................................


THE MEDICINE LODGE KS CLIMATE NORMALS FOR TOMORROW
                         NORMAL    RECORD    YEAR
 MAXIMUM TEMPERATURE (F)   82        98      1998
 MINIMUM TEMPERATURE (F)   57        34      1918


SUNRISE AND SUNSET
SEPTEMBER 19 2014.....SUNRISE   720 AM CDT   SUNSET   736 PM CDT
SEPTEMBER 20 2014.....SUNRISE   720 AM CDT   SUNSET   734 PM CDT


-  INDICATES NEGATIVE NUMBERS.
R  INDICATES RECORD WAS SET OR TIED.
MM INDICATES DATA IS MISSING.
T  INDICATES TRACE AMOUNT.




$$
