292
CDUS43 KDDC 061426
CLIP28


CLIMATE REPORT
NATIONAL WEATHER SERVICE DODGE CITY KS
925 AM CDT FRI MAY 6 2016


...................................

...THE MEDICINE LODGE KS CLIMATE SUMMARY FOR MAY 6 2016...
VALID AS OF 0800 AM LOCAL TIME.

CLIMATE NORMAL PERIOD 1981 TO 2010
CLIMATE RECORD PERIOD 1893 TO 2016


WEATHER ITEM   OBSERVED TIME   RECORD YEAR NORMAL DEPARTURE LAST
                VALUE   (LST)  VALUE       VALUE  FROM      YEAR
                                                  NORMAL
..................................................................
TEMPERATURE (F)
 TODAY
  MAXIMUM         64    759 AM 103    2014  76    -12       81
  MINIMUM         47    536 AM  31    1944  51     -4       58
  AVERAGE         56                        63     -7       70

PRECIPITATION (IN)
  TODAY            0.00          3.49 2007   0.10  -0.10     0.04
  MONTH TO DATE    0.00                      0.62  -0.62     0.54
  SINCE MAR 1      5.61                      5.31   0.30     4.40
  SINCE JAN 1      6.50                      7.06  -0.56     5.71

..................................................................


WIND (MPH)
  HIGHEST WIND SPEED     7   HIGHEST WIND DIRECTION     S (180)
  HIGHEST GUST SPEED    10   HIGHEST GUST DIRECTION     S (180)



WEATHER CONDITIONS
 THE FOLLOWING WEATHER WAS RECORDED TODAY.
  NO SIGNIFICANT WEATHER WAS OBSERVED.


RELATIVE HUMIDITY (PERCENT)
 HIGHEST    93           300 AM
 LOWEST     60          1200 AM

..........................................................


THE MEDICINE LODGE KS CLIMATE NORMALS FOR TOMORROW
                         NORMAL    RECORD    YEAR
 MAXIMUM TEMPERATURE (F)   76        99      2014
 MINIMUM TEMPERATURE (F)   52        32      1960


SUNRISE AND SUNSET
MAY  6 2016...........SUNRISE   633 AM CDT   SUNSET   829 PM CDT
MAY  7 2016...........SUNRISE   632 AM CDT   SUNSET   830 PM CDT


-  INDICATES NEGATIVE NUMBERS.
R  INDICATES RECORD WAS SET OR TIED.
MM INDICATES DATA IS MISSING.
T  INDICATES TRACE AMOUNT.




$$
