000
CDUS43 KDDC 122328
CLIP28


CLIMATE REPORT
NATIONAL WEATHER SERVICE DODGE CITY KS
627 PM CDT SAT JUL 12 2014


...................................

...THE MEDICINE LODGE KS CLIMATE SUMMARY FOR JULY 12 2014...
VALID TODAY AS OF 0500 PM LOCAL TIME.

CLIMATE NORMAL PERIOD 1981 TO 2010
CLIMATE RECORD PERIOD 1893 TO 2014


WEATHER ITEM   OBSERVED TIME   RECORD YEAR NORMAL DEPARTURE LAST
                VALUE   (LST)  VALUE       VALUE  FROM      YEAR
                                                  NORMAL
..................................................................
TEMPERATURE (F)
 TODAY
  MAXIMUM         94    359 PM 110    1954  95     -1      103
  MINIMUM         70    546 AM  50    1975  70      0       72
  AVERAGE         82                        82      0       88

PRECIPITATION (IN)
  TODAY            0.00          1.91 2007   0.11  -0.11     0.00
  MONTH TO DATE    1.74                      1.40   0.34     0.16
  SINCE JUN 1      9.63                      5.51   4.12     2.38
  SINCE JAN 1     12.52                     15.25  -2.73    12.73

DEGREE DAYS
 HEATING
  TODAY            0                         0      0        0
  MONTH TO DATE    0                         0      0        0
  SINCE JUN 1      0                         3     -3        4
  SINCE JUL 1      0                         0      0        0

 COOLING
  TODAY           17                        17      0       23
  MONTH TO DATE  152                       196    -44      203
  SINCE JUN 1    494                       549    -55      607
  SINCE JAN 1    763                       705     58      750
..................................................................


WIND (MPH)
  HIGHEST WIND SPEED    25   HIGHEST WIND DIRECTION    SW (210)
  HIGHEST GUST SPEED    34   HIGHEST GUST DIRECTION    SW (230)
  AVERAGE WIND SPEED    11.3




RELATIVE HUMIDITY (PERCENT)
 HIGHEST    79           300 AM
 LOWEST     36           400 PM
 AVERAGE    58

..........................................................


THE MEDICINE LODGE KS CLIMATE NORMALS FOR TOMORROW
                         NORMAL    RECORD    YEAR
 MAXIMUM TEMPERATURE (F)   95       112      1954
 MINIMUM TEMPERATURE (F)   70        47      1975


SUNRISE AND SUNSET
JULY 12 2014..........SUNRISE   624 AM CDT   SUNSET   856 PM CDT
JULY 13 2014..........SUNRISE   624 AM CDT   SUNSET   855 PM CDT


-  INDICATES NEGATIVE NUMBERS.
R  INDICATES RECORD WAS SET OR TIED.
MM INDICATES DATA IS MISSING.
T  INDICATES TRACE AMOUNT.




$$
