000
CDUS43 KDDC 222327
CLIP28


CLIMATE REPORT
NATIONAL WEATHER SERVICE DODGE CITY KS
626 PM CDT SAT APR 22 2017


...................................

...THE MEDICINE LODGE KS CLIMATE SUMMARY FOR APRIL 22 2017...
VALID TODAY AS OF 0500 PM LOCAL TIME.

CLIMATE NORMAL PERIOD 1981 TO 2010
CLIMATE RECORD PERIOD 1893 TO 2017


WEATHER ITEM   OBSERVED TIME   RECORD YEAR NORMAL DEPARTURE LAST
                VALUE   (LST)  VALUE       VALUE  FROM      YEAR
                                                  NORMAL
..................................................................
TEMPERATURE (F)
 TODAY
  MAXIMUM         60    359 PM  96    1950  71    -11       79
  MINIMUM         41    353 AM  29    1982  46     -5       45
  AVERAGE         51                        58     -7       62

PRECIPITATION (IN)
  TODAY            0.00          1.53 1944   0.09  -0.09     0.00
  MONTH TO DATE    2.32                      1.64   0.68     3.78
  SINCE MAR 1      4.55                      3.90   0.65     4.45
  SINCE JAN 1      8.47                      5.65   2.82     5.34

DEGREE DAYS
 HEATING
  TODAY           14                         8      6        3
  MONTH TO DATE  154                       239    -85      150
  SINCE MAR 1    598                       807   -209      561
  SINCE JUL 1   3599                      4336   -737     3450

 COOLING
  TODAY            0                         1     -1        0
  MONTH TO DATE   28                        14     14        9
  SINCE MAR 1     40                        16     24       19
  SINCE JAN 1     40                        16     24       19
..................................................................


WIND (MPH)
  HIGHEST WIND SPEED    23   HIGHEST WIND DIRECTION     N (20)
  HIGHEST GUST SPEED    29   HIGHEST GUST DIRECTION    NE (30)
  AVERAGE WIND SPEED    13.7




RELATIVE HUMIDITY (PERCENT)
 HIGHEST    89          1200 AM
 LOWEST     37           400 PM
 AVERAGE    63

..........................................................


THE MEDICINE LODGE KS CLIMATE NORMALS FOR TOMORROW
                         NORMAL    RECORD    YEAR
 MAXIMUM TEMPERATURE (F)   71        99      1989
 MINIMUM TEMPERATURE (F)   46        27      1982


SUNRISE AND SUNSET
APRIL 22 2017.........SUNRISE   650 AM CDT   SUNSET   816 PM CDT
APRIL 23 2017.........SUNRISE   649 AM CDT   SUNSET   817 PM CDT


-  INDICATES NEGATIVE NUMBERS.
R  INDICATES RECORD WAS SET OR TIED.
MM INDICATES DATA IS MISSING.
T  INDICATES TRACE AMOUNT.




$$
