000
CDUS43 KDDC 090707
CLIP28


CLIMATE REPORT
NATIONAL WEATHER SERVICE DODGE CITY KS
106 AM CST FRI DEC 9 2016


...................................

...THE MEDICINE LODGE KS CLIMATE SUMMARY FOR DECEMBER 8 2016...

CLIMATE NORMAL PERIOD 1981 TO 2010
CLIMATE RECORD PERIOD 1893 TO 2016


WEATHER ITEM   OBSERVED TIME   RECORD YEAR NORMAL DEPARTURE LAST
                VALUE   (LST)  VALUE       VALUE  FROM      YEAR
                                                  NORMAL
..................................................................
TEMPERATURE (F)
 YESTERDAY
  MAXIMUM         30    339 PM  76    1918  48    -18       69
  MINIMUM         10   1159 PM  -6    1917  24    -14       27
  AVERAGE         20                        36    -16       48

PRECIPITATION (IN)
  YESTERDAY        0.00          0.39 1961   0.04  -0.04     0.00
  MONTH TO DATE    0.27                      0.24   0.03     0.00
  SINCE DEC 1      0.27                      0.24   0.03     0.00
  SINCE JAN 1     29.91                     26.46   3.45    31.83

SNOWFALL (IN)
  YESTERDAY        0.0          MM      MM   0.1             0.0
  MONTH TO DATE    0.0                       0.7             0.0
  SINCE DEC 1      0.0                       0.7             0.0
  SINCE JUL 1      0.0                       0.9              T
  SNOW DEPTH       0

DEGREE DAYS
 HEATING
  YESTERDAY       45                        29     16       17
  MONTH TO DATE  241                       223     18      179
  SINCE DEC 1    241                       223     18      179
  SINCE JUL 1    777                      1081   -304      774

 COOLING
  YESTERDAY        0                         0      0        0
  MONTH TO DATE    0                         0      0        0
  SINCE DEC 1      0                         0      0        0
  SINCE JAN 1   1937                      1770    167     1867
..................................................................


WIND (MPH)
  HIGHEST WIND SPEED    20   HIGHEST WIND DIRECTION     N (360)
  HIGHEST GUST SPEED    24   HIGHEST GUST DIRECTION     N (350)
  AVERAGE WIND SPEED     7.4




RELATIVE HUMIDITY (PERCENT)
 HIGHEST    84           600 AM
 LOWEST     31           400 PM
 AVERAGE    58

..........................................................


THE MEDICINE LODGE KS CLIMATE NORMALS FOR TODAY
                         NORMAL    RECORD    YEAR
 MAXIMUM TEMPERATURE (F)   48        74      1939
 MINIMUM TEMPERATURE (F)   24        -4      1919


SUNRISE AND SUNSET
DECEMBER  9 2016......SUNRISE   737 AM CST   SUNSET   517 PM CST
DECEMBER 10 2016......SUNRISE   738 AM CST   SUNSET   517 PM CST


-  INDICATES NEGATIVE NUMBERS.
R  INDICATES RECORD WAS SET OR TIED.
MM INDICATES DATA IS MISSING.
T  INDICATES TRACE AMOUNT.




$$
