000
CDUS43 KDDC 222326
CLIP28


CLIMATE REPORT
NATIONAL WEATHER SERVICE DODGE CITY KS
626 PM CDT WED MAR 22 2017


...................................

...THE MEDICINE LODGE KS CLIMATE SUMMARY FOR MARCH 22 2017...
VALID TODAY AS OF 0500 PM LOCAL TIME.

CLIMATE NORMAL PERIOD 1981 TO 2010
CLIMATE RECORD PERIOD 1893 TO 2017


WEATHER ITEM   OBSERVED TIME   RECORD YEAR NORMAL DEPARTURE LAST
                VALUE   (LST)  VALUE       VALUE  FROM      YEAR
                                                  NORMAL
..................................................................
TEMPERATURE (F)
 TODAY
  MAXIMUM         56    359 PM  96    1907  61     -5       83
  MINIMUM         46    823 AM  11    1955  36     10       49
  AVERAGE         51                        49      2       66

PRECIPITATION (IN)
  TODAY            0.00          1.02 1979   0.07  -0.07     0.00
  MONTH TO DATE    0.00                      1.61  -1.61     0.22
  SINCE MAR 1      0.00                      1.61  -1.61     0.22
  SINCE JAN 1      3.92                      3.36   0.56     1.11

DEGREE DAYS
 HEATING
  TODAY           14                        17     -3        0
  MONTH TO DATE  327                       433   -106      287
  SINCE MAR 1    327                       433   -106      287
  SINCE JUL 1   3328                      3962   -634     3176

 COOLING
  TODAY            0                         0      0        1
  MONTH TO DATE    9                         0      9        6
  SINCE MAR 1      9                         0      9        6
  SINCE JAN 1      9                         0      9        6
..................................................................


WIND (MPH)
  HIGHEST WIND SPEED    24   HIGHEST WIND DIRECTION    NE (60)
  HIGHEST GUST SPEED    31   HIGHEST GUST DIRECTION    NE (60)
  AVERAGE WIND SPEED    10.5




RELATIVE HUMIDITY (PERCENT)
 HIGHEST    58           600 AM
 LOWEST     35           100 AM
 AVERAGE    47

..........................................................


THE MEDICINE LODGE KS CLIMATE NORMALS FOR TOMORROW
                         NORMAL    RECORD    YEAR
 MAXIMUM TEMPERATURE (F)   62        88      1910
 MINIMUM TEMPERATURE (F)   36        15      1968


SUNRISE AND SUNSET
MARCH 22 2017.........SUNRISE   734 AM CDT   SUNSET   748 PM CDT
MARCH 23 2017.........SUNRISE   733 AM CDT   SUNSET   749 PM CDT


-  INDICATES NEGATIVE NUMBERS.
R  INDICATES RECORD WAS SET OR TIED.
MM INDICATES DATA IS MISSING.
T  INDICATES TRACE AMOUNT.




$$
