000
CDUS43 KDDC 252330
CLIP28


CLIMATE REPORT
NATIONAL WEATHER SERVICE DODGE CITY KS
528 PM CST SUN JAN 25 2015


...................................

...THE MEDICINE LODGE KS CLIMATE SUMMARY FOR JANUARY 25 2015...
VALID TODAY AS OF 0500 PM LOCAL TIME.

CLIMATE NORMAL PERIOD 1981 TO 2010
CLIMATE RECORD PERIOD 1893 TO 2015


WEATHER ITEM   OBSERVED TIME   RECORD YEAR NORMAL DEPARTURE LAST
                VALUE   (LST)  VALUE       VALUE  FROM      YEAR
                                                  NORMAL
..................................................................
TEMPERATURE (F)
 TODAY
  MAXIMUM         55    325 PM  72    1953  46      9       62
  MINIMUM         44    833 AM  -4    1940  22     22       37
  AVERAGE         50                        34     16       50

PRECIPITATION (IN)
  TODAY            0.00          0.20 1932   0.03  -0.03     0.00
  MONTH TO DATE    0.24                      0.52  -0.28     0.12
  SINCE DEC 1      1.56                      1.44   0.12     0.63
  SINCE JAN 1      0.24                      0.52  -0.28     0.12

DEGREE DAYS
 HEATING
  TODAY           15                        31    -16       15
  MONTH TO DATE  799                       794      5      788
  SINCE DEC 1   1658                      1735    -77     1848
  SINCE JUL 1   2563                      2593    -30     2786

 COOLING
  TODAY            0                         0      0        0
  MONTH TO DATE    0                         0      0        0
  SINCE DEC 1      0                         0      0        0
  SINCE JAN 1      0                         0      0        0
..................................................................


WIND (MPH)
  HIGHEST WIND SPEED    35   HIGHEST WIND DIRECTION     N (340)
  HIGHEST GUST SPEED    48   HIGHEST GUST DIRECTION    NW (330)
  AVERAGE WIND SPEED    23.1




RELATIVE HUMIDITY (PERCENT)
 HIGHEST    58           400 AM
 LOWEST     32           300 PM
 AVERAGE    45

..........................................................


THE MEDICINE LODGE KS CLIMATE NORMALS FOR TOMORROW
                         NORMAL    RECORD    YEAR
 MAXIMUM TEMPERATURE (F)   46        75      1911
 MINIMUM TEMPERATURE (F)   22        -6      1904


SUNRISE AND SUNSET
JANUARY 25 2015.......SUNRISE   743 AM CST   SUNSET   551 PM CST
JANUARY 26 2015.......SUNRISE   742 AM CST   SUNSET   552 PM CST


-  INDICATES NEGATIVE NUMBERS.
R  INDICATES RECORD WAS SET OR TIED.
MM INDICATES DATA IS MISSING.
T  INDICATES TRACE AMOUNT.




$$
