000
CDUS43 KDDC 041006
CLIP28


CLIMATE REPORT
NATIONAL WEATHER SERVICE DODGE CITY KS
505 AM CDT FRI SEP 4 2015


...................................

...THE MEDICINE LODGE KS CLIMATE SUMMARY FOR SEPTEMBER 3 2015...

CLIMATE NORMAL PERIOD 1981 TO 2010
CLIMATE RECORD PERIOD 1893 TO 2015


WEATHER ITEM   OBSERVED TIME   RECORD YEAR NORMAL DEPARTURE LAST
                VALUE   (LST)  VALUE       VALUE  FROM      YEAR
                                                  NORMAL
..................................................................
TEMPERATURE (F)
 YESTERDAY
  MAXIMUM         97    202 PM 112    1939  89      8       98
  MINIMUM         71    516 AM  40    1974  64      7       70
  AVERAGE         84                        76      8       84

PRECIPITATION (IN)
  YESTERDAY        0.00          1.41 1963   0.08  -0.08     0.00
  MONTH TO DATE    0.00                      0.25  -0.25     0.36
  SINCE SEP 1      0.00                      0.25  -0.25     0.36
  SINCE JAN 1     26.17                     20.60   5.57    17.87

SNOWFALL (IN)
  YESTERDAY        0.0          MM      MM   0.0             0.0
  MONTH TO DATE    0.0                       0.0             0.0
  SINCE SEP 1      0.0                       0.0             0.0
  SINCE JUL 1      0.0                       0.0             0.0
  SNOW DEPTH       0

DEGREE DAYS
 HEATING
  YESTERDAY        0                         0      0        0
  MONTH TO DATE    0                         0      0        0
  SINCE SEP 1      0                         0      0        0
  SINCE JUL 1      0                         0      0        5

 COOLING
  YESTERDAY       19                        11      8       19
  MONTH TO DATE   58                        34     24       44
  SINCE SEP 1     58                        34     24       44
  SINCE JAN 1   1537                      1545     -8     1528
..................................................................


WIND (MPH)
  HIGHEST WIND SPEED    24   HIGHEST WIND DIRECTION     S (190)
  HIGHEST GUST SPEED    32   HIGHEST GUST DIRECTION     S (170)
  AVERAGE WIND SPEED    11.9




RELATIVE HUMIDITY (PERCENT)
 HIGHEST    73           700 AM
 LOWEST     30           200 PM
 AVERAGE    52

..........................................................


THE MEDICINE LODGE KS CLIMATE NORMALS FOR TODAY
                         NORMAL    RECORD    YEAR
 MAXIMUM TEMPERATURE (F)   88       107      1945
 MINIMUM TEMPERATURE (F)   63        40      1904


SUNRISE AND SUNSET
SEPTEMBER  4 2015.....SUNRISE   707 AM CDT   SUNSET   759 PM CDT
SEPTEMBER  5 2015.....SUNRISE   708 AM CDT   SUNSET   757 PM CDT


-  INDICATES NEGATIVE NUMBERS.
R  INDICATES RECORD WAS SET OR TIED.
MM INDICATES DATA IS MISSING.
T  INDICATES TRACE AMOUNT.




$$
