000
CDUS43 KDDC 200707
CLIP28


CLIMATE REPORT
NATIONAL WEATHER SERVICE DODGE CITY KS
206 AM CDT WED SEP 20 2017


...................................

...THE MEDICINE LODGE KS CLIMATE SUMMARY FOR SEPTEMBER 19 2017...

CLIMATE NORMAL PERIOD 1981 TO 2010
CLIMATE RECORD PERIOD 1893 TO 2017


WEATHER ITEM   OBSERVED TIME   RECORD YEAR NORMAL DEPARTURE LAST
                VALUE   (LST)  VALUE       VALUE  FROM      YEAR
                                                  NORMAL
..................................................................
TEMPERATURE (F)
 YESTERDAY
  MAXIMUM         96    341 PM 101    1910  83     13       95
  MINIMUM         69    602 AM  34    1991  57     12       66
  AVERAGE         83                        70     13       81

PRECIPITATION (IN)
  YESTERDAY        0.00          0.90 1924   0.07  -0.07     0.00
  MONTH TO DATE    1.72                      1.35   0.37     4.22
  SINCE SEP 1      1.72                      1.35   0.37     4.22
  SINCE JAN 1     23.85                     21.70   2.15    24.65

SNOWFALL (IN)
  YESTERDAY        0.0          MM      MM   0.0             0.0
  MONTH TO DATE    0.0                       0.0             0.0
  SINCE SEP 1      0.0                       0.0             0.0
  SINCE JUL 1      0.0                       0.0             0.0
  SNOW DEPTH       0

DEGREE DAYS
 HEATING
  YESTERDAY        0                         1     -1        0
  MONTH TO DATE    2                         7     -5        0
  SINCE SEP 1      2                         7     -5        0
  SINCE JUL 1      2                         7     -5        0

 COOLING
  YESTERDAY       18                         6     12       16
  MONTH TO DATE  156                       170    -14      180
  SINCE SEP 1    156                       170    -14      180
  SINCE JAN 1   1515                      1681   -166     1780
..................................................................


WIND (MPH)
  HIGHEST WIND SPEED    28   HIGHEST WIND DIRECTION     S (180)
  HIGHEST GUST SPEED    37   HIGHEST GUST DIRECTION     S (190)
  AVERAGE WIND SPEED    14.7




RELATIVE HUMIDITY (PERCENT)
 HIGHEST    84          1200 AM
 LOWEST     31           400 PM
 AVERAGE    58

..........................................................


THE MEDICINE LODGE KS CLIMATE NORMALS FOR TODAY
                         NORMAL    RECORD    YEAR
 MAXIMUM TEMPERATURE (F)   82        98      1998
 MINIMUM TEMPERATURE (F)   57        34      1918


SUNRISE AND SUNSET
SEPTEMBER 20 2017.....SUNRISE   721 AM CDT   SUNSET   734 PM CDT
SEPTEMBER 21 2017.....SUNRISE   722 AM CDT   SUNSET   732 PM CDT


-  INDICATES NEGATIVE NUMBERS.
R  INDICATES RECORD WAS SET OR TIED.
MM INDICATES DATA IS MISSING.
T  INDICATES TRACE AMOUNT.




$$
