000
CDUS45 KRIW 060732
CLIP60


CLIMATE REPORT
NATIONAL WEATHER SERVICE RIVERTON WY
1230 AM MST TUE DEC 6 2016


...................................

...THE LAKE YELLOWSTONE WY CLIMATE SUMMARY FOR DECEMBER 5 2016...

CLIMATE NORMAL PERIOD 1981 TO 2010
CLIMATE RECORD PERIOD 1998 TO 2016


WEATHER ITEM   OBSERVED TIME   RECORD YEAR NORMAL DEPARTURE LAST
                VALUE   (LST)  VALUE       VALUE  FROM      YEAR
                                                  NORMAL
..................................................................
TEMPERATURE (F)
 YESTERDAY
  MAXIMUM         23   1203 AM  37    2014  25     -2       27
  MINIMUM        -10    730 PM -21    2013   5    -15        5
  AVERAGE          7                        15     -8       16

PRECIPITATION (IN)
  YESTERDAY        0.02          0.40 2012   0.06  -0.04     0.01
  MONTH TO DATE    0.53                      0.27   0.26     0.05
  SINCE DEC 1      0.53                      0.27   0.26     0.05
  SINCE JAN 1     21.53                     19.07   2.46    17.00

DEGREE DAYS
 HEATING
  YESTERDAY       58                        50      8       49
  MONTH TO DATE  254                       247      7      245
  SINCE DEC 1    254                       247      7      245
  SINCE JUL 1   3398                      3567   -169     3573

 COOLING
  YESTERDAY        0                         0      0        0
  MONTH TO DATE    0                         0      0        0
  SINCE DEC 1      0                         0      0        0
  SINCE JAN 1      0                         0      0        1
..................................................................


WIND (MPH)
  HIGHEST WIND SPEED    15   HIGHEST WIND DIRECTION     W (290)
  HIGHEST GUST SPEED    26   HIGHEST GUST DIRECTION     W (290)
  AVERAGE WIND SPEED     5.9


SKY COVER
  POSSIBLE SUNSHINE  MM
  AVERAGE SKY COVER 0.0


WEATHER CONDITIONS
 THE FOLLOWING WEATHER WAS RECORDED YESTERDAY.
  NO SIGNIFICANT WEATHER WAS OBSERVED.


RELATIVE HUMIDITY (PERCENT)
 HIGHEST    91           200 AM
 LOWEST     60           400 PM
 AVERAGE    76

..........................................................


THE LAKE YELLOWSTONE WY CLIMATE NORMALS FOR TODAY
                         NORMAL    RECORD    YEAR
 MAXIMUM TEMPERATURE (F)   25        35      2015
 MINIMUM TEMPERATURE (F)    5       -23      2013


SUNRISE AND SUNSET
DECEMBER  6 2016......SUNRISE   744 AM MST   SUNSET   442 PM MST
DECEMBER  7 2016......SUNRISE   745 AM MST   SUNSET   442 PM MST


-  INDICATES NEGATIVE NUMBERS.
R  INDICATES RECORD WAS SET OR TIED.
MM INDICATES DATA IS MISSING.
T  INDICATES TRACE AMOUNT.




$$
