000
CDUS45 KRIW 160739
CLIP60


CLIMATE REPORT
NATIONAL WEATHER SERVICE RIVERTON WY
138 AM MDT TUE SEP 16 2014


...................................

...THE LAKE YELLOWSTONE WY CLIMATE SUMMARY FOR SEPTEMBER 15 2014...

CLIMATE NORMAL PERIOD 1981 TO 2010
CLIMATE RECORD PERIOD 1998 TO 2014


WEATHER ITEM   OBSERVED TIME   RECORD YEAR NORMAL DEPARTURE LAST
                VALUE   (LST)  VALUE       VALUE  FROM      YEAR
                                                  NORMAL
..................................................................
TEMPERATURE (F)
 YESTERDAY
  MAXIMUM         69    153 PM  78    2000  63      6       60
  MINIMUM         28    619 AM  26    2005  32     -4       43
                                      2004
                                      2003
  AVERAGE         49                        47      2       52

PRECIPITATION (IN)
  YESTERDAY        0.00          0.16 2006   0.05  -0.05     0.04
  MONTH TO DATE    0.55                      0.74  -0.19     1.32
  SINCE SEP 1      0.55                      0.74  -0.19     1.32
  SINCE JAN 1     23.67                     14.81   8.86    13.49

DEGREE DAYS
 HEATING
  YESTERDAY       16                        18     -2       13
  MONTH TO DATE  304                       233     71      167
  SINCE SEP 1    304                       233     71      167
  SINCE JUL 1    966                       820    146      591

 COOLING
  YESTERDAY        0                         0      0        0
  MONTH TO DATE    0                         0      0        0
  SINCE SEP 1      0                         0      0        0
  SINCE JAN 1      0                         0      0        0
..................................................................


WIND (MPH)
  HIGHEST WIND SPEED    15   HIGHEST WIND DIRECTION     W (280)
  HIGHEST GUST SPEED    22   HIGHEST GUST DIRECTION     W (270)
  AVERAGE WIND SPEED     3.5


SKY COVER
  POSSIBLE SUNSHINE  MM
  AVERAGE SKY COVER 0.0


WEATHER CONDITIONS
 THE FOLLOWING WEATHER WAS RECORDED YESTERDAY.
  NO SIGNIFICANT WEATHER WAS OBSERVED.


RELATIVE HUMIDITY (PERCENT)
 HIGHEST    92           300 AM
 LOWEST     22           100 PM
 AVERAGE    57

..........................................................


THE LAKE YELLOWSTONE WY CLIMATE NORMALS FOR TODAY
                         NORMAL    RECORD    YEAR
 MAXIMUM TEMPERATURE (F)   62        77      2000
 MINIMUM TEMPERATURE (F)   31        27      2007
                                             2005


SUNRISE AND SUNSET
SEPTEMBER 16 2014.....SUNRISE   702 AM MDT   SUNSET   730 PM MDT
SEPTEMBER 17 2014.....SUNRISE   703 AM MDT   SUNSET   728 PM MDT


-  INDICATES NEGATIVE NUMBERS.
R  INDICATES RECORD WAS SET OR TIED.
MM INDICATES DATA IS MISSING.
T  INDICATES TRACE AMOUNT.




$$
