000
CDUS45 KRIW 040738
CLIP60


CLIMATE REPORT
NATIONAL WEATHER SERVICE RIVERTON WY
129 AM MDT WED MAY 4 2016


...................................

...THE LAKE YELLOWSTONE WY CLIMATE SUMMARY FOR MAY 3 2016...

CLIMATE NORMAL PERIOD 1981 TO 2010
CLIMATE RECORD PERIOD 1998 TO 2016


WEATHER ITEM   OBSERVED TIME   RECORD YEAR NORMAL DEPARTURE LAST
                VALUE   (LST)  VALUE       VALUE  FROM      YEAR
                                                  NORMAL
..................................................................
TEMPERATURE (F)
 YESTERDAY
  MAXIMUM         56    630 PM  59    2015  48      8       59
                                      2004
  MINIMUM         24    530 AM  15    2008  25     -1       27
                                      2006
  AVERAGE         40                        36      4       43

PRECIPITATION (IN)
  YESTERDAY        0.00          0.44 2010   0.07  -0.07     0.04
  MONTH TO DATE    0.00                      0.21  -0.21     0.04
  SINCE MAR 1      3.60                      3.50   0.10     1.78
  SINCE JAN 1      6.25                      7.02  -0.77     4.67

DEGREE DAYS
 HEATING
  YESTERDAY       25                        29     -4       22
  MONTH TO DATE   82                        87     -5       67
  SINCE MAR 1   2293                      2401   -108     2229
  SINCE JUL 1  10077                     10338   -261     9793

 COOLING
  YESTERDAY        0                         0      0        0
  MONTH TO DATE    0                         0      0        0
  SINCE MAR 1      0                         0      0        0
  SINCE JAN 1      0                         0      0        0
..................................................................


WIND (MPH)
  HIGHEST WIND SPEED     8   HIGHEST WIND DIRECTION     E (80)
  HIGHEST GUST SPEED    13   HIGHEST GUST DIRECTION    SE (130)
  AVERAGE WIND SPEED     1.8


SKY COVER
  POSSIBLE SUNSHINE  MM
  AVERAGE SKY COVER 0.0


WEATHER CONDITIONS
 THE FOLLOWING WEATHER WAS RECORDED YESTERDAY.
  NO SIGNIFICANT WEATHER WAS OBSERVED.


RELATIVE HUMIDITY (PERCENT)
 HIGHEST    88           500 AM
 LOWEST     24          1200 PM
 AVERAGE    56

..........................................................


THE LAKE YELLOWSTONE WY CLIMATE NORMALS FOR TODAY
                         NORMAL    RECORD    YEAR
 MAXIMUM TEMPERATURE (F)   48        64      2004
 MINIMUM TEMPERATURE (F)   25        14      2001


SUNRISE AND SUNSET
MAY  4 2016...........SUNRISE   607 AM MDT   SUNSET   831 PM MDT
MAY  5 2016...........SUNRISE   606 AM MDT   SUNSET   832 PM MDT


-  INDICATES NEGATIVE NUMBERS.
R  INDICATES RECORD WAS SET OR TIED.
MM INDICATES DATA IS MISSING.
T  INDICATES TRACE AMOUNT.




$$
