000
CDUS45 KRIW 250738
CLIP60


CLIMATE REPORT
NATIONAL WEATHER SERVICE RIVERTON WY
137 AM MDT MON MAY 25 2015


...................................

...THE LAKE YELLOWSTONE WY CLIMATE SUMMARY FOR MAY 24 2015...

CLIMATE NORMAL PERIOD 1981 TO 2010
CLIMATE RECORD PERIOD 1998 TO 2015


WEATHER ITEM   OBSERVED TIME   RECORD YEAR NORMAL DEPARTURE LAST
                VALUE   (LST)  VALUE       VALUE  FROM      YEAR
                                                  NORMAL
..................................................................
TEMPERATURE (F)
 YESTERDAY
  MAXIMUM         52    236 PM  71    2001  54     -2       64
  MINIMUM         32   1159 PM  22    2007  30      2       30
  AVERAGE         42                        42      0       47

PRECIPITATION (IN)
  YESTERDAY        0.02          0.88 2011   0.07  -0.05     0.30
  MONTH TO DATE    2.13                      1.68   0.45     1.66
  SINCE MAR 1      3.87                      4.97  -1.10    10.02
  SINCE JAN 1      6.76                      8.49  -1.73    15.10

DEGREE DAYS
 HEATING
  YESTERDAY       23                        23      0       18
  MONTH TO DATE  567                       624    -57      646
  SINCE MAR 1   2729                      2938   -209     3133
  SINCE JUL 1  10293                     10875   -582    11186

 COOLING
  YESTERDAY        0                         0      0        0
  MONTH TO DATE    0                         0      0        0
  SINCE MAR 1      0                         0      0        0
  SINCE JAN 1      0                         0      0        0
..................................................................


WIND (MPH)
  HIGHEST WIND SPEED     9   HIGHEST WIND DIRECTION     E (80)
  HIGHEST GUST SPEED    16   HIGHEST GUST DIRECTION     E (90)
  AVERAGE WIND SPEED     2.1


SKY COVER
  POSSIBLE SUNSHINE  MM
  AVERAGE SKY COVER 0.0


WEATHER CONDITIONS
 THE FOLLOWING WEATHER WAS RECORDED YESTERDAY.
  NO SIGNIFICANT WEATHER WAS OBSERVED.


RELATIVE HUMIDITY (PERCENT)
 HIGHEST    92           500 AM
 LOWEST     44           200 PM
 AVERAGE    68

..........................................................


THE LAKE YELLOWSTONE WY CLIMATE NORMALS FOR TODAY
                         NORMAL    RECORD    YEAR
 MAXIMUM TEMPERATURE (F)   54        69      2003
 MINIMUM TEMPERATURE (F)   31        23      2005


SUNRISE AND SUNSET
MAY 25 2015...........SUNRISE   545 AM MDT   SUNSET   853 PM MDT
MAY 26 2015...........SUNRISE   544 AM MDT   SUNSET   854 PM MDT


-  INDICATES NEGATIVE NUMBERS.
R  INDICATES RECORD WAS SET OR TIED.
MM INDICATES DATA IS MISSING.
T  INDICATES TRACE AMOUNT.




$$
