977
CDUS45 KLKN 290932
CLIP68


CLIMATE REPORT
NATIONAL WEATHER SERVICE ELKO NV
228 AM PDT WED MAR 29 2017


...................................

...THE EUREKA AIRPORT NV CLIMATE SUMMARY FOR MARCH 28 2017...

CLIMATE NORMAL PERIOD 1981 TO 2010
CLIMATE RECORD PERIOD 1963 TO 2017


WEATHER ITEM   OBSERVED TIME   RECORD YEAR NORMAL DEPARTURE LAST
                VALUE   (LST)  VALUE       VALUE  FROM      YEAR
                                                  NORMAL
..................................................................
TEMPERATURE (F)
 YESTERDAY
  MAXIMUM         48    434 PM  72    2015  54     -6       39
  MINIMUM         22    602 AM  11    1987  25     -3       27
  AVERAGE         35                        39     -4       33

PRECIPITATION (IN)
  YESTERDAY        0.00          0.68 2006   0.04  -0.04     0.64
  MONTH TO DATE    1.28                      0.83   0.45     0.99
  SINCE OCT 1      6.28                      4.56   1.72     7.23
  SINCE JAN 1      4.19                      2.43   1.76     2.96

DEGREE DAYS
 HEATING
  YESTERDAY       30                        26      4       32
  MONTH TO DATE  611                       797   -186      647
  SINCE MAR 1    611                       797   -186      647
  SINCE JUL 1   5471                      6082   -611     5750

 COOLING
  YESTERDAY        0                         0      0        0
  MONTH TO DATE    0                         0      0        0
  SINCE MAR 1      0                         0      0        0
  SINCE JAN 1      0                         0      0        0
..................................................................


WIND (MPH)
  HIGHEST WIND SPEED    17   HIGHEST WIND DIRECTION     N (350)
  HIGHEST GUST SPEED    24   HIGHEST GUST DIRECTION     N (10)
  AVERAGE WIND SPEED     6.9




RELATIVE HUMIDITY (PERCENT)
 HIGHEST    81           500 AM
 LOWEST     38           100 PM
 AVERAGE    60

..........................................................


THE EUREKA AIRPORT NV CLIMATE NORMALS FOR TODAY
                         NORMAL    RECORD    YEAR
 MAXIMUM TEMPERATURE (F)   54        73      2015
 MINIMUM TEMPERATURE (F)   25         8      1997
                                             1987


SUNRISE AND SUNSET
MARCH 29 2017.........SUNRISE   632 AM PDT   SUNSET   705 PM PDT
MARCH 30 2017.........SUNRISE   631 AM PDT   SUNSET   706 PM PDT


-  INDICATES NEGATIVE NUMBERS.
R  INDICATES RECORD WAS SET OR TIED.
MM INDICATES DATA IS MISSING.
T  INDICATES TRACE AMOUNT.




$$
