000
CDUS45 KLKN 030933
CLIP68


CLIMATE REPORT
NATIONAL WEATHER SERVICE ELKO NV
233 AM PDT TUE MAY 3 2016


...................................

...THE EUREKA AIRPORT NV CLIMATE SUMMARY FOR MAY 2 2016...

CLIMATE NORMAL PERIOD 1981 TO 2010
CLIMATE RECORD PERIOD 1963 TO 2016


WEATHER ITEM   OBSERVED TIME   RECORD YEAR NORMAL DEPARTURE LAST
                VALUE   (LST)  VALUE       VALUE  FROM      YEAR
                                                  NORMAL
..................................................................
TEMPERATURE (F)
 YESTERDAY
  MAXIMUM         63    343 PM  80    2015  65     -2       80
  MINIMUM         29    259 AM  11    1988  31     -2       41
  AVERAGE         46                        48     -2       61

PRECIPITATION (IN)
  YESTERDAY        0.00          0.28 2005   0.03  -0.03     0.00
  MONTH TO DATE    0.00                      0.06  -0.06     0.00
  SINCE OCT 1      9.70                      5.69   4.01     2.37
  SINCE JAN 1      5.43                      3.56   1.87     1.25

DEGREE DAYS
 HEATING
  YESTERDAY       19                        17      2        4
  MONTH TO DATE   41                        34      7       14
  SINCE MAR 1   1345                      1553   -208     1294
  SINCE JUL 1   6448                      6838   -390     5337

 COOLING
  YESTERDAY        0                         0      0        0
  MONTH TO DATE    0                         0      0        0
  SINCE MAR 1      0                         0      0        0
  SINCE JAN 1      0                         0      0        0
..................................................................


WIND (MPH)
  HIGHEST WIND SPEED    21   HIGHEST WIND DIRECTION     W (270)
  HIGHEST GUST SPEED    25   HIGHEST GUST DIRECTION     W (280)
  AVERAGE WIND SPEED     4.9




RELATIVE HUMIDITY (PERCENT)
 HIGHEST    85          1200 AM
 LOWEST     29          1200 PM
 AVERAGE    57

..........................................................


THE EUREKA AIRPORT NV CLIMATE NORMALS FOR TODAY
                         NORMAL    RECORD    YEAR
 MAXIMUM TEMPERATURE (F)   65        84      2004
                                             2000
 MINIMUM TEMPERATURE (F)   32        17      1964


SUNRISE AND SUNSET
MAY  3 2016...........SUNRISE   542 AM PDT   SUNSET   740 PM PDT
MAY  4 2016...........SUNRISE   541 AM PDT   SUNSET   741 PM PDT


-  INDICATES NEGATIVE NUMBERS.
R  INDICATES RECORD WAS SET OR TIED.
MM INDICATES DATA IS MISSING.
T  INDICATES TRACE AMOUNT.




$$
