185
CDUS45 KLKN 230930
CLIP68


CLIMATE REPORT
NATIONAL WEATHER SERVICE ELKO NV
226 AM PDT FRI JUN 23 2017


...................................

...THE EUREKA AIRPORT NV CLIMATE SUMMARY FOR JUNE 22 2017...

CLIMATE NORMAL PERIOD 1981 TO 2010
CLIMATE RECORD PERIOD 1963 TO 2017


WEATHER ITEM   OBSERVED TIME   RECORD YEAR NORMAL DEPARTURE LAST
                VALUE   (LST)  VALUE       VALUE  FROM      YEAR
                                                  NORMAL
..................................................................
TEMPERATURE (F)
 YESTERDAY
  MAXIMUM         89    256 PM  97    2007  82      7       94
  MINIMUM         48   1159 PM  30    1989  43      5       50
  AVERAGE         69                        63      6       72

PRECIPITATION (IN)
  YESTERDAY        0.00          0.19 1988   0.03  -0.03     0.00
  MONTH TO DATE    0.30                      0.72  -0.42     0.54
  SINCE OCT 1      9.26                      7.08   2.18    12.05
  SINCE JAN 1      7.17                      4.95   2.22     7.78

DEGREE DAYS
 HEATING
  YESTERDAY        0                         3     -3        0
  MONTH TO DATE   73                       141    -68       50
  SINCE JUN 1     73                       141    -68       50
  SINCE JUL 1   6622                      7357   -735     6871

 COOLING
  YESTERDAY        4                         1      3        7
  MONTH TO DATE   53                        15     38       46
  SINCE JUN 1     53                        15     38       46
  SINCE JAN 1     53                        18     35       46
..................................................................


WIND (MPH)
  HIGHEST WIND SPEED    21   HIGHEST WIND DIRECTION     N (10)
  HIGHEST GUST SPEED    27   HIGHEST GUST DIRECTION     N (10)
  AVERAGE WIND SPEED     8.5




RELATIVE HUMIDITY (PERCENT)
 HIGHEST    61           500 AM
 LOWEST     12           100 PM
 AVERAGE    37

..........................................................


THE EUREKA AIRPORT NV CLIMATE NORMALS FOR TODAY
                         NORMAL    RECORD    YEAR
 MAXIMUM TEMPERATURE (F)   83        95      2006
                                             1990
 MINIMUM TEMPERATURE (F)   44        29      1997


SUNRISE AND SUNSET
JUNE 23 2017..........SUNRISE   517 AM PDT   SUNSET   815 PM PDT
JUNE 24 2017..........SUNRISE   518 AM PDT   SUNSET   815 PM PDT


-  INDICATES NEGATIVE NUMBERS.
R  INDICATES RECORD WAS SET OR TIED.
MM INDICATES DATA IS MISSING.
T  INDICATES TRACE AMOUNT.




$$
