000
CDUS45 KLKN 070933
CLIP68


CLIMATE REPORT
NATIONAL WEATHER SERVICE ELKO NV
229 AM PDT TUE JUL 7 2015


...................................

...THE EUREKA AIRPORT NV CLIMATE SUMMARY FOR JULY 6 2015...

CLIMATE NORMAL PERIOD 1981 TO 2010
CLIMATE RECORD PERIOD 1963 TO 2015


WEATHER ITEM   OBSERVED TIME   RECORD YEAR NORMAL DEPARTURE LAST
                VALUE   (LST)  VALUE       VALUE  FROM      YEAR
                                                  NORMAL
..................................................................
TEMPERATURE (F)
 YESTERDAY
  MAXIMUM         85    222 PM 100    2007  88     -3       97
                                      1985
  MINIMUM         51    257 AM  31    1994  48      3       53
  AVERAGE         68                        68      0       75

PRECIPITATION (IN)
  YESTERDAY        0.03          0.35 1967   0.01   0.02     0.00
  MONTH TO DATE    0.10                      0.07   0.03     0.00
  SINCE OCT 1      5.24                      7.28  -2.04     7.07
  SINCE JAN 1      4.12                      5.15  -1.03     4.67

DEGREE DAYS
 HEATING
  YESTERDAY        0                         1     -1        0
  MONTH TO DATE    0                         6     -6        0
  SINCE JUN 1     39                       166   -127      103
  SINCE JUL 1      0                         6     -6        0

 COOLING
  YESTERDAY        3                         3      0       10
  MONTH TO DATE   51                        17     34       55
  SINCE JUN 1    208                        46    162       96
  SINCE JAN 1    216                        49    167       98
..................................................................


WIND (MPH)
  HIGHEST WIND SPEED    21   HIGHEST WIND DIRECTION    SW (240)
  HIGHEST GUST SPEED    26   HIGHEST GUST DIRECTION     S (180)
  AVERAGE WIND SPEED     5.6




RELATIVE HUMIDITY (PERCENT)
 HIGHEST    59           300 AM
 LOWEST     16           300 PM
 AVERAGE    38

..........................................................


THE EUREKA AIRPORT NV CLIMATE NORMALS FOR TODAY
                         NORMAL    RECORD    YEAR
 MAXIMUM TEMPERATURE (F)   88        97      1989
 MINIMUM TEMPERATURE (F)   48        36      1969


SUNRISE AND SUNSET
JULY  7 2015..........SUNRISE   524 AM PDT   SUNSET   814 PM PDT
JULY  8 2015..........SUNRISE   524 AM PDT   SUNSET   813 PM PDT


-  INDICATES NEGATIVE NUMBERS.
R  INDICATES RECORD WAS SET OR TIED.
MM INDICATES DATA IS MISSING.
T  INDICATES TRACE AMOUNT.




$$
