000
CDUS45 KLKN 310929
CLIP68


CLIMATE REPORT
NATIONAL WEATHER SERVICE ELKO NV
227 AM PDT FRI JUL 31 2015


...................................

...THE EUREKA AIRPORT NV CLIMATE SUMMARY FOR JULY 30 2015...

CLIMATE NORMAL PERIOD 1981 TO 2010
CLIMATE RECORD PERIOD 1963 TO 2015


WEATHER ITEM   OBSERVED TIME   RECORD YEAR NORMAL DEPARTURE LAST
                VALUE   (LST)  VALUE       VALUE  FROM      YEAR
                                                  NORMAL
..................................................................
TEMPERATURE (F)
 YESTERDAY
  MAXIMUM         94    330 PM 101    2000  90      4       88
  MINIMUM         44    424 AM  36    1995  50     -6       50
  AVERAGE         69                        70     -1       69

PRECIPITATION (IN)
  YESTERDAY        0.00          0.38 1984   0.03  -0.03     0.00
  MONTH TO DATE    0.88                      0.61   0.27     0.30
  SINCE OCT 1      6.02                      7.82  -1.80     7.37
  SINCE JAN 1      4.90                      5.69  -0.79     4.97

DEGREE DAYS
 HEATING
  YESTERDAY        0                         0      0        0
  MONTH TO DATE   21                         8     13        0
  SINCE JUN 1     60                       168   -108      103
  SINCE JUL 1     21                         8     13        0

 COOLING
  YESTERDAY        4                         5     -1        4
  MONTH TO DATE  114                       137    -23      254
  SINCE JUN 1    271                       166    105      295
  SINCE JAN 1    279                       169    110      297
..................................................................


WIND (MPH)
  HIGHEST WIND SPEED    18   HIGHEST WIND DIRECTION     N (360)
  HIGHEST GUST SPEED    24   HIGHEST GUST DIRECTION     N (10)
  AVERAGE WIND SPEED     5.2




RELATIVE HUMIDITY (PERCENT)
 HIGHEST    36           300 AM
 LOWEST      6           200 PM
 AVERAGE    21

..........................................................


THE EUREKA AIRPORT NV CLIMATE NORMALS FOR TODAY
                         NORMAL    RECORD    YEAR
 MAXIMUM TEMPERATURE (F)   90        99      2000
 MINIMUM TEMPERATURE (F)   50        32      1985


SUNRISE AND SUNSET
JULY 31 2015..........SUNRISE   542 AM PDT   SUNSET   758 PM PDT
AUGUST  1 2015........SUNRISE   543 AM PDT   SUNSET   757 PM PDT


-  INDICATES NEGATIVE NUMBERS.
R  INDICATES RECORD WAS SET OR TIED.
MM INDICATES DATA IS MISSING.
T  INDICATES TRACE AMOUNT.




$$
