000
CDUS45 KLKN 180932
CLIP68


CLIMATE REPORT
NATIONAL WEATHER SERVICE ELKO NV
227 AM PDT FRI AUG 18 2017


...................................

...THE EUREKA AIRPORT NV CLIMATE SUMMARY FOR AUGUST 17 2017...

CLIMATE NORMAL PERIOD 1981 TO 2010
CLIMATE RECORD PERIOD 1963 TO 2017


WEATHER ITEM   OBSERVED TIME   RECORD YEAR NORMAL DEPARTURE LAST
                VALUE   (LST)  VALUE       VALUE  FROM      YEAR
                                                  NORMAL
..................................................................
TEMPERATURE (F)
 YESTERDAY
  MAXIMUM         88    137 PM  97    2001  87      1       92
  MINIMUM         51    428 AM  34    1993  47      4       51
  AVERAGE         70                        67      3       72

PRECIPITATION (IN)
  YESTERDAY        0.00          0.37 2004   0.01  -0.01     0.00
  MONTH TO DATE    0.45                      0.32   0.13     0.00
  SINCE OCT 1      9.97                      8.16   1.81    12.11
  SINCE JAN 1      7.88                      6.03   1.85     7.84

DEGREE DAYS
 HEATING
  YESTERDAY        0                         1     -1        0
  MONTH TO DATE    4                        10     -6        1
  SINCE JUN 1     78                       183   -105       68
  SINCE JUL 1      4                        23    -19       14

 COOLING
  YESTERDAY        5                         3      2        7
  MONTH TO DATE  103                        72     31       81
  SINCE JUN 1    435                       244    191      371
  SINCE JAN 1    435                       247    188      371
..................................................................


WIND (MPH)
  HIGHEST WIND SPEED    14   HIGHEST WIND DIRECTION    NE (30)
  HIGHEST GUST SPEED    19   HIGHEST GUST DIRECTION     N (340)
  AVERAGE WIND SPEED     5.9




RELATIVE HUMIDITY (PERCENT)
 HIGHEST    54           400 AM
 LOWEST     15           200 PM
 AVERAGE    35

..........................................................


THE EUREKA AIRPORT NV CLIMATE NORMALS FOR TODAY
                         NORMAL    RECORD    YEAR
 MAXIMUM TEMPERATURE (F)   87        97      2001
 MINIMUM TEMPERATURE (F)   47        35      1995


SUNRISE AND SUNSET
AUGUST 18 2017........SUNRISE   559 AM PDT   SUNSET   735 PM PDT
AUGUST 19 2017........SUNRISE   600 AM PDT   SUNSET   734 PM PDT


-  INDICATES NEGATIVE NUMBERS.
R  INDICATES RECORD WAS SET OR TIED.
MM INDICATES DATA IS MISSING.
T  INDICATES TRACE AMOUNT.




$$
