000
CDUS45 KLKN 290936
CLIP68


CLIMATE REPORT
NATIONAL WEATHER SERVICE ELKO NV
233 AM PDT FRI JUL 29 2016


...................................

...THE EUREKA AIRPORT NV CLIMATE SUMMARY FOR JULY 28 2016...

CLIMATE NORMAL PERIOD 1981 TO 2010
CLIMATE RECORD PERIOD 1963 TO 2016


WEATHER ITEM   OBSERVED TIME   RECORD YEAR NORMAL DEPARTURE LAST
                VALUE   (LST)  VALUE       VALUE  FROM      YEAR
                                                  NORMAL
..................................................................
TEMPERATURE (F)
 YESTERDAY
  MAXIMUM        100R   243 PM 100    1994  91      9       83
  MINIMUM         56    453 AM  37    2015  50      6       37
                                      1983
  AVERAGE         78                        70      8       60

PRECIPITATION (IN)
  YESTERDAY        0.00          0.25 1987   0.03  -0.03     0.00
  MONTH TO DATE    0.00                      0.56  -0.56     0.88
  SINCE OCT 1     12.05                      7.77   4.28     6.02
  SINCE JAN 1      7.78                      5.64   2.14     4.90

DEGREE DAYS
 HEATING
  YESTERDAY        0                         0      0        5
  MONTH TO DATE   13                         8      5       21
  SINCE JUN 1     67                       168   -101       60
  SINCE JUL 1     13                         8      5       21

 COOLING
  YESTERDAY       13                         5      8        0
  MONTH TO DATE  160                       127     33      108
  SINCE JUN 1    251                       156     95      265
  SINCE JAN 1    251                       159     92      273
..................................................................


WIND (MPH)
  HIGHEST WIND SPEED    14   HIGHEST WIND DIRECTION    NW (320)
  HIGHEST GUST SPEED    21   HIGHEST GUST DIRECTION    SW (240)
  AVERAGE WIND SPEED     7.0




RELATIVE HUMIDITY (PERCENT)
 HIGHEST    30           500 AM
 LOWEST      8          1200 PM
 AVERAGE    19

..........................................................


THE EUREKA AIRPORT NV CLIMATE NORMALS FOR TODAY
                         NORMAL    RECORD    YEAR
 MAXIMUM TEMPERATURE (F)   90        97      2000
 MINIMUM TEMPERATURE (F)   50        35      1965


SUNRISE AND SUNSET
JULY 29 2016..........SUNRISE   541 AM PDT   SUNSET   759 PM PDT
JULY 30 2016..........SUNRISE   542 AM PDT   SUNSET   758 PM PDT


-  INDICATES NEGATIVE NUMBERS.
R  INDICATES RECORD WAS SET OR TIED.
MM INDICATES DATA IS MISSING.
T  INDICATES TRACE AMOUNT.




$$
