000
CDUS44 KLZK 311012
CLIPBF


CLIMATE REPORT
NATIONAL WEATHER SERVICE LITTLE ROCK AR
412 AM CST SAT JAN 31 2015


...................................

...THE PINE BLUFF CLIMATE SUMMARY FOR JANUARY 30 2015...

CLIMATE NORMAL PERIOD 1981 TO 2010
CLIMATE RECORD PERIOD 1883 TO 2015


WEATHER ITEM   OBSERVED TIME   RECORD YEAR NORMAL DEPARTURE LAST
                VALUE   (LST)  VALUE       VALUE  FROM      YEAR
                                                  NORMAL
..................................................................
TEMPERATURE (F)
 YESTERDAY
  MAXIMUM         49    410 PM  81    2002  53     -4       48
  MINIMUM         34    741 AM  -2    1966  34      0       21
  AVERAGE         42                        43     -1       35

PRECIPITATION (IN)
  YESTERDAY        0.00          3.40 1923   0.12  -0.12     0.00
  MONTH TO DATE    3.61                      3.62  -0.01     1.69
  SINCE DEC 1      4.81                      9.06  -4.25     9.42
  SINCE JAN 1      3.61                      3.62  -0.01     1.69

SNOWFALL (IN)
  YESTERDAY        0.0           4.0  1949   0.2   -0.2      0.0
  MONTH TO DATE    T                         2.2   -2.2      0.3
  SINCE DEC 1      T                         2.4   -2.4      0.5
  SINCE JUL 1      0.1                       2.4   -2.3      0.5
  SNOW DEPTH       0

DEGREE DAYS
 HEATING
  YESTERDAY       23                        22      1       30
  MONTH TO DATE  738                       683     55      809
  SINCE DEC 1   1337                      1332      5     1485
  SINCE JUL 1   1941                      1836    105     2085

 COOLING
  YESTERDAY        0                         0      0        0
  MONTH TO DATE    0                         0      0        0
  SINCE DEC 1      0                         1     -1        3
  SINCE JAN 1      0                         0      0        0
..................................................................


WIND (MPH)
  HIGHEST WIND SPEED    15   HIGHEST WIND DIRECTION     N (10)
  HIGHEST GUST SPEED    19   HIGHEST GUST DIRECTION     N (20)
  AVERAGE WIND SPEED     8.1


SKY COVER
  POSSIBLE SUNSHINE  MM
  AVERAGE SKY COVER 0.0


WEATHER CONDITIONS
 THE FOLLOWING WEATHER WAS RECORDED YESTERDAY.
  NO SIGNIFICANT WEATHER WAS OBSERVED.


RELATIVE HUMIDITY (PERCENT)
 HIGHEST    76          1200 AM
 LOWEST     46           200 PM
 AVERAGE    61

..........................................................


THE PINE BLUFF CLIMATE NORMALS FOR TODAY
                         NORMAL    RECORD    YEAR
 MAXIMUM TEMPERATURE (F)   53        80      2002
                                             1911
 MINIMUM TEMPERATURE (F)   34         8      1949


SUNRISE AND SUNSET
JANUARY 31 2015.......SUNRISE   706 AM CST   SUNSET   537 PM CST
FEBRUARY  1 2015......SUNRISE   705 AM CST   SUNSET   538 PM CST


-  INDICATES NEGATIVE NUMBERS.
R  INDICATES RECORD WAS SET OR TIED.
MM INDICATES DATA IS MISSING.
T  INDICATES TRACE AMOUNT.




$$
