000
CDUS44 KLZK 190909
CLIPBF


CLIMATE REPORT
NATIONAL WEATHER SERVICE LITTLE ROCK AR
408 AM CDT FRI SEP 19 2014


...................................

...THE PINE BLUFF CLIMATE SUMMARY FOR SEPTEMBER 18 2014...

CLIMATE NORMAL PERIOD 1981 TO 2010
CLIMATE RECORD PERIOD 1883 TO 2014


WEATHER ITEM   OBSERVED TIME   RECORD YEAR NORMAL DEPARTURE LAST
                VALUE   (LST)  VALUE       VALUE  FROM      YEAR
                                                  NORMAL
..................................................................
TEMPERATURE (F)
 YESTERDAY
  MAXIMUM         86    148 PM 104    1925  85      1       96
  MINIMUM         67   1005 PM  45    1981  62      5       68
                                      1903
  AVERAGE         77                        73      4       82

PRECIPITATION (IN)
  YESTERDAY        0.01          2.27 1899   0.08  -0.07     0.00
  MONTH TO DATE    0.79                      1.43  -0.64     0.18
  SINCE SEP 1      0.79                      1.43  -0.64     0.18
  SINCE JAN 1     30.70                     34.62  -3.92    33.81

SNOWFALL (IN)
  YESTERDAY        0.0          MM      MM   0.0    0.0      0.0
  MONTH TO DATE    0.0                       0.0    0.0      0.0
  SINCE SEP 1      0.0                       0.0    0.0      0.0
  SINCE JUL 1      0.0                       0.0    0.0      0.0
  SNOW DEPTH       0

DEGREE DAYS
 HEATING
  YESTERDAY        0                         0      0        0
  MONTH TO DATE    3                         0      3        0
  SINCE SEP 1      3                         0      3        0
  SINCE JUL 1      4                         0      4        0

 COOLING
  YESTERDAY       12                         9      3       17
  MONTH TO DATE  211                       206      5      277
  SINCE SEP 1    211                       206      5      277
  SINCE JAN 1   1712                      1964   -252     1941
..................................................................


WIND (MPH)
  HIGHEST WIND SPEED    17   HIGHEST WIND DIRECTION     W (260)
  HIGHEST GUST SPEED    24   HIGHEST GUST DIRECTION     W (250)
  AVERAGE WIND SPEED     4.1


SKY COVER
  POSSIBLE SUNSHINE  MM
  AVERAGE SKY COVER 0.2


WEATHER CONDITIONS
 THE FOLLOWING WEATHER WAS RECORDED YESTERDAY.
  THUNDERSTORM
  LIGHT RAIN


RELATIVE HUMIDITY (PERCENT)
 HIGHEST    97           200 AM
 LOWEST     65           100 PM
 AVERAGE    81

..........................................................


THE PINE BLUFF CLIMATE NORMALS FOR TODAY
                         NORMAL    RECORD    YEAR
 MAXIMUM TEMPERATURE (F)   85       103      1925
 MINIMUM TEMPERATURE (F)   61        42      1901


SUNRISE AND SUNSET
SEPTEMBER 19 2014.....SUNRISE   654 AM CDT   SUNSET   709 PM CDT
SEPTEMBER 20 2014.....SUNRISE   654 AM CDT   SUNSET   707 PM CDT


-  INDICATES NEGATIVE NUMBERS.
R  INDICATES RECORD WAS SET OR TIED.
MM INDICATES DATA IS MISSING.
T  INDICATES TRACE AMOUNT.




$$
