000
CDUS44 KLZK 041012
CLIPBF


CLIMATE REPORT
NATIONAL WEATHER SERVICE LITTLE ROCK AR
412 AM CST WED MAR 4 2015


...................................

...THE PINE BLUFF CLIMATE SUMMARY FOR MARCH 3 2015...

CLIMATE NORMAL PERIOD 1981 TO 2010
CLIMATE RECORD PERIOD 1883 TO 2015


WEATHER ITEM   OBSERVED TIME   RECORD YEAR NORMAL DEPARTURE LAST
                VALUE   (LST)  VALUE       VALUE  FROM      YEAR
                                                  NORMAL
..................................................................
TEMPERATURE (F)
 YESTERDAY
  MAXIMUM         58    706 PM  91    1918  61     -3       31
  MINIMUM         35    407 AM  13    1943  40     -5       18
  AVERAGE         47                        50     -3       25

PRECIPITATION (IN)
  YESTERDAY        T             1.84 1970   0.18  -0.18      T
  MONTH TO DATE    0.75                      0.54   0.21     1.67
  SINCE MAR 1      0.75                      0.54   0.21     1.67
  SINCE JAN 1      7.68                      8.36  -0.68     7.10

SNOWFALL (IN)
  YESTERDAY        0.0           7.0  1965   0.0    0.0       T
  MONTH TO DATE    T                         0.0    0.0       T
  SINCE MAR 1      T                         0.0    0.0       T
  SINCE JUL 1      7.2                       3.1    4.1      3.7
  SNOW DEPTH       0

DEGREE DAYS
 HEATING
  YESTERDAY       18                        15      3       40
  MONTH TO DATE   76                        45     31       63
  SINCE MAR 1     76                        45     31       63
  SINCE JUL 1   2810                      2433    377     2832

 COOLING
  YESTERDAY        0                         0      0        0
  MONTH TO DATE    0                         0      0        0
  SINCE MAR 1      0                         0      0        0
  SINCE JAN 1      0                         3     -3        0
..................................................................


WIND (MPH)
  HIGHEST WIND SPEED    16   HIGHEST WIND DIRECTION     S (190)
  HIGHEST GUST SPEED    20   HIGHEST GUST DIRECTION     S (180)
  AVERAGE WIND SPEED     4.1


SKY COVER
  POSSIBLE SUNSHINE  MM
  AVERAGE SKY COVER 1.0


WEATHER CONDITIONS
 THE FOLLOWING WEATHER WAS RECORDED YESTERDAY.
  LIGHT RAIN
  FOG
  FOG W/VISIBILITY <= 1/4 MILE


RELATIVE HUMIDITY (PERCENT)
 HIGHEST   100          1200 AM
 LOWEST     93           200 PM
 AVERAGE    97

..........................................................


THE PINE BLUFF CLIMATE NORMALS FOR TODAY
                         NORMAL    RECORD    YEAR
 MAXIMUM TEMPERATURE (F)   61        93      1918
 MINIMUM TEMPERATURE (F)   41        19      2002


SUNRISE AND SUNSET
MARCH  4 2015.........SUNRISE   633 AM CST   SUNSET   606 PM CST
MARCH  5 2015.........SUNRISE   632 AM CST   SUNSET   607 PM CST


-  INDICATES NEGATIVE NUMBERS.
R  INDICATES RECORD WAS SET OR TIED.
MM INDICATES DATA IS MISSING.
T  INDICATES TRACE AMOUNT.




$$
