000
CDUS44 KLZK 280909
CLIPBF


CLIMATE REPORT
NATIONAL WEATHER SERVICE LITTLE ROCK AR
409 AM CDT TUE JUL 28 2015


...................................

...THE PINE BLUFF CLIMATE SUMMARY FOR JULY 27 2015...

CLIMATE NORMAL PERIOD 1981 TO 2010
CLIMATE RECORD PERIOD 1883 TO 2015


WEATHER ITEM   OBSERVED TIME   RECORD YEAR NORMAL DEPARTURE LAST
                VALUE   (LST)  VALUE       VALUE  FROM      YEAR
                                                  NORMAL
..................................................................
TEMPERATURE (F)
 YESTERDAY
  MAXIMUM         98    406 PM 106    1918  93      5       94
  MINIMUM         74    533 AM  59    1911  72      2       76
  AVERAGE         86                        82      4       85

PRECIPITATION (IN)
  YESTERDAY        0.00          4.33 1983   0.13  -0.13      T
  MONTH TO DATE    2.61                      3.46  -0.85     1.69
  SINCE JUN 1      4.70                      7.04  -2.34     5.04
  SINCE JAN 1     32.35                     30.24   2.11    27.31

SNOWFALL (IN)
  YESTERDAY        0.0          MM      MM   0.0    0.0      0.0
  MONTH TO DATE    0.0                       0.0    0.0      0.0
  SINCE JUN 1      0.0                       0.0    0.0      0.0
  SINCE JUL 1      0.0                       0.0    0.0      0.0
  SNOW DEPTH       0

DEGREE DAYS
 HEATING
  YESTERDAY        0                         0      0        0
  MONTH TO DATE    0                         0      0        1
  SINCE JUN 1      0                         0      0        1
  SINCE JUL 1      0                         0      0        1

 COOLING
  YESTERDAY       21                        17      4       20
  MONTH TO DATE  504                       458     46      326
  SINCE JUN 1    960                       880     80      744
  SINCE JAN 1   1289                      1187    102     1007
..................................................................


WIND (MPH)
  HIGHEST WIND SPEED    10   HIGHEST WIND DIRECTION    SE (130)
  HIGHEST GUST SPEED    14   HIGHEST GUST DIRECTION     S (170)
  AVERAGE WIND SPEED     2.5


SKY COVER
  POSSIBLE SUNSHINE  MM
  AVERAGE SKY COVER 0.1


WEATHER CONDITIONS
 THE FOLLOWING WEATHER WAS RECORDED YESTERDAY.
  NO SIGNIFICANT WEATHER WAS OBSERVED.


RELATIVE HUMIDITY (PERCENT)
 HIGHEST   100           500 AM
 LOWEST     42           300 PM
 AVERAGE    71

..........................................................


THE PINE BLUFF CLIMATE NORMALS FOR TODAY
                         NORMAL    RECORD    YEAR
 MAXIMUM TEMPERATURE (F)   93       106      1930
 MINIMUM TEMPERATURE (F)   72        60      1911


SUNRISE AND SUNSET
JULY 28 2015..........SUNRISE   616 AM CDT   SUNSET   812 PM CDT
JULY 29 2015..........SUNRISE   617 AM CDT   SUNSET   811 PM CDT


-  INDICATES NEGATIVE NUMBERS.
R  INDICATES RECORD WAS SET OR TIED.
MM INDICATES DATA IS MISSING.
T  INDICATES TRACE AMOUNT.




$$
