000
CDUS44 KLZK 200904
CLIPBF


CLIMATE REPORT
NATIONAL WEATHER SERVICE LITTLE ROCK AR
404 AM CDT SUN APR 20 2014


...................................

...THE PINE BLUFF CLIMATE SUMMARY FOR APRIL 19 2014...

CLIMATE NORMAL PERIOD 1981 TO 2010
CLIMATE RECORD PERIOD 1883 TO 2014


WEATHER ITEM   OBSERVED TIME   RECORD YEAR NORMAL DEPARTURE LAST
                VALUE   (LST)  VALUE       VALUE  FROM      YEAR
                                                  NORMAL
..................................................................
TEMPERATURE (F)
 YESTERDAY
  MAXIMUM         78    304 PM  94    1987  75      3       59
  MINIMUM         49    546 AM  32    1893  53     -4       42
  AVERAGE         64                        64      0       51

PRECIPITATION (IN)
  YESTERDAY        0.00          3.90 1918   0.17  -0.17     0.00
  MONTH TO DATE    3.55                      3.11   0.44     4.69
  SINCE MAR 1      8.01                      8.51  -0.50     8.51
  SINCE JAN 1     13.44                     16.33  -2.89    19.82

SNOWFALL (IN)
  YESTERDAY        0.0          MM      MM   0.0    0.0      0.0
  MONTH TO DATE    0.0                       0.0    0.0      0.0
  SINCE MAR 1      T                         0.0    0.0      0.0
  SINCE JUL 1      3.7                       3.1    0.6      2.1
  SNOW DEPTH       0

DEGREE DAYS
 HEATING
  YESTERDAY        1                         3     -2       14
  MONTH TO DATE  138                       102     36      132
  SINCE MAR 1    622                       449    173      626
  SINCE JUL 1   3391                      2837    554     2837

 COOLING
  YESTERDAY        0                         2     -2        0
  MONTH TO DATE   22                        32    -10       45
  SINCE MAR 1     22                        49    -27       48
  SINCE JAN 1     22                        52    -30       53
..................................................................


WIND (MPH)
  HIGHEST WIND SPEED     8   HIGHEST WIND DIRECTION    NE (50)
  HIGHEST GUST SPEED    10   HIGHEST GUST DIRECTION     N (10)
  AVERAGE WIND SPEED     1.7


SKY COVER
  POSSIBLE SUNSHINE  MM
  AVERAGE SKY COVER 0.0


WEATHER CONDITIONS
 THE FOLLOWING WEATHER WAS RECORDED YESTERDAY.
  FOG


RELATIVE HUMIDITY (PERCENT)
 HIGHEST    96           500 AM
 LOWEST     38           200 PM
 AVERAGE    67

..........................................................


THE PINE BLUFF CLIMATE NORMALS FOR TODAY
                         NORMAL    RECORD    YEAR
 MAXIMUM TEMPERATURE (F)   75        94      1987
 MINIMUM TEMPERATURE (F)   53        36      1910


SUNRISE AND SUNSET
APRIL 20 2014.........SUNRISE   631 AM CDT   SUNSET   743 PM CDT
APRIL 21 2014.........SUNRISE   629 AM CDT   SUNSET   744 PM CDT


-  INDICATES NEGATIVE NUMBERS.
R  INDICATES RECORD WAS SET OR TIED.
MM INDICATES DATA IS MISSING.
T  INDICATES TRACE AMOUNT.




$$
