000
CDUS44 KLZK 300915
CLIPBF


CLIMATE REPORT
NATIONAL WEATHER SERVICE LITTLE ROCK AR
415 AM CDT SUN AUG 30 2015


...................................

...THE PINE BLUFF CLIMATE SUMMARY FOR AUGUST 29 2015...

CLIMATE NORMAL PERIOD 1981 TO 2010
CLIMATE RECORD PERIOD 1883 TO 2015


WEATHER ITEM   OBSERVED TIME   RECORD YEAR NORMAL DEPARTURE LAST
                VALUE   (LST)  VALUE       VALUE  FROM      YEAR
                                                  NORMAL
..................................................................
TEMPERATURE (F)
 YESTERDAY
  MAXIMUM         91    226 PM 105    1924  91      0       92
  MINIMUM         64    603 AM  52    1906  69     -5       69
  AVERAGE         78                        80     -2       81

PRECIPITATION (IN)
  YESTERDAY        0.00          1.77 1959   0.07  -0.07      T
  MONTH TO DATE    1.96                      2.35  -0.39     2.12
  SINCE JUN 1      6.66                      9.86  -3.20     7.50
  SINCE JAN 1     34.31                     33.06   1.25    29.77

SNOWFALL (IN)
  YESTERDAY        0.0          MM      MM   0.0    0.0      0.0
  MONTH TO DATE    0.0                       0.0    0.0      0.0
  SINCE JUN 1      0.0                       0.0    0.0      0.0
  SINCE JUL 1      0.0                       0.0    0.0      0.0
  SNOW DEPTH       0

DEGREE DAYS
 HEATING
  YESTERDAY        0                         0      0        0
  MONTH TO DATE    0                         0      0        0
  SINCE JUN 1      0                         0      0        1
  SINCE JUL 1      0                         0      0        1

 COOLING
  YESTERDAY       13                        15     -2       16
  MONTH TO DATE  447                       473    -26      432
  SINCE JUN 1   1487                      1423     64     1211
  SINCE JAN 1   1816                      1730     86     1474
..................................................................


WIND (MPH)
  HIGHEST WIND SPEED     9   HIGHEST WIND DIRECTION     S (160)
  HIGHEST GUST SPEED    12   HIGHEST GUST DIRECTION     S (180)
  AVERAGE WIND SPEED     2.3


SKY COVER
  POSSIBLE SUNSHINE  MM
  AVERAGE SKY COVER 0.0


WEATHER CONDITIONS
 THE FOLLOWING WEATHER WAS RECORDED YESTERDAY.
  FOG


RELATIVE HUMIDITY (PERCENT)
 HIGHEST    93           200 AM
 LOWEST     40           200 PM
 AVERAGE    67

..........................................................


THE PINE BLUFF CLIMATE NORMALS FOR TODAY
                         NORMAL    RECORD    YEAR
 MAXIMUM TEMPERATURE (F)   90       106      2000
                                             1943
 MINIMUM TEMPERATURE (F)   68        54      1906


SUNRISE AND SUNSET
AUGUST 30 2015........SUNRISE   640 AM CDT   SUNSET   737 PM CDT
AUGUST 31 2015........SUNRISE   640 AM CDT   SUNSET   735 PM CDT


-  INDICATES NEGATIVE NUMBERS.
R  INDICATES RECORD WAS SET OR TIED.
MM INDICATES DATA IS MISSING.
T  INDICATES TRACE AMOUNT.




$$
