000
CDUS44 KLZK 232057
CLIPBF


CLIMATE REPORT
NATIONAL WEATHER SERVICE LITTLE ROCK AR
356 PM CDT SUN JUL 23 2017


...................................

...THE PINE BLUFF CLIMATE SUMMARY FOR JULY 23 2017...
VALID TODAY AS OF 0300 PM LOCAL TIME.

CLIMATE NORMAL PERIOD 1981 TO 2010
CLIMATE RECORD PERIOD 1883 TO 2017


WEATHER ITEM   OBSERVED TIME   RECORD YEAR NORMAL DEPARTURE LAST
                VALUE   (LST)  VALUE       VALUE  FROM      YEAR
                                                  NORMAL
..................................................................
TEMPERATURE (F)
 TODAY
  MAXIMUM         95    147 PM 110    1924  92      3       99
  MINIMUM         74    604 AM  56    1947  72      2       73
  AVERAGE         85                        82      3       86

PRECIPITATION (IN)
  TODAY            0.00          1.80 1971   0.13  -0.13      T
  MONTH TO DATE    2.44                      2.93  -0.49     2.27
  SINCE JUN 1      8.07                      6.51   1.56     5.31
  SINCE JAN 1     33.19                     29.71   3.48    36.31

SNOWFALL (IN)
  TODAY            0.0          MM      MM   0.0    0.0      0.0
  MONTH TO DATE    0.0                       0.0    0.0      0.0
  SINCE JUN 1      0.0                       0.0    0.0      0.0
  SINCE JUL 1      0.0                       0.0    0.0      0.0
  SNOW DEPTH       0

DEGREE DAYS
 HEATING
  TODAY            0                         0      0        0
  MONTH TO DATE    0                         0      0        0
  SINCE JUN 1      0                         0      0        0
  SINCE JUL 1      0                         0      0        0

 COOLING
  TODAY           20                        17      3       21
  MONTH TO DATE  389                       390     -1      427
  SINCE JUN 1    745                       812    -67      893
  SINCE JAN 1   1088                      1119    -31     1141
..................................................................


WIND (MPH)
  HIGHEST WIND SPEED    10   HIGHEST WIND DIRECTION     S (200)
  HIGHEST GUST SPEED    13   HIGHEST GUST DIRECTION     S (200)
  AVERAGE WIND SPEED     5.3


SKY COVER
  POSSIBLE SUNSHINE  MM
  AVERAGE SKY COVER 0.1


WEATHER CONDITIONS
 THE FOLLOWING WEATHER WAS RECORDED TODAY.
  NO SIGNIFICANT WEATHER WAS OBSERVED.


RELATIVE HUMIDITY (PERCENT)
 HIGHEST    94           100 AM
 LOWEST     56           100 PM
 AVERAGE    75

..........................................................


THE PINE BLUFF CLIMATE NORMALS FOR TOMORROW
                         NORMAL    RECORD    YEAR
 MAXIMUM TEMPERATURE (F)   92       110      1924
 MINIMUM TEMPERATURE (F)   72        58      1915


SUNRISE AND SUNSET
JULY 23 2017..........SUNRISE   613 AM CDT   SUNSET   815 PM CDT
JULY 24 2017..........SUNRISE   613 AM CDT   SUNSET   815 PM CDT


-  INDICATES NEGATIVE NUMBERS.
R  INDICATES RECORD WAS SET OR TIED.
MM INDICATES DATA IS MISSING.
T  INDICATES TRACE AMOUNT.




$$
