000
CDUS44 KLZK 300633
CLIPBF


CLIMATE REPORT
NATIONAL WEATHER SERVICE LITTLE ROCK AR
132 AM CDT TUE MAY 30 2017


...................................

...THE PINE BLUFF CLIMATE SUMMARY FOR MAY 29 2017...

CLIMATE NORMAL PERIOD 1981 TO 2010
CLIMATE RECORD PERIOD 1883 TO 2017


WEATHER ITEM   OBSERVED TIME   RECORD YEAR NORMAL DEPARTURE LAST
                VALUE   (LST)  VALUE       VALUE  FROM      YEAR
                                                  NORMAL
..................................................................
TEMPERATURE (F)
 YESTERDAY
  MAXIMUM         84    503 PM 100    1926  85     -1       89
  MINIMUM         67   1114 PM  45    1984  65      2       65
  AVERAGE         76                        75      1       77

PRECIPITATION (IN)
  YESTERDAY        0.00          3.05 1899   0.16  -0.16     0.54
  MONTH TO DATE    8.38                      4.73   3.65     3.42
  SINCE MAR 1     18.82                     15.06   3.76    23.93
  SINCE JAN 1     25.12                     22.88   2.24    29.98

SNOWFALL (IN)
  YESTERDAY        0.0          MM      MM   0.0    0.0      0.0
  MONTH TO DATE    0.0                       0.0    0.0      0.0
  SINCE MAR 1      0.0                       0.0    0.0      0.0
  SINCE JUL 1      1.5                       3.1   -1.6      3.6
  SNOW DEPTH       0

DEGREE DAYS
 HEATING
  YESTERDAY        0                         0      0        0
  MONTH TO DATE   24                        15      9       28
  SINCE MAR 1    323                       491   -168      327
  SINCE JUL 1   2034                      2879   -845     2234

 COOLING
  YESTERDAY       11                        10      1       12
  MONTH TO DATE  162                       200    -38      140
  SINCE MAR 1    300                       284     16      223
  SINCE JAN 1    321                       287     34      227
..................................................................


WIND (MPH)
  HIGHEST WIND SPEED     9   HIGHEST WIND DIRECTION    NE (60)
  HIGHEST GUST SPEED    13   HIGHEST GUST DIRECTION    NE (50)
  AVERAGE WIND SPEED     3.1


SKY COVER
  POSSIBLE SUNSHINE  MM
  AVERAGE SKY COVER 0.2


WEATHER CONDITIONS
 THE FOLLOWING WEATHER WAS RECORDED YESTERDAY.
  NO SIGNIFICANT WEATHER WAS OBSERVED.


RELATIVE HUMIDITY (PERCENT)
 HIGHEST   100           300 AM
 LOWEST     43           100 PM
 AVERAGE    72

..........................................................


THE PINE BLUFF CLIMATE NORMALS FOR TODAY
                         NORMAL    RECORD    YEAR
 MAXIMUM TEMPERATURE (F)   86        98      1921
 MINIMUM TEMPERATURE (F)   65        42      1984


SUNRISE AND SUNSET
MAY 30 2017...........SUNRISE   558 AM CDT   SUNSET   813 PM CDT
MAY 31 2017...........SUNRISE   557 AM CDT   SUNSET   814 PM CDT


-  INDICATES NEGATIVE NUMBERS.
R  INDICATES RECORD WAS SET OR TIED.
MM INDICATES DATA IS MISSING.
T  INDICATES TRACE AMOUNT.




$$
