000
CDUS44 KLZK 152202
CLIPBF


CLIMATE REPORT
NATIONAL WEATHER SERVICE LITTLE ROCK AR
402 PM CST FRI DEC 15 2017


...................................

...THE PINE BLUFF CLIMATE SUMMARY FOR DECEMBER 15 2017...
VALID TODAY AS OF 0400 PM LOCAL TIME.

CLIMATE NORMAL PERIOD 1981 TO 2010
CLIMATE RECORD PERIOD 1883 TO 2017


WEATHER ITEM   OBSERVED TIME   RECORD YEAR NORMAL DEPARTURE LAST
                VALUE   (LST)  VALUE       VALUE  FROM      YEAR
                                                  NORMAL
..................................................................
TEMPERATURE (F)
 TODAY
  MAXIMUM         51    306 PM  82    1908  53     -2       38
  MINIMUM         27    721 AM   5    1958  35     -8       28
  AVERAGE         39                        44     -5       33

PRECIPITATION (IN)
  TODAY            0.00          2.98 1906   0.17  -0.17     0.00
  MONTH TO DATE    1.06                      2.81  -1.75     1.44
  SINCE DEC 1      1.06                      2.81  -1.75     1.44
  SINCE JAN 1     43.58                     48.52  -4.94    51.24

SNOWFALL (IN)
  TODAY            0.0           T    2008   0.0    0.0      0.0
                                      1943
  MONTH TO DATE    0.0                       0.1   -0.1      0.0
  SINCE DEC 1      0.0                       0.1   -0.1      0.0
  SINCE JUL 1      0.0                       0.1   -0.1      0.0
  SNOW DEPTH       0

DEGREE DAYS
 HEATING
  TODAY           26                        21      5       32
  MONTH TO DATE  283                       293    -10      329
  SINCE DEC 1    283                       293    -10      329
  SINCE JUL 1    746                       797    -51      626

 COOLING
  TODAY            0                         0      0        0
  MONTH TO DATE    0                         0      0        0
  SINCE DEC 1      0                         0      0        0
  SINCE JAN 1   2094                      2131    -37     2328
..................................................................


WIND (MPH)
  HIGHEST WIND SPEED    12   HIGHEST WIND DIRECTION    SW (230)
  HIGHEST GUST SPEED    14   HIGHEST GUST DIRECTION    SW (220)
  AVERAGE WIND SPEED     4.0


SKY COVER
  POSSIBLE SUNSHINE  MM
  AVERAGE SKY COVER 0.0


WEATHER CONDITIONS
 THE FOLLOWING WEATHER WAS RECORDED TODAY.
  NO SIGNIFICANT WEATHER WAS OBSERVED.


RELATIVE HUMIDITY (PERCENT)
 HIGHEST    85           400 AM
 LOWEST     39           200 PM
 AVERAGE    62

..........................................................


THE PINE BLUFF CLIMATE NORMALS FOR TOMORROW
                         NORMAL    RECORD    YEAR
 MAXIMUM TEMPERATURE (F)   53        83      1924
 MINIMUM TEMPERATURE (F)   35         8      1901


SUNRISE AND SUNSET
DECEMBER 15 2017......SUNRISE   706 AM CST   SUNSET   500 PM CST
DECEMBER 16 2017......SUNRISE   707 AM CST   SUNSET   500 PM CST


-  INDICATES NEGATIVE NUMBERS.
R  INDICATES RECORD WAS SET OR TIED.
MM INDICATES DATA IS MISSING.
T  INDICATES TRACE AMOUNT.




$$
