000
CDUS42 KMFL 300822
CLIPBI


CLIMATE REPORT
NATIONAL WEATHER SERVICE MIAMI, FL
422 AM EDT THU JUL 30 2015


...................................

...THE WEST PALM BEACH CLIMATE SUMMARY FOR JULY 29 2015...

CLIMATE NORMAL PERIOD 1981 TO 2010
CLIMATE RECORD PERIOD 1888 TO 2015


WEATHER ITEM   OBSERVED TIME   RECORD YEAR NORMAL DEPARTURE LAST
                VALUE   (LST)  VALUE       VALUE  FROM      YEAR
                                                  NORMAL
..................................................................
TEMPERATURE (F)
 YESTERDAY
  MAXIMUM         89   1128 AM  96    1950  90     -1       94
                                      1912
  MINIMUM         75    150 PM  68    1921  76     -1       79
                                      1918
  AVERAGE         82                        83     -1       87

PRECIPITATION (IN)
  YESTERDAY        0.03          2.05 1992   0.17  -0.14     0.01
  MONTH TO DATE    4.77                      5.39  -0.62     7.09
  SINCE JUN 1      8.79                     13.69  -4.90    15.07
  SINCE JAN 1     22.54                     32.40  -9.86    32.79

SNOWFALL (IN)
  YESTERDAY        0.0
  MONTH TO DATE    0.0
  SINCE JUN 1      0.0
  SINCE JUL 1      0.0
  SNOW DEPTH       0

DEGREE DAYS
 HEATING
  YESTERDAY        0                         0      0        0
  MONTH TO DATE    0                         0      0        0
  SINCE JUN 1      0                         0      0        0
  SINCE JUL 1      0                         0      0        0

 COOLING
  YESTERDAY       17                        18     -1       22
  MONTH TO DATE  543                       511     32      528
  SINCE JUN 1   1078                      1001     77     1016
  SINCE JAN 1   2612                      2110    502     2368
..................................................................


WIND (MPH)
  HIGHEST WIND SPEED    32   HIGHEST WIND DIRECTION     W (280)
  HIGHEST GUST SPEED    44   HIGHEST GUST DIRECTION     W (280)
  AVERAGE WIND SPEED     7.5


SKY COVER
  AVERAGE SKY COVER 0.7


WEATHER CONDITIONS
 THE FOLLOWING WEATHER WAS RECORDED YESTERDAY.
  THUNDERSTORM
  HEAVY RAIN
  RAIN
  LIGHT RAIN


RELATIVE HUMIDITY (PERCENT)
 HIGHEST    91
 LOWEST     63
 AVERAGE    77

..........................................................


THE WEST PALM BEACH CLIMATE NORMALS FOR TODAY
                         NORMAL    RECORD    YEAR
 MAXIMUM TEMPERATURE (F)   90        96      2010
                                             1990
                                             1912
 MINIMUM TEMPERATURE (F)   76        68      1937
                                             1914
                                             1912


SUNRISE AND SUNSET
JULY 30 2015..........SUNRISE   644 AM EDT   SUNSET   809 PM EDT
JULY 31 2015..........SUNRISE   645 AM EDT   SUNSET   809 PM EDT


-  INDICATES NEGATIVE NUMBERS.
R  INDICATES RECORD WAS SET OR TIED.
MM INDICATES DATA IS MISSING.
T  INDICATES TRACE AMOUNT.




$$
