000
CDUS42 KMFL 290840
CLIPBI


CLIMATE REPORT
NATIONAL WEATHER SERVICE MIAMI, FL
439 AM EDT TUE JUL 29 2014


...................................

...THE WEST PALM BEACH CLIMATE SUMMARY FOR JULY 28 2014...

CLIMATE NORMAL PERIOD 1981 TO 2010
CLIMATE RECORD PERIOD 1894 TO 2014


WEATHER ITEM   OBSERVED TIME   RECORD YEAR NORMAL DEPARTURE LAST
                VALUE   (LST)  VALUE       VALUE  FROM      YEAR
                                                  NORMAL
..................................................................
TEMPERATURE (F)
 YESTERDAY
  MAXIMUM         94    253 PM  97    1950  90      4       87
                                      1912
  MINIMUM         78    653 AM  69    1921  76      2       76
                                      1917
                                      1911
  AVERAGE         86                        83      3       82

PRECIPITATION (IN)
  YESTERDAY        0.00          1.95 1915   0.17  -0.17     0.11
  MONTH TO DATE    7.08                      5.22   1.86     5.84
  SINCE JUN 1     15.06                     13.52   1.54    18.57
  SINCE JAN 1     32.78                     32.23   0.55    43.52

SNOWFALL (IN)
  YESTERDAY        0.0
  MONTH TO DATE    0.0
  SINCE JUN 1      0.0
  SINCE JUL 1      0.0
  SNOW DEPTH       0

DEGREE DAYS
 HEATING
  YESTERDAY        0                         0      0
  MONTH TO DATE    0                         0      0
  SINCE JUN 1      0                         0      0
  SINCE JUL 1      0                         0      0

 COOLING
  YESTERDAY       21                        18      3
  MONTH TO DATE  506                       493     13
  SINCE JUN 1    994                       983     11
  SINCE JAN 1   2346                      2092    254
..................................................................


WIND (MPH)
  HIGHEST WIND SPEED    16   HIGHEST WIND DIRECTION    SW (230)
  HIGHEST GUST SPEED    23   HIGHEST GUST DIRECTION    SW (230)
  AVERAGE WIND SPEED     7.2


SKY COVER
  AVERAGE SKY COVER 0.6


WEATHER CONDITIONS
 THE FOLLOWING WEATHER WAS RECORDED YESTERDAY.
  NO SIGNIFICANT WEATHER WAS OBSERVED.


RELATIVE HUMIDITY (PERCENT)
 HIGHEST    91
 LOWEST     41
 AVERAGE    66

..........................................................


THE WEST PALM BEACH CLIMATE NORMALS FOR TODAY
                         NORMAL    RECORD    YEAR
 MAXIMUM TEMPERATURE (F)   90        96      1950
                                             1912
 MINIMUM TEMPERATURE (F)   76        68      1921
                                             1918


SUNRISE AND SUNSET
JULY 29 2014..........SUNRISE   644 AM EDT   SUNSET   810 PM EDT
JULY 30 2014..........SUNRISE   644 AM EDT   SUNSET   809 PM EDT


-  INDICATES NEGATIVE NUMBERS.
R  INDICATES RECORD WAS SET OR TIED.
MM INDICATES DATA IS MISSING.
T  INDICATES TRACE AMOUNT.




$$
