000
CDUS42 KMFL 302016
CLIPBI


CLIMATE REPORT
NATIONAL WEATHER SERVICE MIAMI, FL
416 PM EDT SAT MAY 30 2015


...................................

...THE WEST PALM BEACH CLIMATE SUMMARY FOR MAY 30 2015...
VALID TODAY AS OF 0400 PM LOCAL TIME.

CLIMATE NORMAL PERIOD 1981 TO 2010
CLIMATE RECORD PERIOD 1888 TO 2015


WEATHER ITEM   OBSERVED TIME   RECORD YEAR NORMAL DEPARTURE LAST
                VALUE   (LST)  VALUE       VALUE  FROM      YEAR
                                                  NORMAL
..................................................................
TEMPERATURE (F)
 TODAY
  MAXIMUM         87    201 PM  96    1945  87      0       87
                                      1921
  MINIMUM         77    620 AM  59    1920  73      4       74
  AVERAGE         82                        80      2       81

PRECIPITATION (IN)
  TODAY            0.01          7.28 1897   0.23  -0.22     0.00
  MONTH TO DATE    1.56                      4.29  -2.73     2.69
  SINCE NOV 1     17.45                     26.62  -9.17    24.73
  SINCE JAN 1     13.75                     18.49  -4.74    17.61

SNOWFALL (IN)
  TODAY            0.0
  MONTH TO DATE    0.0
  SINCE MAR 1      0.0
  SINCE JUL 1      0.0
  SNOW DEPTH       0

DEGREE DAYS
 HEATING
  TODAY            0                         0      0        0
  MONTH TO DATE    0                         0      0        0
  SINCE MAR 1      2                        28    -26        7
  SINCE JUL 1    126                       233   -107      122

 COOLING
  TODAY           17                        15      2       16
  MONTH TO DATE  453                       397     56      446
  SINCE MAR 1   1240                       857    383      989
  SINCE JAN 1   1518                      1092    426     1335
..................................................................


WIND (MPH)
  HIGHEST WIND SPEED    16   HIGHEST WIND DIRECTION     E (90)
  HIGHEST GUST SPEED    22   HIGHEST GUST DIRECTION     E (70)
  AVERAGE WIND SPEED     8.3


SKY COVER
  AVERAGE SKY COVER 0.5


WEATHER CONDITIONS
 THE FOLLOWING WEATHER WAS RECORDED TODAY.
  NO SIGNIFICANT WEATHER WAS OBSERVED.


RELATIVE HUMIDITY (PERCENT)
 HIGHEST    82
 LOWEST     51
 AVERAGE    67

..........................................................


THE WEST PALM BEACH CLIMATE NORMALS FOR TOMORROW
                         NORMAL    RECORD    YEAR
 MAXIMUM TEMPERATURE (F)   87        94      2004
 MINIMUM TEMPERATURE (F)   73        62      1971
                                             1941


SUNRISE AND SUNSET
MAY 30 2015...........SUNRISE   628 AM EDT   SUNSET   809 PM EDT
MAY 31 2015...........SUNRISE   627 AM EDT   SUNSET   809 PM EDT


-  INDICATES NEGATIVE NUMBERS.
R  INDICATES RECORD WAS SET OR TIED.
MM INDICATES DATA IS MISSING.
T  INDICATES TRACE AMOUNT.




$$
