854
CDUS42 KMFL 030828
CLIPBI


CLIMATE REPORT
NATIONAL WEATHER SERVICE MIAMI, FL
428 AM EDT TUE MAY 3 2016


...................................

...THE WEST PALM BEACH CLIMATE SUMMARY FOR MAY 2 2016...

CLIMATE NORMAL PERIOD 1981 TO 2010
CLIMATE RECORD PERIOD 1888 TO 2016


WEATHER ITEM   OBSERVED TIME   RECORD YEAR NORMAL DEPARTURE LAST
                VALUE   (LST)  VALUE       VALUE  FROM      YEAR
                                                  NORMAL
..................................................................
TEMPERATURE (F)
 YESTERDAY
  MAXIMUM         87    158 PM  94    1929  84      3       81
  MINIMUM         77    625 AM  54    1925  68      9       68
                                      1921
  AVERAGE         82                        76      6       75

PRECIPITATION (IN)
  YESTERDAY        0.00          2.41 2013   0.08  -0.08     0.00
  MONTH TO DATE    T                         0.16  -0.16     0.00
  SINCE NOV 1     26.84                     22.49   4.35    15.89
  SINCE JAN 1     16.44                     14.36   2.08    12.19

SNOWFALL (IN)
  YESTERDAY        0.0
  MONTH TO DATE    0.0
  SINCE MAR 1      0.0
  SINCE JUL 1      0.0
  SNOW DEPTH       0

DEGREE DAYS
 HEATING
  YESTERDAY        0                         0      0        0
  MONTH TO DATE    0                         0      0        0
  SINCE MAR 1      2                        28    -26        2
  SINCE JUL 1    135                       233    -98      126

 COOLING
  YESTERDAY       17                        11      6       10
  MONTH TO DATE   33                        22     11       19
  SINCE MAR 1    681                       482    199      806
  SINCE JAN 1    883                       717    166     1084
..................................................................


WIND (MPH)
  HIGHEST WIND SPEED    22   HIGHEST WIND DIRECTION    SE (120)
  HIGHEST GUST SPEED    26   HIGHEST GUST DIRECTION    SE (130)
  AVERAGE WIND SPEED    15.6


SKY COVER
  AVERAGE SKY COVER 0.5


WEATHER CONDITIONS
 THE FOLLOWING WEATHER WAS RECORDED YESTERDAY.
  NO SIGNIFICANT WEATHER WAS OBSERVED.


RELATIVE HUMIDITY (PERCENT)
 HIGHEST    79
 LOWEST     57
 AVERAGE    68

..........................................................


THE WEST PALM BEACH CLIMATE NORMALS FOR TODAY
                         NORMAL    RECORD    YEAR
 MAXIMUM TEMPERATURE (F)   84        91      1986
                                             1985
                                             1964
 MINIMUM TEMPERATURE (F)   69        55      1925


SUNRISE AND SUNSET
MAY  3 2016...........SUNRISE   641 AM EDT   SUNSET   754 PM EDT
MAY  4 2016...........SUNRISE   640 AM EDT   SUNSET   755 PM EDT


-  INDICATES NEGATIVE NUMBERS.
R  INDICATES RECORD WAS SET OR TIED.
MM INDICATES DATA IS MISSING.
T  INDICATES TRACE AMOUNT.




$$
